I20260630 12:21:36.445950 28815 log_block_manager.cc:4031] Time spent loading block containers with low live blocks: real 0.000s	user 0.000s	sys 0.000s
I20260630 12:21:36.446697 26555 fs_manager.cc:730] Time spent opening block manager: real 0.002s	user 0.000s	sys 0.003s
I20260630 12:21:36.447052 26555 fs_manager.cc:647] Opened local filesystem: /tmp/dist-test-taskOSjZpy/test-tmp/auto_rebalancer-test.0.AutoRebalancerTest.NoReplicaMovesIfNoTablets.1782822031424324-26555-0/minicluster-data/ts-0-root
uuid: "48b28015a34a404595db7c382ae2f99f"
format_stamp: "Formatted at 2026-06-30 12:21:36 on dist-test-slave-x711"
I20260630 12:21:36.447351 26555 fs_report.cc:389] FS layout report
--------------------
wal directory: /tmp/dist-test-taskOSjZpy/test-tmp/auto_rebalancer-test.0.AutoRebalancerTest.NoReplicaMovesIfNoTablets.1782822031424324-26555-0/minicluster-data/ts-0-root
metadata directory: /tmp/dist-test-taskOSjZpy/test-tmp/auto_rebalancer-test.0.AutoRebalancerTest.NoReplicaMovesIfNoTablets.1782822031424324-26555-0/minicluster-data/ts-0-root
1 data directories: /tmp/dist-test-taskOSjZpy/test-tmp/auto_rebalancer-test.0.AutoRebalancerTest.NoReplicaMovesIfNoTablets.1782822031424324-26555-0/minicluster-data/ts-0-root/data
Total live blocks: 0
Total live bytes: 0
Total live bytes (after alignment): 0
Total number of LBM containers: 0 (0 full)
Did not check for missing blocks
Did not check for orphaned blocks
Total full LBM containers with extra space: 0 (0 repaired)
Total full LBM container extra space in bytes: 0 (0 repaired)
Total incomplete LBM containers: 0 (0 repaired)
Total LBM partial records: 0 (0 repaired)
Total corrupted LBM metadata records in RocksDB: 0 (0 repaired)
I20260630 12:21:36.456784 26555 rpc_server.cc:225] running with OpenSSL 1.1.1  11 Sep 2018
I20260630 12:21:36.457963 26555 kserver.cc:163] Server-wide thread pool size limit: 3276
I20260630 12:21:36.459472 26555 txn_system_client.cc:432] TxnSystemClient initialization is disabled...
I20260630 12:21:36.461750 26555 ts_tablet_manager.cc:585] Loaded tablet metadata (0 total tablets, 0 live tablets)
I20260630 12:21:36.461970 26555 ts_tablet_manager.cc:531] Time spent load tablet metadata: real 0.000s	user 0.000s	sys 0.000s
I20260630 12:21:36.462193 26555 ts_tablet_manager.cc:616] Registered 0 tablets
I20260630 12:21:36.462376 26555 ts_tablet_manager.cc:595] Time spent register tablets: real 0.000s	user 0.000s	sys 0.000s
I20260630 12:21:36.501749 26555 rpc_server.cc:307] RPC server started. Bound to: 127.25.238.193:40813
I20260630 12:21:36.501844 28877 acceptor_pool.cc:272] collecting diagnostics on the listening RPC socket 127.25.238.193:40813 every 8 connection(s)
I20260630 12:21:36.506825 26555 file_cache.cc:492] Constructed file cache file cache with capacity 419430
W20260630 12:21:36.514850 28882 instance_detector.cc:116] could not retrieve AWS instance metadata: Network error: curl error: HTTP response code said error: The requested URL returned error: 404
W20260630 12:21:36.515544 28883 instance_detector.cc:116] could not retrieve Azure instance metadata: Network error: curl error: HTTP response code said error: The requested URL returned error: 404
I20260630 12:21:36.520390 26555 server_base.cc:1061] running on GCE node
W20260630 12:21:36.521313 28886 instance_detector.cc:116] could not retrieve OpenStack instance metadata: Network error: curl error: HTTP response code said error: The requested URL returned error: 404
I20260630 12:21:36.521548 28878 heartbeater.cc:344] Connected to a master server at 127.25.238.254:39275
I20260630 12:21:36.521970 28878 heartbeater.cc:461] Registering TS with master...
I20260630 12:21:36.522331 26555 hybrid_clock.cc:584] initializing the hybrid clock with 'system_unsync' time source
W20260630 12:21:36.522575 26555 system_unsync_time.cc:38] NTP support is disabled. Clock error bounds will not be accurate. This configuration is not suitable for distributed clusters.
I20260630 12:21:36.522751 26555 hybrid_clock.cc:648] HybridClock initialized: now 1782822096522726 us; error 0 us; skew 500 ppm
I20260630 12:21:36.522848 28878 heartbeater.cc:507] Master 127.25.238.254:39275 requested a full tablet report, sending...
I20260630 12:21:36.523376 26555 server_base.cc:861] Flag tcmalloc_max_total_thread_cache_bytes is not working since tcmalloc is not enabled.
I20260630 12:21:36.525295 28751 ts_manager.cc:194] Registered new tserver with Master: 48b28015a34a404595db7c382ae2f99f (127.25.238.193:40813)
I20260630 12:21:36.526262 26555 webserver.cc:533] Webserver started at http://127.25.238.194:32905/ using document root <none> and password file <none>
I20260630 12:21:36.526944 26555 fs_manager.cc:362] Metadata directory not provided
I20260630 12:21:36.527208 26555 fs_manager.cc:368] Using write-ahead log directory (fs_wal_dir) as metadata directory
I20260630 12:21:36.527506 26555 server_base.cc:909] This appears to be a new deployment of Kudu; creating new FS layout
I20260630 12:21:36.527829 28751 master_service.cc:502] Signed X509 certificate for tserver {username='slave'} at 127.0.0.1:52476
I20260630 12:21:36.529129 26555 fs_manager.cc:1068] Generated new instance metadata in path /tmp/dist-test-taskOSjZpy/test-tmp/auto_rebalancer-test.0.AutoRebalancerTest.NoReplicaMovesIfNoTablets.1782822031424324-26555-0/minicluster-data/ts-1-root/instance:
uuid: "66b82b040d95405cbd1184b206c57239"
format_stamp: "Formatted at 2026-06-30 12:21:36 on dist-test-slave-x711"
I20260630 12:21:36.533555 26555 fs_manager.cc:696] Time spent creating directory manager: real 0.004s	user 0.006s	sys 0.000s
I20260630 12:21:36.537472 28890 log_block_manager.cc:4031] Time spent loading block containers with low live blocks: real 0.000s	user 0.000s	sys 0.000s
I20260630 12:21:36.538322 26555 fs_manager.cc:730] Time spent opening block manager: real 0.003s	user 0.001s	sys 0.000s
I20260630 12:21:36.538638 26555 fs_manager.cc:647] Opened local filesystem: /tmp/dist-test-taskOSjZpy/test-tmp/auto_rebalancer-test.0.AutoRebalancerTest.NoReplicaMovesIfNoTablets.1782822031424324-26555-0/minicluster-data/ts-1-root
uuid: "66b82b040d95405cbd1184b206c57239"
format_stamp: "Formatted at 2026-06-30 12:21:36 on dist-test-slave-x711"
I20260630 12:21:36.538900 26555 fs_report.cc:389] FS layout report
--------------------
wal directory: /tmp/dist-test-taskOSjZpy/test-tmp/auto_rebalancer-test.0.AutoRebalancerTest.NoReplicaMovesIfNoTablets.1782822031424324-26555-0/minicluster-data/ts-1-root
metadata directory: /tmp/dist-test-taskOSjZpy/test-tmp/auto_rebalancer-test.0.AutoRebalancerTest.NoReplicaMovesIfNoTablets.1782822031424324-26555-0/minicluster-data/ts-1-root
1 data directories: /tmp/dist-test-taskOSjZpy/test-tmp/auto_rebalancer-test.0.AutoRebalancerTest.NoReplicaMovesIfNoTablets.1782822031424324-26555-0/minicluster-data/ts-1-root/data
Total live blocks: 0
Total live bytes: 0
Total live bytes (after alignment): 0
Total number of LBM containers: 0 (0 full)
Did not check for missing blocks
Did not check for orphaned blocks
Total full LBM containers with extra space: 0 (0 repaired)
Total full LBM container extra space in bytes: 0 (0 repaired)
Total incomplete LBM containers: 0 (0 repaired)
Total LBM partial records: 0 (0 repaired)
Total corrupted LBM metadata records in RocksDB: 0 (0 repaired)
I20260630 12:21:36.573256 26555 rpc_server.cc:225] running with OpenSSL 1.1.1  11 Sep 2018
I20260630 12:21:36.574468 26555 kserver.cc:163] Server-wide thread pool size limit: 3276
I20260630 12:21:36.575943 26555 txn_system_client.cc:432] TxnSystemClient initialization is disabled...
I20260630 12:21:36.578099 26555 ts_tablet_manager.cc:585] Loaded tablet metadata (0 total tablets, 0 live tablets)
I20260630 12:21:36.578330 26555 ts_tablet_manager.cc:531] Time spent load tablet metadata: real 0.000s	user 0.000s	sys 0.000s
I20260630 12:21:36.578567 26555 ts_tablet_manager.cc:616] Registered 0 tablets
I20260630 12:21:36.578737 26555 ts_tablet_manager.cc:595] Time spent register tablets: real 0.000s	user 0.000s	sys 0.000s
I20260630 12:21:36.617384 26555 rpc_server.cc:307] RPC server started. Bound to: 127.25.238.194:43095
I20260630 12:21:36.617492 28952 acceptor_pool.cc:272] collecting diagnostics on the listening RPC socket 127.25.238.194:43095 every 8 connection(s)
I20260630 12:21:36.622309 26555 file_cache.cc:492] Constructed file cache file cache with capacity 419430
W20260630 12:21:36.628810 28956 instance_detector.cc:116] could not retrieve AWS instance metadata: Network error: curl error: HTTP response code said error: The requested URL returned error: 404
W20260630 12:21:36.629952 28957 instance_detector.cc:116] could not retrieve Azure instance metadata: Network error: curl error: HTTP response code said error: The requested URL returned error: 404
W20260630 12:21:36.633105 28959 instance_detector.cc:116] could not retrieve OpenStack instance metadata: Network error: curl error: HTTP response code said error: The requested URL returned error: 404
I20260630 12:21:36.634047 26555 server_base.cc:1061] running on GCE node
I20260630 12:21:36.634471 28953 heartbeater.cc:344] Connected to a master server at 127.25.238.254:39275
I20260630 12:21:36.634922 28953 heartbeater.cc:461] Registering TS with master...
I20260630 12:21:36.635138 26555 hybrid_clock.cc:584] initializing the hybrid clock with 'system_unsync' time source
W20260630 12:21:36.635407 26555 system_unsync_time.cc:38] NTP support is disabled. Clock error bounds will not be accurate. This configuration is not suitable for distributed clusters.
I20260630 12:21:36.635607 26555 hybrid_clock.cc:648] HybridClock initialized: now 1782822096635586 us; error 0 us; skew 500 ppm
I20260630 12:21:36.635816 28953 heartbeater.cc:507] Master 127.25.238.254:39275 requested a full tablet report, sending...
I20260630 12:21:36.636322 26555 server_base.cc:861] Flag tcmalloc_max_total_thread_cache_bytes is not working since tcmalloc is not enabled.
I20260630 12:21:36.638264 28751 ts_manager.cc:194] Registered new tserver with Master: 66b82b040d95405cbd1184b206c57239 (127.25.238.194:43095)
I20260630 12:21:36.639211 26555 webserver.cc:533] Webserver started at http://127.25.238.195:38623/ using document root <none> and password file <none>
I20260630 12:21:36.639870 26555 fs_manager.cc:362] Metadata directory not provided
I20260630 12:21:36.640102 26555 fs_manager.cc:368] Using write-ahead log directory (fs_wal_dir) as metadata directory
I20260630 12:21:36.640165 28751 master_service.cc:502] Signed X509 certificate for tserver {username='slave'} at 127.0.0.1:52484
I20260630 12:21:36.640602 26555 server_base.cc:909] This appears to be a new deployment of Kudu; creating new FS layout
I20260630 12:21:36.642165 26555 fs_manager.cc:1068] Generated new instance metadata in path /tmp/dist-test-taskOSjZpy/test-tmp/auto_rebalancer-test.0.AutoRebalancerTest.NoReplicaMovesIfNoTablets.1782822031424324-26555-0/minicluster-data/ts-2-root/instance:
uuid: "9361de42d17b41888a94da08a813f843"
format_stamp: "Formatted at 2026-06-30 12:21:36 on dist-test-slave-x711"
I20260630 12:21:36.646612 26555 fs_manager.cc:696] Time spent creating directory manager: real 0.004s	user 0.005s	sys 0.000s
I20260630 12:21:36.649916 28964 log_block_manager.cc:4031] Time spent loading block containers with low live blocks: real 0.000s	user 0.000s	sys 0.000s
I20260630 12:21:36.650707 26555 fs_manager.cc:730] Time spent opening block manager: real 0.002s	user 0.000s	sys 0.002s
I20260630 12:21:36.651060 26555 fs_manager.cc:647] Opened local filesystem: /tmp/dist-test-taskOSjZpy/test-tmp/auto_rebalancer-test.0.AutoRebalancerTest.NoReplicaMovesIfNoTablets.1782822031424324-26555-0/minicluster-data/ts-2-root
uuid: "9361de42d17b41888a94da08a813f843"
format_stamp: "Formatted at 2026-06-30 12:21:36 on dist-test-slave-x711"
I20260630 12:21:36.651337 26555 fs_report.cc:389] FS layout report
--------------------
wal directory: /tmp/dist-test-taskOSjZpy/test-tmp/auto_rebalancer-test.0.AutoRebalancerTest.NoReplicaMovesIfNoTablets.1782822031424324-26555-0/minicluster-data/ts-2-root
metadata directory: /tmp/dist-test-taskOSjZpy/test-tmp/auto_rebalancer-test.0.AutoRebalancerTest.NoReplicaMovesIfNoTablets.1782822031424324-26555-0/minicluster-data/ts-2-root
1 data directories: /tmp/dist-test-taskOSjZpy/test-tmp/auto_rebalancer-test.0.AutoRebalancerTest.NoReplicaMovesIfNoTablets.1782822031424324-26555-0/minicluster-data/ts-2-root/data
Total live blocks: 0
Total live bytes: 0
Total live bytes (after alignment): 0
Total number of LBM containers: 0 (0 full)
Did not check for missing blocks
Did not check for orphaned blocks
Total full LBM containers with extra space: 0 (0 repaired)
Total full LBM container extra space in bytes: 0 (0 repaired)
Total incomplete LBM containers: 0 (0 repaired)
Total LBM partial records: 0 (0 repaired)
Total corrupted LBM metadata records in RocksDB: 0 (0 repaired)
I20260630 12:21:36.689085 26555 rpc_server.cc:225] running with OpenSSL 1.1.1  11 Sep 2018
I20260630 12:21:36.690253 26555 kserver.cc:163] Server-wide thread pool size limit: 3276
I20260630 12:21:36.691676 26555 txn_system_client.cc:432] TxnSystemClient initialization is disabled...
I20260630 12:21:36.693934 26555 ts_tablet_manager.cc:585] Loaded tablet metadata (0 total tablets, 0 live tablets)
I20260630 12:21:36.694146 26555 ts_tablet_manager.cc:531] Time spent load tablet metadata: real 0.000s	user 0.000s	sys 0.000s
I20260630 12:21:36.694415 26555 ts_tablet_manager.cc:616] Registered 0 tablets
I20260630 12:21:36.694576 26555 ts_tablet_manager.cc:595] Time spent register tablets: real 0.000s	user 0.000s	sys 0.000s
I20260630 12:21:36.733943 26555 rpc_server.cc:307] RPC server started. Bound to: 127.25.238.195:46347
I20260630 12:21:36.734053 29026 acceptor_pool.cc:272] collecting diagnostics on the listening RPC socket 127.25.238.195:46347 every 8 connection(s)
I20260630 12:21:36.748091 29027 heartbeater.cc:344] Connected to a master server at 127.25.238.254:39275
I20260630 12:21:36.748500 29027 heartbeater.cc:461] Registering TS with master...
I20260630 12:21:36.749310 29027 heartbeater.cc:507] Master 127.25.238.254:39275 requested a full tablet report, sending...
I20260630 12:21:36.751492 28751 ts_manager.cc:194] Registered new tserver with Master: 9361de42d17b41888a94da08a813f843 (127.25.238.195:46347)
I20260630 12:21:36.752175 26555 internal_mini_cluster.cc:371] 3 TS(s) registered with all masters after 0.014861978s
I20260630 12:21:36.752954 28751 master_service.cc:502] Signed X509 certificate for tserver {username='slave'} at 127.0.0.1:52494
I20260630 12:21:37.530651 28878 heartbeater.cc:499] Master 127.25.238.254:39275 was elected leader, sending a full tablet report...
I20260630 12:21:37.643036 28953 heartbeater.cc:499] Master 127.25.238.254:39275 was elected leader, sending a full tablet report...
I20260630 12:21:37.755689 29027 heartbeater.cc:499] Master 127.25.238.254:39275 was elected leader, sending a full tablet report...
I20260630 12:21:38.356387 28804 auto_leader_rebalancer.cc:515] All tables' leader rebalancing finished this round
I20260630 12:21:40.357242 28804 auto_leader_rebalancer.cc:515] All tables' leader rebalancing finished this round
I20260630 12:21:42.359084 28804 auto_leader_rebalancer.cc:515] All tables' leader rebalancing finished this round
I20260630 12:21:44.360643 28804 auto_leader_rebalancer.cc:515] All tables' leader rebalancing finished this round
I20260630 12:21:46.361738 28804 auto_leader_rebalancer.cc:515] All tables' leader rebalancing finished this round
I20260630 12:21:48.362677 28804 auto_leader_rebalancer.cc:515] All tables' leader rebalancing finished this round
I20260630 12:21:48.847645 26555 tablet_server.cc:179] TabletServer@127.25.238.193:0 shutting down...
I20260630 12:21:48.873857 26555 ts_tablet_manager.cc:1507] Shutting down tablet manager...
I20260630 12:21:48.890377 26555 tablet_server.cc:196] TabletServer@127.25.238.193:0 shutdown complete.
I20260630 12:21:48.900333 26555 tablet_server.cc:179] TabletServer@127.25.238.194:0 shutting down...
I20260630 12:21:48.919818 26555 ts_tablet_manager.cc:1507] Shutting down tablet manager...
I20260630 12:21:48.936125 26555 tablet_server.cc:196] TabletServer@127.25.238.194:0 shutdown complete.
I20260630 12:21:48.945245 26555 tablet_server.cc:179] TabletServer@127.25.238.195:0 shutting down...
I20260630 12:21:48.967090 26555 ts_tablet_manager.cc:1507] Shutting down tablet manager...
I20260630 12:21:48.983356 26555 tablet_server.cc:196] TabletServer@127.25.238.195:0 shutdown complete.
I20260630 12:21:48.992276 26555 master.cc:562] Master@127.25.238.254:39275 shutting down...
I20260630 12:21:49.013365 26555 raft_consensus.cc:2243] T 00000000000000000000000000000000 P a44d758299114ba9a8a1e4534df14051 [term 1 LEADER]: Raft consensus shutting down.
I20260630 12:21:49.014122 26555 raft_consensus.cc:2272] T 00000000000000000000000000000000 P a44d758299114ba9a8a1e4534df14051 [term 1 FOLLOWER]: Raft consensus is shut down!
I20260630 12:21:49.014430 26555 tablet_replica.cc:333] T 00000000000000000000000000000000 P a44d758299114ba9a8a1e4534df14051: stopping tablet replica
I20260630 12:21:49.032609 26555 master.cc:584] Master@127.25.238.254:39275 shutdown complete.
[       OK ] AutoRebalancerTest.NoReplicaMovesIfNoTablets (12838 ms)
[ RUN      ] AutoRebalancerTest.RangeAwareBuildClusterInfoGroupsByRange
I20260630 12:21:49.066289 26555 internal_mini_cluster.cc:156] Creating distributed mini masters. Addrs: 127.25.238.254:46817
I20260630 12:21:49.067485 26555 file_cache.cc:492] Constructed file cache file cache with capacity 419430
W20260630 12:21:49.073446 29032 instance_detector.cc:116] could not retrieve AWS instance metadata: Network error: curl error: HTTP response code said error: The requested URL returned error: 404
W20260630 12:21:49.073524 29033 instance_detector.cc:116] could not retrieve Azure instance metadata: Network error: curl error: HTTP response code said error: The requested URL returned error: 404
W20260630 12:21:49.073906 29035 instance_detector.cc:116] could not retrieve OpenStack instance metadata: Network error: curl error: HTTP response code said error: The requested URL returned error: 404
I20260630 12:21:49.075030 26555 server_base.cc:1061] running on GCE node
I20260630 12:21:49.075933 26555 hybrid_clock.cc:584] initializing the hybrid clock with 'system_unsync' time source
W20260630 12:21:49.076146 26555 system_unsync_time.cc:38] NTP support is disabled. Clock error bounds will not be accurate. This configuration is not suitable for distributed clusters.
I20260630 12:21:49.076321 26555 hybrid_clock.cc:648] HybridClock initialized: now 1782822109076304 us; error 0 us; skew 500 ppm
I20260630 12:21:49.076823 26555 server_base.cc:861] Flag tcmalloc_max_total_thread_cache_bytes is not working since tcmalloc is not enabled.
I20260630 12:21:49.079344 26555 webserver.cc:533] Webserver started at http://127.25.238.254:32919/ using document root <none> and password file <none>
I20260630 12:21:49.079840 26555 fs_manager.cc:362] Metadata directory not provided
I20260630 12:21:49.080053 26555 fs_manager.cc:368] Using write-ahead log directory (fs_wal_dir) as metadata directory
I20260630 12:21:49.080343 26555 server_base.cc:909] This appears to be a new deployment of Kudu; creating new FS layout
I20260630 12:21:49.081527 26555 fs_manager.cc:1068] Generated new instance metadata in path /tmp/dist-test-taskOSjZpy/test-tmp/auto_rebalancer-test.0.AutoRebalancerTest.RangeAwareBuildClusterInfoGroupsByRange.1782822031424324-26555-0/minicluster-data/master-0-root/instance:
uuid: "b286a7813a694de4ad936d0cf0951226"
format_stamp: "Formatted at 2026-06-30 12:21:49 on dist-test-slave-x711"
I20260630 12:21:49.086037 26555 fs_manager.cc:696] Time spent creating directory manager: real 0.004s	user 0.006s	sys 0.000s
I20260630 12:21:49.089329 29040 log_block_manager.cc:4031] Time spent loading block containers with low live blocks: real 0.000s	user 0.000s	sys 0.000s
I20260630 12:21:49.090065 26555 fs_manager.cc:730] Time spent opening block manager: real 0.002s	user 0.002s	sys 0.000s
I20260630 12:21:49.090354 26555 fs_manager.cc:647] Opened local filesystem: /tmp/dist-test-taskOSjZpy/test-tmp/auto_rebalancer-test.0.AutoRebalancerTest.RangeAwareBuildClusterInfoGroupsByRange.1782822031424324-26555-0/minicluster-data/master-0-root
uuid: "b286a7813a694de4ad936d0cf0951226"
format_stamp: "Formatted at 2026-06-30 12:21:49 on dist-test-slave-x711"
I20260630 12:21:49.090636 26555 fs_report.cc:389] FS layout report
--------------------
wal directory: /tmp/dist-test-taskOSjZpy/test-tmp/auto_rebalancer-test.0.AutoRebalancerTest.RangeAwareBuildClusterInfoGroupsByRange.1782822031424324-26555-0/minicluster-data/master-0-root
metadata directory: /tmp/dist-test-taskOSjZpy/test-tmp/auto_rebalancer-test.0.AutoRebalancerTest.RangeAwareBuildClusterInfoGroupsByRange.1782822031424324-26555-0/minicluster-data/master-0-root
1 data directories: /tmp/dist-test-taskOSjZpy/test-tmp/auto_rebalancer-test.0.AutoRebalancerTest.RangeAwareBuildClusterInfoGroupsByRange.1782822031424324-26555-0/minicluster-data/master-0-root/data
Total live blocks: 0
Total live bytes: 0
Total live bytes (after alignment): 0
Total number of LBM containers: 0 (0 full)
Did not check for missing blocks
Did not check for orphaned blocks
Total full LBM containers with extra space: 0 (0 repaired)
Total full LBM container extra space in bytes: 0 (0 repaired)
Total incomplete LBM containers: 0 (0 repaired)
Total LBM partial records: 0 (0 repaired)
Total corrupted LBM metadata records in RocksDB: 0 (0 repaired)
I20260630 12:21:49.114475 26555 rpc_server.cc:225] running with OpenSSL 1.1.1  11 Sep 2018
I20260630 12:21:49.115788 26555 kserver.cc:163] Server-wide thread pool size limit: 3276
I20260630 12:21:49.153967 26555 rpc_server.cc:307] RPC server started. Bound to: 127.25.238.254:46817
I20260630 12:21:49.154052 29091 acceptor_pool.cc:272] collecting diagnostics on the listening RPC socket 127.25.238.254:46817 every 8 connection(s)
I20260630 12:21:49.157958 29092 data_dirs.cc:400] Could only allocate 1 dirs of requested 3 for tablet 00000000000000000000000000000000. 1 dirs total, 0 dirs full, 0 dirs failed
I20260630 12:21:49.169273 29092 tablet_bootstrap.cc:492] T 00000000000000000000000000000000 P b286a7813a694de4ad936d0cf0951226: Bootstrap starting.
I20260630 12:21:49.173951 29092 tablet_bootstrap.cc:654] T 00000000000000000000000000000000 P b286a7813a694de4ad936d0cf0951226: Neither blocks nor log segments found. Creating new log.
I20260630 12:21:49.178289 29092 tablet_bootstrap.cc:492] T 00000000000000000000000000000000 P b286a7813a694de4ad936d0cf0951226: No bootstrap required, opened a new log
I20260630 12:21:49.180496 29092 raft_consensus.cc:359] T 00000000000000000000000000000000 P b286a7813a694de4ad936d0cf0951226 [term 0 FOLLOWER]: Replica starting. Triggering 0 pending ops. Active config: opid_index: -1 OBSOLETE_local: true peers { permanent_uuid: "b286a7813a694de4ad936d0cf0951226" member_type: VOTER }
I20260630 12:21:49.180945 29092 raft_consensus.cc:385] T 00000000000000000000000000000000 P b286a7813a694de4ad936d0cf0951226 [term 0 FOLLOWER]: Consensus starting up: Expiring failure detector timer to make a prompt election more likely
I20260630 12:21:49.181130 29092 raft_consensus.cc:740] T 00000000000000000000000000000000 P b286a7813a694de4ad936d0cf0951226 [term 0 FOLLOWER]: Becoming Follower/Learner. State: Replica: b286a7813a694de4ad936d0cf0951226, State: Initialized, Role: FOLLOWER
I20260630 12:21:49.181717 29092 consensus_queue.cc:260] T 00000000000000000000000000000000 P b286a7813a694de4ad936d0cf0951226 [NON_LEADER]: Queue going to NON_LEADER mode. State: All replicated index: 0, Majority replicated index: 0, Committed index: 0, Last appended: 0.0, Last appended by leader: 0, Current term: 0, Majority size: -1, State: 0, Mode: NON_LEADER, active raft config: opid_index: -1 OBSOLETE_local: true peers { permanent_uuid: "b286a7813a694de4ad936d0cf0951226" member_type: VOTER }
I20260630 12:21:49.182156 29092 raft_consensus.cc:399] T 00000000000000000000000000000000 P b286a7813a694de4ad936d0cf0951226 [term 0 FOLLOWER]: Only one voter in the Raft config. Triggering election immediately
I20260630 12:21:49.182363 29092 raft_consensus.cc:493] T 00000000000000000000000000000000 P b286a7813a694de4ad936d0cf0951226 [term 0 FOLLOWER]: Starting leader election (initial election of a single-replica configuration)
I20260630 12:21:49.182674 29092 raft_consensus.cc:3060] T 00000000000000000000000000000000 P b286a7813a694de4ad936d0cf0951226 [term 0 FOLLOWER]: Advancing to term 1
I20260630 12:21:49.187049 29092 raft_consensus.cc:515] T 00000000000000000000000000000000 P b286a7813a694de4ad936d0cf0951226 [term 1 FOLLOWER]: Starting leader election with config: opid_index: -1 OBSOLETE_local: true peers { permanent_uuid: "b286a7813a694de4ad936d0cf0951226" member_type: VOTER }
I20260630 12:21:49.187572 29092 leader_election.cc:304] T 00000000000000000000000000000000 P b286a7813a694de4ad936d0cf0951226 [CANDIDATE]: Term 1 election: Election decided. Result: candidate won. Election summary: received 1 responses out of 1 voters: 1 yes votes; 0 no votes. yes voters: b286a7813a694de4ad936d0cf0951226; no voters: 
I20260630 12:21:49.188683 29092 leader_election.cc:290] T 00000000000000000000000000000000 P b286a7813a694de4ad936d0cf0951226 [CANDIDATE]: Term 1 election: Requested vote from peers 
I20260630 12:21:49.189033 29095 raft_consensus.cc:2804] T 00000000000000000000000000000000 P b286a7813a694de4ad936d0cf0951226 [term 1 FOLLOWER]: Leader election won for term 1
I20260630 12:21:49.190413 29095 raft_consensus.cc:697] T 00000000000000000000000000000000 P b286a7813a694de4ad936d0cf0951226 [term 1 LEADER]: Becoming Leader. State: Replica: b286a7813a694de4ad936d0cf0951226, State: Running, Role: LEADER
I20260630 12:21:49.191118 29095 consensus_queue.cc:237] T 00000000000000000000000000000000 P b286a7813a694de4ad936d0cf0951226 [LEADER]: Queue going to LEADER mode. State: All replicated index: 0, Majority replicated index: 0, Committed index: 0, Last appended: 0.0, Last appended by leader: 0, Current term: 1, Majority size: 1, State: 0, Mode: LEADER, active raft config: opid_index: -1 OBSOLETE_local: true peers { permanent_uuid: "b286a7813a694de4ad936d0cf0951226" member_type: VOTER }
I20260630 12:21:49.191675 29092 sys_catalog.cc:565] T 00000000000000000000000000000000 P b286a7813a694de4ad936d0cf0951226 [sys.catalog]: configured and running, proceeding with master startup.
I20260630 12:21:49.194327 29097 sys_catalog.cc:455] T 00000000000000000000000000000000 P b286a7813a694de4ad936d0cf0951226 [sys.catalog]: SysCatalogTable state changed. Reason: New leader b286a7813a694de4ad936d0cf0951226. Latest consensus state: current_term: 1 leader_uuid: "b286a7813a694de4ad936d0cf0951226" committed_config { opid_index: -1 OBSOLETE_local: true peers { permanent_uuid: "b286a7813a694de4ad936d0cf0951226" member_type: VOTER } }
I20260630 12:21:49.194274 29096 sys_catalog.cc:455] T 00000000000000000000000000000000 P b286a7813a694de4ad936d0cf0951226 [sys.catalog]: SysCatalogTable state changed. Reason: RaftConsensus started. Latest consensus state: current_term: 1 leader_uuid: "b286a7813a694de4ad936d0cf0951226" committed_config { opid_index: -1 OBSOLETE_local: true peers { permanent_uuid: "b286a7813a694de4ad936d0cf0951226" member_type: VOTER } }
I20260630 12:21:49.195066 29097 sys_catalog.cc:458] T 00000000000000000000000000000000 P b286a7813a694de4ad936d0cf0951226 [sys.catalog]: This master's current role is: LEADER
I20260630 12:21:49.195125 29096 sys_catalog.cc:458] T 00000000000000000000000000000000 P b286a7813a694de4ad936d0cf0951226 [sys.catalog]: This master's current role is: LEADER
I20260630 12:21:49.204411 29100 catalog_manager.cc:1511] Loading table and tablet metadata into memory...
I20260630 12:21:49.209468 29100 catalog_manager.cc:1520] Initializing Kudu cluster ID...
I20260630 12:21:49.210914 26555 internal_mini_cluster.cc:184] Waiting to initialize catalog manager on master 0
I20260630 12:21:49.218878 29100 catalog_manager.cc:1383] Generated new cluster ID: bed0deded4d74cb08fc10746eb27de51
I20260630 12:21:49.219219 29100 catalog_manager.cc:1531] Initializing Kudu internal certificate authority...
I20260630 12:21:49.265710 29100 catalog_manager.cc:1406] Generated new certificate authority record
I20260630 12:21:49.267091 29100 catalog_manager.cc:1540] Loading token signing keys...
I20260630 12:21:49.282541 29100 catalog_manager.cc:6070] T 00000000000000000000000000000000 P b286a7813a694de4ad936d0cf0951226: Generated new TSK 0
I20260630 12:21:49.283236 29100 catalog_manager.cc:1550] Initializing in-progress tserver states...
I20260630 12:21:49.342312 26555 file_cache.cc:492] Constructed file cache file cache with capacity 419430
W20260630 12:21:49.348325 29113 instance_detector.cc:116] could not retrieve AWS instance metadata: Network error: curl error: HTTP response code said error: The requested URL returned error: 404
W20260630 12:21:49.349377 29114 instance_detector.cc:116] could not retrieve Azure instance metadata: Network error: curl error: HTTP response code said error: The requested URL returned error: 404
I20260630 12:21:49.351106 26555 server_base.cc:1061] running on GCE node
W20260630 12:21:49.351051 29116 instance_detector.cc:116] could not retrieve OpenStack instance metadata: Network error: curl error: HTTP response code said error: The requested URL returned error: 404
I20260630 12:21:49.352296 26555 hybrid_clock.cc:584] initializing the hybrid clock with 'system_unsync' time source
W20260630 12:21:49.352519 26555 system_unsync_time.cc:38] NTP support is disabled. Clock error bounds will not be accurate. This configuration is not suitable for distributed clusters.
I20260630 12:21:49.352742 26555 hybrid_clock.cc:648] HybridClock initialized: now 1782822109352698 us; error 0 us; skew 500 ppm
I20260630 12:21:49.353278 26555 server_base.cc:861] Flag tcmalloc_max_total_thread_cache_bytes is not working since tcmalloc is not enabled.
I20260630 12:21:49.355690 26555 webserver.cc:533] Webserver started at http://127.25.238.193:45439/ using document root <none> and password file <none>
I20260630 12:21:49.356169 26555 fs_manager.cc:362] Metadata directory not provided
I20260630 12:21:49.356330 26555 fs_manager.cc:368] Using write-ahead log directory (fs_wal_dir) as metadata directory
I20260630 12:21:49.356637 26555 server_base.cc:909] This appears to be a new deployment of Kudu; creating new FS layout
I20260630 12:21:49.357698 26555 fs_manager.cc:1068] Generated new instance metadata in path /tmp/dist-test-taskOSjZpy/test-tmp/auto_rebalancer-test.0.AutoRebalancerTest.RangeAwareBuildClusterInfoGroupsByRange.1782822031424324-26555-0/minicluster-data/ts-0-root/instance:
uuid: "aed86835c8a344059af548b1879fa898"
format_stamp: "Formatted at 2026-06-30 12:21:49 on dist-test-slave-x711"
I20260630 12:21:49.362178 26555 fs_manager.cc:696] Time spent creating directory manager: real 0.004s	user 0.002s	sys 0.004s
I20260630 12:21:49.365456 29121 log_block_manager.cc:4031] Time spent loading block containers with low live blocks: real 0.000s	user 0.000s	sys 0.000s
I20260630 12:21:49.366281 26555 fs_manager.cc:730] Time spent opening block manager: real 0.002s	user 0.002s	sys 0.000s
I20260630 12:21:49.366626 26555 fs_manager.cc:647] Opened local filesystem: /tmp/dist-test-taskOSjZpy/test-tmp/auto_rebalancer-test.0.AutoRebalancerTest.RangeAwareBuildClusterInfoGroupsByRange.1782822031424324-26555-0/minicluster-data/ts-0-root
uuid: "aed86835c8a344059af548b1879fa898"
format_stamp: "Formatted at 2026-06-30 12:21:49 on dist-test-slave-x711"
I20260630 12:21:49.366896 26555 fs_report.cc:389] FS layout report
--------------------
wal directory: /tmp/dist-test-taskOSjZpy/test-tmp/auto_rebalancer-test.0.AutoRebalancerTest.RangeAwareBuildClusterInfoGroupsByRange.1782822031424324-26555-0/minicluster-data/ts-0-root
metadata directory: /tmp/dist-test-taskOSjZpy/test-tmp/auto_rebalancer-test.0.AutoRebalancerTest.RangeAwareBuildClusterInfoGroupsByRange.1782822031424324-26555-0/minicluster-data/ts-0-root
1 data directories: /tmp/dist-test-taskOSjZpy/test-tmp/auto_rebalancer-test.0.AutoRebalancerTest.RangeAwareBuildClusterInfoGroupsByRange.1782822031424324-26555-0/minicluster-data/ts-0-root/data
Total live blocks: 0
Total live bytes: 0
Total live bytes (after alignment): 0
Total number of LBM containers: 0 (0 full)
Did not check for missing blocks
Did not check for orphaned blocks
Total full LBM containers with extra space: 0 (0 repaired)
Total full LBM container extra space in bytes: 0 (0 repaired)
Total incomplete LBM containers: 0 (0 repaired)
Total LBM partial records: 0 (0 repaired)
Total corrupted LBM metadata records in RocksDB: 0 (0 repaired)
I20260630 12:21:49.389292 26555 rpc_server.cc:225] running with OpenSSL 1.1.1  11 Sep 2018
I20260630 12:21:49.390507 26555 kserver.cc:163] Server-wide thread pool size limit: 3276
I20260630 12:21:49.392244 26555 txn_system_client.cc:432] TxnSystemClient initialization is disabled...
I20260630 12:21:49.395272 26555 ts_tablet_manager.cc:585] Loaded tablet metadata (0 total tablets, 0 live tablets)
I20260630 12:21:49.395448 26555 ts_tablet_manager.cc:531] Time spent load tablet metadata: real 0.000s	user 0.000s	sys 0.000s
I20260630 12:21:49.395733 26555 ts_tablet_manager.cc:616] Registered 0 tablets
I20260630 12:21:49.395902 26555 ts_tablet_manager.cc:595] Time spent register tablets: real 0.000s	user 0.000s	sys 0.000s
I20260630 12:21:49.435381 26555 rpc_server.cc:307] RPC server started. Bound to: 127.25.238.193:46213
I20260630 12:21:49.435488 29183 acceptor_pool.cc:272] collecting diagnostics on the listening RPC socket 127.25.238.193:46213 every 8 connection(s)
I20260630 12:21:49.440285 26555 file_cache.cc:492] Constructed file cache file cache with capacity 419430
W20260630 12:21:49.447219 29188 instance_detector.cc:116] could not retrieve AWS instance metadata: Network error: curl error: HTTP response code said error: The requested URL returned error: 404
W20260630 12:21:49.448710 29189 instance_detector.cc:116] could not retrieve Azure instance metadata: Network error: curl error: HTTP response code said error: The requested URL returned error: 404
W20260630 12:21:49.450568 29191 instance_detector.cc:116] could not retrieve OpenStack instance metadata: Network error: curl error: HTTP response code said error: The requested URL returned error: 404
I20260630 12:21:49.452414 26555 server_base.cc:1061] running on GCE node
I20260630 12:21:49.453416 26555 hybrid_clock.cc:584] initializing the hybrid clock with 'system_unsync' time source
W20260630 12:21:49.453624 26555 system_unsync_time.cc:38] NTP support is disabled. Clock error bounds will not be accurate. This configuration is not suitable for distributed clusters.
I20260630 12:21:49.453840 26555 hybrid_clock.cc:648] HybridClock initialized: now 1782822109453807 us; error 0 us; skew 500 ppm
I20260630 12:21:49.454469 26555 server_base.cc:861] Flag tcmalloc_max_total_thread_cache_bytes is not working since tcmalloc is not enabled.
I20260630 12:21:49.457384 26555 webserver.cc:533] Webserver started at http://127.25.238.194:39159/ using document root <none> and password file <none>
I20260630 12:21:49.457808 29184 heartbeater.cc:344] Connected to a master server at 127.25.238.254:46817
I20260630 12:21:49.457921 26555 fs_manager.cc:362] Metadata directory not provided
I20260630 12:21:49.458218 26555 fs_manager.cc:368] Using write-ahead log directory (fs_wal_dir) as metadata directory
I20260630 12:21:49.458247 29184 heartbeater.cc:461] Registering TS with master...
I20260630 12:21:49.458575 26555 server_base.cc:909] This appears to be a new deployment of Kudu; creating new FS layout
I20260630 12:21:49.459237 29184 heartbeater.cc:507] Master 127.25.238.254:46817 requested a full tablet report, sending...
I20260630 12:21:49.459954 26555 fs_manager.cc:1068] Generated new instance metadata in path /tmp/dist-test-taskOSjZpy/test-tmp/auto_rebalancer-test.0.AutoRebalancerTest.RangeAwareBuildClusterInfoGroupsByRange.1782822031424324-26555-0/minicluster-data/ts-1-root/instance:
uuid: "24aa3e9f7ce54cef9d49028ed2e4fa17"
format_stamp: "Formatted at 2026-06-30 12:21:49 on dist-test-slave-x711"
I20260630 12:21:49.461589 29057 ts_manager.cc:194] Registered new tserver with Master: aed86835c8a344059af548b1879fa898 (127.25.238.193:46213)
I20260630 12:21:49.463641 29057 master_service.cc:502] Signed X509 certificate for tserver {username='slave'} at 127.0.0.1:52426
I20260630 12:21:49.464967 26555 fs_manager.cc:696] Time spent creating directory manager: real 0.004s	user 0.005s	sys 0.000s
I20260630 12:21:49.468403 29196 log_block_manager.cc:4031] Time spent loading block containers with low live blocks: real 0.000s	user 0.000s	sys 0.000s
I20260630 12:21:49.469247 26555 fs_manager.cc:730] Time spent opening block manager: real 0.002s	user 0.003s	sys 0.000s
I20260630 12:21:49.469475 26555 fs_manager.cc:647] Opened local filesystem: /tmp/dist-test-taskOSjZpy/test-tmp/auto_rebalancer-test.0.AutoRebalancerTest.RangeAwareBuildClusterInfoGroupsByRange.1782822031424324-26555-0/minicluster-data/ts-1-root
uuid: "24aa3e9f7ce54cef9d49028ed2e4fa17"
format_stamp: "Formatted at 2026-06-30 12:21:49 on dist-test-slave-x711"
I20260630 12:21:49.469704 26555 fs_report.cc:389] FS layout report
--------------------
wal directory: /tmp/dist-test-taskOSjZpy/test-tmp/auto_rebalancer-test.0.AutoRebalancerTest.RangeAwareBuildClusterInfoGroupsByRange.1782822031424324-26555-0/minicluster-data/ts-1-root
metadata directory: /tmp/dist-test-taskOSjZpy/test-tmp/auto_rebalancer-test.0.AutoRebalancerTest.RangeAwareBuildClusterInfoGroupsByRange.1782822031424324-26555-0/minicluster-data/ts-1-root
1 data directories: /tmp/dist-test-taskOSjZpy/test-tmp/auto_rebalancer-test.0.AutoRebalancerTest.RangeAwareBuildClusterInfoGroupsByRange.1782822031424324-26555-0/minicluster-data/ts-1-root/data
Total live blocks: 0
Total live bytes: 0
Total live bytes (after alignment): 0
Total number of LBM containers: 0 (0 full)
Did not check for missing blocks
Did not check for orphaned blocks
Total full LBM containers with extra space: 0 (0 repaired)
Total full LBM container extra space in bytes: 0 (0 repaired)
Total incomplete LBM containers: 0 (0 repaired)
Total LBM partial records: 0 (0 repaired)
Total corrupted LBM metadata records in RocksDB: 0 (0 repaired)
I20260630 12:21:49.488502 26555 rpc_server.cc:225] running with OpenSSL 1.1.1  11 Sep 2018
I20260630 12:21:49.489566 26555 kserver.cc:163] Server-wide thread pool size limit: 3276
I20260630 12:21:49.490914 26555 txn_system_client.cc:432] TxnSystemClient initialization is disabled...
I20260630 12:21:49.493240 26555 ts_tablet_manager.cc:585] Loaded tablet metadata (0 total tablets, 0 live tablets)
I20260630 12:21:49.493574 26555 ts_tablet_manager.cc:531] Time spent load tablet metadata: real 0.000s	user 0.000s	sys 0.000s
I20260630 12:21:49.493829 26555 ts_tablet_manager.cc:616] Registered 0 tablets
I20260630 12:21:49.493983 26555 ts_tablet_manager.cc:595] Time spent register tablets: real 0.000s	user 0.000s	sys 0.000s
I20260630 12:21:49.532616 26555 rpc_server.cc:307] RPC server started. Bound to: 127.25.238.194:32825
I20260630 12:21:49.532721 29258 acceptor_pool.cc:272] collecting diagnostics on the listening RPC socket 127.25.238.194:32825 every 8 connection(s)
I20260630 12:21:49.537344 26555 file_cache.cc:492] Constructed file cache file cache with capacity 419430
W20260630 12:21:49.545356 29262 instance_detector.cc:116] could not retrieve AWS instance metadata: Network error: curl error: HTTP response code said error: The requested URL returned error: 404
W20260630 12:21:49.551156 29263 instance_detector.cc:116] could not retrieve Azure instance metadata: Network error: curl error: HTTP response code said error: The requested URL returned error: 404
I20260630 12:21:49.552119 29259 heartbeater.cc:344] Connected to a master server at 127.25.238.254:46817
I20260630 12:21:49.552616 29259 heartbeater.cc:461] Registering TS with master...
I20260630 12:21:49.553876 29259 heartbeater.cc:507] Master 127.25.238.254:46817 requested a full tablet report, sending...
I20260630 12:21:49.555171 26555 server_base.cc:1061] running on GCE node
W20260630 12:21:49.555548 29265 instance_detector.cc:116] could not retrieve OpenStack instance metadata: Network error: curl error: HTTP response code said error: The requested URL returned error: 404
I20260630 12:21:49.556367 29057 ts_manager.cc:194] Registered new tserver with Master: 24aa3e9f7ce54cef9d49028ed2e4fa17 (127.25.238.194:32825)
I20260630 12:21:49.556452 26555 hybrid_clock.cc:584] initializing the hybrid clock with 'system_unsync' time source
W20260630 12:21:49.556751 26555 system_unsync_time.cc:38] NTP support is disabled. Clock error bounds will not be accurate. This configuration is not suitable for distributed clusters.
I20260630 12:21:49.556962 26555 hybrid_clock.cc:648] HybridClock initialized: now 1782822109556940 us; error 0 us; skew 500 ppm
I20260630 12:21:49.557556 26555 server_base.cc:861] Flag tcmalloc_max_total_thread_cache_bytes is not working since tcmalloc is not enabled.
I20260630 12:21:49.557873 29057 master_service.cc:502] Signed X509 certificate for tserver {username='slave'} at 127.0.0.1:52436
I20260630 12:21:49.560285 26555 webserver.cc:533] Webserver started at http://127.25.238.195:42697/ using document root <none> and password file <none>
I20260630 12:21:49.560839 26555 fs_manager.cc:362] Metadata directory not provided
I20260630 12:21:49.561009 26555 fs_manager.cc:368] Using write-ahead log directory (fs_wal_dir) as metadata directory
I20260630 12:21:49.561328 26555 server_base.cc:909] This appears to be a new deployment of Kudu; creating new FS layout
I20260630 12:21:49.562443 26555 fs_manager.cc:1068] Generated new instance metadata in path /tmp/dist-test-taskOSjZpy/test-tmp/auto_rebalancer-test.0.AutoRebalancerTest.RangeAwareBuildClusterInfoGroupsByRange.1782822031424324-26555-0/minicluster-data/ts-2-root/instance:
uuid: "091725c16a16450ba62bc9064d896033"
format_stamp: "Formatted at 2026-06-30 12:21:49 on dist-test-slave-x711"
I20260630 12:21:49.566748 26555 fs_manager.cc:696] Time spent creating directory manager: real 0.004s	user 0.006s	sys 0.000s
I20260630 12:21:49.570230 29270 log_block_manager.cc:4031] Time spent loading block containers with low live blocks: real 0.000s	user 0.000s	sys 0.000s
I20260630 12:21:49.571066 26555 fs_manager.cc:730] Time spent opening block manager: real 0.002s	user 0.003s	sys 0.000s
I20260630 12:21:49.571352 26555 fs_manager.cc:647] Opened local filesystem: /tmp/dist-test-taskOSjZpy/test-tmp/auto_rebalancer-test.0.AutoRebalancerTest.RangeAwareBuildClusterInfoGroupsByRange.1782822031424324-26555-0/minicluster-data/ts-2-root
uuid: "091725c16a16450ba62bc9064d896033"
format_stamp: "Formatted at 2026-06-30 12:21:49 on dist-test-slave-x711"
I20260630 12:21:49.571599 26555 fs_report.cc:389] FS layout report
--------------------
wal directory: /tmp/dist-test-taskOSjZpy/test-tmp/auto_rebalancer-test.0.AutoRebalancerTest.RangeAwareBuildClusterInfoGroupsByRange.1782822031424324-26555-0/minicluster-data/ts-2-root
metadata directory: /tmp/dist-test-taskOSjZpy/test-tmp/auto_rebalancer-test.0.AutoRebalancerTest.RangeAwareBuildClusterInfoGroupsByRange.1782822031424324-26555-0/minicluster-data/ts-2-root
1 data directories: /tmp/dist-test-taskOSjZpy/test-tmp/auto_rebalancer-test.0.AutoRebalancerTest.RangeAwareBuildClusterInfoGroupsByRange.1782822031424324-26555-0/minicluster-data/ts-2-root/data
Total live blocks: 0
Total live bytes: 0
Total live bytes (after alignment): 0
Total number of LBM containers: 0 (0 full)
Did not check for missing blocks
Did not check for orphaned blocks
Total full LBM containers with extra space: 0 (0 repaired)
Total full LBM container extra space in bytes: 0 (0 repaired)
Total incomplete LBM containers: 0 (0 repaired)
Total LBM partial records: 0 (0 repaired)
Total corrupted LBM metadata records in RocksDB: 0 (0 repaired)
I20260630 12:21:49.587126 26555 rpc_server.cc:225] running with OpenSSL 1.1.1  11 Sep 2018
I20260630 12:21:49.588260 26555 kserver.cc:163] Server-wide thread pool size limit: 3276
I20260630 12:21:49.589505 26555 txn_system_client.cc:432] TxnSystemClient initialization is disabled...
I20260630 12:21:49.591681 26555 ts_tablet_manager.cc:585] Loaded tablet metadata (0 total tablets, 0 live tablets)
I20260630 12:21:49.591886 26555 ts_tablet_manager.cc:531] Time spent load tablet metadata: real 0.000s	user 0.000s	sys 0.000s
I20260630 12:21:49.592133 26555 ts_tablet_manager.cc:616] Registered 0 tablets
I20260630 12:21:49.592316 26555 ts_tablet_manager.cc:595] Time spent register tablets: real 0.000s	user 0.000s	sys 0.000s
I20260630 12:21:49.631615 26555 rpc_server.cc:307] RPC server started. Bound to: 127.25.238.195:45969
I20260630 12:21:49.631721 29332 acceptor_pool.cc:272] collecting diagnostics on the listening RPC socket 127.25.238.195:45969 every 8 connection(s)
I20260630 12:21:49.645417 29333 heartbeater.cc:344] Connected to a master server at 127.25.238.254:46817
I20260630 12:21:49.645817 29333 heartbeater.cc:461] Registering TS with master...
I20260630 12:21:49.646602 29333 heartbeater.cc:507] Master 127.25.238.254:46817 requested a full tablet report, sending...
I20260630 12:21:49.648528 29057 ts_manager.cc:194] Registered new tserver with Master: 091725c16a16450ba62bc9064d896033 (127.25.238.195:45969)
I20260630 12:21:49.648615 26555 internal_mini_cluster.cc:371] 3 TS(s) registered with all masters after 0.01370734s
I20260630 12:21:49.650059 29057 master_service.cc:502] Signed X509 certificate for tserver {username='slave'} at 127.0.0.1:52450
I20260630 12:21:50.466650 29184 heartbeater.cc:499] Master 127.25.238.254:46817 was elected leader, sending a full tablet report...
I20260630 12:21:50.560746 29259 heartbeater.cc:499] Master 127.25.238.254:46817 was elected leader, sending a full tablet report...
I20260630 12:21:50.652848 29333 heartbeater.cc:499] Master 127.25.238.254:46817 was elected leader, sending a full tablet report...
I20260630 12:21:50.702838 29057 catalog_manager.cc:2283] Servicing CreateTable request from {username='slave'} at 127.0.0.1:52458:
name: "range_aware_auto_rebalancer_test"
schema {
  columns {
    name: "key"
    type: INT32
    is_key: true
    is_nullable: false
    encoding: AUTO_ENCODING
    compression: DEFAULT_COMPRESSION
    cfile_block_size: 0
    immutable: false
  }
}
num_replicas: 3
split_rows_range_bounds {
  rows: "\006\001\000\000\000\000\007\001\n\000\000\000\006\001\n\000\000\000\007\001\024\000\000\000""\006\001\000\000\000\000\007\001\n\000\000\000\006\001\n\000\000\000\007\001\024\000\000\000"
  indirect_data: """"
}
partition_schema {
  hash_schema {
    columns {
      name: "key"
    }
    num_buckets: 2
    seed: 0
  }
  range_schema {
    columns {
      name: "key"
    }
  }
}
W20260630 12:21:50.705427 29057 catalog_manager.cc:7077] The number of live tablet servers is not enough to re-replicate a tablet replica of the newly created table range_aware_auto_rebalancer_test in case of a server failure: 4 tablet servers would be needed, 3 are available. Consider bringing up more tablet servers.
I20260630 12:21:50.760694 29224 tablet_service.cc:1511] Processing CreateTablet for tablet 44fe098634ef4d00a91631f79cb3dfbc (DEFAULT_TABLE table=range_aware_auto_rebalancer_test [id=4f1fb2d564b34bb3897f35bced0b2dc6]), partition=HASH (key) PARTITION 0, RANGE (key) PARTITION 0 <= VALUES < 10
I20260630 12:21:50.762360 29224 data_dirs.cc:400] Could only allocate 1 dirs of requested 3 for tablet 44fe098634ef4d00a91631f79cb3dfbc. 1 dirs total, 0 dirs full, 0 dirs failed
I20260630 12:21:50.764001 29223 tablet_service.cc:1511] Processing CreateTablet for tablet 364aa89266734fdaa4234e88608e3e76 (DEFAULT_TABLE table=range_aware_auto_rebalancer_test [id=4f1fb2d564b34bb3897f35bced0b2dc6]), partition=HASH (key) PARTITION 0, RANGE (key) PARTITION 10 <= VALUES < 20
I20260630 12:21:50.765470 29223 data_dirs.cc:400] Could only allocate 1 dirs of requested 3 for tablet 364aa89266734fdaa4234e88608e3e76. 1 dirs total, 0 dirs full, 0 dirs failed
I20260630 12:21:50.768420 29221 tablet_service.cc:1511] Processing CreateTablet for tablet 52a2ac6d13ff427784f0cd45d71571e4 (DEFAULT_TABLE table=range_aware_auto_rebalancer_test [id=4f1fb2d564b34bb3897f35bced0b2dc6]), partition=HASH (key) PARTITION 1, RANGE (key) PARTITION 10 <= VALUES < 20
I20260630 12:21:50.770066 29221 data_dirs.cc:400] Could only allocate 1 dirs of requested 3 for tablet 52a2ac6d13ff427784f0cd45d71571e4. 1 dirs total, 0 dirs full, 0 dirs failed
I20260630 12:21:50.770236 29298 tablet_service.cc:1511] Processing CreateTablet for tablet 44fe098634ef4d00a91631f79cb3dfbc (DEFAULT_TABLE table=range_aware_auto_rebalancer_test [id=4f1fb2d564b34bb3897f35bced0b2dc6]), partition=HASH (key) PARTITION 0, RANGE (key) PARTITION 0 <= VALUES < 10
I20260630 12:21:50.768505 29222 tablet_service.cc:1511] Processing CreateTablet for tablet 44569cdb1be04379abeabd785cfe7cbd (DEFAULT_TABLE table=range_aware_auto_rebalancer_test [id=4f1fb2d564b34bb3897f35bced0b2dc6]), partition=HASH (key) PARTITION 1, RANGE (key) PARTITION 0 <= VALUES < 10
I20260630 12:21:50.771718 29298 data_dirs.cc:400] Could only allocate 1 dirs of requested 3 for tablet 44fe098634ef4d00a91631f79cb3dfbc. 1 dirs total, 0 dirs full, 0 dirs failed
I20260630 12:21:50.771875 29222 data_dirs.cc:400] Could only allocate 1 dirs of requested 3 for tablet 44569cdb1be04379abeabd785cfe7cbd. 1 dirs total, 0 dirs full, 0 dirs failed
I20260630 12:21:50.774158 29297 tablet_service.cc:1511] Processing CreateTablet for tablet 364aa89266734fdaa4234e88608e3e76 (DEFAULT_TABLE table=range_aware_auto_rebalancer_test [id=4f1fb2d564b34bb3897f35bced0b2dc6]), partition=HASH (key) PARTITION 0, RANGE (key) PARTITION 10 <= VALUES < 20
