I20260630 12:20:56.434463 26555 master.cc:562] Master@127.25.238.253:44863 shutting down...
I20260630 12:20:56.453225 26555 raft_consensus.cc:2243] T 00000000000000000000000000000000 P cc20ee08481243d3a51694f6dda09359 [term 2 LEADER]: Raft consensus shutting down.
I20260630 12:20:56.454140 26555 raft_consensus.cc:2272] T 00000000000000000000000000000000 P cc20ee08481243d3a51694f6dda09359 [term 2 FOLLOWER]: Raft consensus is shut down!
I20260630 12:20:56.454504 26555 tablet_replica.cc:333] T 00000000000000000000000000000000 P cc20ee08481243d3a51694f6dda09359: stopping tablet replica
I20260630 12:20:56.474565 26555 master.cc:584] Master@127.25.238.253:44863 shutdown complete.
I20260630 12:20:56.487493 26555 master.cc:562] Master@127.25.238.252:43119 shutting down...
I20260630 12:20:56.504164 26555 raft_consensus.cc:2243] T 00000000000000000000000000000000 P 14fffeada2ce466a92e2a6192ffc0458 [term 2 FOLLOWER]: Raft consensus shutting down.
I20260630 12:20:56.504765 26555 raft_consensus.cc:2272] T 00000000000000000000000000000000 P 14fffeada2ce466a92e2a6192ffc0458 [term 2 FOLLOWER]: Raft consensus is shut down!
I20260630 12:20:56.505095 26555 tablet_replica.cc:333] T 00000000000000000000000000000000 P 14fffeada2ce466a92e2a6192ffc0458: stopping tablet replica
I20260630 12:20:56.523085 26555 master.cc:584] Master@127.25.238.252:43119 shutdown complete.
[       OK ] AutoRebalancerTest.NextLeaderResumesAutoRebalancing (9056 ms)
[ RUN      ] AutoRebalancerTest.MovesScheduledIfAddTserver
I20260630 12:20:56.554926 26555 internal_mini_cluster.cc:156] Creating distributed mini masters. Addrs: 127.25.238.254:46327
I20260630 12:20:56.556205 26555 file_cache.cc:492] Constructed file cache file cache with capacity 419430
W20260630 12:20:56.561833 28167 instance_detector.cc:116] could not retrieve AWS instance metadata: Network error: curl error: HTTP response code said error: The requested URL returned error: 404
W20260630 12:20:56.561981 28168 instance_detector.cc:116] could not retrieve Azure instance metadata: Network error: curl error: HTTP response code said error: The requested URL returned error: 404
W20260630 12:20:56.562799 28170 instance_detector.cc:116] could not retrieve OpenStack instance metadata: Network error: curl error: HTTP response code said error: The requested URL returned error: 404
I20260630 12:20:56.563262 26555 server_base.cc:1061] running on GCE node
I20260630 12:20:56.564065 26555 hybrid_clock.cc:584] initializing the hybrid clock with 'system_unsync' time source
W20260630 12:20:56.564234 26555 system_unsync_time.cc:38] NTP support is disabled. Clock error bounds will not be accurate. This configuration is not suitable for distributed clusters.
I20260630 12:20:56.564415 26555 hybrid_clock.cc:648] HybridClock initialized: now 1782822056564400 us; error 0 us; skew 500 ppm
I20260630 12:20:56.564939 26555 server_base.cc:861] Flag tcmalloc_max_total_thread_cache_bytes is not working since tcmalloc is not enabled.
I20260630 12:20:56.567588 26555 webserver.cc:533] Webserver started at http://127.25.238.254:34119/ using document root <none> and password file <none>
I20260630 12:20:56.568179 26555 fs_manager.cc:362] Metadata directory not provided
I20260630 12:20:56.568414 26555 fs_manager.cc:368] Using write-ahead log directory (fs_wal_dir) as metadata directory
I20260630 12:20:56.568651 26555 server_base.cc:909] This appears to be a new deployment of Kudu; creating new FS layout
I20260630 12:20:56.569677 26555 fs_manager.cc:1068] Generated new instance metadata in path /tmp/dist-test-taskOSjZpy/test-tmp/auto_rebalancer-test.0.AutoRebalancerTest.MovesScheduledIfAddTserver.1782822031424324-26555-0/minicluster-data/master-0-root/instance:
uuid: "ca2662741c75416a9c5d3e11752b5680"
format_stamp: "Formatted at 2026-06-30 12:20:56 on dist-test-slave-x711"
I20260630 12:20:56.573969 26555 fs_manager.cc:696] Time spent creating directory manager: real 0.004s	user 0.006s	sys 0.000s
I20260630 12:20:56.577201 28175 log_block_manager.cc:4031] Time spent loading block containers with low live blocks: real 0.000s	user 0.000s	sys 0.000s
I20260630 12:20:56.577919 26555 fs_manager.cc:730] Time spent opening block manager: real 0.002s	user 0.000s	sys 0.002s
I20260630 12:20:56.578202 26555 fs_manager.cc:647] Opened local filesystem: /tmp/dist-test-taskOSjZpy/test-tmp/auto_rebalancer-test.0.AutoRebalancerTest.MovesScheduledIfAddTserver.1782822031424324-26555-0/minicluster-data/master-0-root
uuid: "ca2662741c75416a9c5d3e11752b5680"
format_stamp: "Formatted at 2026-06-30 12:20:56 on dist-test-slave-x711"
I20260630 12:20:56.578469 26555 fs_report.cc:389] FS layout report
--------------------
wal directory: /tmp/dist-test-taskOSjZpy/test-tmp/auto_rebalancer-test.0.AutoRebalancerTest.MovesScheduledIfAddTserver.1782822031424324-26555-0/minicluster-data/master-0-root
metadata directory: /tmp/dist-test-taskOSjZpy/test-tmp/auto_rebalancer-test.0.AutoRebalancerTest.MovesScheduledIfAddTserver.1782822031424324-26555-0/minicluster-data/master-0-root
1 data directories: /tmp/dist-test-taskOSjZpy/test-tmp/auto_rebalancer-test.0.AutoRebalancerTest.MovesScheduledIfAddTserver.1782822031424324-26555-0/minicluster-data/master-0-root/data
Total live blocks: 0
Total live bytes: 0
Total live bytes (after alignment): 0
Total number of LBM containers: 0 (0 full)
Did not check for missing blocks
Did not check for orphaned blocks
Total full LBM containers with extra space: 0 (0 repaired)
Total full LBM container extra space in bytes: 0 (0 repaired)
Total incomplete LBM containers: 0 (0 repaired)
Total LBM partial records: 0 (0 repaired)
Total corrupted LBM metadata records in RocksDB: 0 (0 repaired)
I20260630 12:20:56.602301 26555 rpc_server.cc:225] running with OpenSSL 1.1.1  11 Sep 2018
I20260630 12:20:56.603609 26555 kserver.cc:163] Server-wide thread pool size limit: 3276
I20260630 12:20:56.641724 26555 rpc_server.cc:307] RPC server started. Bound to: 127.25.238.254:46327
I20260630 12:20:56.641827 28226 acceptor_pool.cc:272] collecting diagnostics on the listening RPC socket 127.25.238.254:46327 every 8 connection(s)
I20260630 12:20:56.645552 28227 data_dirs.cc:400] Could only allocate 1 dirs of requested 3 for tablet 00000000000000000000000000000000. 1 dirs total, 0 dirs full, 0 dirs failed
I20260630 12:20:56.655740 28227 tablet_bootstrap.cc:492] T 00000000000000000000000000000000 P ca2662741c75416a9c5d3e11752b5680: Bootstrap starting.
I20260630 12:20:56.660076 28227 tablet_bootstrap.cc:654] T 00000000000000000000000000000000 P ca2662741c75416a9c5d3e11752b5680: Neither blocks nor log segments found. Creating new log.
I20260630 12:20:56.664179 28227 tablet_bootstrap.cc:492] T 00000000000000000000000000000000 P ca2662741c75416a9c5d3e11752b5680: No bootstrap required, opened a new log
I20260630 12:20:56.666152 28227 raft_consensus.cc:359] T 00000000000000000000000000000000 P ca2662741c75416a9c5d3e11752b5680 [term 0 FOLLOWER]: Replica starting. Triggering 0 pending ops. Active config: opid_index: -1 OBSOLETE_local: true peers { permanent_uuid: "ca2662741c75416a9c5d3e11752b5680" member_type: VOTER }
I20260630 12:20:56.666512 28227 raft_consensus.cc:385] T 00000000000000000000000000000000 P ca2662741c75416a9c5d3e11752b5680 [term 0 FOLLOWER]: Consensus starting up: Expiring failure detector timer to make a prompt election more likely
I20260630 12:20:56.666682 28227 raft_consensus.cc:740] T 00000000000000000000000000000000 P ca2662741c75416a9c5d3e11752b5680 [term 0 FOLLOWER]: Becoming Follower/Learner. State: Replica: ca2662741c75416a9c5d3e11752b5680, State: Initialized, Role: FOLLOWER
I20260630 12:20:56.667326 28227 consensus_queue.cc:260] T 00000000000000000000000000000000 P ca2662741c75416a9c5d3e11752b5680 [NON_LEADER]: Queue going to NON_LEADER mode. State: All replicated index: 0, Majority replicated index: 0, Committed index: 0, Last appended: 0.0, Last appended by leader: 0, Current term: 0, Majority size: -1, State: 0, Mode: NON_LEADER, active raft config: opid_index: -1 OBSOLETE_local: true peers { permanent_uuid: "ca2662741c75416a9c5d3e11752b5680" member_type: VOTER }
I20260630 12:20:56.667733 28227 raft_consensus.cc:399] T 00000000000000000000000000000000 P ca2662741c75416a9c5d3e11752b5680 [term 0 FOLLOWER]: Only one voter in the Raft config. Triggering election immediately
I20260630 12:20:56.667925 28227 raft_consensus.cc:493] T 00000000000000000000000000000000 P ca2662741c75416a9c5d3e11752b5680 [term 0 FOLLOWER]: Starting leader election (initial election of a single-replica configuration)
I20260630 12:20:56.668128 28227 raft_consensus.cc:3060] T 00000000000000000000000000000000 P ca2662741c75416a9c5d3e11752b5680 [term 0 FOLLOWER]: Advancing to term 1
I20260630 12:20:56.672415 28227 raft_consensus.cc:515] T 00000000000000000000000000000000 P ca2662741c75416a9c5d3e11752b5680 [term 1 FOLLOWER]: Starting leader election with config: opid_index: -1 OBSOLETE_local: true peers { permanent_uuid: "ca2662741c75416a9c5d3e11752b5680" member_type: VOTER }
I20260630 12:20:56.672865 28227 leader_election.cc:304] T 00000000000000000000000000000000 P ca2662741c75416a9c5d3e11752b5680 [CANDIDATE]: Term 1 election: Election decided. Result: candidate won. Election summary: received 1 responses out of 1 voters: 1 yes votes; 0 no votes. yes voters: ca2662741c75416a9c5d3e11752b5680; no voters: 
I20260630 12:20:56.673909 28227 leader_election.cc:290] T 00000000000000000000000000000000 P ca2662741c75416a9c5d3e11752b5680 [CANDIDATE]: Term 1 election: Requested vote from peers 
I20260630 12:20:56.674381 28230 raft_consensus.cc:2804] T 00000000000000000000000000000000 P ca2662741c75416a9c5d3e11752b5680 [term 1 FOLLOWER]: Leader election won for term 1
I20260630 12:20:56.675729 28230 raft_consensus.cc:697] T 00000000000000000000000000000000 P ca2662741c75416a9c5d3e11752b5680 [term 1 LEADER]: Becoming Leader. State: Replica: ca2662741c75416a9c5d3e11752b5680, State: Running, Role: LEADER
I20260630 12:20:56.676395 28230 consensus_queue.cc:237] T 00000000000000000000000000000000 P ca2662741c75416a9c5d3e11752b5680 [LEADER]: Queue going to LEADER mode. State: All replicated index: 0, Majority replicated index: 0, Committed index: 0, Last appended: 0.0, Last appended by leader: 0, Current term: 1, Majority size: 1, State: 0, Mode: LEADER, active raft config: opid_index: -1 OBSOLETE_local: true peers { permanent_uuid: "ca2662741c75416a9c5d3e11752b5680" member_type: VOTER }
I20260630 12:20:56.676844 28227 sys_catalog.cc:565] T 00000000000000000000000000000000 P ca2662741c75416a9c5d3e11752b5680 [sys.catalog]: configured and running, proceeding with master startup.
I20260630 12:20:56.679395 28232 sys_catalog.cc:455] T 00000000000000000000000000000000 P ca2662741c75416a9c5d3e11752b5680 [sys.catalog]: SysCatalogTable state changed. Reason: New leader ca2662741c75416a9c5d3e11752b5680. Latest consensus state: current_term: 1 leader_uuid: "ca2662741c75416a9c5d3e11752b5680" committed_config { opid_index: -1 OBSOLETE_local: true peers { permanent_uuid: "ca2662741c75416a9c5d3e11752b5680" member_type: VOTER } }
I20260630 12:20:56.680063 28232 sys_catalog.cc:458] T 00000000000000000000000000000000 P ca2662741c75416a9c5d3e11752b5680 [sys.catalog]: This master's current role is: LEADER
I20260630 12:20:56.679409 28231 sys_catalog.cc:455] T 00000000000000000000000000000000 P ca2662741c75416a9c5d3e11752b5680 [sys.catalog]: SysCatalogTable state changed. Reason: RaftConsensus started. Latest consensus state: current_term: 1 leader_uuid: "ca2662741c75416a9c5d3e11752b5680" committed_config { opid_index: -1 OBSOLETE_local: true peers { permanent_uuid: "ca2662741c75416a9c5d3e11752b5680" member_type: VOTER } }
I20260630 12:20:56.680708 28231 sys_catalog.cc:458] T 00000000000000000000000000000000 P ca2662741c75416a9c5d3e11752b5680 [sys.catalog]: This master's current role is: LEADER
I20260630 12:20:56.683846 28235 catalog_manager.cc:1511] Loading table and tablet metadata into memory...
I20260630 12:20:56.692185 28235 catalog_manager.cc:1520] Initializing Kudu cluster ID...
I20260630 12:20:56.693500 26555 internal_mini_cluster.cc:184] Waiting to initialize catalog manager on master 0
I20260630 12:20:56.701741 28235 catalog_manager.cc:1383] Generated new cluster ID: 93e301e488374c009663fdc552688792
I20260630 12:20:56.702044 28235 catalog_manager.cc:1531] Initializing Kudu internal certificate authority...
I20260630 12:20:56.718364 28235 catalog_manager.cc:1406] Generated new certificate authority record
I20260630 12:20:56.719617 28235 catalog_manager.cc:1540] Loading token signing keys...
I20260630 12:20:56.732849 28235 catalog_manager.cc:6070] T 00000000000000000000000000000000 P ca2662741c75416a9c5d3e11752b5680: Generated new TSK 0
I20260630 12:20:56.733518 28235 catalog_manager.cc:1550] Initializing in-progress tserver states...
I20260630 12:20:56.761063 26555 file_cache.cc:492] Constructed file cache file cache with capacity 419430
W20260630 12:20:56.767160 28248 instance_detector.cc:116] could not retrieve AWS instance metadata: Network error: curl error: HTTP response code said error: The requested URL returned error: 404
W20260630 12:20:56.768271 28249 instance_detector.cc:116] could not retrieve Azure instance metadata: Network error: curl error: HTTP response code said error: The requested URL returned error: 404
W20260630 12:20:56.770208 28251 instance_detector.cc:116] could not retrieve OpenStack instance metadata: Network error: curl error: HTTP response code said error: The requested URL returned error: 404
I20260630 12:20:56.772073 26555 server_base.cc:1061] running on GCE node
I20260630 12:20:56.772851 26555 hybrid_clock.cc:584] initializing the hybrid clock with 'system_unsync' time source
W20260630 12:20:56.773082 26555 system_unsync_time.cc:38] NTP support is disabled. Clock error bounds will not be accurate. This configuration is not suitable for distributed clusters.
I20260630 12:20:56.773273 26555 hybrid_clock.cc:648] HybridClock initialized: now 1782822056773257 us; error 0 us; skew 500 ppm
I20260630 12:20:56.773789 26555 server_base.cc:861] Flag tcmalloc_max_total_thread_cache_bytes is not working since tcmalloc is not enabled.
I20260630 12:20:56.776144 26555 webserver.cc:533] Webserver started at http://127.25.238.193:35825/ using document root <none> and password file <none>
I20260630 12:20:56.776661 26555 fs_manager.cc:362] Metadata directory not provided
I20260630 12:20:56.776870 26555 fs_manager.cc:368] Using write-ahead log directory (fs_wal_dir) as metadata directory
I20260630 12:20:56.777134 26555 server_base.cc:909] This appears to be a new deployment of Kudu; creating new FS layout
I20260630 12:20:56.778239 26555 fs_manager.cc:1068] Generated new instance metadata in path /tmp/dist-test-taskOSjZpy/test-tmp/auto_rebalancer-test.0.AutoRebalancerTest.MovesScheduledIfAddTserver.1782822031424324-26555-0/minicluster-data/ts-0-root/instance:
uuid: "7f1ede9b1de54ba88343a7fe95b74ce0"
format_stamp: "Formatted at 2026-06-30 12:20:56 on dist-test-slave-x711"
I20260630 12:20:56.782797 26555 fs_manager.cc:696] Time spent creating directory manager: real 0.004s	user 0.006s	sys 0.000s
I20260630 12:20:56.785919 28256 log_block_manager.cc:4031] Time spent loading block containers with low live blocks: real 0.000s	user 0.000s	sys 0.000s
I20260630 12:20:56.786806 26555 fs_manager.cc:730] Time spent opening block manager: real 0.002s	user 0.003s	sys 0.000s
I20260630 12:20:56.787122 26555 fs_manager.cc:647] Opened local filesystem: /tmp/dist-test-taskOSjZpy/test-tmp/auto_rebalancer-test.0.AutoRebalancerTest.MovesScheduledIfAddTserver.1782822031424324-26555-0/minicluster-data/ts-0-root
uuid: "7f1ede9b1de54ba88343a7fe95b74ce0"
format_stamp: "Formatted at 2026-06-30 12:20:56 on dist-test-slave-x711"
I20260630 12:20:56.787367 26555 fs_report.cc:389] FS layout report
--------------------
wal directory: /tmp/dist-test-taskOSjZpy/test-tmp/auto_rebalancer-test.0.AutoRebalancerTest.MovesScheduledIfAddTserver.1782822031424324-26555-0/minicluster-data/ts-0-root
metadata directory: /tmp/dist-test-taskOSjZpy/test-tmp/auto_rebalancer-test.0.AutoRebalancerTest.MovesScheduledIfAddTserver.1782822031424324-26555-0/minicluster-data/ts-0-root
1 data directories: /tmp/dist-test-taskOSjZpy/test-tmp/auto_rebalancer-test.0.AutoRebalancerTest.MovesScheduledIfAddTserver.1782822031424324-26555-0/minicluster-data/ts-0-root/data
Total live blocks: 0
Total live bytes: 0
Total live bytes (after alignment): 0
Total number of LBM containers: 0 (0 full)
Did not check for missing blocks
Did not check for orphaned blocks
Total full LBM containers with extra space: 0 (0 repaired)
Total full LBM container extra space in bytes: 0 (0 repaired)
Total incomplete LBM containers: 0 (0 repaired)
Total LBM partial records: 0 (0 repaired)
Total corrupted LBM metadata records in RocksDB: 0 (0 repaired)
I20260630 12:20:56.795697 26555 rpc_server.cc:225] running with OpenSSL 1.1.1  11 Sep 2018
I20260630 12:20:56.796804 26555 kserver.cc:163] Server-wide thread pool size limit: 3276
I20260630 12:20:56.798189 26555 txn_system_client.cc:432] TxnSystemClient initialization is disabled...
I20260630 12:20:56.800549 26555 ts_tablet_manager.cc:585] Loaded tablet metadata (0 total tablets, 0 live tablets)
I20260630 12:20:56.800732 26555 ts_tablet_manager.cc:531] Time spent load tablet metadata: real 0.000s	user 0.000s	sys 0.000s
I20260630 12:20:56.801038 26555 ts_tablet_manager.cc:616] Registered 0 tablets
I20260630 12:20:56.801189 26555 ts_tablet_manager.cc:595] Time spent register tablets: real 0.000s	user 0.000s	sys 0.000s
I20260630 12:20:56.840404 26555 rpc_server.cc:307] RPC server started. Bound to: 127.25.238.193:43993
I20260630 12:20:56.840569 28318 acceptor_pool.cc:272] collecting diagnostics on the listening RPC socket 127.25.238.193:43993 every 8 connection(s)
I20260630 12:20:56.845520 26555 file_cache.cc:492] Constructed file cache file cache with capacity 419430
W20260630 12:20:56.852144 28323 instance_detector.cc:116] could not retrieve AWS instance metadata: Network error: curl error: HTTP response code said error: The requested URL returned error: 404
W20260630 12:20:56.852986 28324 instance_detector.cc:116] could not retrieve Azure instance metadata: Network error: curl error: HTTP response code said error: The requested URL returned error: 404
W20260630 12:20:56.856175 28326 instance_detector.cc:116] could not retrieve OpenStack instance metadata: Network error: curl error: HTTP response code said error: The requested URL returned error: 404
I20260630 12:20:56.856551 26555 server_base.cc:1061] running on GCE node
I20260630 12:20:56.857467 26555 hybrid_clock.cc:584] initializing the hybrid clock with 'system_unsync' time source
W20260630 12:20:56.857650 26555 system_unsync_time.cc:38] NTP support is disabled. Clock error bounds will not be accurate. This configuration is not suitable for distributed clusters.
I20260630 12:20:56.857867 26555 hybrid_clock.cc:648] HybridClock initialized: now 1782822056857831 us; error 0 us; skew 500 ppm
I20260630 12:20:56.858397 26555 server_base.cc:861] Flag tcmalloc_max_total_thread_cache_bytes is not working since tcmalloc is not enabled.
I20260630 12:20:56.860670 26555 webserver.cc:533] Webserver started at http://127.25.238.194:34499/ using document root <none> and password file <none>
I20260630 12:20:56.861155 26555 fs_manager.cc:362] Metadata directory not provided
I20260630 12:20:56.861348 26555 fs_manager.cc:368] Using write-ahead log directory (fs_wal_dir) as metadata directory
I20260630 12:20:56.861639 26555 server_base.cc:909] This appears to be a new deployment of Kudu; creating new FS layout
I20260630 12:20:56.862664 26555 fs_manager.cc:1068] Generated new instance metadata in path /tmp/dist-test-taskOSjZpy/test-tmp/auto_rebalancer-test.0.AutoRebalancerTest.MovesScheduledIfAddTserver.1782822031424324-26555-0/minicluster-data/ts-1-root/instance:
uuid: "8e56f708105340868af5043e75a944bd"
format_stamp: "Formatted at 2026-06-30 12:20:56 on dist-test-slave-x711"
I20260630 12:20:56.866935 26555 fs_manager.cc:696] Time spent creating directory manager: real 0.004s	user 0.003s	sys 0.001s
I20260630 12:20:56.870607 28331 log_block_manager.cc:4031] Time spent loading block containers with low live blocks: real 0.000s	user 0.000s	sys 0.000s
I20260630 12:20:56.871623 26555 fs_manager.cc:730] Time spent opening block manager: real 0.003s	user 0.003s	sys 0.000s
I20260630 12:20:56.871974 26555 fs_manager.cc:647] Opened local filesystem: /tmp/dist-test-taskOSjZpy/test-tmp/auto_rebalancer-test.0.AutoRebalancerTest.MovesScheduledIfAddTserver.1782822031424324-26555-0/minicluster-data/ts-1-root
uuid: "8e56f708105340868af5043e75a944bd"
format_stamp: "Formatted at 2026-06-30 12:20:56 on dist-test-slave-x711"
I20260630 12:20:56.872346 26555 fs_report.cc:389] FS layout report
--------------------
wal directory: /tmp/dist-test-taskOSjZpy/test-tmp/auto_rebalancer-test.0.AutoRebalancerTest.MovesScheduledIfAddTserver.1782822031424324-26555-0/minicluster-data/ts-1-root
metadata directory: /tmp/dist-test-taskOSjZpy/test-tmp/auto_rebalancer-test.0.AutoRebalancerTest.MovesScheduledIfAddTserver.1782822031424324-26555-0/minicluster-data/ts-1-root
1 data directories: /tmp/dist-test-taskOSjZpy/test-tmp/auto_rebalancer-test.0.AutoRebalancerTest.MovesScheduledIfAddTserver.1782822031424324-26555-0/minicluster-data/ts-1-root/data
Total live blocks: 0
Total live bytes: 0
Total live bytes (after alignment): 0
Total number of LBM containers: 0 (0 full)
Did not check for missing blocks
Did not check for orphaned blocks
Total full LBM containers with extra space: 0 (0 repaired)
Total full LBM container extra space in bytes: 0 (0 repaired)
Total incomplete LBM containers: 0 (0 repaired)
Total LBM partial records: 0 (0 repaired)
Total corrupted LBM metadata records in RocksDB: 0 (0 repaired)
I20260630 12:20:56.873449 28319 heartbeater.cc:344] Connected to a master server at 127.25.238.254:46327
I20260630 12:20:56.873847 28319 heartbeater.cc:461] Registering TS with master...
I20260630 12:20:56.874672 28319 heartbeater.cc:507] Master 127.25.238.254:46327 requested a full tablet report, sending...
I20260630 12:20:56.877239 28192 ts_manager.cc:194] Registered new tserver with Master: 7f1ede9b1de54ba88343a7fe95b74ce0 (127.25.238.193:43993)
I20260630 12:20:56.879294 28192 master_service.cc:502] Signed X509 certificate for tserver {username='slave'} at 127.0.0.1:35356
I20260630 12:20:56.884748 26555 rpc_server.cc:225] running with OpenSSL 1.1.1  11 Sep 2018
I20260630 12:20:56.886000 26555 kserver.cc:163] Server-wide thread pool size limit: 3276
I20260630 12:20:56.887527 26555 txn_system_client.cc:432] TxnSystemClient initialization is disabled...
I20260630 12:20:56.890208 26555 ts_tablet_manager.cc:585] Loaded tablet metadata (0 total tablets, 0 live tablets)
I20260630 12:20:56.890442 26555 ts_tablet_manager.cc:531] Time spent load tablet metadata: real 0.000s	user 0.000s	sys 0.000s
I20260630 12:20:56.890684 26555 ts_tablet_manager.cc:616] Registered 0 tablets
I20260630 12:20:56.890856 26555 ts_tablet_manager.cc:595] Time spent register tablets: real 0.000s	user 0.000s	sys 0.000s
I20260630 12:20:56.929978 26555 rpc_server.cc:307] RPC server started. Bound to: 127.25.238.194:45557
I20260630 12:20:56.930073 28393 acceptor_pool.cc:272] collecting diagnostics on the listening RPC socket 127.25.238.194:45557 every 8 connection(s)
I20260630 12:20:56.934594 26555 file_cache.cc:492] Constructed file cache file cache with capacity 419430
W20260630 12:20:56.942023 28397 instance_detector.cc:116] could not retrieve AWS instance metadata: Network error: curl error: HTTP response code said error: The requested URL returned error: 404
W20260630 12:20:56.944224 28398 instance_detector.cc:116] could not retrieve Azure instance metadata: Network error: curl error: HTTP response code said error: The requested URL returned error: 404
W20260630 12:20:56.946192 28400 instance_detector.cc:116] could not retrieve OpenStack instance metadata: Network error: curl error: HTTP response code said error: The requested URL returned error: 404
I20260630 12:20:56.946365 26555 server_base.cc:1061] running on GCE node
I20260630 12:20:56.947507 26555 hybrid_clock.cc:584] initializing the hybrid clock with 'system_unsync' time source
W20260630 12:20:56.947806 26555 system_unsync_time.cc:38] NTP support is disabled. Clock error bounds will not be accurate. This configuration is not suitable for distributed clusters.
I20260630 12:20:56.947980 28394 heartbeater.cc:344] Connected to a master server at 127.25.238.254:46327
I20260630 12:20:56.948009 26555 hybrid_clock.cc:648] HybridClock initialized: now 1782822056947991 us; error 0 us; skew 500 ppm
I20260630 12:20:56.948454 28394 heartbeater.cc:461] Registering TS with master...
I20260630 12:20:56.948725 26555 server_base.cc:861] Flag tcmalloc_max_total_thread_cache_bytes is not working since tcmalloc is not enabled.
I20260630 12:20:56.949177 28394 heartbeater.cc:507] Master 127.25.238.254:46327 requested a full tablet report, sending...
I20260630 12:20:56.951403 26555 webserver.cc:533] Webserver started at http://127.25.238.195:46871/ using document root <none> and password file <none>
I20260630 12:20:56.951601 28192 ts_manager.cc:194] Registered new tserver with Master: 8e56f708105340868af5043e75a944bd (127.25.238.194:45557)
I20260630 12:20:56.952054 26555 fs_manager.cc:362] Metadata directory not provided
I20260630 12:20:56.952308 26555 fs_manager.cc:368] Using write-ahead log directory (fs_wal_dir) as metadata directory
I20260630 12:20:56.952618 26555 server_base.cc:909] This appears to be a new deployment of Kudu; creating new FS layout
I20260630 12:20:56.953411 28192 master_service.cc:502] Signed X509 certificate for tserver {username='slave'} at 127.0.0.1:35372
I20260630 12:20:56.954181 26555 fs_manager.cc:1068] Generated new instance metadata in path /tmp/dist-test-taskOSjZpy/test-tmp/auto_rebalancer-test.0.AutoRebalancerTest.MovesScheduledIfAddTserver.1782822031424324-26555-0/minicluster-data/ts-2-root/instance:
uuid: "5f7698cc7ac74f19916c6174a743bc06"
format_stamp: "Formatted at 2026-06-30 12:20:56 on dist-test-slave-x711"
I20260630 12:20:56.958703 26555 fs_manager.cc:696] Time spent creating directory manager: real 0.004s	user 0.000s	sys 0.007s
I20260630 12:20:56.962011 28405 log_block_manager.cc:4031] Time spent loading block containers with low live blocks: real 0.000s	user 0.000s	sys 0.000s
I20260630 12:20:56.962848 26555 fs_manager.cc:730] Time spent opening block manager: real 0.002s	user 0.002s	sys 0.001s
I20260630 12:20:56.963181 26555 fs_manager.cc:647] Opened local filesystem: /tmp/dist-test-taskOSjZpy/test-tmp/auto_rebalancer-test.0.AutoRebalancerTest.MovesScheduledIfAddTserver.1782822031424324-26555-0/minicluster-data/ts-2-root
uuid: "5f7698cc7ac74f19916c6174a743bc06"
format_stamp: "Formatted at 2026-06-30 12:20:56 on dist-test-slave-x711"
I20260630 12:20:56.963438 26555 fs_report.cc:389] FS layout report
--------------------
wal directory: /tmp/dist-test-taskOSjZpy/test-tmp/auto_rebalancer-test.0.AutoRebalancerTest.MovesScheduledIfAddTserver.1782822031424324-26555-0/minicluster-data/ts-2-root
metadata directory: /tmp/dist-test-taskOSjZpy/test-tmp/auto_rebalancer-test.0.AutoRebalancerTest.MovesScheduledIfAddTserver.1782822031424324-26555-0/minicluster-data/ts-2-root
1 data directories: /tmp/dist-test-taskOSjZpy/test-tmp/auto_rebalancer-test.0.AutoRebalancerTest.MovesScheduledIfAddTserver.1782822031424324-26555-0/minicluster-data/ts-2-root/data
Total live blocks: 0
Total live bytes: 0
Total live bytes (after alignment): 0
Total number of LBM containers: 0 (0 full)
Did not check for missing blocks
Did not check for orphaned blocks
Total full LBM containers with extra space: 0 (0 repaired)
Total full LBM container extra space in bytes: 0 (0 repaired)
Total incomplete LBM containers: 0 (0 repaired)
Total LBM partial records: 0 (0 repaired)
Total corrupted LBM metadata records in RocksDB: 0 (0 repaired)
I20260630 12:20:56.981143 26555 rpc_server.cc:225] running with OpenSSL 1.1.1  11 Sep 2018
I20260630 12:20:56.982251 26555 kserver.cc:163] Server-wide thread pool size limit: 3276
I20260630 12:20:56.983712 26555 txn_system_client.cc:432] TxnSystemClient initialization is disabled...
I20260630 12:20:56.985875 26555 ts_tablet_manager.cc:585] Loaded tablet metadata (0 total tablets, 0 live tablets)
I20260630 12:20:56.986079 26555 ts_tablet_manager.cc:531] Time spent load tablet metadata: real 0.000s	user 0.000s	sys 0.000s
I20260630 12:20:56.986334 26555 ts_tablet_manager.cc:616] Registered 0 tablets
I20260630 12:20:56.986501 26555 ts_tablet_manager.cc:595] Time spent register tablets: real 0.000s	user 0.000s	sys 0.000s
I20260630 12:20:57.024189 26555 rpc_server.cc:307] RPC server started. Bound to: 127.25.238.195:40687
I20260630 12:20:57.024281 28467 acceptor_pool.cc:272] collecting diagnostics on the listening RPC socket 127.25.238.195:40687 every 8 connection(s)
I20260630 12:20:57.038283 28468 heartbeater.cc:344] Connected to a master server at 127.25.238.254:46327
I20260630 12:20:57.038681 28468 heartbeater.cc:461] Registering TS with master...
I20260630 12:20:57.039407 28468 heartbeater.cc:507] Master 127.25.238.254:46327 requested a full tablet report, sending...
I20260630 12:20:57.041327 28192 ts_manager.cc:194] Registered new tserver with Master: 5f7698cc7ac74f19916c6174a743bc06 (127.25.238.195:40687)
I20260630 12:20:57.041960 26555 internal_mini_cluster.cc:371] 3 TS(s) registered with all masters after 0.014550199s
I20260630 12:20:57.042676 28192 master_service.cc:502] Signed X509 certificate for tserver {username='slave'} at 127.0.0.1:35388
I20260630 12:20:57.881807 28319 heartbeater.cc:499] Master 127.25.238.254:46327 was elected leader, sending a full tablet report...
I20260630 12:20:57.955982 28394 heartbeater.cc:499] Master 127.25.238.254:46327 was elected leader, sending a full tablet report...
I20260630 12:20:58.045419 28468 heartbeater.cc:499] Master 127.25.238.254:46327 was elected leader, sending a full tablet report...
I20260630 12:20:58.098635 28192 catalog_manager.cc:2283] Servicing CreateTable request from {username='slave'} at 127.0.0.1:35392:
name: "test-workload"
schema {
  columns {
    name: "key"
    type: INT32
    is_key: true
    is_nullable: false
    encoding: AUTO_ENCODING
    compression: DEFAULT_COMPRESSION
    cfile_block_size: 0
    immutable: false
  }
  columns {
    name: "int_val"
    type: INT32
    is_key: false
    is_nullable: false
    encoding: AUTO_ENCODING
    compression: DEFAULT_COMPRESSION
    cfile_block_size: 0
    immutable: false
  }
  columns {
    name: "string_val"
    type: STRING
    is_key: false
    is_nullable: true
    encoding: AUTO_ENCODING
    compression: DEFAULT_COMPRESSION
    cfile_block_size: 0
    immutable: false
  }
}
num_replicas: 3
split_rows_range_bounds {
  rows: "\004\001\000\377\377\377?""\004\001\000\377\377\377?"
  indirect_data: """"
}
partition_schema {
  range_schema {
    columns {
      name: "key"
    }
  }
}
W20260630 12:20:58.100821 28192 catalog_manager.cc:7077] The number of live tablet servers is not enough to re-replicate a tablet replica of the newly created table test-workload in case of a server failure: 4 tablet servers would be needed, 3 are available. Consider bringing up more tablet servers.
I20260630 12:20:58.147776 28432 tablet_service.cc:1511] Processing CreateTablet for tablet 847f4857bd1841138d26d2f1937f3121 (DEFAULT_TABLE table=test-workload [id=b114596c4dbe4f3198e6943930fce829]), partition=RANGE (key) PARTITION 1073741823 <= VALUES
I20260630 12:20:58.147776 28433 tablet_service.cc:1511] Processing CreateTablet for tablet 6c6c4338f31c46a78165a2d4a4268b1a (DEFAULT_TABLE table=test-workload [id=b114596c4dbe4f3198e6943930fce829]), partition=RANGE (key) PARTITION VALUES < 1073741823
I20260630 12:20:58.149672 28433 data_dirs.cc:400] Could only allocate 1 dirs of requested 3 for tablet 6c6c4338f31c46a78165a2d4a4268b1a. 1 dirs total, 0 dirs full, 0 dirs failed
I20260630 12:20:58.149796 28358 tablet_service.cc:1511] Processing CreateTablet for tablet 847f4857bd1841138d26d2f1937f3121 (DEFAULT_TABLE table=test-workload [id=b114596c4dbe4f3198e6943930fce829]), partition=RANGE (key) PARTITION 1073741823 <= VALUES
I20260630 12:20:58.150336 28432 data_dirs.cc:400] Could only allocate 1 dirs of requested 3 for tablet 847f4857bd1841138d26d2f1937f3121. 1 dirs total, 0 dirs full, 0 dirs failed
I20260630 12:20:58.151206 28358 data_dirs.cc:400] Could only allocate 1 dirs of requested 3 for tablet 847f4857bd1841138d26d2f1937f3121. 1 dirs total, 0 dirs full, 0 dirs failed
I20260630 12:20:58.149796 28359 tablet_service.cc:1511] Processing CreateTablet for tablet 6c6c4338f31c46a78165a2d4a4268b1a (DEFAULT_TABLE table=test-workload [id=b114596c4dbe4f3198e6943930fce829]), partition=RANGE (key) PARTITION VALUES < 1073741823
I20260630 12:20:58.152484 28359 data_dirs.cc:400] Could only allocate 1 dirs of requested 3 for tablet 6c6c4338f31c46a78165a2d4a4268b1a. 1 dirs total, 0 dirs full, 0 dirs failed
I20260630 12:20:58.168206 28284 tablet_service.cc:1511] Processing CreateTablet for tablet 6c6c4338f31c46a78165a2d4a4268b1a (DEFAULT_TABLE table=test-workload [id=b114596c4dbe4f3198e6943930fce829]), partition=RANGE (key) PARTITION VALUES < 1073741823
I20260630 12:20:58.168190 28283 tablet_service.cc:1511] Processing CreateTablet for tablet 847f4857bd1841138d26d2f1937f3121 (DEFAULT_TABLE table=test-workload [id=b114596c4dbe4f3198e6943930fce829]), partition=RANGE (key) PARTITION 1073741823 <= VALUES
I20260630 12:20:58.170087 28284 data_dirs.cc:400] Could only allocate 1 dirs of requested 3 for tablet 6c6c4338f31c46a78165a2d4a4268b1a. 1 dirs total, 0 dirs full, 0 dirs failed
I20260630 12:20:58.172672 28283 data_dirs.cc:400] Could only allocate 1 dirs of requested 3 for tablet 847f4857bd1841138d26d2f1937f3121. 1 dirs total, 0 dirs full, 0 dirs failed
I20260630 12:20:58.212426 28490 tablet_bootstrap.cc:492] T 6c6c4338f31c46a78165a2d4a4268b1a P 7f1ede9b1de54ba88343a7fe95b74ce0: Bootstrap starting.
I20260630 12:20:58.222297 28490 tablet_bootstrap.cc:654] T 6c6c4338f31c46a78165a2d4a4268b1a P 7f1ede9b1de54ba88343a7fe95b74ce0: Neither blocks nor log segments found. Creating new log.
I20260630 12:20:58.232663 28489 tablet_bootstrap.cc:492] T 6c6c4338f31c46a78165a2d4a4268b1a P 8e56f708105340868af5043e75a944bd: Bootstrap starting.
I20260630 12:20:58.233666 28488 tablet_bootstrap.cc:492] T 6c6c4338f31c46a78165a2d4a4268b1a P 5f7698cc7ac74f19916c6174a743bc06: Bootstrap starting.
I20260630 12:20:58.235176 28490 tablet_bootstrap.cc:492] T 6c6c4338f31c46a78165a2d4a4268b1a P 7f1ede9b1de54ba88343a7fe95b74ce0: No bootstrap required, opened a new log
I20260630 12:20:58.235677 28490 ts_tablet_manager.cc:1403] T 6c6c4338f31c46a78165a2d4a4268b1a P 7f1ede9b1de54ba88343a7fe95b74ce0: Time spent bootstrapping tablet: real 0.024s	user 0.006s	sys 0.015s
I20260630 12:20:58.237782 28490 raft_consensus.cc:359] T 6c6c4338f31c46a78165a2d4a4268b1a P 7f1ede9b1de54ba88343a7fe95b74ce0 [term 0 FOLLOWER]: Replica starting. Triggering 0 pending ops. Active config: opid_index: -1 OBSOLETE_local: false peers { permanent_uuid: "5f7698cc7ac74f19916c6174a743bc06" member_type: VOTER last_known_addr { host: "127.25.238.195" port: 40687 } } peers { permanent_uuid: "8e56f708105340868af5043e75a944bd" member_type: VOTER last_known_addr { host: "127.25.238.194" port: 45557 } } peers { permanent_uuid: "7f1ede9b1de54ba88343a7fe95b74ce0" member_type: VOTER last_known_addr { host: "127.25.238.193" port: 43993 } }
I20260630 12:20:58.238369 28490 raft_consensus.cc:385] T 6c6c4338f31c46a78165a2d4a4268b1a P 7f1ede9b1de54ba88343a7fe95b74ce0 [term 0 FOLLOWER]: Consensus starting up: Expiring failure detector timer to make a prompt election more likely
I20260630 12:20:58.238667 28490 raft_consensus.cc:740] T 6c6c4338f31c46a78165a2d4a4268b1a P 7f1ede9b1de54ba88343a7fe95b74ce0 [term 0 FOLLOWER]: Becoming Follower/Learner. State: Replica: 7f1ede9b1de54ba88343a7fe95b74ce0, State: Initialized, Role: FOLLOWER
I20260630 12:20:58.239478 28490 consensus_queue.cc:260] T 6c6c4338f31c46a78165a2d4a4268b1a P 7f1ede9b1de54ba88343a7fe95b74ce0 [NON_LEADER]: Queue going to NON_LEADER mode. State: All replicated index: 0, Majority replicated index: 0, Committed index: 0, Last appended: 0.0, Last appended by leader: 0, Current term: 0, Majority size: -1, State: 0, Mode: NON_LEADER, active raft config: opid_index: -1 OBSOLETE_local: false peers { permanent_uuid: "5f7698cc7ac74f19916c6174a743bc06" member_type: VOTER last_known_addr { host: "127.25.238.195" port: 40687 } } peers { permanent_uuid: "8e56f708105340868af5043e75a944bd" member_type: VOTER last_known_addr { host: "127.25.238.194" port: 45557 } } peers { permanent_uuid: "7f1ede9b1de54ba88343a7fe95b74ce0" member_type: VOTER last_known_addr { host: "127.25.238.193" port: 43993 } }
I20260630 12:20:58.240051 28489 tablet_bootstrap.cc:654] T 6c6c4338f31c46a78165a2d4a4268b1a P 8e56f708105340868af5043e75a944bd: Neither blocks nor log segments found. Creating new log.
I20260630 12:20:58.240370 28488 tablet_bootstrap.cc:654] T 6c6c4338f31c46a78165a2d4a4268b1a P 5f7698cc7ac74f19916c6174a743bc06: Neither blocks nor log segments found. Creating new log.
I20260630 12:20:58.251808 28490 ts_tablet_manager.cc:1434] T 6c6c4338f31c46a78165a2d4a4268b1a P 7f1ede9b1de54ba88343a7fe95b74ce0: Time spent starting tablet: real 0.016s	user 0.004s	sys 0.011s
I20260630 12:20:58.252185 28489 tablet_bootstrap.cc:492] T 6c6c4338f31c46a78165a2d4a4268b1a P 8e56f708105340868af5043e75a944bd: No bootstrap required, opened a new log
I20260630 12:20:58.252755 28489 ts_tablet_manager.cc:1403] T 6c6c4338f31c46a78165a2d4a4268b1a P 8e56f708105340868af5043e75a944bd: Time spent bootstrapping tablet: real 0.021s	user 0.007s	sys 0.005s
I20260630 12:20:58.253088 28490 tablet_bootstrap.cc:492] T 847f4857bd1841138d26d2f1937f3121 P 7f1ede9b1de54ba88343a7fe95b74ce0: Bootstrap starting.
I20260630 12:20:58.254282 28488 tablet_bootstrap.cc:492] T 6c6c4338f31c46a78165a2d4a4268b1a P 5f7698cc7ac74f19916c6174a743bc06: No bootstrap required, opened a new log
I20260630 12:20:58.254768 28488 ts_tablet_manager.cc:1403] T 6c6c4338f31c46a78165a2d4a4268b1a P 5f7698cc7ac74f19916c6174a743bc06: Time spent bootstrapping tablet: real 0.021s	user 0.010s	sys 0.006s
I20260630 12:20:58.255841 28489 raft_consensus.cc:359] T 6c6c4338f31c46a78165a2d4a4268b1a P 8e56f708105340868af5043e75a944bd [term 0 FOLLOWER]: Replica starting. Triggering 0 pending ops. Active config: opid_index: -1 OBSOLETE_local: false peers { permanent_uuid: "5f7698cc7ac74f19916c6174a743bc06" member_type: VOTER last_known_addr { host: "127.25.238.195" port: 40687 } } peers { permanent_uuid: "8e56f708105340868af5043e75a944bd" member_type: VOTER last_known_addr { host: "127.25.238.194" port: 45557 } } peers { permanent_uuid: "7f1ede9b1de54ba88343a7fe95b74ce0" member_type: VOTER last_known_addr { host: "127.25.238.193" port: 43993 } }
I20260630 12:20:58.256609 28489 raft_consensus.cc:385] T 6c6c4338f31c46a78165a2d4a4268b1a P 8e56f708105340868af5043e75a944bd [term 0 FOLLOWER]: Consensus starting up: Expiring failure detector timer to make a prompt election more likely
I20260630 12:20:58.256919 28489 raft_consensus.cc:740] T 6c6c4338f31c46a78165a2d4a4268b1a P 8e56f708105340868af5043e75a944bd [term 0 FOLLOWER]: Becoming Follower/Learner. State: Replica: 8e56f708105340868af5043e75a944bd, State: Initialized, Role: FOLLOWER
I20260630 12:20:58.257792 28488 raft_consensus.cc:359] T 6c6c4338f31c46a78165a2d4a4268b1a P 5f7698cc7ac74f19916c6174a743bc06 [term 0 FOLLOWER]: Replica starting. Triggering 0 pending ops. Active config: opid_index: -1 OBSOLETE_local: false peers { permanent_uuid: "5f7698cc7ac74f19916c6174a743bc06" member_type: VOTER last_known_addr { host: "127.25.238.195" port: 40687 } } peers { permanent_uuid: "8e56f708105340868af5043e75a944bd" member_type: VOTER last_known_addr { host: "127.25.238.194" port: 45557 } } peers { permanent_uuid: "7f1ede9b1de54ba88343a7fe95b74ce0" member_type: VOTER last_known_addr { host: "127.25.238.193" port: 43993 } }
I20260630 12:20:58.257860 28489 consensus_queue.cc:260] T 6c6c4338f31c46a78165a2d4a4268b1a P 8e56f708105340868af5043e75a944bd [NON_LEADER]: Queue going to NON_LEADER mode. State: All replicated index: 0, Majority replicated index: 0, Committed index: 0, Last appended: 0.0, Last appended by leader: 0, Current term: 0, Majority size: -1, State: 0, Mode: NON_LEADER, active raft config: opid_index: -1 OBSOLETE_local: false peers { permanent_uuid: "5f7698cc7ac74f19916c6174a743bc06" member_type: VOTER last_known_addr { host: "127.25.238.195" port: 40687 } } peers { permanent_uuid: "8e56f708105340868af5043e75a944bd" member_type: VOTER last_known_addr { host: "127.25.238.194" port: 45557 } } peers { permanent_uuid: "7f1ede9b1de54ba88343a7fe95b74ce0" member_type: VOTER last_known_addr { host: "127.25.238.193" port: 43993 } }
I20260630 12:20:58.258728 28488 raft_consensus.cc:385] T 6c6c4338f31c46a78165a2d4a4268b1a P 5f7698cc7ac74f19916c6174a743bc06 [term 0 FOLLOWER]: Consensus starting up: Expiring failure detector timer to make a prompt election more likely
I20260630 12:20:58.259088 28488 raft_consensus.cc:740] T 6c6c4338f31c46a78165a2d4a4268b1a P 5f7698cc7ac74f19916c6174a743bc06 [term 0 FOLLOWER]: Becoming Follower/Learner. State: Replica: 5f7698cc7ac74f19916c6174a743bc06, State: Initialized, Role: FOLLOWER
I20260630 12:20:58.260031 28490 tablet_bootstrap.cc:654] T 847f4857bd1841138d26d2f1937f3121 P 7f1ede9b1de54ba88343a7fe95b74ce0: Neither blocks nor log segments found. Creating new log.
I20260630 12:20:58.260000 28488 consensus_queue.cc:260] T 6c6c4338f31c46a78165a2d4a4268b1a P 5f7698cc7ac74f19916c6174a743bc06 [NON_LEADER]: Queue going to NON_LEADER mode. State: All replicated index: 0, Majority replicated index: 0, Committed index: 0, Last appended: 0.0, Last appended by leader: 0, Current term: 0, Majority size: -1, State: 0, Mode: NON_LEADER, active raft config: opid_index: -1 OBSOLETE_local: false peers { permanent_uuid: "5f7698cc7ac74f19916c6174a743bc06" member_type: VOTER last_known_addr { host: "127.25.238.195" port: 40687 } } peers { permanent_uuid: "8e56f708105340868af5043e75a944bd" member_type: VOTER last_known_addr { host: "127.25.238.194" port: 45557 } } peers { permanent_uuid: "7f1ede9b1de54ba88343a7fe95b74ce0" member_type: VOTER last_known_addr { host: "127.25.238.193" port: 43993 } }
I20260630 12:20:58.269375 28488 ts_tablet_manager.cc:1434] T 6c6c4338f31c46a78165a2d4a4268b1a P 5f7698cc7ac74f19916c6174a743bc06: Time spent starting tablet: real 0.014s	user 0.002s	sys 0.011s
I20260630 12:20:58.270607 28488 tablet_bootstrap.cc:492] T 847f4857bd1841138d26d2f1937f3121 P 5f7698cc7ac74f19916c6174a743bc06: Bootstrap starting.
I20260630 12:20:58.272469 28490 tablet_bootstrap.cc:492] T 847f4857bd1841138d26d2f1937f3121 P 7f1ede9b1de54ba88343a7fe95b74ce0: No bootstrap required, opened a new log
I20260630 12:20:58.272730 28489 ts_tablet_manager.cc:1434] T 6c6c4338f31c46a78165a2d4a4268b1a P 8e56f708105340868af5043e75a944bd: Time spent starting tablet: real 0.020s	user 0.012s	sys 0.003s
I20260630 12:20:58.273185 28490 ts_tablet_manager.cc:1403] T 847f4857bd1841138d26d2f1937f3121 P 7f1ede9b1de54ba88343a7fe95b74ce0: Time spent bootstrapping tablet: real 0.020s	user 0.017s	sys 0.002s
I20260630 12:20:58.273916 28489 tablet_bootstrap.cc:492] T 847f4857bd1841138d26d2f1937f3121 P 8e56f708105340868af5043e75a944bd: Bootstrap starting.
I20260630 12:20:58.276466 28490 raft_consensus.cc:359] T 847f4857bd1841138d26d2f1937f3121 P 7f1ede9b1de54ba88343a7fe95b74ce0 [term 0 FOLLOWER]: Replica starting. Triggering 0 pending ops. Active config: opid_index: -1 OBSOLETE_local: false peers { permanent_uuid: "7f1ede9b1de54ba88343a7fe95b74ce0" member_type: VOTER last_known_addr { host: "127.25.238.193" port: 43993 } } peers { permanent_uuid: "8e56f708105340868af5043e75a944bd" member_type: VOTER last_known_addr { host: "127.25.238.194" port: 45557 } } peers { permanent_uuid: "5f7698cc7ac74f19916c6174a743bc06" member_type: VOTER last_known_addr { host: "127.25.238.195" port: 40687 } }
I20260630 12:20:58.277149 28488 tablet_bootstrap.cc:654] T 847f4857bd1841138d26d2f1937f3121 P 5f7698cc7ac74f19916c6174a743bc06: Neither blocks nor log segments found. Creating new log.
I20260630 12:20:58.277339 28490 raft_consensus.cc:385] T 847f4857bd1841138d26d2f1937f3121 P 7f1ede9b1de54ba88343a7fe95b74ce0 [term 0 FOLLOWER]: Consensus starting up: Expiring failure detector timer to make a prompt election more likely
I20260630 12:20:58.277822 28490 raft_consensus.cc:740] T 847f4857bd1841138d26d2f1937f3121 P 7f1ede9b1de54ba88343a7fe95b74ce0 [term 0 FOLLOWER]: Becoming Follower/Learner. State: Replica: 7f1ede9b1de54ba88343a7fe95b74ce0, State: Initialized, Role: FOLLOWER
I20260630 12:20:58.278875 28490 consensus_queue.cc:260] T 847f4857bd1841138d26d2f1937f3121 P 7f1ede9b1de54ba88343a7fe95b74ce0 [NON_LEADER]: Queue going to NON_LEADER mode. State: All replicated index: 0, Majority replicated index: 0, Committed index: 0, Last appended: 0.0, Last appended by leader: 0, Current term: 0, Majority size: -1, State: 0, Mode: NON_LEADER, active raft config: opid_index: -1 OBSOLETE_local: false peers { permanent_uuid: "7f1ede9b1de54ba88343a7fe95b74ce0" member_type: VOTER last_known_addr { host: "127.25.238.193" port: 43993 } } peers { permanent_uuid: "8e56f708105340868af5043e75a944bd" member_type: VOTER last_known_addr { host: "127.25.238.194" port: 45557 } } peers { permanent_uuid: "5f7698cc7ac74f19916c6174a743bc06" member_type: VOTER last_known_addr { host: "127.25.238.195" port: 40687 } }
I20260630 12:20:58.281240 28489 tablet_bootstrap.cc:654] T 847f4857bd1841138d26d2f1937f3121 P 8e56f708105340868af5043e75a944bd: Neither blocks nor log segments found. Creating new log.
I20260630 12:20:58.281255 28490 ts_tablet_manager.cc:1434] T 847f4857bd1841138d26d2f1937f3121 P 7f1ede9b1de54ba88343a7fe95b74ce0: Time spent starting tablet: real 0.008s	user 0.006s	sys 0.000s
I20260630 12:20:58.285269 28488 tablet_bootstrap.cc:492] T 847f4857bd1841138d26d2f1937f3121 P 5f7698cc7ac74f19916c6174a743bc06: No bootstrap required, opened a new log
I20260630 12:20:58.285823 28488 ts_tablet_manager.cc:1403] T 847f4857bd1841138d26d2f1937f3121 P 5f7698cc7ac74f19916c6174a743bc06: Time spent bootstrapping tablet: real 0.015s	user 0.011s	sys 0.000s
I20260630 12:20:58.289022 28488 raft_consensus.cc:359] T 847f4857bd1841138d26d2f1937f3121 P 5f7698cc7ac74f19916c6174a743bc06 [term 0 FOLLOWER]: Replica starting. Triggering 0 pending ops. Active config: opid_index: -1 OBSOLETE_local: false peers { permanent_uuid: "7f1ede9b1de54ba88343a7fe95b74ce0" member_type: VOTER last_known_addr { host: "127.25.238.193" port: 43993 } } peers { permanent_uuid: "8e56f708105340868af5043e75a944bd" member_type: VOTER last_known_addr { host: "127.25.238.194" port: 45557 } } peers { permanent_uuid: "5f7698cc7ac74f19916c6174a743bc06" member_type: VOTER last_known_addr { host: "127.25.238.195" port: 40687 } }
I20260630 12:20:58.289841 28488 raft_consensus.cc:385] T 847f4857bd1841138d26d2f1937f3121 P 5f7698cc7ac74f19916c6174a743bc06 [term 0 FOLLOWER]: Consensus starting up: Expiring failure detector timer to make a prompt election more likely
I20260630 12:20:58.290184 28489 tablet_bootstrap.cc:492] T 847f4857bd1841138d26d2f1937f3121 P 8e56f708105340868af5043e75a944bd: No bootstrap required, opened a new log
I20260630 12:20:58.290150 28488 raft_consensus.cc:740] T 847f4857bd1841138d26d2f1937f3121 P 5f7698cc7ac74f19916c6174a743bc06 [term 0 FOLLOWER]: Becoming Follower/Learner. State: Replica: 5f7698cc7ac74f19916c6174a743bc06, State: Initialized, Role: FOLLOWER
I20260630 12:20:58.290923 28489 ts_tablet_manager.cc:1403] T 847f4857bd1841138d26d2f1937f3121 P 8e56f708105340868af5043e75a944bd: Time spent bootstrapping tablet: real 0.017s	user 0.014s	sys 0.000s
I20260630 12:20:58.291344 28488 consensus_queue.cc:260] T 847f4857bd1841138d26d2f1937f3121 P 5f7698cc7ac74f19916c6174a743bc06 [NON_LEADER]: Queue going to NON_LEADER mode. State: All replicated index: 0, Majority replicated index: 0, Committed index: 0, Last appended: 0.0, Last appended by leader: 0, Current term: 0, Majority size: -1, State: 0, Mode: NON_LEADER, active raft config: opid_index: -1 OBSOLETE_local: false peers { permanent_uuid: "7f1ede9b1de54ba88343a7fe95b74ce0" member_type: VOTER last_known_addr { host: "127.25.238.193" port: 43993 } } peers { permanent_uuid: "8e56f708105340868af5043e75a944bd" member_type: VOTER last_known_addr { host: "127.25.238.194" port: 45557 } } peers { permanent_uuid: "5f7698cc7ac74f19916c6174a743bc06" member_type: VOTER last_known_addr { host: "127.25.238.195" port: 40687 } }
I20260630 12:20:58.293669 28488 ts_tablet_manager.cc:1434] T 847f4857bd1841138d26d2f1937f3121 P 5f7698cc7ac74f19916c6174a743bc06: Time spent starting tablet: real 0.008s	user 0.006s	sys 0.001s
I20260630 12:20:58.294137 28489 raft_consensus.cc:359] T 847f4857bd1841138d26d2f1937f3121 P 8e56f708105340868af5043e75a944bd [term 0 FOLLOWER]: Replica starting. Triggering 0 pending ops. Active config: opid_index: -1 OBSOLETE_local: false peers { permanent_uuid: "7f1ede9b1de54ba88343a7fe95b74ce0" member_type: VOTER last_known_addr { host: "127.25.238.193" port: 43993 } } peers { permanent_uuid: "8e56f708105340868af5043e75a944bd" member_type: VOTER last_known_addr { host: "127.25.238.194" port: 45557 } } peers { permanent_uuid: "5f7698cc7ac74f19916c6174a743bc06" member_type: VOTER last_known_addr { host: "127.25.238.195" port: 40687 } }
I20260630 12:20:58.294945 28489 raft_consensus.cc:385] T 847f4857bd1841138d26d2f1937f3121 P 8e56f708105340868af5043e75a944bd [term 0 FOLLOWER]: Consensus starting up: Expiring failure detector timer to make a prompt election more likely
I20260630 12:20:58.295276 28489 raft_consensus.cc:740] T 847f4857bd1841138d26d2f1937f3121 P 8e56f708105340868af5043e75a944bd [term 0 FOLLOWER]: Becoming Follower/Learner. State: Replica: 8e56f708105340868af5043e75a944bd, State: Initialized, Role: FOLLOWER
