I20260630 12:22:32.790012 31183 raft_consensus.cc:385] T 2dbe8c51ef924ea7b9667a3b31cf25a9 P 6ce18d3fa67740f3b7f52688a82588f0 [term 0 FOLLOWER]: Consensus starting up: Expiring failure detector timer to make a prompt election more likely
I20260630 12:22:32.790349 31183 raft_consensus.cc:740] T 2dbe8c51ef924ea7b9667a3b31cf25a9 P 6ce18d3fa67740f3b7f52688a82588f0 [term 0 FOLLOWER]: Becoming Follower/Learner. State: Replica: 6ce18d3fa67740f3b7f52688a82588f0, State: Initialized, Role: FOLLOWER
I20260630 12:22:32.790805 31184 consensus_queue.cc:260] T 6c5c78125db34a168c840273a204ac6f P 4ff21bd3bf744f029dd8d50b271de6e9 [NON_LEADER]: Queue going to NON_LEADER mode. State: All replicated index: 0, Majority replicated index: 0, Committed index: 0, Last appended: 0.0, Last appended by leader: 0, Current term: 0, Majority size: -1, State: 0, Mode: NON_LEADER, active raft config: opid_index: -1 OBSOLETE_local: false peers { permanent_uuid: "4ff21bd3bf744f029dd8d50b271de6e9" member_type: VOTER last_known_addr { host: "127.25.235.129" port: 42525 } } peers { permanent_uuid: "6ce18d3fa67740f3b7f52688a82588f0" member_type: VOTER last_known_addr { host: "127.25.235.130" port: 41425 } } peers { permanent_uuid: "a9cfb79ca8814cbc8be5e09e14604cb5" member_type: VOTER last_known_addr { host: "127.25.235.131" port: 37985 } }
I20260630 12:22:32.791085 31183 consensus_queue.cc:260] T 2dbe8c51ef924ea7b9667a3b31cf25a9 P 6ce18d3fa67740f3b7f52688a82588f0 [NON_LEADER]: Queue going to NON_LEADER mode. State: All replicated index: 0, Majority replicated index: 0, Committed index: 0, Last appended: 0.0, Last appended by leader: 0, Current term: 0, Majority size: -1, State: 0, Mode: NON_LEADER, active raft config: opid_index: -1 OBSOLETE_local: false peers { permanent_uuid: "4ff21bd3bf744f029dd8d50b271de6e9" member_type: VOTER last_known_addr { host: "127.25.235.129" port: 42525 } } peers { permanent_uuid: "6ce18d3fa67740f3b7f52688a82588f0" member_type: VOTER last_known_addr { host: "127.25.235.130" port: 41425 } } peers { permanent_uuid: "a9cfb79ca8814cbc8be5e09e14604cb5" member_type: VOTER last_known_addr { host: "127.25.235.131" port: 37985 } }
I20260630 12:22:32.792948 31134 tablet_service.cc:1917] Received RequestConsensusVote() RPC: tablet_id: "87da4d20bde64c11ae001b4474be6b37" candidate_uuid: "4ff21bd3bf744f029dd8d50b271de6e9" candidate_term: 1 candidate_status { last_received { term: 0 index: 0 } } ignore_live_leader: false dest_uuid: "a9cfb79ca8814cbc8be5e09e14604cb5"
I20260630 12:22:32.783161 31211 raft_consensus.cc:515] T 2dbe8c51ef924ea7b9667a3b31cf25a9 P 4ff21bd3bf744f029dd8d50b271de6e9 [term 1 FOLLOWER]: Starting leader election with config: opid_index: -1 OBSOLETE_local: false peers { permanent_uuid: "4ff21bd3bf744f029dd8d50b271de6e9" member_type: VOTER last_known_addr { host: "127.25.235.129" port: 42525 } } peers { permanent_uuid: "6ce18d3fa67740f3b7f52688a82588f0" member_type: VOTER last_known_addr { host: "127.25.235.130" port: 41425 } } peers { permanent_uuid: "a9cfb79ca8814cbc8be5e09e14604cb5" member_type: VOTER last_known_addr { host: "127.25.235.131" port: 37985 } }
W20260630 12:22:32.794974 30950 leader_election.cc:343] T 87da4d20bde64c11ae001b4474be6b37 P 4ff21bd3bf744f029dd8d50b271de6e9 [CANDIDATE]: Term 1 election: Tablet error from VoteRequest() call to peer a9cfb79ca8814cbc8be5e09e14604cb5 (127.25.235.131:37985): Illegal state: must be running to vote when last-logged opid is not known
I20260630 12:22:32.795527 31205 raft_consensus.cc:493] T bd03c46b08bc4d34b95fee6a081d13cf P 6ce18d3fa67740f3b7f52688a82588f0 [term 0 FOLLOWER]: Starting leader election (no leader contacted us within the election timeout)
I20260630 12:22:32.796149 31205 raft_consensus.cc:3060] T bd03c46b08bc4d34b95fee6a081d13cf P 6ce18d3fa67740f3b7f52688a82588f0 [term 0 FOLLOWER]: Advancing to term 1
I20260630 12:22:32.796486 31190 leader_election.cc:290] T 87da4d20bde64c11ae001b4474be6b37 P 4ff21bd3bf744f029dd8d50b271de6e9 [CANDIDATE]: Term 1 election: Requested vote from peers a9cfb79ca8814cbc8be5e09e14604cb5 (127.25.235.131:37985), 6ce18d3fa67740f3b7f52688a82588f0 (127.25.235.130:41425)
I20260630 12:22:32.798102 31211 leader_election.cc:290] T 2dbe8c51ef924ea7b9667a3b31cf25a9 P 4ff21bd3bf744f029dd8d50b271de6e9 [CANDIDATE]: Term 1 election: Requested vote from peers 6ce18d3fa67740f3b7f52688a82588f0 (127.25.235.130:41425), a9cfb79ca8814cbc8be5e09e14604cb5 (127.25.235.131:37985)
I20260630 12:22:32.798622 31134 tablet_service.cc:1917] Received RequestConsensusVote() RPC: tablet_id: "2dbe8c51ef924ea7b9667a3b31cf25a9" candidate_uuid: "4ff21bd3bf744f029dd8d50b271de6e9" candidate_term: 1 candidate_status { last_received { term: 0 index: 0 } } ignore_live_leader: false dest_uuid: "a9cfb79ca8814cbc8be5e09e14604cb5"
I20260630 12:22:32.799407 31134 raft_consensus.cc:3060] T 2dbe8c51ef924ea7b9667a3b31cf25a9 P a9cfb79ca8814cbc8be5e09e14604cb5 [term 0 FOLLOWER]: Advancing to term 1
I20260630 12:22:32.802628 31184 ts_tablet_manager.cc:1434] T 6c5c78125db34a168c840273a204ac6f P 4ff21bd3bf744f029dd8d50b271de6e9: Time spent starting tablet: real 0.039s	user 0.008s	sys 0.004s
I20260630 12:22:32.805804 31182 tablet_bootstrap.cc:492] T 87da4d20bde64c11ae001b4474be6b37 P a9cfb79ca8814cbc8be5e09e14604cb5: No bootstrap required, opened a new log
I20260630 12:22:32.806320 31182 ts_tablet_manager.cc:1403] T 87da4d20bde64c11ae001b4474be6b37 P a9cfb79ca8814cbc8be5e09e14604cb5: Time spent bootstrapping tablet: real 0.041s	user 0.024s	sys 0.016s
I20260630 12:22:32.807351 31062 tablet_service.cc:1917] Received RequestConsensusVote() RPC: tablet_id: "2dbe8c51ef924ea7b9667a3b31cf25a9" candidate_uuid: "4ff21bd3bf744f029dd8d50b271de6e9" candidate_term: 1 candidate_status { last_received { term: 0 index: 0 } } ignore_live_leader: false dest_uuid: "6ce18d3fa67740f3b7f52688a82588f0"
I20260630 12:22:32.807686 31061 tablet_service.cc:1917] Received RequestConsensusVote() RPC: tablet_id: "87da4d20bde64c11ae001b4474be6b37" candidate_uuid: "4ff21bd3bf744f029dd8d50b271de6e9" candidate_term: 1 candidate_status { last_received { term: 0 index: 0 } } ignore_live_leader: false dest_uuid: "6ce18d3fa67740f3b7f52688a82588f0"
I20260630 12:22:32.807986 31062 raft_consensus.cc:3060] T 2dbe8c51ef924ea7b9667a3b31cf25a9 P 6ce18d3fa67740f3b7f52688a82588f0 [term 0 FOLLOWER]: Advancing to term 1
I20260630 12:22:32.808254 31061 raft_consensus.cc:3060] T 87da4d20bde64c11ae001b4474be6b37 P 6ce18d3fa67740f3b7f52688a82588f0 [term 0 FOLLOWER]: Advancing to term 1
I20260630 12:22:32.811543 31060 tablet_service.cc:1917] Received RequestConsensusVote() RPC: tablet_id: "bd03c46b08bc4d34b95fee6a081d13cf" candidate_uuid: "a9cfb79ca8814cbc8be5e09e14604cb5" candidate_term: 1 candidate_status { last_received { term: 0 index: 0 } } ignore_live_leader: false dest_uuid: "6ce18d3fa67740f3b7f52688a82588f0" is_pre_election: true
I20260630 12:22:32.811230 31188 raft_consensus.cc:515] T 9e59603cee4d44dd8d3556bcff378008 P 6ce18d3fa67740f3b7f52688a82588f0 [term 1 FOLLOWER]: Starting leader election with config: opid_index: -1 OBSOLETE_local: false peers { permanent_uuid: "4ff21bd3bf744f029dd8d50b271de6e9" member_type: VOTER last_known_addr { host: "127.25.235.129" port: 42525 } } peers { permanent_uuid: "6ce18d3fa67740f3b7f52688a82588f0" member_type: VOTER last_known_addr { host: "127.25.235.130" port: 41425 } } peers { permanent_uuid: "a9cfb79ca8814cbc8be5e09e14604cb5" member_type: VOTER last_known_addr { host: "127.25.235.131" port: 37985 } }
I20260630 12:22:32.814153 31182 raft_consensus.cc:359] T 87da4d20bde64c11ae001b4474be6b37 P a9cfb79ca8814cbc8be5e09e14604cb5 [term 0 FOLLOWER]: Replica starting. Triggering 0 pending ops. Active config: opid_index: -1 OBSOLETE_local: false peers { permanent_uuid: "a9cfb79ca8814cbc8be5e09e14604cb5" member_type: VOTER last_known_addr { host: "127.25.235.131" port: 37985 } } peers { permanent_uuid: "4ff21bd3bf744f029dd8d50b271de6e9" member_type: VOTER last_known_addr { host: "127.25.235.129" port: 42525 } } peers { permanent_uuid: "6ce18d3fa67740f3b7f52688a82588f0" member_type: VOTER last_known_addr { host: "127.25.235.130" port: 41425 } }
I20260630 12:22:32.814880 31182 raft_consensus.cc:385] T 87da4d20bde64c11ae001b4474be6b37 P a9cfb79ca8814cbc8be5e09e14604cb5 [term 0 FOLLOWER]: Consensus starting up: Expiring failure detector timer to make a prompt election more likely
I20260630 12:22:32.815177 31182 raft_consensus.cc:740] T 87da4d20bde64c11ae001b4474be6b37 P a9cfb79ca8814cbc8be5e09e14604cb5 [term 0 FOLLOWER]: Becoming Follower/Learner. State: Replica: a9cfb79ca8814cbc8be5e09e14604cb5, State: Initialized, Role: FOLLOWER
I20260630 12:22:32.815495 31062 raft_consensus.cc:2468] T 2dbe8c51ef924ea7b9667a3b31cf25a9 P 6ce18d3fa67740f3b7f52688a82588f0 [term 1 FOLLOWER]: Leader election vote request: Granting yes vote for candidate 4ff21bd3bf744f029dd8d50b271de6e9 in term 1.
I20260630 12:22:32.816023 31182 consensus_queue.cc:260] T 87da4d20bde64c11ae001b4474be6b37 P a9cfb79ca8814cbc8be5e09e14604cb5 [NON_LEADER]: Queue going to NON_LEADER mode. State: All replicated index: 0, Majority replicated index: 0, Committed index: 0, Last appended: 0.0, Last appended by leader: 0, Current term: 0, Majority size: -1, State: 0, Mode: NON_LEADER, active raft config: opid_index: -1 OBSOLETE_local: false peers { permanent_uuid: "a9cfb79ca8814cbc8be5e09e14604cb5" member_type: VOTER last_known_addr { host: "127.25.235.131" port: 37985 } } peers { permanent_uuid: "4ff21bd3bf744f029dd8d50b271de6e9" member_type: VOTER last_known_addr { host: "127.25.235.129" port: 42525 } } peers { permanent_uuid: "6ce18d3fa67740f3b7f52688a82588f0" member_type: VOTER last_known_addr { host: "127.25.235.130" port: 41425 } }
I20260630 12:22:32.816617 30952 leader_election.cc:304] T 2dbe8c51ef924ea7b9667a3b31cf25a9 P 4ff21bd3bf744f029dd8d50b271de6e9 [CANDIDATE]: Term 1 election: Election decided. Result: candidate won. Election summary: received 2 responses out of 3 voters: 2 yes votes; 0 no votes. yes voters: 4ff21bd3bf744f029dd8d50b271de6e9, 6ce18d3fa67740f3b7f52688a82588f0; no voters: 
I20260630 12:22:32.817694 31214 raft_consensus.cc:2804] T 2dbe8c51ef924ea7b9667a3b31cf25a9 P 4ff21bd3bf744f029dd8d50b271de6e9 [term 1 FOLLOWER]: Leader election won for term 1
I20260630 12:22:32.818219 31214 raft_consensus.cc:697] T 2dbe8c51ef924ea7b9667a3b31cf25a9 P 4ff21bd3bf744f029dd8d50b271de6e9 [term 1 LEADER]: Becoming Leader. State: Replica: 4ff21bd3bf744f029dd8d50b271de6e9, State: Running, Role: LEADER
I20260630 12:22:32.821533 31134 raft_consensus.cc:2468] T 2dbe8c51ef924ea7b9667a3b31cf25a9 P a9cfb79ca8814cbc8be5e09e14604cb5 [term 1 FOLLOWER]: Leader election vote request: Granting yes vote for candidate 4ff21bd3bf744f029dd8d50b271de6e9 in term 1.
I20260630 12:22:32.819139 31214 consensus_queue.cc:237] T 2dbe8c51ef924ea7b9667a3b31cf25a9 P 4ff21bd3bf744f029dd8d50b271de6e9 [LEADER]: Queue going to LEADER mode. State: All replicated index: 0, Majority replicated index: 0, Committed index: 0, Last appended: 0.0, Last appended by leader: 0, Current term: 1, Majority size: 2, State: 0, Mode: LEADER, active raft config: opid_index: -1 OBSOLETE_local: false peers { permanent_uuid: "4ff21bd3bf744f029dd8d50b271de6e9" member_type: VOTER last_known_addr { host: "127.25.235.129" port: 42525 } } peers { permanent_uuid: "6ce18d3fa67740f3b7f52688a82588f0" member_type: VOTER last_known_addr { host: "127.25.235.130" port: 41425 } } peers { permanent_uuid: "a9cfb79ca8814cbc8be5e09e14604cb5" member_type: VOTER last_known_addr { host: "127.25.235.131" port: 37985 } }
I20260630 12:22:32.819329 30986 tablet_service.cc:1917] Received RequestConsensusVote() RPC: tablet_id: "9e59603cee4d44dd8d3556bcff378008" candidate_uuid: "6ce18d3fa67740f3b7f52688a82588f0" candidate_term: 1 candidate_status { last_received { term: 0 index: 0 } } ignore_live_leader: false dest_uuid: "4ff21bd3bf744f029dd8d50b271de6e9"
I20260630 12:22:32.817101 31061 raft_consensus.cc:2468] T 87da4d20bde64c11ae001b4474be6b37 P 6ce18d3fa67740f3b7f52688a82588f0 [term 1 FOLLOWER]: Leader election vote request: Granting yes vote for candidate 4ff21bd3bf744f029dd8d50b271de6e9 in term 1.
I20260630 12:22:32.826646 30986 raft_consensus.cc:3060] T 9e59603cee4d44dd8d3556bcff378008 P 4ff21bd3bf744f029dd8d50b271de6e9 [term 0 FOLLOWER]: Advancing to term 1
I20260630 12:22:32.827646 31215 raft_consensus.cc:2749] T 15c0e3751d1e4ee08dfd9066b3ab9154 P 6ce18d3fa67740f3b7f52688a82588f0 [term 0 FOLLOWER]: Leader pre-election lost for term 1. Reason: could not achieve majority
I20260630 12:22:32.827591 30952 leader_election.cc:304] T 87da4d20bde64c11ae001b4474be6b37 P 4ff21bd3bf744f029dd8d50b271de6e9 [CANDIDATE]: Term 1 election: Election decided. Result: candidate won. Election summary: received 3 responses out of 3 voters: 2 yes votes; 1 no votes. yes voters: 4ff21bd3bf744f029dd8d50b271de6e9, 6ce18d3fa67740f3b7f52688a82588f0; no voters: a9cfb79ca8814cbc8be5e09e14604cb5
I20260630 12:22:32.819888 31184 tablet_bootstrap.cc:492] T 8a3a3a86f641452eaa81f8c42f88991d P 4ff21bd3bf744f029dd8d50b271de6e9: Bootstrap starting.
I20260630 12:22:32.824736 31183 ts_tablet_manager.cc:1434] T 2dbe8c51ef924ea7b9667a3b31cf25a9 P 6ce18d3fa67740f3b7f52688a82588f0: Time spent starting tablet: real 0.064s	user 0.004s	sys 0.002s
I20260630 12:22:32.828936 31211 raft_consensus.cc:2804] T 87da4d20bde64c11ae001b4474be6b37 P 4ff21bd3bf744f029dd8d50b271de6e9 [term 1 FOLLOWER]: Leader election won for term 1
I20260630 12:22:32.829208 31183 tablet_bootstrap.cc:492] T 70b29caced5c48498867257db473fdb7 P 6ce18d3fa67740f3b7f52688a82588f0: Bootstrap starting.
I20260630 12:22:32.829459 31211 raft_consensus.cc:697] T 87da4d20bde64c11ae001b4474be6b37 P 4ff21bd3bf744f029dd8d50b271de6e9 [term 1 LEADER]: Becoming Leader. State: Replica: 4ff21bd3bf744f029dd8d50b271de6e9, State: Running, Role: LEADER
I20260630 12:22:32.830302 31211 consensus_queue.cc:237] T 87da4d20bde64c11ae001b4474be6b37 P 4ff21bd3bf744f029dd8d50b271de6e9 [LEADER]: Queue going to LEADER mode. State: All replicated index: 0, Majority replicated index: 0, Committed index: 0, Last appended: 0.0, Last appended by leader: 0, Current term: 1, Majority size: 2, State: 0, Mode: LEADER, active raft config: opid_index: -1 OBSOLETE_local: false peers { permanent_uuid: "a9cfb79ca8814cbc8be5e09e14604cb5" member_type: VOTER last_known_addr { host: "127.25.235.131" port: 37985 } } peers { permanent_uuid: "4ff21bd3bf744f029dd8d50b271de6e9" member_type: VOTER last_known_addr { host: "127.25.235.129" port: 42525 } } peers { permanent_uuid: "6ce18d3fa67740f3b7f52688a82588f0" member_type: VOTER last_known_addr { host: "127.25.235.130" port: 41425 } }
I20260630 12:22:32.824051 31189 raft_consensus.cc:515] T bd03c46b08bc4d34b95fee6a081d13cf P a9cfb79ca8814cbc8be5e09e14604cb5 [term 1 FOLLOWER]: Starting leader election with config: opid_index: -1 OBSOLETE_local: false peers { permanent_uuid: "4ff21bd3bf744f029dd8d50b271de6e9" member_type: VOTER last_known_addr { host: "127.25.235.129" port: 42525 } } peers { permanent_uuid: "6ce18d3fa67740f3b7f52688a82588f0" member_type: VOTER last_known_addr { host: "127.25.235.130" port: 41425 } } peers { permanent_uuid: "a9cfb79ca8814cbc8be5e09e14604cb5" member_type: VOTER last_known_addr { host: "127.25.235.131" port: 37985 } }
I20260630 12:22:32.837643 31183 tablet_bootstrap.cc:654] T 70b29caced5c48498867257db473fdb7 P 6ce18d3fa67740f3b7f52688a82588f0: Neither blocks nor log segments found. Creating new log.
I20260630 12:22:32.838445 31182 ts_tablet_manager.cc:1434] T 87da4d20bde64c11ae001b4474be6b37 P a9cfb79ca8814cbc8be5e09e14604cb5: Time spent starting tablet: real 0.032s	user 0.012s	sys 0.001s
I20260630 12:22:32.840690 31134 tablet_service.cc:1917] Received RequestConsensusVote() RPC: tablet_id: "9e59603cee4d44dd8d3556bcff378008" candidate_uuid: "6ce18d3fa67740f3b7f52688a82588f0" candidate_term: 1 candidate_status { last_received { term: 0 index: 0 } } ignore_live_leader: false dest_uuid: "a9cfb79ca8814cbc8be5e09e14604cb5"
I20260630 12:22:32.844959 31061 tablet_service.cc:1917] Received RequestConsensusVote() RPC: tablet_id: "bd03c46b08bc4d34b95fee6a081d13cf" candidate_uuid: "a9cfb79ca8814cbc8be5e09e14604cb5" candidate_term: 1 candidate_status { last_received { term: 0 index: 0 } } ignore_live_leader: false dest_uuid: "6ce18d3fa67740f3b7f52688a82588f0"
I20260630 12:22:32.841363 31188 leader_election.cc:290] T 9e59603cee4d44dd8d3556bcff378008 P 6ce18d3fa67740f3b7f52688a82588f0 [CANDIDATE]: Term 1 election: Requested vote from peers 4ff21bd3bf744f029dd8d50b271de6e9 (127.25.235.129:42525), a9cfb79ca8814cbc8be5e09e14604cb5 (127.25.235.131:37985)
I20260630 12:22:32.841125 31189 leader_election.cc:290] T bd03c46b08bc4d34b95fee6a081d13cf P a9cfb79ca8814cbc8be5e09e14604cb5 [CANDIDATE]: Term 1 election: Requested vote from peers 4ff21bd3bf744f029dd8d50b271de6e9 (127.25.235.129:42525), 6ce18d3fa67740f3b7f52688a82588f0 (127.25.235.130:41425)
I20260630 12:22:32.841413 31134 raft_consensus.cc:3060] T 9e59603cee4d44dd8d3556bcff378008 P a9cfb79ca8814cbc8be5e09e14604cb5 [term 0 FOLLOWER]: Advancing to term 1
I20260630 12:22:32.850469 31184 tablet_bootstrap.cc:654] T 8a3a3a86f641452eaa81f8c42f88991d P 4ff21bd3bf744f029dd8d50b271de6e9: Neither blocks nor log segments found. Creating new log.
I20260630 12:22:32.854060 30986 raft_consensus.cc:2468] T 9e59603cee4d44dd8d3556bcff378008 P 4ff21bd3bf744f029dd8d50b271de6e9 [term 1 FOLLOWER]: Leader election vote request: Granting yes vote for candidate 6ce18d3fa67740f3b7f52688a82588f0 in term 1.
I20260630 12:22:32.842499 30987 tablet_service.cc:1917] Received RequestConsensusVote() RPC: tablet_id: "bd03c46b08bc4d34b95fee6a081d13cf" candidate_uuid: "a9cfb79ca8814cbc8be5e09e14604cb5" candidate_term: 1 candidate_status { last_received { term: 0 index: 0 } } ignore_live_leader: false dest_uuid: "4ff21bd3bf744f029dd8d50b271de6e9"
I20260630 12:22:32.855432 31027 leader_election.cc:304] T 9e59603cee4d44dd8d3556bcff378008 P 6ce18d3fa67740f3b7f52688a82588f0 [CANDIDATE]: Term 1 election: Election decided. Result: candidate won. Election summary: received 2 responses out of 3 voters: 2 yes votes; 0 no votes. yes voters: 4ff21bd3bf744f029dd8d50b271de6e9, 6ce18d3fa67740f3b7f52688a82588f0; no voters: 
I20260630 12:22:32.856125 30987 raft_consensus.cc:3060] T bd03c46b08bc4d34b95fee6a081d13cf P 4ff21bd3bf744f029dd8d50b271de6e9 [term 0 FOLLOWER]: Advancing to term 1
I20260630 12:22:32.856698 31188 raft_consensus.cc:2804] T 9e59603cee4d44dd8d3556bcff378008 P 6ce18d3fa67740f3b7f52688a82588f0 [term 1 FOLLOWER]: Leader election won for term 1
I20260630 12:22:32.854592 30882 catalog_manager.cc:5697] T 2dbe8c51ef924ea7b9667a3b31cf25a9 P 4ff21bd3bf744f029dd8d50b271de6e9 reported cstate change: term changed from 0 to 1, leader changed from <none> to 4ff21bd3bf744f029dd8d50b271de6e9 (127.25.235.129). New cstate: current_term: 1 leader_uuid: "4ff21bd3bf744f029dd8d50b271de6e9" committed_config { opid_index: -1 OBSOLETE_local: false peers { permanent_uuid: "4ff21bd3bf744f029dd8d50b271de6e9" member_type: VOTER last_known_addr { host: "127.25.235.129" port: 42525 } health_report { overall_health: HEALTHY } } peers { permanent_uuid: "6ce18d3fa67740f3b7f52688a82588f0" member_type: VOTER last_known_addr { host: "127.25.235.130" port: 41425 } health_report { overall_health: UNKNOWN } } peers { permanent_uuid: "a9cfb79ca8814cbc8be5e09e14604cb5" member_type: VOTER last_known_addr { host: "127.25.235.131" port: 37985 } health_report { overall_health: UNKNOWN } } }
I20260630 12:22:32.859506 31188 raft_consensus.cc:697] T 9e59603cee4d44dd8d3556bcff378008 P 6ce18d3fa67740f3b7f52688a82588f0 [term 1 LEADER]: Becoming Leader. State: Replica: 6ce18d3fa67740f3b7f52688a82588f0, State: Running, Role: LEADER
I20260630 12:22:32.860610 31188 consensus_queue.cc:237] T 9e59603cee4d44dd8d3556bcff378008 P 6ce18d3fa67740f3b7f52688a82588f0 [LEADER]: Queue going to LEADER mode. State: All replicated index: 0, Majority replicated index: 0, Committed index: 0, Last appended: 0.0, Last appended by leader: 0, Current term: 1, Majority size: 2, State: 0, Mode: LEADER, active raft config: opid_index: -1 OBSOLETE_local: false peers { permanent_uuid: "4ff21bd3bf744f029dd8d50b271de6e9" member_type: VOTER last_known_addr { host: "127.25.235.129" port: 42525 } } peers { permanent_uuid: "6ce18d3fa67740f3b7f52688a82588f0" member_type: VOTER last_known_addr { host: "127.25.235.130" port: 41425 } } peers { permanent_uuid: "a9cfb79ca8814cbc8be5e09e14604cb5" member_type: VOTER last_known_addr { host: "127.25.235.131" port: 37985 } }
I20260630 12:22:32.844414 31205 raft_consensus.cc:515] T bd03c46b08bc4d34b95fee6a081d13cf P 6ce18d3fa67740f3b7f52688a82588f0 [term 1 FOLLOWER]: Starting leader election with config: opid_index: -1 OBSOLETE_local: false peers { permanent_uuid: "4ff21bd3bf744f029dd8d50b271de6e9" member_type: VOTER last_known_addr { host: "127.25.235.129" port: 42525 } } peers { permanent_uuid: "6ce18d3fa67740f3b7f52688a82588f0" member_type: VOTER last_known_addr { host: "127.25.235.130" port: 41425 } } peers { permanent_uuid: "a9cfb79ca8814cbc8be5e09e14604cb5" member_type: VOTER last_known_addr { host: "127.25.235.131" port: 37985 } }
I20260630 12:22:32.863991 31183 tablet_bootstrap.cc:492] T 70b29caced5c48498867257db473fdb7 P 6ce18d3fa67740f3b7f52688a82588f0: No bootstrap required, opened a new log
I20260630 12:22:32.864038 31060 raft_consensus.cc:2393] T bd03c46b08bc4d34b95fee6a081d13cf P 6ce18d3fa67740f3b7f52688a82588f0 [term 1 FOLLOWER]: Leader pre-election vote request: Denying vote to candidate a9cfb79ca8814cbc8be5e09e14604cb5 in current term 1: Already voted for candidate 6ce18d3fa67740f3b7f52688a82588f0 in this term.
I20260630 12:22:32.864903 31183 ts_tablet_manager.cc:1403] T 70b29caced5c48498867257db473fdb7 P 6ce18d3fa67740f3b7f52688a82588f0: Time spent bootstrapping tablet: real 0.036s	user 0.009s	sys 0.004s
I20260630 12:22:32.865826 30985 tablet_service.cc:1917] Received RequestConsensusVote() RPC: tablet_id: "bd03c46b08bc4d34b95fee6a081d13cf" candidate_uuid: "6ce18d3fa67740f3b7f52688a82588f0" candidate_term: 1 candidate_status { last_received { term: 0 index: 0 } } ignore_live_leader: false dest_uuid: "4ff21bd3bf744f029dd8d50b271de6e9"
I20260630 12:22:32.870247 31135 tablet_service.cc:1917] Received RequestConsensusVote() RPC: tablet_id: "bd03c46b08bc4d34b95fee6a081d13cf" candidate_uuid: "6ce18d3fa67740f3b7f52688a82588f0" candidate_term: 1 candidate_status { last_received { term: 0 index: 0 } } ignore_live_leader: false dest_uuid: "a9cfb79ca8814cbc8be5e09e14604cb5"
I20260630 12:22:32.870859 31205 leader_election.cc:290] T bd03c46b08bc4d34b95fee6a081d13cf P 6ce18d3fa67740f3b7f52688a82588f0 [CANDIDATE]: Term 1 election: Requested vote from peers 4ff21bd3bf744f029dd8d50b271de6e9 (127.25.235.129:42525), a9cfb79ca8814cbc8be5e09e14604cb5 (127.25.235.131:37985)
I20260630 12:22:32.871367 31135 raft_consensus.cc:2393] T bd03c46b08bc4d34b95fee6a081d13cf P a9cfb79ca8814cbc8be5e09e14604cb5 [term 1 FOLLOWER]: Leader election vote request: Denying vote to candidate 6ce18d3fa67740f3b7f52688a82588f0 in current term 1: Already voted for candidate a9cfb79ca8814cbc8be5e09e14604cb5 in this term.
I20260630 12:22:32.870374 31183 raft_consensus.cc:359] T 70b29caced5c48498867257db473fdb7 P 6ce18d3fa67740f3b7f52688a82588f0 [term 0 FOLLOWER]: Replica starting. Triggering 0 pending ops. Active config: opid_index: -1 OBSOLETE_local: false peers { permanent_uuid: "4ff21bd3bf744f029dd8d50b271de6e9" member_type: VOTER last_known_addr { host: "127.25.235.129" port: 42525 } } peers { permanent_uuid: "6ce18d3fa67740f3b7f52688a82588f0" member_type: VOTER last_known_addr { host: "127.25.235.130" port: 41425 } } peers { permanent_uuid: "a9cfb79ca8814cbc8be5e09e14604cb5" member_type: VOTER last_known_addr { host: "127.25.235.131" port: 37985 } }
I20260630 12:22:32.873186 31025 leader_election.cc:304] T bd03c46b08bc4d34b95fee6a081d13cf P 6ce18d3fa67740f3b7f52688a82588f0 [CANDIDATE]: Term 1 election: Election decided. Result: candidate lost. Election summary: received 3 responses out of 3 voters: 1 yes votes; 2 no votes. yes voters: 6ce18d3fa67740f3b7f52688a82588f0; no voters: 4ff21bd3bf744f029dd8d50b271de6e9, a9cfb79ca8814cbc8be5e09e14604cb5
I20260630 12:22:32.873807 31183 raft_consensus.cc:385] T 70b29caced5c48498867257db473fdb7 P 6ce18d3fa67740f3b7f52688a82588f0 [term 0 FOLLOWER]: Consensus starting up: Expiring failure detector timer to make a prompt election more likely
I20260630 12:22:32.874764 31183 raft_consensus.cc:740] T 70b29caced5c48498867257db473fdb7 P 6ce18d3fa67740f3b7f52688a82588f0 [term 0 FOLLOWER]: Becoming Follower/Learner. State: Replica: 6ce18d3fa67740f3b7f52688a82588f0, State: Initialized, Role: FOLLOWER
I20260630 12:22:32.874884 31205 raft_consensus.cc:2749] T bd03c46b08bc4d34b95fee6a081d13cf P 6ce18d3fa67740f3b7f52688a82588f0 [term 1 FOLLOWER]: Leader election lost for term 1. Reason: could not achieve majority
I20260630 12:22:32.876133 31183 consensus_queue.cc:260] T 70b29caced5c48498867257db473fdb7 P 6ce18d3fa67740f3b7f52688a82588f0 [NON_LEADER]: Queue going to NON_LEADER mode. State: All replicated index: 0, Majority replicated index: 0, Committed index: 0, Last appended: 0.0, Last appended by leader: 0, Current term: 0, Majority size: -1, State: 0, Mode: NON_LEADER, active raft config: opid_index: -1 OBSOLETE_local: false peers { permanent_uuid: "4ff21bd3bf744f029dd8d50b271de6e9" member_type: VOTER last_known_addr { host: "127.25.235.129" port: 42525 } } peers { permanent_uuid: "6ce18d3fa67740f3b7f52688a82588f0" member_type: VOTER last_known_addr { host: "127.25.235.130" port: 41425 } } peers { permanent_uuid: "a9cfb79ca8814cbc8be5e09e14604cb5" member_type: VOTER last_known_addr { host: "127.25.235.131" port: 37985 } }
I20260630 12:22:32.842428 31216 raft_consensus.cc:493] T 8411ca185a2e47dbb90d8387eb89cc8b P a9cfb79ca8814cbc8be5e09e14604cb5 [term 0 FOLLOWER]: Starting pre-election (no leader contacted us within the election timeout)
I20260630 12:22:32.879155 31216 raft_consensus.cc:515] T 8411ca185a2e47dbb90d8387eb89cc8b P a9cfb79ca8814cbc8be5e09e14604cb5 [term 0 FOLLOWER]: Starting pre-election with config: opid_index: -1 OBSOLETE_local: false peers { permanent_uuid: "4ff21bd3bf744f029dd8d50b271de6e9" member_type: VOTER last_known_addr { host: "127.25.235.129" port: 42525 } } peers { permanent_uuid: "6ce18d3fa67740f3b7f52688a82588f0" member_type: VOTER last_known_addr { host: "127.25.235.130" port: 41425 } } peers { permanent_uuid: "a9cfb79ca8814cbc8be5e09e14604cb5" member_type: VOTER last_known_addr { host: "127.25.235.131" port: 37985 } }
I20260630 12:22:32.880858 31183 ts_tablet_manager.cc:1434] T 70b29caced5c48498867257db473fdb7 P 6ce18d3fa67740f3b7f52688a82588f0: Time spent starting tablet: real 0.015s	user 0.006s	sys 0.001s
I20260630 12:22:32.880267 30883 catalog_manager.cc:5697] T 9e59603cee4d44dd8d3556bcff378008 P 6ce18d3fa67740f3b7f52688a82588f0 reported cstate change: term changed from 0 to 1, leader changed from <none> to 6ce18d3fa67740f3b7f52688a82588f0 (127.25.235.130). New cstate: current_term: 1 leader_uuid: "6ce18d3fa67740f3b7f52688a82588f0" committed_config { opid_index: -1 OBSOLETE_local: false peers { permanent_uuid: "4ff21bd3bf744f029dd8d50b271de6e9" member_type: VOTER last_known_addr { host: "127.25.235.129" port: 42525 } health_report { overall_health: UNKNOWN } } peers { permanent_uuid: "6ce18d3fa67740f3b7f52688a82588f0" member_type: VOTER last_known_addr { host: "127.25.235.130" port: 41425 } health_report { overall_health: HEALTHY } } peers { permanent_uuid: "a9cfb79ca8814cbc8be5e09e14604cb5" member_type: VOTER last_known_addr { host: "127.25.235.131" port: 37985 } health_report { overall_health: UNKNOWN } } }
I20260630 12:22:32.881668 31214 raft_consensus.cc:493] T 6c5c78125db34a168c840273a204ac6f P 4ff21bd3bf744f029dd8d50b271de6e9 [term 0 FOLLOWER]: Starting pre-election (no leader contacted us within the election timeout)
I20260630 12:22:32.882601 31214 raft_consensus.cc:515] T 6c5c78125db34a168c840273a204ac6f P 4ff21bd3bf744f029dd8d50b271de6e9 [term 0 FOLLOWER]: Starting pre-election with config: opid_index: -1 OBSOLETE_local: false peers { permanent_uuid: "4ff21bd3bf744f029dd8d50b271de6e9" member_type: VOTER last_known_addr { host: "127.25.235.129" port: 42525 } } peers { permanent_uuid: "6ce18d3fa67740f3b7f52688a82588f0" member_type: VOTER last_known_addr { host: "127.25.235.130" port: 41425 } } peers { permanent_uuid: "a9cfb79ca8814cbc8be5e09e14604cb5" member_type: VOTER last_known_addr { host: "127.25.235.131" port: 37985 } }
I20260630 12:22:32.883194 30986 tablet_service.cc:1917] Received RequestConsensusVote() RPC: tablet_id: "8411ca185a2e47dbb90d8387eb89cc8b" candidate_uuid: "a9cfb79ca8814cbc8be5e09e14604cb5" candidate_term: 1 candidate_status { last_received { term: 0 index: 0 } } ignore_live_leader: false dest_uuid: "4ff21bd3bf744f029dd8d50b271de6e9" is_pre_election: true
I20260630 12:22:32.884017 31183 tablet_bootstrap.cc:492] T 5340b9fe86014fff85d277d88ad90df4 P 6ce18d3fa67740f3b7f52688a82588f0: Bootstrap starting.
I20260630 12:22:32.884753 31214 leader_election.cc:290] T 6c5c78125db34a168c840273a204ac6f P 4ff21bd3bf744f029dd8d50b271de6e9 [CANDIDATE]: Term 1 pre-election: Requested pre-vote from peers 6ce18d3fa67740f3b7f52688a82588f0 (127.25.235.130:41425), a9cfb79ca8814cbc8be5e09e14604cb5 (127.25.235.131:37985)
W20260630 12:22:32.884857 31101 leader_election.cc:343] T 8411ca185a2e47dbb90d8387eb89cc8b P a9cfb79ca8814cbc8be5e09e14604cb5 [CANDIDATE]: Term 1 pre-election: Tablet error from VoteRequest() call to peer 4ff21bd3bf744f029dd8d50b271de6e9 (127.25.235.129:42525): Illegal state: must be running to vote when last-logged opid is not known
I20260630 12:22:32.885159 31216 leader_election.cc:290] T 8411ca185a2e47dbb90d8387eb89cc8b P a9cfb79ca8814cbc8be5e09e14604cb5 [CANDIDATE]: Term 1 pre-election: Requested pre-vote from peers 4ff21bd3bf744f029dd8d50b271de6e9 (127.25.235.129:42525), 6ce18d3fa67740f3b7f52688a82588f0 (127.25.235.130:41425)
I20260630 12:22:32.883910 30987 raft_consensus.cc:2468] T bd03c46b08bc4d34b95fee6a081d13cf P 4ff21bd3bf744f029dd8d50b271de6e9 [term 1 FOLLOWER]: Leader election vote request: Granting yes vote for candidate a9cfb79ca8814cbc8be5e09e14604cb5 in term 1.
I20260630 12:22:32.884382 31134 raft_consensus.cc:2468] T 9e59603cee4d44dd8d3556bcff378008 P a9cfb79ca8814cbc8be5e09e14604cb5 [term 1 FOLLOWER]: Leader election vote request: Granting yes vote for candidate 6ce18d3fa67740f3b7f52688a82588f0 in term 1.
I20260630 12:22:32.887058 31135 tablet_service.cc:1917] Received RequestConsensusVote() RPC: tablet_id: "6c5c78125db34a168c840273a204ac6f" candidate_uuid: "4ff21bd3bf744f029dd8d50b271de6e9" candidate_term: 1 candidate_status { last_received { term: 0 index: 0 } } ignore_live_leader: false dest_uuid: "a9cfb79ca8814cbc8be5e09e14604cb5" is_pre_election: true
I20260630 12:22:32.887094 31061 tablet_service.cc:1917] Received RequestConsensusVote() RPC: tablet_id: "6c5c78125db34a168c840273a204ac6f" candidate_uuid: "4ff21bd3bf744f029dd8d50b271de6e9" candidate_term: 1 candidate_status { last_received { term: 0 index: 0 } } ignore_live_leader: false dest_uuid: "6ce18d3fa67740f3b7f52688a82588f0" is_pre_election: true
I20260630 12:22:32.887964 31060 tablet_service.cc:1917] Received RequestConsensusVote() RPC: tablet_id: "8411ca185a2e47dbb90d8387eb89cc8b" candidate_uuid: "a9cfb79ca8814cbc8be5e09e14604cb5" candidate_term: 1 candidate_status { last_received { term: 0 index: 0 } } ignore_live_leader: false dest_uuid: "6ce18d3fa67740f3b7f52688a82588f0" is_pre_election: true
I20260630 12:22:32.888533 31061 raft_consensus.cc:2468] T 6c5c78125db34a168c840273a204ac6f P 6ce18d3fa67740f3b7f52688a82588f0 [term 0 FOLLOWER]: Leader pre-election vote request: Granting yes vote for candidate 4ff21bd3bf744f029dd8d50b271de6e9 in term 0.
I20260630 12:22:32.889753 30952 leader_election.cc:304] T 6c5c78125db34a168c840273a204ac6f P 4ff21bd3bf744f029dd8d50b271de6e9 [CANDIDATE]: Term 1 pre-election: Election decided. Result: candidate won. Election summary: received 2 responses out of 3 voters: 2 yes votes; 0 no votes. yes voters: 4ff21bd3bf744f029dd8d50b271de6e9, 6ce18d3fa67740f3b7f52688a82588f0; no voters: 
W20260630 12:22:32.889897 31101 leader_election.cc:343] T 8411ca185a2e47dbb90d8387eb89cc8b P a9cfb79ca8814cbc8be5e09e14604cb5 [CANDIDATE]: Term 1 pre-election: Tablet error from VoteRequest() call to peer 6ce18d3fa67740f3b7f52688a82588f0 (127.25.235.130:41425): Illegal state: must be running to vote when last-logged opid is not known
I20260630 12:22:32.890640 31214 raft_consensus.cc:2804] T 6c5c78125db34a168c840273a204ac6f P 4ff21bd3bf744f029dd8d50b271de6e9 [term 0 FOLLOWER]: Leader pre-election won for term 1
I20260630 12:22:32.891072 31214 raft_consensus.cc:493] T 6c5c78125db34a168c840273a204ac6f P 4ff21bd3bf744f029dd8d50b271de6e9 [term 0 FOLLOWER]: Starting leader election (no leader contacted us within the election timeout)
I20260630 12:22:32.891520 31182 tablet_bootstrap.cc:492] T 5340b9fe86014fff85d277d88ad90df4 P a9cfb79ca8814cbc8be5e09e14604cb5: Bootstrap starting.
I20260630 12:22:32.891417 31214 raft_consensus.cc:3060] T 6c5c78125db34a168c840273a204ac6f P 4ff21bd3bf744f029dd8d50b271de6e9 [term 0 FOLLOWER]: Advancing to term 1
W20260630 12:22:32.891336 30950 leader_election.cc:343] T 6c5c78125db34a168c840273a204ac6f P 4ff21bd3bf744f029dd8d50b271de6e9 [CANDIDATE]: Term 1 pre-election: Tablet error from VoteRequest() call to peer a9cfb79ca8814cbc8be5e09e14604cb5 (127.25.235.131:37985): Illegal state: must be running to vote when last-logged opid is not known
I20260630 12:22:32.890479 31101 leader_election.cc:304] T 8411ca185a2e47dbb90d8387eb89cc8b P a9cfb79ca8814cbc8be5e09e14604cb5 [CANDIDATE]: Term 1 pre-election: Election decided. Result: candidate lost. Election summary: received 3 responses out of 3 voters: 1 yes votes; 2 no votes. yes voters: a9cfb79ca8814cbc8be5e09e14604cb5; no voters: 4ff21bd3bf744f029dd8d50b271de6e9, 6ce18d3fa67740f3b7f52688a82588f0
I20260630 12:22:32.892778 31216 raft_consensus.cc:2749] T 8411ca185a2e47dbb90d8387eb89cc8b P a9cfb79ca8814cbc8be5e09e14604cb5 [term 0 FOLLOWER]: Leader pre-election lost for term 1. Reason: could not achieve majority
I20260630 12:22:32.893209 31101 leader_election.cc:304] T bd03c46b08bc4d34b95fee6a081d13cf P a9cfb79ca8814cbc8be5e09e14604cb5 [CANDIDATE]: Term 1 election: Election decided. Result: candidate won. Election summary: received 3 responses out of 3 voters: 2 yes votes; 1 no votes. yes voters: 4ff21bd3bf744f029dd8d50b271de6e9, a9cfb79ca8814cbc8be5e09e14604cb5; no voters: 6ce18d3fa67740f3b7f52688a82588f0
I20260630 12:22:32.894042 31216 raft_consensus.cc:2804] T bd03c46b08bc4d34b95fee6a081d13cf P a9cfb79ca8814cbc8be5e09e14604cb5 [term 1 FOLLOWER]: Leader election won for term 1
I20260630 12:22:32.894737 31216 raft_consensus.cc:697] T bd03c46b08bc4d34b95fee6a081d13cf P a9cfb79ca8814cbc8be5e09e14604cb5 [term 1 LEADER]: Becoming Leader. State: Replica: a9cfb79ca8814cbc8be5e09e14604cb5, State: Running, Role: LEADER
I20260630 12:22:32.895601 31216 consensus_queue.cc:237] T bd03c46b08bc4d34b95fee6a081d13cf P a9cfb79ca8814cbc8be5e09e14604cb5 [LEADER]: Queue going to LEADER mode. State: All replicated index: 0, Majority replicated index: 0, Committed index: 0, Last appended: 0.0, Last appended by leader: 0, Current term: 1, Majority size: 2, State: 0, Mode: LEADER, active raft config: opid_index: -1 OBSOLETE_local: false peers { permanent_uuid: "4ff21bd3bf744f029dd8d50b271de6e9" member_type: VOTER last_known_addr { host: "127.25.235.129" port: 42525 } } peers { permanent_uuid: "6ce18d3fa67740f3b7f52688a82588f0" member_type: VOTER last_known_addr { host: "127.25.235.130" port: 41425 } } peers { permanent_uuid: "a9cfb79ca8814cbc8be5e09e14604cb5" member_type: VOTER last_known_addr { host: "127.25.235.131" port: 37985 } }
I20260630 12:22:32.896553 31183 tablet_bootstrap.cc:654] T 5340b9fe86014fff85d277d88ad90df4 P 6ce18d3fa67740f3b7f52688a82588f0: Neither blocks nor log segments found. Creating new log.
I20260630 12:22:32.908969 31184 tablet_bootstrap.cc:492] T 8a3a3a86f641452eaa81f8c42f88991d P 4ff21bd3bf744f029dd8d50b271de6e9: No bootstrap required, opened a new log
I20260630 12:22:32.909585 31184 ts_tablet_manager.cc:1403] T 8a3a3a86f641452eaa81f8c42f88991d P 4ff21bd3bf744f029dd8d50b271de6e9: Time spent bootstrapping tablet: real 0.090s	user 0.013s	sys 0.026s
I20260630 12:22:32.912832 31184 raft_consensus.cc:359] T 8a3a3a86f641452eaa81f8c42f88991d P 4ff21bd3bf744f029dd8d50b271de6e9 [term 0 FOLLOWER]: Replica starting. Triggering 0 pending ops. Active config: opid_index: -1 OBSOLETE_local: false peers { permanent_uuid: "4ff21bd3bf744f029dd8d50b271de6e9" member_type: VOTER last_known_addr { host: "127.25.235.129" port: 42525 } } peers { permanent_uuid: "6ce18d3fa67740f3b7f52688a82588f0" member_type: VOTER last_known_addr { host: "127.25.235.130" port: 41425 } } peers { permanent_uuid: "a9cfb79ca8814cbc8be5e09e14604cb5" member_type: VOTER last_known_addr { host: "127.25.235.131" port: 37985 } }
I20260630 12:22:32.904855 31214 raft_consensus.cc:515] T 6c5c78125db34a168c840273a204ac6f P 4ff21bd3bf744f029dd8d50b271de6e9 [term 1 FOLLOWER]: Starting leader election with config: opid_index: -1 OBSOLETE_local: false peers { permanent_uuid: "4ff21bd3bf744f029dd8d50b271de6e9" member_type: VOTER last_known_addr { host: "127.25.235.129" port: 42525 } } peers { permanent_uuid: "6ce18d3fa67740f3b7f52688a82588f0" member_type: VOTER last_known_addr { host: "127.25.235.130" port: 41425 } } peers { permanent_uuid: "a9cfb79ca8814cbc8be5e09e14604cb5" member_type: VOTER last_known_addr { host: "127.25.235.131" port: 37985 } }
I20260630 12:22:32.913811 31184 raft_consensus.cc:385] T 8a3a3a86f641452eaa81f8c42f88991d P 4ff21bd3bf744f029dd8d50b271de6e9 [term 0 FOLLOWER]: Consensus starting up: Expiring failure detector timer to make a prompt election more likely
I20260630 12:22:32.914186 31184 raft_consensus.cc:740] T 8a3a3a86f641452eaa81f8c42f88991d P 4ff21bd3bf744f029dd8d50b271de6e9 [term 0 FOLLOWER]: Becoming Follower/Learner. State: Replica: 4ff21bd3bf744f029dd8d50b271de6e9, State: Initialized, Role: FOLLOWER
I20260630 12:22:32.916180 31184 consensus_queue.cc:260] T 8a3a3a86f641452eaa81f8c42f88991d P 4ff21bd3bf744f029dd8d50b271de6e9 [NON_LEADER]: Queue going to NON_LEADER mode. State: All replicated index: 0, Majority replicated index: 0, Committed index: 0, Last appended: 0.0, Last appended by leader: 0, Current term: 0, Majority size: -1, State: 0, Mode: NON_LEADER, active raft config: opid_index: -1 OBSOLETE_local: false peers { permanent_uuid: "4ff21bd3bf744f029dd8d50b271de6e9" member_type: VOTER last_known_addr { host: "127.25.235.129" port: 42525 } } peers { permanent_uuid: "6ce18d3fa67740f3b7f52688a82588f0" member_type: VOTER last_known_addr { host: "127.25.235.130" port: 41425 } } peers { permanent_uuid: "a9cfb79ca8814cbc8be5e09e14604cb5" member_type: VOTER last_known_addr { host: "127.25.235.131" port: 37985 } }
I20260630 12:22:32.918383 31061 tablet_service.cc:1917] Received RequestConsensusVote() RPC: tablet_id: "6c5c78125db34a168c840273a204ac6f" candidate_uuid: "4ff21bd3bf744f029dd8d50b271de6e9" candidate_term: 1 candidate_status { last_received { term: 0 index: 0 } } ignore_live_leader: false dest_uuid: "6ce18d3fa67740f3b7f52688a82588f0"
I20260630 12:22:32.918736 31182 tablet_bootstrap.cc:654] T 5340b9fe86014fff85d277d88ad90df4 P a9cfb79ca8814cbc8be5e09e14604cb5: Neither blocks nor log segments found. Creating new log.
I20260630 12:22:32.919005 31061 raft_consensus.cc:3060] T 6c5c78125db34a168c840273a204ac6f P 6ce18d3fa67740f3b7f52688a82588f0 [term 0 FOLLOWER]: Advancing to term 1
I20260630 12:22:32.919947 31184 ts_tablet_manager.cc:1434] T 8a3a3a86f641452eaa81f8c42f88991d P 4ff21bd3bf744f029dd8d50b271de6e9: Time spent starting tablet: real 0.010s	user 0.006s	sys 0.001s
I20260630 12:22:32.920996 31184 tablet_bootstrap.cc:492] T 69c58604bb604f31afb125a90718ea5f P 4ff21bd3bf744f029dd8d50b271de6e9: Bootstrap starting.
I20260630 12:22:32.921828 31214 leader_election.cc:290] T 6c5c78125db34a168c840273a204ac6f P 4ff21bd3bf744f029dd8d50b271de6e9 [CANDIDATE]: Term 1 election: Requested vote from peers 6ce18d3fa67740f3b7f52688a82588f0 (127.25.235.130:41425), a9cfb79ca8814cbc8be5e09e14604cb5 (127.25.235.131:37985)
I20260630 12:22:32.922919 31134 tablet_service.cc:1917] Received RequestConsensusVote() RPC: tablet_id: "6c5c78125db34a168c840273a204ac6f" candidate_uuid: "4ff21bd3bf744f029dd8d50b271de6e9" candidate_term: 1 candidate_status { last_received { term: 0 index: 0 } } ignore_live_leader: false dest_uuid: "a9cfb79ca8814cbc8be5e09e14604cb5"
W20260630 12:22:32.924090 30950 leader_election.cc:343] T 6c5c78125db34a168c840273a204ac6f P 4ff21bd3bf744f029dd8d50b271de6e9 [CANDIDATE]: Term 1 election: Tablet error from VoteRequest() call to peer a9cfb79ca8814cbc8be5e09e14604cb5 (127.25.235.131:37985): Illegal state: must be running to vote when last-logged opid is not known
I20260630 12:22:32.926051 31182 tablet_bootstrap.cc:492] T 5340b9fe86014fff85d277d88ad90df4 P a9cfb79ca8814cbc8be5e09e14604cb5: No bootstrap required, opened a new log
I20260630 12:22:32.926498 31182 ts_tablet_manager.cc:1403] T 5340b9fe86014fff85d277d88ad90df4 P a9cfb79ca8814cbc8be5e09e14604cb5: Time spent bootstrapping tablet: real 0.035s	user 0.011s	sys 0.001s
I20260630 12:22:32.926985 31061 raft_consensus.cc:2468] T 6c5c78125db34a168c840273a204ac6f P 6ce18d3fa67740f3b7f52688a82588f0 [term 1 FOLLOWER]: Leader election vote request: Granting yes vote for candidate 4ff21bd3bf744f029dd8d50b271de6e9 in term 1.
I20260630 12:22:32.928321 30952 leader_election.cc:304] T 6c5c78125db34a168c840273a204ac6f P 4ff21bd3bf744f029dd8d50b271de6e9 [CANDIDATE]: Term 1 election: Election decided. Result: candidate won. Election summary: received 3 responses out of 3 voters: 2 yes votes; 1 no votes. yes voters: 4ff21bd3bf744f029dd8d50b271de6e9, 6ce18d3fa67740f3b7f52688a82588f0; no voters: a9cfb79ca8814cbc8be5e09e14604cb5
I20260630 12:22:32.929028 31182 raft_consensus.cc:359] T 5340b9fe86014fff85d277d88ad90df4 P a9cfb79ca8814cbc8be5e09e14604cb5 [term 0 FOLLOWER]: Replica starting. Triggering 0 pending ops. Active config: opid_index: -1 OBSOLETE_local: false peers { permanent_uuid: "4ff21bd3bf744f029dd8d50b271de6e9" member_type: VOTER last_known_addr { host: "127.25.235.129" port: 42525 } } peers { permanent_uuid: "6ce18d3fa67740f3b7f52688a82588f0" member_type: VOTER last_known_addr { host: "127.25.235.130" port: 41425 } } peers { permanent_uuid: "a9cfb79ca8814cbc8be5e09e14604cb5" member_type: VOTER last_known_addr { host: "127.25.235.131" port: 37985 } }
I20260630 12:22:32.929589 31214 raft_consensus.cc:2804] T 6c5c78125db34a168c840273a204ac6f P 4ff21bd3bf744f029dd8d50b271de6e9 [term 1 FOLLOWER]: Leader election won for term 1
I20260630 12:22:32.929786 31182 raft_consensus.cc:385] T 5340b9fe86014fff85d277d88ad90df4 P a9cfb79ca8814cbc8be5e09e14604cb5 [term 0 FOLLOWER]: Consensus starting up: Expiring failure detector timer to make a prompt election more likely
I20260630 12:22:32.930179 31182 raft_consensus.cc:740] T 5340b9fe86014fff85d277d88ad90df4 P a9cfb79ca8814cbc8be5e09e14604cb5 [term 0 FOLLOWER]: Becoming Follower/Learner. State: Replica: a9cfb79ca8814cbc8be5e09e14604cb5, State: Initialized, Role: FOLLOWER
I20260630 12:22:32.930378 31214 raft_consensus.cc:697] T 6c5c78125db34a168c840273a204ac6f P 4ff21bd3bf744f029dd8d50b271de6e9 [term 1 LEADER]: Becoming Leader. State: Replica: 4ff21bd3bf744f029dd8d50b271de6e9, State: Running, Role: LEADER
I20260630 12:22:32.930895 31183 tablet_bootstrap.cc:492] T 5340b9fe86014fff85d277d88ad90df4 P 6ce18d3fa67740f3b7f52688a82588f0: No bootstrap required, opened a new log
I20260630 12:22:32.931334 31183 ts_tablet_manager.cc:1403] T 5340b9fe86014fff85d277d88ad90df4 P 6ce18d3fa67740f3b7f52688a82588f0: Time spent bootstrapping tablet: real 0.048s	user 0.013s	sys 0.004s
I20260630 12:22:32.931097 31182 consensus_queue.cc:260] T 5340b9fe86014fff85d277d88ad90df4 P a9cfb79ca8814cbc8be5e09e14604cb5 [NON_LEADER]: Queue going to NON_LEADER mode. State: All replicated index: 0, Majority replicated index: 0, Committed index: 0, Last appended: 0.0, Last appended by leader: 0, Current term: 0, Majority size: -1, State: 0, Mode: NON_LEADER, active raft config: opid_index: -1 OBSOLETE_local: false peers { permanent_uuid: "4ff21bd3bf744f029dd8d50b271de6e9" member_type: VOTER last_known_addr { host: "127.25.235.129" port: 42525 } } peers { permanent_uuid: "6ce18d3fa67740f3b7f52688a82588f0" member_type: VOTER last_known_addr { host: "127.25.235.130" port: 41425 } } peers { permanent_uuid: "a9cfb79ca8814cbc8be5e09e14604cb5" member_type: VOTER last_known_addr { host: "127.25.235.131" port: 37985 } }
I20260630 12:22:32.931207 31214 consensus_queue.cc:237] T 6c5c78125db34a168c840273a204ac6f P 4ff21bd3bf744f029dd8d50b271de6e9 [LEADER]: Queue going to LEADER mode. State: All replicated index: 0, Majority replicated index: 0, Committed index: 0, Last appended: 0.0, Last appended by leader: 0, Current term: 1, Majority size: 2, State: 0, Mode: LEADER, active raft config: opid_index: -1 OBSOLETE_local: false peers { permanent_uuid: "4ff21bd3bf744f029dd8d50b271de6e9" member_type: VOTER last_known_addr { host: "127.25.235.129" port: 42525 } } peers { permanent_uuid: "6ce18d3fa67740f3b7f52688a82588f0" member_type: VOTER last_known_addr { host: "127.25.235.130" port: 41425 } } peers { permanent_uuid: "a9cfb79ca8814cbc8be5e09e14604cb5" member_type: VOTER last_known_addr { host: "127.25.235.131" port: 37985 } }
I20260630 12:22:32.933815 31182 ts_tablet_manager.cc:1434] T 5340b9fe86014fff85d277d88ad90df4 P a9cfb79ca8814cbc8be5e09e14604cb5: Time spent starting tablet: real 0.007s	user 0.008s	sys 0.000s
I20260630 12:22:32.934856 31182 tablet_bootstrap.cc:492] T 6c5c78125db34a168c840273a204ac6f P a9cfb79ca8814cbc8be5e09e14604cb5: Bootstrap starting.
I20260630 12:22:32.934027 30885 catalog_manager.cc:5697] T bd03c46b08bc4d34b95fee6a081d13cf P a9cfb79ca8814cbc8be5e09e14604cb5 reported cstate change: term changed from 0 to 1, leader changed from <none> to a9cfb79ca8814cbc8be5e09e14604cb5 (127.25.235.131). New cstate: current_term: 1 leader_uuid: "a9cfb79ca8814cbc8be5e09e14604cb5" committed_config { opid_index: -1 OBSOLETE_local: false peers { permanent_uuid: "4ff21bd3bf744f029dd8d50b271de6e9" member_type: VOTER last_known_addr { host: "127.25.235.129" port: 42525 } health_report { overall_health: UNKNOWN } } peers { permanent_uuid: "6ce18d3fa67740f3b7f52688a82588f0" member_type: VOTER last_known_addr { host: "127.25.235.130" port: 41425 } health_report { overall_health: UNKNOWN } } peers { permanent_uuid: "a9cfb79ca8814cbc8be5e09e14604cb5" member_type: VOTER last_known_addr { host: "127.25.235.131" port: 37985 } health_report { overall_health: HEALTHY } } }
I20260630 12:22:32.934000 31183 raft_consensus.cc:359] T 5340b9fe86014fff85d277d88ad90df4 P 6ce18d3fa67740f3b7f52688a82588f0 [term 0 FOLLOWER]: Replica starting. Triggering 0 pending ops. Active config: opid_index: -1 OBSOLETE_local: false peers { permanent_uuid: "4ff21bd3bf744f029dd8d50b271de6e9" member_type: VOTER last_known_addr { host: "127.25.235.129" port: 42525 } } peers { permanent_uuid: "6ce18d3fa67740f3b7f52688a82588f0" member_type: VOTER last_known_addr { host: "127.25.235.130" port: 41425 } } peers { permanent_uuid: "a9cfb79ca8814cbc8be5e09e14604cb5" member_type: VOTER last_known_addr { host: "127.25.235.131" port: 37985 } }
I20260630 12:22:32.938067 31183 raft_consensus.cc:385] T 5340b9fe86014fff85d277d88ad90df4 P 6ce18d3fa67740f3b7f52688a82588f0 [term 0 FOLLOWER]: Consensus starting up: Expiring failure detector timer to make a prompt election more likely
I20260630 12:22:32.938233 31216 raft_consensus.cc:493] T 5340b9fe86014fff85d277d88ad90df4 P a9cfb79ca8814cbc8be5e09e14604cb5 [term 0 FOLLOWER]: Starting pre-election (no leader contacted us within the election timeout)
I20260630 12:22:32.938372 31183 raft_consensus.cc:740] T 5340b9fe86014fff85d277d88ad90df4 P 6ce18d3fa67740f3b7f52688a82588f0 [term 0 FOLLOWER]: Becoming Follower/Learner. State: Replica: 6ce18d3fa67740f3b7f52688a82588f0, State: Initialized, Role: FOLLOWER
I20260630 12:22:32.938783 31216 raft_consensus.cc:515] T 5340b9fe86014fff85d277d88ad90df4 P a9cfb79ca8814cbc8be5e09e14604cb5 [term 0 FOLLOWER]: Starting pre-election with config: opid_index: -1 OBSOLETE_local: false peers { permanent_uuid: "4ff21bd3bf744f029dd8d50b271de6e9" member_type: VOTER last_known_addr { host: "127.25.235.129" port: 42525 } } peers { permanent_uuid: "6ce18d3fa67740f3b7f52688a82588f0" member_type: VOTER last_known_addr { host: "127.25.235.130" port: 41425 } } peers { permanent_uuid: "a9cfb79ca8814cbc8be5e09e14604cb5" member_type: VOTER last_known_addr { host: "127.25.235.131" port: 37985 } }
I20260630 12:22:32.939270 31183 consensus_queue.cc:260] T 5340b9fe86014fff85d277d88ad90df4 P 6ce18d3fa67740f3b7f52688a82588f0 [NON_LEADER]: Queue going to NON_LEADER mode. State: All replicated index: 0, Majority replicated index: 0, Committed index: 0, Last appended: 0.0, Last appended by leader: 0, Current term: 0, Majority size: -1, State: 0, Mode: NON_LEADER, active raft config: opid_index: -1 OBSOLETE_local: false peers { permanent_uuid: "4ff21bd3bf744f029dd8d50b271de6e9" member_type: VOTER last_known_addr { host: "127.25.235.129" port: 42525 } } peers { permanent_uuid: "6ce18d3fa67740f3b7f52688a82588f0" member_type: VOTER last_known_addr { host: "127.25.235.130" port: 41425 } } peers { permanent_uuid: "a9cfb79ca8814cbc8be5e09e14604cb5" member_type: VOTER last_known_addr { host: "127.25.235.131" port: 37985 } }
I20260630 12:22:32.941526 31184 tablet_bootstrap.cc:654] T 69c58604bb604f31afb125a90718ea5f P 4ff21bd3bf744f029dd8d50b271de6e9: Neither blocks nor log segments found. Creating new log.
