I20260630 12:12:42.392972  3944 consensus_queue.cc:1048] T d2289d55154b4668a04884bbb2946cb9 P 651037bd920446958a893c6af4e425c3 [LEADER]: Connected to new peer: Peer: permanent_uuid: "1227a48788794b1882b29eb5c43be8c8" member_type: VOTER last_known_addr { host: "127.0.107.196" port: 44815 } attrs { promote: false }, Status: LMP_MISMATCH, Last received: 0.0, Next index: 4, Last known committed idx: 3, Time since last communication: 0.001s
I20260630 12:12:42.396883  3944 raft_consensus.cc:2955] T d2289d55154b4668a04884bbb2946cb9 P 651037bd920446958a893c6af4e425c3 [term 1 LEADER]: Committing config change with OpId 1.4: config changed from index 3 to 4, VOTER 701bbe43d11341a8b399ea1f561e4b32 (127.0.107.195) evicted. New config: { opid_index: 4 OBSOLETE_local: false peers { permanent_uuid: "651037bd920446958a893c6af4e425c3" member_type: VOTER last_known_addr { host: "127.0.107.193" port: 46685 } } peers { permanent_uuid: "f3485e48a73f4c5f955c87add7354d5f" member_type: VOTER last_known_addr { host: "127.0.107.194" port: 36239 } } peers { permanent_uuid: "1227a48788794b1882b29eb5c43be8c8" member_type: VOTER last_known_addr { host: "127.0.107.196" port: 44815 } attrs { promote: false } } }
I20260630 12:12:42.398617  3546 raft_consensus.cc:2955] T d2289d55154b4668a04884bbb2946cb9 P f3485e48a73f4c5f955c87add7354d5f [term 1 FOLLOWER]: Committing config change with OpId 1.4: config changed from index 3 to 4, VOTER 701bbe43d11341a8b399ea1f561e4b32 (127.0.107.195) evicted. New config: { opid_index: 4 OBSOLETE_local: false peers { permanent_uuid: "651037bd920446958a893c6af4e425c3" member_type: VOTER last_known_addr { host: "127.0.107.193" port: 46685 } } peers { permanent_uuid: "f3485e48a73f4c5f955c87add7354d5f" member_type: VOTER last_known_addr { host: "127.0.107.194" port: 36239 } } peers { permanent_uuid: "1227a48788794b1882b29eb5c43be8c8" member_type: VOTER last_known_addr { host: "127.0.107.196" port: 44815 } attrs { promote: false } } }
I20260630 12:12:42.407110  3772 raft_consensus.cc:2955] T d2289d55154b4668a04884bbb2946cb9 P 1227a48788794b1882b29eb5c43be8c8 [term 1 FOLLOWER]: Committing config change with OpId 1.4: config changed from index 3 to 4, VOTER 701bbe43d11341a8b399ea1f561e4b32 (127.0.107.195) evicted. New config: { opid_index: 4 OBSOLETE_local: false peers { permanent_uuid: "651037bd920446958a893c6af4e425c3" member_type: VOTER last_known_addr { host: "127.0.107.193" port: 46685 } } peers { permanent_uuid: "f3485e48a73f4c5f955c87add7354d5f" member_type: VOTER last_known_addr { host: "127.0.107.194" port: 36239 } } peers { permanent_uuid: "1227a48788794b1882b29eb5c43be8c8" member_type: VOTER last_known_addr { host: "127.0.107.196" port: 44815 } attrs { promote: false } } }
I20260630 12:12:42.411422  3355 catalog_manager.cc:5210] ChangeConfig:REMOVE_PEER RPC for tablet d2289d55154b4668a04884bbb2946cb9 with cas_config_opid_index 3: ChangeConfig:REMOVE_PEER succeeded (attempt 1)
I20260630 12:12:42.415448  3371 catalog_manager.cc:5697] T d2289d55154b4668a04884bbb2946cb9 P f3485e48a73f4c5f955c87add7354d5f reported cstate change: config changed from index 3 to 4, VOTER 701bbe43d11341a8b399ea1f561e4b32 (127.0.107.195) evicted. New cstate: current_term: 1 leader_uuid: "651037bd920446958a893c6af4e425c3" committed_config { opid_index: 4 OBSOLETE_local: false peers { permanent_uuid: "651037bd920446958a893c6af4e425c3" member_type: VOTER last_known_addr { host: "127.0.107.193" port: 46685 } } peers { permanent_uuid: "f3485e48a73f4c5f955c87add7354d5f" member_type: VOTER last_known_addr { host: "127.0.107.194" port: 36239 } } peers { permanent_uuid: "1227a48788794b1882b29eb5c43be8c8" member_type: VOTER last_known_addr { host: "127.0.107.196" port: 44815 } attrs { promote: false } } }
I20260630 12:12:42.428462  3606 tablet_service.cc:1558] Processing DeleteTablet for tablet d2289d55154b4668a04884bbb2946cb9 with delete_type TABLET_DATA_TOMBSTONED (TS 701bbe43d11341a8b399ea1f561e4b32 not found in new config with opid_index 4) from {username='slave'} at 127.0.0.1:33560
I20260630 12:12:42.435096  3974 tablet_replica.cc:333] T d2289d55154b4668a04884bbb2946cb9 P 701bbe43d11341a8b399ea1f561e4b32: stopping tablet replica
I20260630 12:12:42.436337  3974 raft_consensus.cc:2243] T d2289d55154b4668a04884bbb2946cb9 P 701bbe43d11341a8b399ea1f561e4b32 [term 1 FOLLOWER]: Raft consensus shutting down.
I20260630 12:12:42.437080  3974 raft_consensus.cc:2272] T d2289d55154b4668a04884bbb2946cb9 P 701bbe43d11341a8b399ea1f561e4b32 [term 1 FOLLOWER]: Raft consensus is shut down!
I20260630 12:12:42.440188  3974 ts_tablet_manager.cc:1916] T d2289d55154b4668a04884bbb2946cb9 P 701bbe43d11341a8b399ea1f561e4b32: Deleting tablet data with delete state TABLET_DATA_TOMBSTONED
I20260630 12:12:42.456660  3974 ts_tablet_manager.cc:1929] T d2289d55154b4668a04884bbb2946cb9 P 701bbe43d11341a8b399ea1f561e4b32: tablet deleted with delete type TABLET_DATA_TOMBSTONED: last-logged OpId 1.3
I20260630 12:12:42.457067  3974 log.cc:1199] T d2289d55154b4668a04884bbb2946cb9 P 701bbe43d11341a8b399ea1f561e4b32: Deleting WAL directory at /tmp/dist-test-taskbOKTlR/test-tmp/auto_rebalancer-test.0.AutoRebalancerTest.RangeAwareRebalancesNewRangeReplicas.1782821463570955-431-0/minicluster-data/ts-2-root/wals/d2289d55154b4668a04884bbb2946cb9
I20260630 12:12:42.458743  3358 catalog_manager.cc:5028] TS 701bbe43d11341a8b399ea1f561e4b32 (127.0.107.195:37873): tablet d2289d55154b4668a04884bbb2946cb9 (table range_aware_rebalance_new_range [id=9161720ed1c548c199669a9ff0a55a6e]) successfully deleted
I20260630 12:12:42.504976  3953 raft_consensus.cc:1064] T 583d4f6f369b45dda74f2217392868a3 P f3485e48a73f4c5f955c87add7354d5f: attempting to promote NON_VOTER 1227a48788794b1882b29eb5c43be8c8 to VOTER
I20260630 12:12:42.507364  3953 consensus_queue.cc:237] T 583d4f6f369b45dda74f2217392868a3 P f3485e48a73f4c5f955c87add7354d5f [LEADER]: Queue going to LEADER mode. State: All replicated index: 0, Majority replicated index: 2, Committed index: 2, Last appended: 1.2, Last appended by leader: 0, Current term: 1, Majority size: 3, State: 0, Mode: LEADER, active raft config: opid_index: 3 OBSOLETE_local: false peers { permanent_uuid: "651037bd920446958a893c6af4e425c3" member_type: VOTER last_known_addr { host: "127.0.107.193" port: 46685 } attrs { replace: true } } peers { permanent_uuid: "f3485e48a73f4c5f955c87add7354d5f" member_type: VOTER last_known_addr { host: "127.0.107.194" port: 36239 } } peers { permanent_uuid: "701bbe43d11341a8b399ea1f561e4b32" member_type: VOTER last_known_addr { host: "127.0.107.195" port: 37873 } } peers { permanent_uuid: "1227a48788794b1882b29eb5c43be8c8" member_type: VOTER last_known_addr { host: "127.0.107.196" port: 44815 } attrs { promote: false } }
I20260630 12:12:42.514369  3772 raft_consensus.cc:1275] T 583d4f6f369b45dda74f2217392868a3 P 1227a48788794b1882b29eb5c43be8c8 [term 1 LEARNER]: Refusing update from remote peer f3485e48a73f4c5f955c87add7354d5f: Log matching property violated. Preceding OpId in replica: term: 1 index: 2. Preceding OpId from leader: term: 1 index: 3. (index mismatch)
I20260630 12:12:42.517835  3622 raft_consensus.cc:1275] T 583d4f6f369b45dda74f2217392868a3 P 701bbe43d11341a8b399ea1f561e4b32 [term 1 FOLLOWER]: Refusing update from remote peer f3485e48a73f4c5f955c87add7354d5f: Log matching property violated. Preceding OpId in replica: term: 1 index: 2. Preceding OpId from leader: term: 1 index: 3. (index mismatch)
I20260630 12:12:42.519687  3471 raft_consensus.cc:1275] T 583d4f6f369b45dda74f2217392868a3 P 651037bd920446958a893c6af4e425c3 [term 1 FOLLOWER]: Refusing update from remote peer f3485e48a73f4c5f955c87add7354d5f: Log matching property violated. Preceding OpId in replica: term: 1 index: 2. Preceding OpId from leader: term: 1 index: 3. (index mismatch)
I20260630 12:12:42.522040  3978 consensus_queue.cc:1048] T 583d4f6f369b45dda74f2217392868a3 P f3485e48a73f4c5f955c87add7354d5f [LEADER]: Connected to new peer: Peer: permanent_uuid: "1227a48788794b1882b29eb5c43be8c8" member_type: VOTER last_known_addr { host: "127.0.107.196" port: 44815 } attrs { promote: false }, Status: LMP_MISMATCH, Last received: 0.0, Next index: 3, Last known committed idx: 2, Time since last communication: 0.001s
I20260630 12:12:42.523312  3975 consensus_queue.cc:1048] T 583d4f6f369b45dda74f2217392868a3 P f3485e48a73f4c5f955c87add7354d5f [LEADER]: Connected to new peer: Peer: permanent_uuid: "701bbe43d11341a8b399ea1f561e4b32" member_type: VOTER last_known_addr { host: "127.0.107.195" port: 37873 }, Status: LMP_MISMATCH, Last received: 0.0, Next index: 3, Last known committed idx: 2, Time since last communication: 0.000s
I20260630 12:12:42.524271  3953 consensus_queue.cc:1048] T 583d4f6f369b45dda74f2217392868a3 P f3485e48a73f4c5f955c87add7354d5f [LEADER]: Connected to new peer: Peer: permanent_uuid: "651037bd920446958a893c6af4e425c3" member_type: VOTER last_known_addr { host: "127.0.107.193" port: 46685 } attrs { replace: true }, Status: LMP_MISMATCH, Last received: 0.0, Next index: 3, Last known committed idx: 2, Time since last communication: 0.000s
I20260630 12:12:42.551560  3978 raft_consensus.cc:2955] T 583d4f6f369b45dda74f2217392868a3 P f3485e48a73f4c5f955c87add7354d5f [term 1 LEADER]: Committing config change with OpId 1.3: config changed from index 2 to 3, 1227a48788794b1882b29eb5c43be8c8 (127.0.107.196) changed from NON_VOTER to VOTER. New config: { opid_index: 3 OBSOLETE_local: false peers { permanent_uuid: "651037bd920446958a893c6af4e425c3" member_type: VOTER last_known_addr { host: "127.0.107.193" port: 46685 } attrs { replace: true } } peers { permanent_uuid: "f3485e48a73f4c5f955c87add7354d5f" member_type: VOTER last_known_addr { host: "127.0.107.194" port: 36239 } } peers { permanent_uuid: "701bbe43d11341a8b399ea1f561e4b32" member_type: VOTER last_known_addr { host: "127.0.107.195" port: 37873 } } peers { permanent_uuid: "1227a48788794b1882b29eb5c43be8c8" member_type: VOTER last_known_addr { host: "127.0.107.196" port: 44815 } attrs { promote: false } } }
I20260630 12:12:42.554955  3471 raft_consensus.cc:2955] T 583d4f6f369b45dda74f2217392868a3 P 651037bd920446958a893c6af4e425c3 [term 1 FOLLOWER]: Committing config change with OpId 1.3: config changed from index 2 to 3, 1227a48788794b1882b29eb5c43be8c8 (127.0.107.196) changed from NON_VOTER to VOTER. New config: { opid_index: 3 OBSOLETE_local: false peers { permanent_uuid: "651037bd920446958a893c6af4e425c3" member_type: VOTER last_known_addr { host: "127.0.107.193" port: 46685 } attrs { replace: true } } peers { permanent_uuid: "f3485e48a73f4c5f955c87add7354d5f" member_type: VOTER last_known_addr { host: "127.0.107.194" port: 36239 } } peers { permanent_uuid: "701bbe43d11341a8b399ea1f561e4b32" member_type: VOTER last_known_addr { host: "127.0.107.195" port: 37873 } } peers { permanent_uuid: "1227a48788794b1882b29eb5c43be8c8" member_type: VOTER last_known_addr { host: "127.0.107.196" port: 44815 } attrs { promote: false } } }
I20260630 12:12:42.555938  3622 raft_consensus.cc:2955] T 583d4f6f369b45dda74f2217392868a3 P 701bbe43d11341a8b399ea1f561e4b32 [term 1 FOLLOWER]: Committing config change with OpId 1.3: config changed from index 2 to 3, 1227a48788794b1882b29eb5c43be8c8 (127.0.107.196) changed from NON_VOTER to VOTER. New config: { opid_index: 3 OBSOLETE_local: false peers { permanent_uuid: "651037bd920446958a893c6af4e425c3" member_type: VOTER last_known_addr { host: "127.0.107.193" port: 46685 } attrs { replace: true } } peers { permanent_uuid: "f3485e48a73f4c5f955c87add7354d5f" member_type: VOTER last_known_addr { host: "127.0.107.194" port: 36239 } } peers { permanent_uuid: "701bbe43d11341a8b399ea1f561e4b32" member_type: VOTER last_known_addr { host: "127.0.107.195" port: 37873 } } peers { permanent_uuid: "1227a48788794b1882b29eb5c43be8c8" member_type: VOTER last_known_addr { host: "127.0.107.196" port: 44815 } attrs { promote: false } } }
I20260630 12:12:42.566761  3772 raft_consensus.cc:2955] T 583d4f6f369b45dda74f2217392868a3 P 1227a48788794b1882b29eb5c43be8c8 [term 1 FOLLOWER]: Committing config change with OpId 1.3: config changed from index 2 to 3, 1227a48788794b1882b29eb5c43be8c8 (127.0.107.196) changed from NON_VOTER to VOTER. New config: { opid_index: 3 OBSOLETE_local: false peers { permanent_uuid: "651037bd920446958a893c6af4e425c3" member_type: VOTER last_known_addr { host: "127.0.107.193" port: 46685 } attrs { replace: true } } peers { permanent_uuid: "f3485e48a73f4c5f955c87add7354d5f" member_type: VOTER last_known_addr { host: "127.0.107.194" port: 36239 } } peers { permanent_uuid: "701bbe43d11341a8b399ea1f561e4b32" member_type: VOTER last_known_addr { host: "127.0.107.195" port: 37873 } } peers { permanent_uuid: "1227a48788794b1882b29eb5c43be8c8" member_type: VOTER last_known_addr { host: "127.0.107.196" port: 44815 } attrs { promote: false } } }
I20260630 12:12:42.568506  3371 catalog_manager.cc:5697] T 583d4f6f369b45dda74f2217392868a3 P f3485e48a73f4c5f955c87add7354d5f reported cstate change: config changed from index 2 to 3, 1227a48788794b1882b29eb5c43be8c8 (127.0.107.196) changed from NON_VOTER to VOTER. New cstate: current_term: 1 leader_uuid: "f3485e48a73f4c5f955c87add7354d5f" committed_config { opid_index: 3 OBSOLETE_local: false peers { permanent_uuid: "651037bd920446958a893c6af4e425c3" member_type: VOTER last_known_addr { host: "127.0.107.193" port: 46685 } attrs { replace: true } health_report { overall_health: HEALTHY } } peers { permanent_uuid: "f3485e48a73f4c5f955c87add7354d5f" member_type: VOTER last_known_addr { host: "127.0.107.194" port: 36239 } health_report { overall_health: HEALTHY } } peers { permanent_uuid: "701bbe43d11341a8b399ea1f561e4b32" member_type: VOTER last_known_addr { host: "127.0.107.195" port: 37873 } health_report { overall_health: HEALTHY } } peers { permanent_uuid: "1227a48788794b1882b29eb5c43be8c8" member_type: VOTER last_known_addr { host: "127.0.107.196" port: 44815 } attrs { promote: false } health_report { overall_health: HEALTHY } } }
I20260630 12:12:42.588162  3546 consensus_queue.cc:237] T 583d4f6f369b45dda74f2217392868a3 P f3485e48a73f4c5f955c87add7354d5f [LEADER]: Queue going to LEADER mode. State: All replicated index: 0, Majority replicated index: 3, Committed index: 3, Last appended: 1.3, Last appended by leader: 0, Current term: 1, Majority size: 2, State: 0, Mode: LEADER, active raft config: opid_index: 4 OBSOLETE_local: false peers { permanent_uuid: "f3485e48a73f4c5f955c87add7354d5f" member_type: VOTER last_known_addr { host: "127.0.107.194" port: 36239 } } peers { permanent_uuid: "701bbe43d11341a8b399ea1f561e4b32" member_type: VOTER last_known_addr { host: "127.0.107.195" port: 37873 } } peers { permanent_uuid: "1227a48788794b1882b29eb5c43be8c8" member_type: VOTER last_known_addr { host: "127.0.107.196" port: 44815 } attrs { promote: false } }
I20260630 12:12:42.594403  3772 raft_consensus.cc:1275] T 583d4f6f369b45dda74f2217392868a3 P 1227a48788794b1882b29eb5c43be8c8 [term 1 FOLLOWER]: Refusing update from remote peer f3485e48a73f4c5f955c87add7354d5f: Log matching property violated. Preceding OpId in replica: term: 1 index: 3. Preceding OpId from leader: term: 1 index: 4. (index mismatch)
I20260630 12:12:42.594408  3622 raft_consensus.cc:1275] T 583d4f6f369b45dda74f2217392868a3 P 701bbe43d11341a8b399ea1f561e4b32 [term 1 FOLLOWER]: Refusing update from remote peer f3485e48a73f4c5f955c87add7354d5f: Log matching property violated. Preceding OpId in replica: term: 1 index: 3. Preceding OpId from leader: term: 1 index: 4. (index mismatch)
I20260630 12:12:42.596347  3978 consensus_queue.cc:1048] T 583d4f6f369b45dda74f2217392868a3 P f3485e48a73f4c5f955c87add7354d5f [LEADER]: Connected to new peer: Peer: permanent_uuid: "701bbe43d11341a8b399ea1f561e4b32" member_type: VOTER last_known_addr { host: "127.0.107.195" port: 37873 }, Status: LMP_MISMATCH, Last received: 0.0, Next index: 4, Last known committed idx: 3, Time since last communication: 0.000s
I20260630 12:12:42.597460  3979 consensus_queue.cc:1048] T 583d4f6f369b45dda74f2217392868a3 P f3485e48a73f4c5f955c87add7354d5f [LEADER]: Connected to new peer: Peer: permanent_uuid: "1227a48788794b1882b29eb5c43be8c8" member_type: VOTER last_known_addr { host: "127.0.107.196" port: 44815 } attrs { promote: false }, Status: LMP_MISMATCH, Last received: 0.0, Next index: 4, Last known committed idx: 3, Time since last communication: 0.000s
I20260630 12:12:42.605288  3978 raft_consensus.cc:2955] T 583d4f6f369b45dda74f2217392868a3 P f3485e48a73f4c5f955c87add7354d5f [term 1 LEADER]: Committing config change with OpId 1.4: config changed from index 3 to 4, VOTER 651037bd920446958a893c6af4e425c3 (127.0.107.193) evicted. New config: { opid_index: 4 OBSOLETE_local: false peers { permanent_uuid: "f3485e48a73f4c5f955c87add7354d5f" member_type: VOTER last_known_addr { host: "127.0.107.194" port: 36239 } } peers { permanent_uuid: "701bbe43d11341a8b399ea1f561e4b32" member_type: VOTER last_known_addr { host: "127.0.107.195" port: 37873 } } peers { permanent_uuid: "1227a48788794b1882b29eb5c43be8c8" member_type: VOTER last_known_addr { host: "127.0.107.196" port: 44815 } attrs { promote: false } } }
I20260630 12:12:42.607758  3772 raft_consensus.cc:2955] T 583d4f6f369b45dda74f2217392868a3 P 1227a48788794b1882b29eb5c43be8c8 [term 1 FOLLOWER]: Committing config change with OpId 1.4: config changed from index 3 to 4, VOTER 651037bd920446958a893c6af4e425c3 (127.0.107.193) evicted. New config: { opid_index: 4 OBSOLETE_local: false peers { permanent_uuid: "f3485e48a73f4c5f955c87add7354d5f" member_type: VOTER last_known_addr { host: "127.0.107.194" port: 36239 } } peers { permanent_uuid: "701bbe43d11341a8b399ea1f561e4b32" member_type: VOTER last_known_addr { host: "127.0.107.195" port: 37873 } } peers { permanent_uuid: "1227a48788794b1882b29eb5c43be8c8" member_type: VOTER last_known_addr { host: "127.0.107.196" port: 44815 } attrs { promote: false } } }
I20260630 12:12:42.610142  3622 raft_consensus.cc:2955] T 583d4f6f369b45dda74f2217392868a3 P 701bbe43d11341a8b399ea1f561e4b32 [term 1 FOLLOWER]: Committing config change with OpId 1.4: config changed from index 3 to 4, VOTER 651037bd920446958a893c6af4e425c3 (127.0.107.193) evicted. New config: { opid_index: 4 OBSOLETE_local: false peers { permanent_uuid: "f3485e48a73f4c5f955c87add7354d5f" member_type: VOTER last_known_addr { host: "127.0.107.194" port: 36239 } } peers { permanent_uuid: "701bbe43d11341a8b399ea1f561e4b32" member_type: VOTER last_known_addr { host: "127.0.107.195" port: 37873 } } peers { permanent_uuid: "1227a48788794b1882b29eb5c43be8c8" member_type: VOTER last_known_addr { host: "127.0.107.196" port: 44815 } attrs { promote: false } } }
I20260630 12:12:42.621925  3358 catalog_manager.cc:5210] ChangeConfig:REMOVE_PEER RPC for tablet 583d4f6f369b45dda74f2217392868a3 with cas_config_opid_index 3: ChangeConfig:REMOVE_PEER succeeded (attempt 1)
I20260630 12:12:42.622188  3369 catalog_manager.cc:5697] T 583d4f6f369b45dda74f2217392868a3 P 1227a48788794b1882b29eb5c43be8c8 reported cstate change: config changed from index 3 to 4, VOTER 651037bd920446958a893c6af4e425c3 (127.0.107.193) evicted. New cstate: current_term: 1 leader_uuid: "f3485e48a73f4c5f955c87add7354d5f" committed_config { opid_index: 4 OBSOLETE_local: false peers { permanent_uuid: "f3485e48a73f4c5f955c87add7354d5f" member_type: VOTER last_known_addr { host: "127.0.107.194" port: 36239 } } peers { permanent_uuid: "701bbe43d11341a8b399ea1f561e4b32" member_type: VOTER last_known_addr { host: "127.0.107.195" port: 37873 } } peers { permanent_uuid: "1227a48788794b1882b29eb5c43be8c8" member_type: VOTER last_known_addr { host: "127.0.107.196" port: 44815 } attrs { promote: false } } }
I20260630 12:12:42.634325  3461 tablet_service.cc:1558] Processing DeleteTablet for tablet 583d4f6f369b45dda74f2217392868a3 with delete_type TABLET_DATA_TOMBSTONED (TS 651037bd920446958a893c6af4e425c3 not found in new config with opid_index 4) from {username='slave'} at 127.0.0.1:52466
I20260630 12:12:42.636300  3984 tablet_replica.cc:333] T 583d4f6f369b45dda74f2217392868a3 P 651037bd920446958a893c6af4e425c3: stopping tablet replica
I20260630 12:12:42.637255  3984 raft_consensus.cc:2243] T 583d4f6f369b45dda74f2217392868a3 P 651037bd920446958a893c6af4e425c3 [term 1 FOLLOWER]: Raft consensus shutting down.
I20260630 12:12:42.637962  3984 raft_consensus.cc:2272] T 583d4f6f369b45dda74f2217392868a3 P 651037bd920446958a893c6af4e425c3 [term 1 FOLLOWER]: Raft consensus is shut down!
I20260630 12:12:42.640460  3984 ts_tablet_manager.cc:1916] T 583d4f6f369b45dda74f2217392868a3 P 651037bd920446958a893c6af4e425c3: Deleting tablet data with delete state TABLET_DATA_TOMBSTONED
I20260630 12:12:42.652756  3984 ts_tablet_manager.cc:1929] T 583d4f6f369b45dda74f2217392868a3 P 651037bd920446958a893c6af4e425c3: tablet deleted with delete type TABLET_DATA_TOMBSTONED: last-logged OpId 1.3
I20260630 12:12:42.653091  3984 log.cc:1199] T 583d4f6f369b45dda74f2217392868a3 P 651037bd920446958a893c6af4e425c3: Deleting WAL directory at /tmp/dist-test-taskbOKTlR/test-tmp/auto_rebalancer-test.0.AutoRebalancerTest.RangeAwareRebalancesNewRangeReplicas.1782821463570955-431-0/minicluster-data/ts-0-root/wals/583d4f6f369b45dda74f2217392868a3
I20260630 12:12:42.654603  3355 catalog_manager.cc:5028] TS 651037bd920446958a893c6af4e425c3 (127.0.107.193:46685): tablet 583d4f6f369b45dda74f2217392868a3 (table range_aware_rebalance_new_range [id=9161720ed1c548c199669a9ff0a55a6e]) successfully deleted
I20260630 12:12:42.655887  3887 raft_consensus.cc:993] T f4f7a5cf189e4f5b90b4bf63cf31bef7 P 701bbe43d11341a8b399ea1f561e4b32: : Instructing follower 651037bd920446958a893c6af4e425c3 to start an election
I20260630 12:12:42.657963  3887 raft_consensus.cc:1081] T f4f7a5cf189e4f5b90b4bf63cf31bef7 P 701bbe43d11341a8b399ea1f561e4b32 [term 2 LEADER]: Signalling peer 651037bd920446958a893c6af4e425c3 to start an election
I20260630 12:12:42.659693  3471 tablet_service.cc:2044] Received Run Leader Election RPC: tablet_id: "f4f7a5cf189e4f5b90b4bf63cf31bef7"
dest_uuid: "651037bd920446958a893c6af4e425c3"
 from {username='slave'} at 127.0.0.1:52480
I20260630 12:12:42.660280  3471 raft_consensus.cc:493] T f4f7a5cf189e4f5b90b4bf63cf31bef7 P 651037bd920446958a893c6af4e425c3 [term 2 FOLLOWER]: Starting forced leader election (received explicit request)
I20260630 12:12:42.660665  3471 raft_consensus.cc:3060] T f4f7a5cf189e4f5b90b4bf63cf31bef7 P 651037bd920446958a893c6af4e425c3 [term 2 FOLLOWER]: Advancing to term 3
I20260630 12:12:42.666993  3471 raft_consensus.cc:515] T f4f7a5cf189e4f5b90b4bf63cf31bef7 P 651037bd920446958a893c6af4e425c3 [term 3 FOLLOWER]: Starting forced leader election with config: opid_index: -1 OBSOLETE_local: false peers { permanent_uuid: "651037bd920446958a893c6af4e425c3" member_type: VOTER last_known_addr { host: "127.0.107.193" port: 46685 } } peers { permanent_uuid: "f3485e48a73f4c5f955c87add7354d5f" member_type: VOTER last_known_addr { host: "127.0.107.194" port: 36239 } } peers { permanent_uuid: "701bbe43d11341a8b399ea1f561e4b32" member_type: VOTER last_known_addr { host: "127.0.107.195" port: 37873 } }
I20260630 12:12:42.669939  3471 leader_election.cc:290] T f4f7a5cf189e4f5b90b4bf63cf31bef7 P 651037bd920446958a893c6af4e425c3 [CANDIDATE]: Term 3 election: Requested vote from peers f3485e48a73f4c5f955c87add7354d5f (127.0.107.194:36239), 701bbe43d11341a8b399ea1f561e4b32 (127.0.107.195:37873)
I20260630 12:12:42.670634  3546 tablet_service.cc:1917] Received RequestConsensusVote() RPC: tablet_id: "f4f7a5cf189e4f5b90b4bf63cf31bef7" candidate_uuid: "651037bd920446958a893c6af4e425c3" candidate_term: 3 candidate_status { last_received { term: 2 index: 2 } } ignore_live_leader: true dest_uuid: "f3485e48a73f4c5f955c87add7354d5f"
I20260630 12:12:42.671271  3546 raft_consensus.cc:3060] T f4f7a5cf189e4f5b90b4bf63cf31bef7 P f3485e48a73f4c5f955c87add7354d5f [term 2 FOLLOWER]: Advancing to term 3
I20260630 12:12:42.671844  3622 tablet_service.cc:1917] Received RequestConsensusVote() RPC: tablet_id: "f4f7a5cf189e4f5b90b4bf63cf31bef7" candidate_uuid: "651037bd920446958a893c6af4e425c3" candidate_term: 3 candidate_status { last_received { term: 2 index: 2 } } ignore_live_leader: true dest_uuid: "701bbe43d11341a8b399ea1f561e4b32"
I20260630 12:12:42.672384  3622 raft_consensus.cc:3055] T f4f7a5cf189e4f5b90b4bf63cf31bef7 P 701bbe43d11341a8b399ea1f561e4b32 [term 2 LEADER]: Stepping down as leader of term 2
I20260630 12:12:42.672633  3622 raft_consensus.cc:740] T f4f7a5cf189e4f5b90b4bf63cf31bef7 P 701bbe43d11341a8b399ea1f561e4b32 [term 2 LEADER]: Becoming Follower/Learner. State: Replica: 701bbe43d11341a8b399ea1f561e4b32, State: Running, Role: LEADER
I20260630 12:12:42.673439  3622 consensus_queue.cc:260] T f4f7a5cf189e4f5b90b4bf63cf31bef7 P 701bbe43d11341a8b399ea1f561e4b32 [NON_LEADER]: Queue going to NON_LEADER mode. State: All replicated index: 0, Majority replicated index: 2, Committed index: 2, Last appended: 2.2, Last appended by leader: 2, Current term: 2, Majority size: -1, State: 0, Mode: NON_LEADER, active raft config: opid_index: -1 OBSOLETE_local: false peers { permanent_uuid: "651037bd920446958a893c6af4e425c3" member_type: VOTER last_known_addr { host: "127.0.107.193" port: 46685 } } peers { permanent_uuid: "f3485e48a73f4c5f955c87add7354d5f" member_type: VOTER last_known_addr { host: "127.0.107.194" port: 36239 } } peers { permanent_uuid: "701bbe43d11341a8b399ea1f561e4b32" member_type: VOTER last_known_addr { host: "127.0.107.195" port: 37873 } }
I20260630 12:12:42.674531  3622 raft_consensus.cc:3060] T f4f7a5cf189e4f5b90b4bf63cf31bef7 P 701bbe43d11341a8b399ea1f561e4b32 [term 2 FOLLOWER]: Advancing to term 3
I20260630 12:12:42.676373  3546 raft_consensus.cc:2468] T f4f7a5cf189e4f5b90b4bf63cf31bef7 P f3485e48a73f4c5f955c87add7354d5f [term 3 FOLLOWER]: Leader election vote request: Granting yes vote for candidate 651037bd920446958a893c6af4e425c3 in term 3.
I20260630 12:12:42.677464  3439 leader_election.cc:304] T f4f7a5cf189e4f5b90b4bf63cf31bef7 P 651037bd920446958a893c6af4e425c3 [CANDIDATE]: Term 3 election: Election decided. Result: candidate won. Election summary: received 2 responses out of 3 voters: 2 yes votes; 0 no votes. yes voters: 651037bd920446958a893c6af4e425c3, f3485e48a73f4c5f955c87add7354d5f; no voters: 
I20260630 12:12:42.678326  3946 raft_consensus.cc:2804] T f4f7a5cf189e4f5b90b4bf63cf31bef7 P 651037bd920446958a893c6af4e425c3 [term 3 FOLLOWER]: Leader election won for term 3
I20260630 12:12:42.678779  3946 raft_consensus.cc:697] T f4f7a5cf189e4f5b90b4bf63cf31bef7 P 651037bd920446958a893c6af4e425c3 [term 3 LEADER]: Becoming Leader. State: Replica: 651037bd920446958a893c6af4e425c3, State: Running, Role: LEADER
I20260630 12:12:42.679597  3946 consensus_queue.cc:237] T f4f7a5cf189e4f5b90b4bf63cf31bef7 P 651037bd920446958a893c6af4e425c3 [LEADER]: Queue going to LEADER mode. State: All replicated index: 0, Majority replicated index: 2, Committed index: 2, Last appended: 2.2, Last appended by leader: 2, Current term: 3, Majority size: 2, State: 0, Mode: LEADER, active raft config: opid_index: -1 OBSOLETE_local: false peers { permanent_uuid: "651037bd920446958a893c6af4e425c3" member_type: VOTER last_known_addr { host: "127.0.107.193" port: 46685 } } peers { permanent_uuid: "f3485e48a73f4c5f955c87add7354d5f" member_type: VOTER last_known_addr { host: "127.0.107.194" port: 36239 } } peers { permanent_uuid: "701bbe43d11341a8b399ea1f561e4b32" member_type: VOTER last_known_addr { host: "127.0.107.195" port: 37873 } }
I20260630 12:12:42.680886  3622 raft_consensus.cc:2468] T f4f7a5cf189e4f5b90b4bf63cf31bef7 P 701bbe43d11341a8b399ea1f561e4b32 [term 3 FOLLOWER]: Leader election vote request: Granting yes vote for candidate 651037bd920446958a893c6af4e425c3 in term 3.
I20260630 12:12:42.687523  3371 catalog_manager.cc:5697] T f4f7a5cf189e4f5b90b4bf63cf31bef7 P 651037bd920446958a893c6af4e425c3 reported cstate change: term changed from 2 to 3, leader changed from 701bbe43d11341a8b399ea1f561e4b32 (127.0.107.195) to 651037bd920446958a893c6af4e425c3 (127.0.107.193). New cstate: current_term: 3 leader_uuid: "651037bd920446958a893c6af4e425c3" committed_config { opid_index: -1 OBSOLETE_local: false peers { permanent_uuid: "651037bd920446958a893c6af4e425c3" member_type: VOTER last_known_addr { host: "127.0.107.193" port: 46685 } health_report { overall_health: HEALTHY } } peers { permanent_uuid: "f3485e48a73f4c5f955c87add7354d5f" member_type: VOTER last_known_addr { host: "127.0.107.194" port: 36239 } health_report { overall_health: UNKNOWN } } peers { permanent_uuid: "701bbe43d11341a8b399ea1f561e4b32" member_type: VOTER last_known_addr { host: "127.0.107.195" port: 37873 } health_report { overall_health: UNKNOWN } } }
I20260630 12:12:43.085988  3546 raft_consensus.cc:1275] T f4f7a5cf189e4f5b90b4bf63cf31bef7 P f3485e48a73f4c5f955c87add7354d5f [term 3 FOLLOWER]: Refusing update from remote peer 651037bd920446958a893c6af4e425c3: Log matching property violated. Preceding OpId in replica: term: 2 index: 2. Preceding OpId from leader: term: 3 index: 3. (index mismatch)
I20260630 12:12:43.087679  3946 consensus_queue.cc:1048] T f4f7a5cf189e4f5b90b4bf63cf31bef7 P 651037bd920446958a893c6af4e425c3 [LEADER]: Connected to new peer: Peer: permanent_uuid: "f3485e48a73f4c5f955c87add7354d5f" member_type: VOTER last_known_addr { host: "127.0.107.194" port: 36239 }, Status: LMP_MISMATCH, Last received: 0.0, Next index: 3, Last known committed idx: 2, Time since last communication: 0.000s
I20260630 12:12:43.098151  3622 raft_consensus.cc:1275] T f4f7a5cf189e4f5b90b4bf63cf31bef7 P 701bbe43d11341a8b399ea1f561e4b32 [term 3 FOLLOWER]: Refusing update from remote peer 651037bd920446958a893c6af4e425c3: Log matching property violated. Preceding OpId in replica: term: 2 index: 2. Preceding OpId from leader: term: 3 index: 3. (index mismatch)
I20260630 12:12:43.100287  3946 consensus_queue.cc:1048] T f4f7a5cf189e4f5b90b4bf63cf31bef7 P 651037bd920446958a893c6af4e425c3 [LEADER]: Connected to new peer: Peer: permanent_uuid: "701bbe43d11341a8b399ea1f561e4b32" member_type: VOTER last_known_addr { host: "127.0.107.195" port: 37873 }, Status: LMP_MISMATCH, Last received: 0.0, Next index: 3, Last known committed idx: 2, Time since last communication: 0.000s
I20260630 12:12:43.670167  3622 consensus_queue.cc:237] T 0b698450702b49ffaa20461771f82a5d P 701bbe43d11341a8b399ea1f561e4b32 [LEADER]: Queue going to LEADER mode. State: All replicated index: 0, Majority replicated index: 2, Committed index: 2, Last appended: 2.2, Last appended by leader: 1, Current term: 2, Majority size: 2, State: 0, Mode: LEADER, active raft config: opid_index: 3 OBSOLETE_local: false peers { permanent_uuid: "651037bd920446958a893c6af4e425c3" member_type: VOTER last_known_addr { host: "127.0.107.193" port: 46685 } } peers { permanent_uuid: "701bbe43d11341a8b399ea1f561e4b32" member_type: VOTER last_known_addr { host: "127.0.107.195" port: 37873 } } peers { permanent_uuid: "1227a48788794b1882b29eb5c43be8c8" member_type: VOTER last_known_addr { host: "127.0.107.196" port: 44815 } attrs { replace: true } } peers { permanent_uuid: "f3485e48a73f4c5f955c87add7354d5f" member_type: NON_VOTER last_known_addr { host: "127.0.107.194" port: 36239 } attrs { promote: true } }
W20260630 12:12:43.677138  3588 consensus_peers.cc:597] T 0b698450702b49ffaa20461771f82a5d P 701bbe43d11341a8b399ea1f561e4b32 -> Peer f3485e48a73f4c5f955c87add7354d5f (127.0.107.194:36239): Couldn't send request to peer f3485e48a73f4c5f955c87add7354d5f. Error code: TABLET_NOT_FOUND (6). Status: Not found: Tablet not found: 0b698450702b49ffaa20461771f82a5d. This is attempt 1: this message will repeat every 5th retry.
I20260630 12:12:43.678352  3772 raft_consensus.cc:1275] T 0b698450702b49ffaa20461771f82a5d P 1227a48788794b1882b29eb5c43be8c8 [term 2 FOLLOWER]: Refusing update from remote peer 701bbe43d11341a8b399ea1f561e4b32: Log matching property violated. Preceding OpId in replica: term: 2 index: 2. Preceding OpId from leader: term: 2 index: 3. (index mismatch)
I20260630 12:12:43.679178  3471 raft_consensus.cc:1275] T 0b698450702b49ffaa20461771f82a5d P 651037bd920446958a893c6af4e425c3 [term 2 FOLLOWER]: Refusing update from remote peer 701bbe43d11341a8b399ea1f561e4b32: Log matching property violated. Preceding OpId in replica: term: 2 index: 2. Preceding OpId from leader: term: 2 index: 3. (index mismatch)
I20260630 12:12:43.680464  3887 consensus_queue.cc:1048] T 0b698450702b49ffaa20461771f82a5d P 701bbe43d11341a8b399ea1f561e4b32 [LEADER]: Connected to new peer: Peer: permanent_uuid: "1227a48788794b1882b29eb5c43be8c8" member_type: VOTER last_known_addr { host: "127.0.107.196" port: 44815 } attrs { replace: true }, Status: LMP_MISMATCH, Last received: 0.0, Next index: 3, Last known committed idx: 2, Time since last communication: 0.001s
I20260630 12:12:43.681689  3996 consensus_queue.cc:1048] T 0b698450702b49ffaa20461771f82a5d P 701bbe43d11341a8b399ea1f561e4b32 [LEADER]: Connected to new peer: Peer: permanent_uuid: "651037bd920446958a893c6af4e425c3" member_type: VOTER last_known_addr { host: "127.0.107.193" port: 46685 }, Status: LMP_MISMATCH, Last received: 0.0, Next index: 3, Last known committed idx: 2, Time since last communication: 0.000s
I20260630 12:12:43.697034  3996 raft_consensus.cc:2955] T 0b698450702b49ffaa20461771f82a5d P 701bbe43d11341a8b399ea1f561e4b32 [term 2 LEADER]: Committing config change with OpId 2.3: config changed from index -1 to 3, NON_VOTER f3485e48a73f4c5f955c87add7354d5f (127.0.107.194) added. New config: { opid_index: 3 OBSOLETE_local: false peers { permanent_uuid: "651037bd920446958a893c6af4e425c3" member_type: VOTER last_known_addr { host: "127.0.107.193" port: 46685 } } peers { permanent_uuid: "701bbe43d11341a8b399ea1f561e4b32" member_type: VOTER last_known_addr { host: "127.0.107.195" port: 37873 } } peers { permanent_uuid: "1227a48788794b1882b29eb5c43be8c8" member_type: VOTER last_known_addr { host: "127.0.107.196" port: 44815 } attrs { replace: true } } peers { permanent_uuid: "f3485e48a73f4c5f955c87add7354d5f" member_type: NON_VOTER last_known_addr { host: "127.0.107.194" port: 36239 } attrs { promote: true } } }
I20260630 12:12:43.699167  3772 raft_consensus.cc:2955] T 0b698450702b49ffaa20461771f82a5d P 1227a48788794b1882b29eb5c43be8c8 [term 2 FOLLOWER]: Committing config change with OpId 2.3: config changed from index -1 to 3, NON_VOTER f3485e48a73f4c5f955c87add7354d5f (127.0.107.194) added. New config: { opid_index: 3 OBSOLETE_local: false peers { permanent_uuid: "651037bd920446958a893c6af4e425c3" member_type: VOTER last_known_addr { host: "127.0.107.193" port: 46685 } } peers { permanent_uuid: "701bbe43d11341a8b399ea1f561e4b32" member_type: VOTER last_known_addr { host: "127.0.107.195" port: 37873 } } peers { permanent_uuid: "1227a48788794b1882b29eb5c43be8c8" member_type: VOTER last_known_addr { host: "127.0.107.196" port: 44815 } attrs { replace: true } } peers { permanent_uuid: "f3485e48a73f4c5f955c87add7354d5f" member_type: NON_VOTER last_known_addr { host: "127.0.107.194" port: 36239 } attrs { promote: true } } }
I20260630 12:12:43.701625  3471 raft_consensus.cc:2955] T 0b698450702b49ffaa20461771f82a5d P 651037bd920446958a893c6af4e425c3 [term 2 FOLLOWER]: Committing config change with OpId 2.3: config changed from index -1 to 3, NON_VOTER f3485e48a73f4c5f955c87add7354d5f (127.0.107.194) added. New config: { opid_index: 3 OBSOLETE_local: false peers { permanent_uuid: "651037bd920446958a893c6af4e425c3" member_type: VOTER last_known_addr { host: "127.0.107.193" port: 46685 } } peers { permanent_uuid: "701bbe43d11341a8b399ea1f561e4b32" member_type: VOTER last_known_addr { host: "127.0.107.195" port: 37873 } } peers { permanent_uuid: "1227a48788794b1882b29eb5c43be8c8" member_type: VOTER last_known_addr { host: "127.0.107.196" port: 44815 } attrs { replace: true } } peers { permanent_uuid: "f3485e48a73f4c5f955c87add7354d5f" member_type: NON_VOTER last_known_addr { host: "127.0.107.194" port: 36239 } attrs { promote: true } } }
I20260630 12:12:43.713759  3622 consensus_queue.cc:237] T 4b0c24dc6deb4e59bcfe299437c67e56 P 701bbe43d11341a8b399ea1f561e4b32 [LEADER]: Queue going to LEADER mode. State: All replicated index: 0, Majority replicated index: 2, Committed index: 2, Last appended: 2.2, Last appended by leader: 1, Current term: 2, Majority size: 2, State: 0, Mode: LEADER, active raft config: opid_index: 3 OBSOLETE_local: false peers { permanent_uuid: "651037bd920446958a893c6af4e425c3" member_type: VOTER last_known_addr { host: "127.0.107.193" port: 46685 } } peers { permanent_uuid: "f3485e48a73f4c5f955c87add7354d5f" member_type: VOTER last_known_addr { host: "127.0.107.194" port: 36239 } attrs { replace: true } } peers { permanent_uuid: "701bbe43d11341a8b399ea1f561e4b32" member_type: VOTER last_known_addr { host: "127.0.107.195" port: 37873 } } peers { permanent_uuid: "1227a48788794b1882b29eb5c43be8c8" member_type: NON_VOTER last_known_addr { host: "127.0.107.196" port: 44815 } attrs { promote: true } }
I20260630 12:12:43.722553  3368 catalog_manager.cc:5697] T 0b698450702b49ffaa20461771f82a5d P 1227a48788794b1882b29eb5c43be8c8 reported cstate change: config changed from index -1 to 3, NON_VOTER f3485e48a73f4c5f955c87add7354d5f (127.0.107.194) added. New cstate: current_term: 2 leader_uuid: "701bbe43d11341a8b399ea1f561e4b32" committed_config { opid_index: 3 OBSOLETE_local: false peers { permanent_uuid: "651037bd920446958a893c6af4e425c3" member_type: VOTER last_known_addr { host: "127.0.107.193" port: 46685 } } peers { permanent_uuid: "701bbe43d11341a8b399ea1f561e4b32" member_type: VOTER last_known_addr { host: "127.0.107.195" port: 37873 } } peers { permanent_uuid: "1227a48788794b1882b29eb5c43be8c8" member_type: VOTER last_known_addr { host: "127.0.107.196" port: 44815 } attrs { replace: true } } peers { permanent_uuid: "f3485e48a73f4c5f955c87add7354d5f" member_type: NON_VOTER last_known_addr { host: "127.0.107.194" port: 36239 } attrs { promote: true } } }
I20260630 12:12:43.730054  3546 raft_consensus.cc:1275] T 4b0c24dc6deb4e59bcfe299437c67e56 P f3485e48a73f4c5f955c87add7354d5f [term 2 FOLLOWER]: Refusing update from remote peer 701bbe43d11341a8b399ea1f561e4b32: Log matching property violated. Preceding OpId in replica: term: 2 index: 2. Preceding OpId from leader: term: 2 index: 3. (index mismatch)
W20260630 12:12:43.730647  3586 consensus_peers.cc:597] T 4b0c24dc6deb4e59bcfe299437c67e56 P 701bbe43d11341a8b399ea1f561e4b32 -> Peer 1227a48788794b1882b29eb5c43be8c8 (127.0.107.196:44815): Couldn't send request to peer 1227a48788794b1882b29eb5c43be8c8. Error code: TABLET_NOT_FOUND (6). Status: Not found: Tablet not found: 4b0c24dc6deb4e59bcfe299437c67e56. This is attempt 1: this message will repeat every 5th retry.
I20260630 12:12:43.732306  3887 consensus_queue.cc:1048] T 4b0c24dc6deb4e59bcfe299437c67e56 P 701bbe43d11341a8b399ea1f561e4b32 [LEADER]: Connected to new peer: Peer: permanent_uuid: "f3485e48a73f4c5f955c87add7354d5f" member_type: VOTER last_known_addr { host: "127.0.107.194" port: 36239 } attrs { replace: true }, Status: LMP_MISMATCH, Last received: 0.0, Next index: 3, Last known committed idx: 2, Time since last communication: 0.001s
I20260630 12:12:43.733644  3471 raft_consensus.cc:1275] T 4b0c24dc6deb4e59bcfe299437c67e56 P 651037bd920446958a893c6af4e425c3 [term 2 FOLLOWER]: Refusing update from remote peer 701bbe43d11341a8b399ea1f561e4b32: Log matching property violated. Preceding OpId in replica: term: 2 index: 2. Preceding OpId from leader: term: 2 index: 3. (index mismatch)
I20260630 12:12:43.735986  3887 consensus_queue.cc:1048] T 4b0c24dc6deb4e59bcfe299437c67e56 P 701bbe43d11341a8b399ea1f561e4b32 [LEADER]: Connected to new peer: Peer: permanent_uuid: "651037bd920446958a893c6af4e425c3" member_type: VOTER last_known_addr { host: "127.0.107.193" port: 46685 }, Status: LMP_MISMATCH, Last received: 0.0, Next index: 3, Last known committed idx: 2, Time since last communication: 0.000s
I20260630 12:12:43.741228  3996 raft_consensus.cc:2955] T 4b0c24dc6deb4e59bcfe299437c67e56 P 701bbe43d11341a8b399ea1f561e4b32 [term 2 LEADER]: Committing config change with OpId 2.3: config changed from index -1 to 3, NON_VOTER 1227a48788794b1882b29eb5c43be8c8 (127.0.107.196) added. New config: { opid_index: 3 OBSOLETE_local: false peers { permanent_uuid: "651037bd920446958a893c6af4e425c3" member_type: VOTER last_known_addr { host: "127.0.107.193" port: 46685 } } peers { permanent_uuid: "f3485e48a73f4c5f955c87add7354d5f" member_type: VOTER last_known_addr { host: "127.0.107.194" port: 36239 } attrs { replace: true } } peers { permanent_uuid: "701bbe43d11341a8b399ea1f561e4b32" member_type: VOTER last_known_addr { host: "127.0.107.195" port: 37873 } } peers { permanent_uuid: "1227a48788794b1882b29eb5c43be8c8" member_type: NON_VOTER last_known_addr { host: "127.0.107.196" port: 44815 } attrs { promote: true } } }
I20260630 12:12:43.743472  3546 raft_consensus.cc:2955] T 4b0c24dc6deb4e59bcfe299437c67e56 P f3485e48a73f4c5f955c87add7354d5f [term 2 FOLLOWER]: Committing config change with OpId 2.3: config changed from index -1 to 3, NON_VOTER 1227a48788794b1882b29eb5c43be8c8 (127.0.107.196) added. New config: { opid_index: 3 OBSOLETE_local: false peers { permanent_uuid: "651037bd920446958a893c6af4e425c3" member_type: VOTER last_known_addr { host: "127.0.107.193" port: 46685 } } peers { permanent_uuid: "f3485e48a73f4c5f955c87add7354d5f" member_type: VOTER last_known_addr { host: "127.0.107.194" port: 36239 } attrs { replace: true } } peers { permanent_uuid: "701bbe43d11341a8b399ea1f561e4b32" member_type: VOTER last_known_addr { host: "127.0.107.195" port: 37873 } } peers { permanent_uuid: "1227a48788794b1882b29eb5c43be8c8" member_type: NON_VOTER last_known_addr { host: "127.0.107.196" port: 44815 } attrs { promote: true } } }
I20260630 12:12:43.758561  3471 raft_consensus.cc:2955] T 4b0c24dc6deb4e59bcfe299437c67e56 P 651037bd920446958a893c6af4e425c3 [term 2 FOLLOWER]: Committing config change with OpId 2.3: config changed from index -1 to 3, NON_VOTER 1227a48788794b1882b29eb5c43be8c8 (127.0.107.196) added. New config: { opid_index: 3 OBSOLETE_local: false peers { permanent_uuid: "651037bd920446958a893c6af4e425c3" member_type: VOTER last_known_addr { host: "127.0.107.193" port: 46685 } } peers { permanent_uuid: "f3485e48a73f4c5f955c87add7354d5f" member_type: VOTER last_known_addr { host: "127.0.107.194" port: 36239 } attrs { replace: true } } peers { permanent_uuid: "701bbe43d11341a8b399ea1f561e4b32" member_type: VOTER last_known_addr { host: "127.0.107.195" port: 37873 } } peers { permanent_uuid: "1227a48788794b1882b29eb5c43be8c8" member_type: NON_VOTER last_known_addr { host: "127.0.107.196" port: 44815 } attrs { promote: true } } }
I20260630 12:12:43.762624  3370 catalog_manager.cc:5697] T 4b0c24dc6deb4e59bcfe299437c67e56 P f3485e48a73f4c5f955c87add7354d5f reported cstate change: config changed from index -1 to 3, NON_VOTER 1227a48788794b1882b29eb5c43be8c8 (127.0.107.196) added. New cstate: current_term: 2 leader_uuid: "701bbe43d11341a8b399ea1f561e4b32" committed_config { opid_index: 3 OBSOLETE_local: false peers { permanent_uuid: "651037bd920446958a893c6af4e425c3" member_type: VOTER last_known_addr { host: "127.0.107.193" port: 46685 } } peers { permanent_uuid: "f3485e48a73f4c5f955c87add7354d5f" member_type: VOTER last_known_addr { host: "127.0.107.194" port: 36239 } attrs { replace: true } } peers { permanent_uuid: "701bbe43d11341a8b399ea1f561e4b32" member_type: VOTER last_known_addr { host: "127.0.107.195" port: 37873 } } peers { permanent_uuid: "1227a48788794b1882b29eb5c43be8c8" member_type: NON_VOTER last_known_addr { host: "127.0.107.196" port: 44815 } attrs { promote: true } } }
I20260630 12:12:43.775185  3472 consensus_queue.cc:237] T 35a20bb112064d9eb813490696a79de1 P 651037bd920446958a893c6af4e425c3 [LEADER]: Queue going to LEADER mode. State: All replicated index: 0, Majority replicated index: 1, Committed index: 1, Last appended: 1.1, Last appended by leader: 0, Current term: 1, Majority size: 2, State: 0, Mode: LEADER, active raft config: opid_index: 2 OBSOLETE_local: false peers { permanent_uuid: "f3485e48a73f4c5f955c87add7354d5f" member_type: VOTER last_known_addr { host: "127.0.107.194" port: 36239 } } peers { permanent_uuid: "1227a48788794b1882b29eb5c43be8c8" member_type: VOTER last_known_addr { host: "127.0.107.196" port: 44815 } attrs { replace: true } } peers { permanent_uuid: "651037bd920446958a893c6af4e425c3" member_type: VOTER last_known_addr { host: "127.0.107.193" port: 46685 } } peers { permanent_uuid: "701bbe43d11341a8b399ea1f561e4b32" member_type: NON_VOTER last_known_addr { host: "127.0.107.195" port: 37873 } attrs { promote: true } }
W20260630 12:12:43.785166  3439 consensus_peers.cc:597] T 35a20bb112064d9eb813490696a79de1 P 651037bd920446958a893c6af4e425c3 -> Peer 701bbe43d11341a8b399ea1f561e4b32 (127.0.107.195:37873): Couldn't send request to peer 701bbe43d11341a8b399ea1f561e4b32. Error code: TABLET_NOT_FOUND (6). Status: Not found: Tablet not found: 35a20bb112064d9eb813490696a79de1. This is attempt 1: this message will repeat every 5th retry.
I20260630 12:12:43.787065  3772 raft_consensus.cc:1275] T 35a20bb112064d9eb813490696a79de1 P 1227a48788794b1882b29eb5c43be8c8 [term 1 FOLLOWER]: Refusing update from remote peer 651037bd920446958a893c6af4e425c3: Log matching property violated. Preceding OpId in replica: term: 1 index: 1. Preceding OpId from leader: term: 1 index: 2. (index mismatch)
I20260630 12:12:43.787207  3546 raft_consensus.cc:1275] T 35a20bb112064d9eb813490696a79de1 P f3485e48a73f4c5f955c87add7354d5f [term 1 FOLLOWER]: Refusing update from remote peer 651037bd920446958a893c6af4e425c3: Log matching property violated. Preceding OpId in replica: term: 1 index: 1. Preceding OpId from leader: term: 1 index: 2. (index mismatch)
I20260630 12:12:43.791792  3998 consensus_queue.cc:1048] T 35a20bb112064d9eb813490696a79de1 P 651037bd920446958a893c6af4e425c3 [LEADER]: Connected to new peer: Peer: permanent_uuid: "f3485e48a73f4c5f955c87add7354d5f" member_type: VOTER last_known_addr { host: "127.0.107.194" port: 36239 }, Status: LMP_MISMATCH, Last received: 0.0, Next index: 2, Last known committed idx: 1, Time since last communication: 0.000s
I20260630 12:12:43.793510  3997 consensus_queue.cc:1048] T 35a20bb112064d9eb813490696a79de1 P 651037bd920446958a893c6af4e425c3 [LEADER]: Connected to new peer: Peer: permanent_uuid: "1227a48788794b1882b29eb5c43be8c8" member_type: VOTER last_known_addr { host: "127.0.107.196" port: 44815 } attrs { replace: true }, Status: LMP_MISMATCH, Last received: 0.0, Next index: 2, Last known committed idx: 1, Time since last communication: 0.001s
I20260630 12:12:43.802162  3998 raft_consensus.cc:2955] T 35a20bb112064d9eb813490696a79de1 P 651037bd920446958a893c6af4e425c3 [term 1 LEADER]: Committing config change with OpId 1.2: config changed from index -1 to 2, NON_VOTER 701bbe43d11341a8b399ea1f561e4b32 (127.0.107.195) added. New config: { opid_index: 2 OBSOLETE_local: false peers { permanent_uuid: "f3485e48a73f4c5f955c87add7354d5f" member_type: VOTER last_known_addr { host: "127.0.107.194" port: 36239 } } peers { permanent_uuid: "1227a48788794b1882b29eb5c43be8c8" member_type: VOTER last_known_addr { host: "127.0.107.196" port: 44815 } attrs { replace: true } } peers { permanent_uuid: "651037bd920446958a893c6af4e425c3" member_type: VOTER last_known_addr { host: "127.0.107.193" port: 46685 } } peers { permanent_uuid: "701bbe43d11341a8b399ea1f561e4b32" member_type: NON_VOTER last_known_addr { host: "127.0.107.195" port: 37873 } attrs { promote: true } } }
I20260630 12:12:43.805377  3546 raft_consensus.cc:2955] T 35a20bb112064d9eb813490696a79de1 P f3485e48a73f4c5f955c87add7354d5f [term 1 FOLLOWER]: Committing config change with OpId 1.2: config changed from index -1 to 2, NON_VOTER 701bbe43d11341a8b399ea1f561e4b32 (127.0.107.195) added. New config: { opid_index: 2 OBSOLETE_local: false peers { permanent_uuid: "f3485e48a73f4c5f955c87add7354d5f" member_type: VOTER last_known_addr { host: "127.0.107.194" port: 36239 } } peers { permanent_uuid: "1227a48788794b1882b29eb5c43be8c8" member_type: VOTER last_known_addr { host: "127.0.107.196" port: 44815 } attrs { replace: true } } peers { permanent_uuid: "651037bd920446958a893c6af4e425c3" member_type: VOTER last_known_addr { host: "127.0.107.193" port: 46685 } } peers { permanent_uuid: "701bbe43d11341a8b399ea1f561e4b32" member_type: NON_VOTER last_known_addr { host: "127.0.107.195" port: 37873 } attrs { promote: true } } }
I20260630 12:12:43.808542  3772 raft_consensus.cc:2955] T 35a20bb112064d9eb813490696a79de1 P 1227a48788794b1882b29eb5c43be8c8 [term 1 FOLLOWER]: Committing config change with OpId 1.2: config changed from index -1 to 2, NON_VOTER 701bbe43d11341a8b399ea1f561e4b32 (127.0.107.195) added. New config: { opid_index: 2 OBSOLETE_local: false peers { permanent_uuid: "f3485e48a73f4c5f955c87add7354d5f" member_type: VOTER last_known_addr { host: "127.0.107.194" port: 36239 } } peers { permanent_uuid: "1227a48788794b1882b29eb5c43be8c8" member_type: VOTER last_known_addr { host: "127.0.107.196" port: 44815 } attrs { replace: true } } peers { permanent_uuid: "651037bd920446958a893c6af4e425c3" member_type: VOTER last_known_addr { host: "127.0.107.193" port: 46685 } } peers { permanent_uuid: "701bbe43d11341a8b399ea1f561e4b32" member_type: NON_VOTER last_known_addr { host: "127.0.107.195" port: 37873 } attrs { promote: true } } }
