I20260630 12:11:36.070179  2417 consensus_queue.cc:260] T b3f063fb16684dbf8f9356570dace20f P 76cd269943fb4532acecdb82e593ca8d [NON_LEADER]: Queue going to NON_LEADER mode. State: All replicated index: 0, Majority replicated index: 0, Committed index: 0, Last appended: 0.0, Last appended by leader: 0, Current term: 0, Majority size: -1, State: 0, Mode: NON_LEADER, active raft config: opid_index: -1 OBSOLETE_local: false peers { permanent_uuid: "76cd269943fb4532acecdb82e593ca8d" member_type: VOTER last_known_addr { host: "127.0.107.193" port: 36005 } } peers { permanent_uuid: "0922e432eb634e84ad53f9a8b6165d4f" member_type: VOTER last_known_addr { host: "127.0.107.195" port: 40645 } } peers { permanent_uuid: "f9706e364f6241a6aa725d80b1f47088" member_type: VOTER last_known_addr { host: "127.0.107.194" port: 33553 } }
I20260630 12:11:36.071370  2418 raft_consensus.cc:359] T a93a081c5d324ab4a77c76867d869901 P 0922e432eb634e84ad53f9a8b6165d4f [term 0 FOLLOWER]: Replica starting. Triggering 0 pending ops. Active config: opid_index: -1 OBSOLETE_local: false peers { permanent_uuid: "76cd269943fb4532acecdb82e593ca8d" member_type: VOTER last_known_addr { host: "127.0.107.193" port: 36005 } } peers { permanent_uuid: "f9706e364f6241a6aa725d80b1f47088" member_type: VOTER last_known_addr { host: "127.0.107.194" port: 33553 } } peers { permanent_uuid: "0922e432eb634e84ad53f9a8b6165d4f" member_type: VOTER last_known_addr { host: "127.0.107.195" port: 40645 } }
I20260630 12:11:36.072078  2418 raft_consensus.cc:385] T a93a081c5d324ab4a77c76867d869901 P 0922e432eb634e84ad53f9a8b6165d4f [term 0 FOLLOWER]: Consensus starting up: Expiring failure detector timer to make a prompt election more likely
I20260630 12:11:36.072487  2418 raft_consensus.cc:740] T a93a081c5d324ab4a77c76867d869901 P 0922e432eb634e84ad53f9a8b6165d4f [term 0 FOLLOWER]: Becoming Follower/Learner. State: Replica: 0922e432eb634e84ad53f9a8b6165d4f, State: Initialized, Role: FOLLOWER
I20260630 12:11:36.073572  2248 heartbeater.cc:499] Master 127.0.107.254:33935 was elected leader, sending a full tablet report...
I20260630 12:11:36.073658  2418 consensus_queue.cc:260] T a93a081c5d324ab4a77c76867d869901 P 0922e432eb634e84ad53f9a8b6165d4f [NON_LEADER]: Queue going to NON_LEADER mode. State: All replicated index: 0, Majority replicated index: 0, Committed index: 0, Last appended: 0.0, Last appended by leader: 0, Current term: 0, Majority size: -1, State: 0, Mode: NON_LEADER, active raft config: opid_index: -1 OBSOLETE_local: false peers { permanent_uuid: "76cd269943fb4532acecdb82e593ca8d" member_type: VOTER last_known_addr { host: "127.0.107.193" port: 36005 } } peers { permanent_uuid: "f9706e364f6241a6aa725d80b1f47088" member_type: VOTER last_known_addr { host: "127.0.107.194" port: 33553 } } peers { permanent_uuid: "0922e432eb634e84ad53f9a8b6165d4f" member_type: VOTER last_known_addr { host: "127.0.107.195" port: 40645 } }
I20260630 12:11:36.074806  2417 ts_tablet_manager.cc:1434] T b3f063fb16684dbf8f9356570dace20f P 76cd269943fb4532acecdb82e593ca8d: Time spent starting tablet: real 0.010s	user 0.008s	sys 0.000s
I20260630 12:11:36.076653  2417 tablet_bootstrap.cc:492] T a93a081c5d324ab4a77c76867d869901 P 76cd269943fb4532acecdb82e593ca8d: Bootstrap starting.
I20260630 12:11:36.079787  2420 tablet_bootstrap.cc:492] T b3f063fb16684dbf8f9356570dace20f P f9706e364f6241a6aa725d80b1f47088: No bootstrap required, opened a new log
I20260630 12:11:36.080765  2420 ts_tablet_manager.cc:1403] T b3f063fb16684dbf8f9356570dace20f P f9706e364f6241a6aa725d80b1f47088: Time spent bootstrapping tablet: real 0.020s	user 0.014s	sys 0.004s
I20260630 12:11:36.083428  2417 tablet_bootstrap.cc:654] T a93a081c5d324ab4a77c76867d869901 P 76cd269943fb4532acecdb82e593ca8d: Neither blocks nor log segments found. Creating new log.
I20260630 12:11:36.087052  2420 raft_consensus.cc:359] T b3f063fb16684dbf8f9356570dace20f P f9706e364f6241a6aa725d80b1f47088 [term 0 FOLLOWER]: Replica starting. Triggering 0 pending ops. Active config: opid_index: -1 OBSOLETE_local: false peers { permanent_uuid: "76cd269943fb4532acecdb82e593ca8d" member_type: VOTER last_known_addr { host: "127.0.107.193" port: 36005 } } peers { permanent_uuid: "0922e432eb634e84ad53f9a8b6165d4f" member_type: VOTER last_known_addr { host: "127.0.107.195" port: 40645 } } peers { permanent_uuid: "f9706e364f6241a6aa725d80b1f47088" member_type: VOTER last_known_addr { host: "127.0.107.194" port: 33553 } }
I20260630 12:11:36.088342  2420 raft_consensus.cc:385] T b3f063fb16684dbf8f9356570dace20f P f9706e364f6241a6aa725d80b1f47088 [term 0 FOLLOWER]: Consensus starting up: Expiring failure detector timer to make a prompt election more likely
I20260630 12:11:36.088795  2420 raft_consensus.cc:740] T b3f063fb16684dbf8f9356570dace20f P f9706e364f6241a6aa725d80b1f47088 [term 0 FOLLOWER]: Becoming Follower/Learner. State: Replica: f9706e364f6241a6aa725d80b1f47088, State: Initialized, Role: FOLLOWER
I20260630 12:11:36.090261  2420 consensus_queue.cc:260] T b3f063fb16684dbf8f9356570dace20f P f9706e364f6241a6aa725d80b1f47088 [NON_LEADER]: Queue going to NON_LEADER mode. State: All replicated index: 0, Majority replicated index: 0, Committed index: 0, Last appended: 0.0, Last appended by leader: 0, Current term: 0, Majority size: -1, State: 0, Mode: NON_LEADER, active raft config: opid_index: -1 OBSOLETE_local: false peers { permanent_uuid: "76cd269943fb4532acecdb82e593ca8d" member_type: VOTER last_known_addr { host: "127.0.107.193" port: 36005 } } peers { permanent_uuid: "0922e432eb634e84ad53f9a8b6165d4f" member_type: VOTER last_known_addr { host: "127.0.107.195" port: 40645 } } peers { permanent_uuid: "f9706e364f6241a6aa725d80b1f47088" member_type: VOTER last_known_addr { host: "127.0.107.194" port: 33553 } }
I20260630 12:11:36.095300  2417 tablet_bootstrap.cc:492] T a93a081c5d324ab4a77c76867d869901 P 76cd269943fb4532acecdb82e593ca8d: No bootstrap required, opened a new log
I20260630 12:11:36.095922  2417 ts_tablet_manager.cc:1403] T a93a081c5d324ab4a77c76867d869901 P 76cd269943fb4532acecdb82e593ca8d: Time spent bootstrapping tablet: real 0.019s	user 0.013s	sys 0.005s
I20260630 12:11:36.099527  2417 raft_consensus.cc:359] T a93a081c5d324ab4a77c76867d869901 P 76cd269943fb4532acecdb82e593ca8d [term 0 FOLLOWER]: Replica starting. Triggering 0 pending ops. Active config: opid_index: -1 OBSOLETE_local: false peers { permanent_uuid: "76cd269943fb4532acecdb82e593ca8d" member_type: VOTER last_known_addr { host: "127.0.107.193" port: 36005 } } peers { permanent_uuid: "f9706e364f6241a6aa725d80b1f47088" member_type: VOTER last_known_addr { host: "127.0.107.194" port: 33553 } } peers { permanent_uuid: "0922e432eb634e84ad53f9a8b6165d4f" member_type: VOTER last_known_addr { host: "127.0.107.195" port: 40645 } }
I20260630 12:11:36.102085  2397 heartbeater.cc:499] Master 127.0.107.254:33935 was elected leader, sending a full tablet report...
I20260630 12:11:36.102834  2424 raft_consensus.cc:493] T a93a081c5d324ab4a77c76867d869901 P 0922e432eb634e84ad53f9a8b6165d4f [term 0 FOLLOWER]: Starting pre-election (no leader contacted us within the election timeout)
I20260630 12:11:36.103328  2418 ts_tablet_manager.cc:1434] T a93a081c5d324ab4a77c76867d869901 P 0922e432eb634e84ad53f9a8b6165d4f: Time spent starting tablet: real 0.035s	user 0.018s	sys 0.012s
I20260630 12:11:36.103397  2417 raft_consensus.cc:385] T a93a081c5d324ab4a77c76867d869901 P 76cd269943fb4532acecdb82e593ca8d [term 0 FOLLOWER]: Consensus starting up: Expiring failure detector timer to make a prompt election more likely
I20260630 12:11:36.103976  2424 raft_consensus.cc:515] T a93a081c5d324ab4a77c76867d869901 P 0922e432eb634e84ad53f9a8b6165d4f [term 0 FOLLOWER]: Starting pre-election with config: opid_index: -1 OBSOLETE_local: false peers { permanent_uuid: "76cd269943fb4532acecdb82e593ca8d" member_type: VOTER last_known_addr { host: "127.0.107.193" port: 36005 } } peers { permanent_uuid: "f9706e364f6241a6aa725d80b1f47088" member_type: VOTER last_known_addr { host: "127.0.107.194" port: 33553 } } peers { permanent_uuid: "0922e432eb634e84ad53f9a8b6165d4f" member_type: VOTER last_known_addr { host: "127.0.107.195" port: 40645 } }
I20260630 12:11:36.104799  2417 raft_consensus.cc:740] T a93a081c5d324ab4a77c76867d869901 P 76cd269943fb4532acecdb82e593ca8d [term 0 FOLLOWER]: Becoming Follower/Learner. State: Replica: 76cd269943fb4532acecdb82e593ca8d, State: Initialized, Role: FOLLOWER
I20260630 12:11:36.105765  2420 ts_tablet_manager.cc:1434] T b3f063fb16684dbf8f9356570dace20f P f9706e364f6241a6aa725d80b1f47088: Time spent starting tablet: real 0.025s	user 0.011s	sys 0.010s
I20260630 12:11:36.106873  2418 tablet_bootstrap.cc:492] T b3f063fb16684dbf8f9356570dace20f P 0922e432eb634e84ad53f9a8b6165d4f: Bootstrap starting.
I20260630 12:11:36.114220  2417 consensus_queue.cc:260] T a93a081c5d324ab4a77c76867d869901 P 76cd269943fb4532acecdb82e593ca8d [NON_LEADER]: Queue going to NON_LEADER mode. State: All replicated index: 0, Majority replicated index: 0, Committed index: 0, Last appended: 0.0, Last appended by leader: 0, Current term: 0, Majority size: -1, State: 0, Mode: NON_LEADER, active raft config: opid_index: -1 OBSOLETE_local: false peers { permanent_uuid: "76cd269943fb4532acecdb82e593ca8d" member_type: VOTER last_known_addr { host: "127.0.107.193" port: 36005 } } peers { permanent_uuid: "f9706e364f6241a6aa725d80b1f47088" member_type: VOTER last_known_addr { host: "127.0.107.194" port: 33553 } } peers { permanent_uuid: "0922e432eb634e84ad53f9a8b6165d4f" member_type: VOTER last_known_addr { host: "127.0.107.195" port: 40645 } }
W20260630 12:11:36.115767  2249 tablet.cc:2406] T b3f063fb16684dbf8f9356570dace20f P 76cd269943fb4532acecdb82e593ca8d: Can't schedule compaction. Clean time has not been advanced past its initial value.
I20260630 12:11:36.116578  2417 ts_tablet_manager.cc:1434] T a93a081c5d324ab4a77c76867d869901 P 76cd269943fb4532acecdb82e593ca8d: Time spent starting tablet: real 0.020s	user 0.007s	sys 0.000s
I20260630 12:11:36.117105  2418 tablet_bootstrap.cc:654] T b3f063fb16684dbf8f9356570dace20f P 0922e432eb634e84ad53f9a8b6165d4f: Neither blocks nor log segments found. Creating new log.
I20260630 12:11:36.117516  2323 heartbeater.cc:499] Master 127.0.107.254:33935 was elected leader, sending a full tablet report...
I20260630 12:11:36.118705  2424 leader_election.cc:290] T a93a081c5d324ab4a77c76867d869901 P 0922e432eb634e84ad53f9a8b6165d4f [CANDIDATE]: Term 1 pre-election: Requested pre-vote from peers 76cd269943fb4532acecdb82e593ca8d (127.0.107.193:36005), f9706e364f6241a6aa725d80b1f47088 (127.0.107.194:33553)
I20260630 12:11:36.120997  2420 tablet_bootstrap.cc:492] T a93a081c5d324ab4a77c76867d869901 P f9706e364f6241a6aa725d80b1f47088: Bootstrap starting.
I20260630 12:11:36.128026  2420 tablet_bootstrap.cc:654] T a93a081c5d324ab4a77c76867d869901 P f9706e364f6241a6aa725d80b1f47088: Neither blocks nor log segments found. Creating new log.
I20260630 12:11:36.139655  2418 tablet_bootstrap.cc:492] T b3f063fb16684dbf8f9356570dace20f P 0922e432eb634e84ad53f9a8b6165d4f: No bootstrap required, opened a new log
I20260630 12:11:36.140436  2418 ts_tablet_manager.cc:1403] T b3f063fb16684dbf8f9356570dace20f P 0922e432eb634e84ad53f9a8b6165d4f: Time spent bootstrapping tablet: real 0.036s	user 0.022s	sys 0.010s
I20260630 12:11:36.143797  2418 raft_consensus.cc:359] T b3f063fb16684dbf8f9356570dace20f P 0922e432eb634e84ad53f9a8b6165d4f [term 0 FOLLOWER]: Replica starting. Triggering 0 pending ops. Active config: opid_index: -1 OBSOLETE_local: false peers { permanent_uuid: "76cd269943fb4532acecdb82e593ca8d" member_type: VOTER last_known_addr { host: "127.0.107.193" port: 36005 } } peers { permanent_uuid: "0922e432eb634e84ad53f9a8b6165d4f" member_type: VOTER last_known_addr { host: "127.0.107.195" port: 40645 } } peers { permanent_uuid: "f9706e364f6241a6aa725d80b1f47088" member_type: VOTER last_known_addr { host: "127.0.107.194" port: 33553 } }
I20260630 12:11:36.144704  2418 raft_consensus.cc:385] T b3f063fb16684dbf8f9356570dace20f P 0922e432eb634e84ad53f9a8b6165d4f [term 0 FOLLOWER]: Consensus starting up: Expiring failure detector timer to make a prompt election more likely
I20260630 12:11:36.145089  2418 raft_consensus.cc:740] T b3f063fb16684dbf8f9356570dace20f P 0922e432eb634e84ad53f9a8b6165d4f [term 0 FOLLOWER]: Becoming Follower/Learner. State: Replica: 0922e432eb634e84ad53f9a8b6165d4f, State: Initialized, Role: FOLLOWER
I20260630 12:11:36.146155  2418 consensus_queue.cc:260] T b3f063fb16684dbf8f9356570dace20f P 0922e432eb634e84ad53f9a8b6165d4f [NON_LEADER]: Queue going to NON_LEADER mode. State: All replicated index: 0, Majority replicated index: 0, Committed index: 0, Last appended: 0.0, Last appended by leader: 0, Current term: 0, Majority size: -1, State: 0, Mode: NON_LEADER, active raft config: opid_index: -1 OBSOLETE_local: false peers { permanent_uuid: "76cd269943fb4532acecdb82e593ca8d" member_type: VOTER last_known_addr { host: "127.0.107.193" port: 36005 } } peers { permanent_uuid: "0922e432eb634e84ad53f9a8b6165d4f" member_type: VOTER last_known_addr { host: "127.0.107.195" port: 40645 } } peers { permanent_uuid: "f9706e364f6241a6aa725d80b1f47088" member_type: VOTER last_known_addr { host: "127.0.107.194" port: 33553 } }
I20260630 12:11:36.149125  2223 tablet_service.cc:1917] Received RequestConsensusVote() RPC: tablet_id: "a93a081c5d324ab4a77c76867d869901" candidate_uuid: "0922e432eb634e84ad53f9a8b6165d4f" candidate_term: 1 candidate_status { last_received { term: 0 index: 0 } } ignore_live_leader: false dest_uuid: "76cd269943fb4532acecdb82e593ca8d" is_pre_election: true
I20260630 12:11:36.150087  2418 ts_tablet_manager.cc:1434] T b3f063fb16684dbf8f9356570dace20f P 0922e432eb634e84ad53f9a8b6165d4f: Time spent starting tablet: real 0.009s	user 0.006s	sys 0.003s
I20260630 12:11:36.150164  2223 raft_consensus.cc:2468] T a93a081c5d324ab4a77c76867d869901 P 76cd269943fb4532acecdb82e593ca8d [term 0 FOLLOWER]: Leader pre-election vote request: Granting yes vote for candidate 0922e432eb634e84ad53f9a8b6165d4f in term 0.
I20260630 12:11:36.151957  2335 leader_election.cc:304] T a93a081c5d324ab4a77c76867d869901 P 0922e432eb634e84ad53f9a8b6165d4f [CANDIDATE]: Term 1 pre-election: Election decided. Result: candidate won. Election summary: received 2 responses out of 3 voters: 2 yes votes; 0 no votes. yes voters: 0922e432eb634e84ad53f9a8b6165d4f, 76cd269943fb4532acecdb82e593ca8d; no voters: 
I20260630 12:11:36.153424  2424 raft_consensus.cc:2804] T a93a081c5d324ab4a77c76867d869901 P 0922e432eb634e84ad53f9a8b6165d4f [term 0 FOLLOWER]: Leader pre-election won for term 1
I20260630 12:11:36.153887  2424 raft_consensus.cc:493] T a93a081c5d324ab4a77c76867d869901 P 0922e432eb634e84ad53f9a8b6165d4f [term 0 FOLLOWER]: Starting leader election (no leader contacted us within the election timeout)
I20260630 12:11:36.154330  2424 raft_consensus.cc:3060] T a93a081c5d324ab4a77c76867d869901 P 0922e432eb634e84ad53f9a8b6165d4f [term 0 FOLLOWER]: Advancing to term 1
I20260630 12:11:36.158044  2420 tablet_bootstrap.cc:492] T a93a081c5d324ab4a77c76867d869901 P f9706e364f6241a6aa725d80b1f47088: No bootstrap required, opened a new log
I20260630 12:11:36.158839  2420 ts_tablet_manager.cc:1403] T a93a081c5d324ab4a77c76867d869901 P f9706e364f6241a6aa725d80b1f47088: Time spent bootstrapping tablet: real 0.038s	user 0.027s	sys 0.008s
I20260630 12:11:36.162590  2420 raft_consensus.cc:359] T a93a081c5d324ab4a77c76867d869901 P f9706e364f6241a6aa725d80b1f47088 [term 0 FOLLOWER]: Replica starting. Triggering 0 pending ops. Active config: opid_index: -1 OBSOLETE_local: false peers { permanent_uuid: "76cd269943fb4532acecdb82e593ca8d" member_type: VOTER last_known_addr { host: "127.0.107.193" port: 36005 } } peers { permanent_uuid: "f9706e364f6241a6aa725d80b1f47088" member_type: VOTER last_known_addr { host: "127.0.107.194" port: 33553 } } peers { permanent_uuid: "0922e432eb634e84ad53f9a8b6165d4f" member_type: VOTER last_known_addr { host: "127.0.107.195" port: 40645 } }
I20260630 12:11:36.163581  2420 raft_consensus.cc:385] T a93a081c5d324ab4a77c76867d869901 P f9706e364f6241a6aa725d80b1f47088 [term 0 FOLLOWER]: Consensus starting up: Expiring failure detector timer to make a prompt election more likely
I20260630 12:11:36.163520  2298 tablet_service.cc:1917] Received RequestConsensusVote() RPC: tablet_id: "a93a081c5d324ab4a77c76867d869901" candidate_uuid: "0922e432eb634e84ad53f9a8b6165d4f" candidate_term: 1 candidate_status { last_received { term: 0 index: 0 } } ignore_live_leader: false dest_uuid: "f9706e364f6241a6aa725d80b1f47088" is_pre_election: true
I20260630 12:11:36.164270  2420 raft_consensus.cc:740] T a93a081c5d324ab4a77c76867d869901 P f9706e364f6241a6aa725d80b1f47088 [term 0 FOLLOWER]: Becoming Follower/Learner. State: Replica: f9706e364f6241a6aa725d80b1f47088, State: Initialized, Role: FOLLOWER
I20260630 12:11:36.164036  2424 raft_consensus.cc:515] T a93a081c5d324ab4a77c76867d869901 P 0922e432eb634e84ad53f9a8b6165d4f [term 1 FOLLOWER]: Starting leader election with config: opid_index: -1 OBSOLETE_local: false peers { permanent_uuid: "76cd269943fb4532acecdb82e593ca8d" member_type: VOTER last_known_addr { host: "127.0.107.193" port: 36005 } } peers { permanent_uuid: "f9706e364f6241a6aa725d80b1f47088" member_type: VOTER last_known_addr { host: "127.0.107.194" port: 33553 } } peers { permanent_uuid: "0922e432eb634e84ad53f9a8b6165d4f" member_type: VOTER last_known_addr { host: "127.0.107.195" port: 40645 } }
I20260630 12:11:36.165343  2420 consensus_queue.cc:260] T a93a081c5d324ab4a77c76867d869901 P f9706e364f6241a6aa725d80b1f47088 [NON_LEADER]: Queue going to NON_LEADER mode. State: All replicated index: 0, Majority replicated index: 0, Committed index: 0, Last appended: 0.0, Last appended by leader: 0, Current term: 0, Majority size: -1, State: 0, Mode: NON_LEADER, active raft config: opid_index: -1 OBSOLETE_local: false peers { permanent_uuid: "76cd269943fb4532acecdb82e593ca8d" member_type: VOTER last_known_addr { host: "127.0.107.193" port: 36005 } } peers { permanent_uuid: "f9706e364f6241a6aa725d80b1f47088" member_type: VOTER last_known_addr { host: "127.0.107.194" port: 33553 } } peers { permanent_uuid: "0922e432eb634e84ad53f9a8b6165d4f" member_type: VOTER last_known_addr { host: "127.0.107.195" port: 40645 } }
I20260630 12:11:36.166570  2298 raft_consensus.cc:2468] T a93a081c5d324ab4a77c76867d869901 P f9706e364f6241a6aa725d80b1f47088 [term 0 FOLLOWER]: Leader pre-election vote request: Granting yes vote for candidate 0922e432eb634e84ad53f9a8b6165d4f in term 0.
I20260630 12:11:36.168017  2420 ts_tablet_manager.cc:1434] T a93a081c5d324ab4a77c76867d869901 P f9706e364f6241a6aa725d80b1f47088: Time spent starting tablet: real 0.009s	user 0.003s	sys 0.003s
I20260630 12:11:36.167812  2223 tablet_service.cc:1917] Received RequestConsensusVote() RPC: tablet_id: "a93a081c5d324ab4a77c76867d869901" candidate_uuid: "0922e432eb634e84ad53f9a8b6165d4f" candidate_term: 1 candidate_status { last_received { term: 0 index: 0 } } ignore_live_leader: false dest_uuid: "76cd269943fb4532acecdb82e593ca8d"
I20260630 12:11:36.168552  2223 raft_consensus.cc:3060] T a93a081c5d324ab4a77c76867d869901 P 76cd269943fb4532acecdb82e593ca8d [term 0 FOLLOWER]: Advancing to term 1
I20260630 12:11:36.169552  2424 leader_election.cc:290] T a93a081c5d324ab4a77c76867d869901 P 0922e432eb634e84ad53f9a8b6165d4f [CANDIDATE]: Term 1 election: Requested vote from peers 76cd269943fb4532acecdb82e593ca8d (127.0.107.193:36005), f9706e364f6241a6aa725d80b1f47088 (127.0.107.194:33553)
I20260630 12:11:36.171610  2297 tablet_service.cc:1917] Received RequestConsensusVote() RPC: tablet_id: "a93a081c5d324ab4a77c76867d869901" candidate_uuid: "0922e432eb634e84ad53f9a8b6165d4f" candidate_term: 1 candidate_status { last_received { term: 0 index: 0 } } ignore_live_leader: false dest_uuid: "f9706e364f6241a6aa725d80b1f47088"
I20260630 12:11:36.172288  2297 raft_consensus.cc:3060] T a93a081c5d324ab4a77c76867d869901 P f9706e364f6241a6aa725d80b1f47088 [term 0 FOLLOWER]: Advancing to term 1
I20260630 12:11:36.177245  2223 raft_consensus.cc:2468] T a93a081c5d324ab4a77c76867d869901 P 76cd269943fb4532acecdb82e593ca8d [term 1 FOLLOWER]: Leader election vote request: Granting yes vote for candidate 0922e432eb634e84ad53f9a8b6165d4f in term 1.
I20260630 12:11:36.178107  2297 raft_consensus.cc:2468] T a93a081c5d324ab4a77c76867d869901 P f9706e364f6241a6aa725d80b1f47088 [term 1 FOLLOWER]: Leader election vote request: Granting yes vote for candidate 0922e432eb634e84ad53f9a8b6165d4f in term 1.
I20260630 12:11:36.178649  2335 leader_election.cc:304] T a93a081c5d324ab4a77c76867d869901 P 0922e432eb634e84ad53f9a8b6165d4f [CANDIDATE]: Term 1 election: Election decided. Result: candidate won. Election summary: received 2 responses out of 3 voters: 2 yes votes; 0 no votes. yes voters: 0922e432eb634e84ad53f9a8b6165d4f, 76cd269943fb4532acecdb82e593ca8d; no voters: 
I20260630 12:11:36.179702  2424 raft_consensus.cc:2804] T a93a081c5d324ab4a77c76867d869901 P 0922e432eb634e84ad53f9a8b6165d4f [term 1 FOLLOWER]: Leader election won for term 1
I20260630 12:11:36.180243  2424 raft_consensus.cc:697] T a93a081c5d324ab4a77c76867d869901 P 0922e432eb634e84ad53f9a8b6165d4f [term 1 LEADER]: Becoming Leader. State: Replica: 0922e432eb634e84ad53f9a8b6165d4f, State: Running, Role: LEADER
I20260630 12:11:36.181041  2424 consensus_queue.cc:237] T a93a081c5d324ab4a77c76867d869901 P 0922e432eb634e84ad53f9a8b6165d4f [LEADER]: Queue going to LEADER mode. State: All replicated index: 0, Majority replicated index: 0, Committed index: 0, Last appended: 0.0, Last appended by leader: 0, Current term: 1, Majority size: 2, State: 0, Mode: LEADER, active raft config: opid_index: -1 OBSOLETE_local: false peers { permanent_uuid: "76cd269943fb4532acecdb82e593ca8d" member_type: VOTER last_known_addr { host: "127.0.107.193" port: 36005 } } peers { permanent_uuid: "f9706e364f6241a6aa725d80b1f47088" member_type: VOTER last_known_addr { host: "127.0.107.194" port: 33553 } } peers { permanent_uuid: "0922e432eb634e84ad53f9a8b6165d4f" member_type: VOTER last_known_addr { host: "127.0.107.195" port: 40645 } }
I20260630 12:11:36.190128  2119 catalog_manager.cc:5697] T a93a081c5d324ab4a77c76867d869901 P 0922e432eb634e84ad53f9a8b6165d4f reported cstate change: term changed from 0 to 1, leader changed from <none> to 0922e432eb634e84ad53f9a8b6165d4f (127.0.107.195). New cstate: current_term: 1 leader_uuid: "0922e432eb634e84ad53f9a8b6165d4f" committed_config { opid_index: -1 OBSOLETE_local: false peers { permanent_uuid: "76cd269943fb4532acecdb82e593ca8d" member_type: VOTER last_known_addr { host: "127.0.107.193" port: 36005 } health_report { overall_health: UNKNOWN } } peers { permanent_uuid: "f9706e364f6241a6aa725d80b1f47088" member_type: VOTER last_known_addr { host: "127.0.107.194" port: 33553 } health_report { overall_health: UNKNOWN } } peers { permanent_uuid: "0922e432eb634e84ad53f9a8b6165d4f" member_type: VOTER last_known_addr { host: "127.0.107.195" port: 40645 } health_report { overall_health: HEALTHY } } }
I20260630 12:11:36.226897  2427 raft_consensus.cc:493] T b3f063fb16684dbf8f9356570dace20f P f9706e364f6241a6aa725d80b1f47088 [term 0 FOLLOWER]: Starting pre-election (no leader contacted us within the election timeout)
I20260630 12:11:36.227464  2427 raft_consensus.cc:515] T b3f063fb16684dbf8f9356570dace20f P f9706e364f6241a6aa725d80b1f47088 [term 0 FOLLOWER]: Starting pre-election with config: opid_index: -1 OBSOLETE_local: false peers { permanent_uuid: "76cd269943fb4532acecdb82e593ca8d" member_type: VOTER last_known_addr { host: "127.0.107.193" port: 36005 } } peers { permanent_uuid: "0922e432eb634e84ad53f9a8b6165d4f" member_type: VOTER last_known_addr { host: "127.0.107.195" port: 40645 } } peers { permanent_uuid: "f9706e364f6241a6aa725d80b1f47088" member_type: VOTER last_known_addr { host: "127.0.107.194" port: 33553 } }
I20260630 12:11:36.230140  2427 leader_election.cc:290] T b3f063fb16684dbf8f9356570dace20f P f9706e364f6241a6aa725d80b1f47088 [CANDIDATE]: Term 1 pre-election: Requested pre-vote from peers 76cd269943fb4532acecdb82e593ca8d (127.0.107.193:36005), 0922e432eb634e84ad53f9a8b6165d4f (127.0.107.195:40645)
I20260630 12:11:36.243202  2223 tablet_service.cc:1917] Received RequestConsensusVote() RPC: tablet_id: "b3f063fb16684dbf8f9356570dace20f" candidate_uuid: "f9706e364f6241a6aa725d80b1f47088" candidate_term: 1 candidate_status { last_received { term: 0 index: 0 } } ignore_live_leader: false dest_uuid: "76cd269943fb4532acecdb82e593ca8d" is_pre_election: true
I20260630 12:11:36.243896  2223 raft_consensus.cc:2468] T b3f063fb16684dbf8f9356570dace20f P 76cd269943fb4532acecdb82e593ca8d [term 0 FOLLOWER]: Leader pre-election vote request: Granting yes vote for candidate f9706e364f6241a6aa725d80b1f47088 in term 0.
I20260630 12:11:36.244566  2372 tablet_service.cc:1917] Received RequestConsensusVote() RPC: tablet_id: "b3f063fb16684dbf8f9356570dace20f" candidate_uuid: "f9706e364f6241a6aa725d80b1f47088" candidate_term: 1 candidate_status { last_received { term: 0 index: 0 } } ignore_live_leader: false dest_uuid: "0922e432eb634e84ad53f9a8b6165d4f" is_pre_election: true
I20260630 12:11:36.245069  2261 leader_election.cc:304] T b3f063fb16684dbf8f9356570dace20f P f9706e364f6241a6aa725d80b1f47088 [CANDIDATE]: Term 1 pre-election: Election decided. Result: candidate won. Election summary: received 2 responses out of 3 voters: 2 yes votes; 0 no votes. yes voters: 76cd269943fb4532acecdb82e593ca8d, f9706e364f6241a6aa725d80b1f47088; no voters: 
I20260630 12:11:36.245373  2372 raft_consensus.cc:2468] T b3f063fb16684dbf8f9356570dace20f P 0922e432eb634e84ad53f9a8b6165d4f [term 0 FOLLOWER]: Leader pre-election vote request: Granting yes vote for candidate f9706e364f6241a6aa725d80b1f47088 in term 0.
I20260630 12:11:36.245983  2427 raft_consensus.cc:2804] T b3f063fb16684dbf8f9356570dace20f P f9706e364f6241a6aa725d80b1f47088 [term 0 FOLLOWER]: Leader pre-election won for term 1
I20260630 12:11:36.246410  2427 raft_consensus.cc:493] T b3f063fb16684dbf8f9356570dace20f P f9706e364f6241a6aa725d80b1f47088 [term 0 FOLLOWER]: Starting leader election (no leader contacted us within the election timeout)
I20260630 12:11:36.247020  2427 raft_consensus.cc:3060] T b3f063fb16684dbf8f9356570dace20f P f9706e364f6241a6aa725d80b1f47088 [term 0 FOLLOWER]: Advancing to term 1
I20260630 12:11:36.254220  2427 raft_consensus.cc:515] T b3f063fb16684dbf8f9356570dace20f P f9706e364f6241a6aa725d80b1f47088 [term 1 FOLLOWER]: Starting leader election with config: opid_index: -1 OBSOLETE_local: false peers { permanent_uuid: "76cd269943fb4532acecdb82e593ca8d" member_type: VOTER last_known_addr { host: "127.0.107.193" port: 36005 } } peers { permanent_uuid: "0922e432eb634e84ad53f9a8b6165d4f" member_type: VOTER last_known_addr { host: "127.0.107.195" port: 40645 } } peers { permanent_uuid: "f9706e364f6241a6aa725d80b1f47088" member_type: VOTER last_known_addr { host: "127.0.107.194" port: 33553 } }
I20260630 12:11:36.256696  2427 leader_election.cc:290] T b3f063fb16684dbf8f9356570dace20f P f9706e364f6241a6aa725d80b1f47088 [CANDIDATE]: Term 1 election: Requested vote from peers 76cd269943fb4532acecdb82e593ca8d (127.0.107.193:36005), 0922e432eb634e84ad53f9a8b6165d4f (127.0.107.195:40645)
I20260630 12:11:36.258075  2223 tablet_service.cc:1917] Received RequestConsensusVote() RPC: tablet_id: "b3f063fb16684dbf8f9356570dace20f" candidate_uuid: "f9706e364f6241a6aa725d80b1f47088" candidate_term: 1 candidate_status { last_received { term: 0 index: 0 } } ignore_live_leader: false dest_uuid: "76cd269943fb4532acecdb82e593ca8d"
I20260630 12:11:36.258111  2372 tablet_service.cc:1917] Received RequestConsensusVote() RPC: tablet_id: "b3f063fb16684dbf8f9356570dace20f" candidate_uuid: "f9706e364f6241a6aa725d80b1f47088" candidate_term: 1 candidate_status { last_received { term: 0 index: 0 } } ignore_live_leader: false dest_uuid: "0922e432eb634e84ad53f9a8b6165d4f"
I20260630 12:11:36.258927  2223 raft_consensus.cc:3060] T b3f063fb16684dbf8f9356570dace20f P 76cd269943fb4532acecdb82e593ca8d [term 0 FOLLOWER]: Advancing to term 1
I20260630 12:11:36.258991  2372 raft_consensus.cc:3060] T b3f063fb16684dbf8f9356570dace20f P 0922e432eb634e84ad53f9a8b6165d4f [term 0 FOLLOWER]: Advancing to term 1
I20260630 12:11:36.264650  2223 raft_consensus.cc:2468] T b3f063fb16684dbf8f9356570dace20f P 76cd269943fb4532acecdb82e593ca8d [term 1 FOLLOWER]: Leader election vote request: Granting yes vote for candidate f9706e364f6241a6aa725d80b1f47088 in term 1.
I20260630 12:11:36.264794  2372 raft_consensus.cc:2468] T b3f063fb16684dbf8f9356570dace20f P 0922e432eb634e84ad53f9a8b6165d4f [term 1 FOLLOWER]: Leader election vote request: Granting yes vote for candidate f9706e364f6241a6aa725d80b1f47088 in term 1.
I20260630 12:11:36.266132  2261 leader_election.cc:304] T b3f063fb16684dbf8f9356570dace20f P f9706e364f6241a6aa725d80b1f47088 [CANDIDATE]: Term 1 election: Election decided. Result: candidate won. Election summary: received 2 responses out of 3 voters: 2 yes votes; 0 no votes. yes voters: 76cd269943fb4532acecdb82e593ca8d, f9706e364f6241a6aa725d80b1f47088; no voters: 
I20260630 12:11:36.266954  2427 raft_consensus.cc:2804] T b3f063fb16684dbf8f9356570dace20f P f9706e364f6241a6aa725d80b1f47088 [term 1 FOLLOWER]: Leader election won for term 1
I20260630 12:11:36.268285  2427 raft_consensus.cc:697] T b3f063fb16684dbf8f9356570dace20f P f9706e364f6241a6aa725d80b1f47088 [term 1 LEADER]: Becoming Leader. State: Replica: f9706e364f6241a6aa725d80b1f47088, State: Running, Role: LEADER
I20260630 12:11:36.269090  2427 consensus_queue.cc:237] T b3f063fb16684dbf8f9356570dace20f P f9706e364f6241a6aa725d80b1f47088 [LEADER]: Queue going to LEADER mode. State: All replicated index: 0, Majority replicated index: 0, Committed index: 0, Last appended: 0.0, Last appended by leader: 0, Current term: 1, Majority size: 2, State: 0, Mode: LEADER, active raft config: opid_index: -1 OBSOLETE_local: false peers { permanent_uuid: "76cd269943fb4532acecdb82e593ca8d" member_type: VOTER last_known_addr { host: "127.0.107.193" port: 36005 } } peers { permanent_uuid: "0922e432eb634e84ad53f9a8b6165d4f" member_type: VOTER last_known_addr { host: "127.0.107.195" port: 40645 } } peers { permanent_uuid: "f9706e364f6241a6aa725d80b1f47088" member_type: VOTER last_known_addr { host: "127.0.107.194" port: 33553 } }
I20260630 12:11:36.277294  2119 catalog_manager.cc:5697] T b3f063fb16684dbf8f9356570dace20f P f9706e364f6241a6aa725d80b1f47088 reported cstate change: term changed from 0 to 1, leader changed from <none> to f9706e364f6241a6aa725d80b1f47088 (127.0.107.194). New cstate: current_term: 1 leader_uuid: "f9706e364f6241a6aa725d80b1f47088" committed_config { opid_index: -1 OBSOLETE_local: false peers { permanent_uuid: "76cd269943fb4532acecdb82e593ca8d" member_type: VOTER last_known_addr { host: "127.0.107.193" port: 36005 } health_report { overall_health: UNKNOWN } } peers { permanent_uuid: "0922e432eb634e84ad53f9a8b6165d4f" member_type: VOTER last_known_addr { host: "127.0.107.195" port: 40645 } health_report { overall_health: UNKNOWN } } peers { permanent_uuid: "f9706e364f6241a6aa725d80b1f47088" member_type: VOTER last_known_addr { host: "127.0.107.194" port: 33553 } health_report { overall_health: HEALTHY } } }
I20260630 12:11:36.624554  2424 consensus_queue.cc:1048] T a93a081c5d324ab4a77c76867d869901 P 0922e432eb634e84ad53f9a8b6165d4f [LEADER]: Connected to new peer: Peer: permanent_uuid: "76cd269943fb4532acecdb82e593ca8d" member_type: VOTER last_known_addr { host: "127.0.107.193" port: 36005 }, Status: LMP_MISMATCH, Last received: 0.0, Next index: 1, Last known committed idx: 0, Time since last communication: 0.000s
I20260630 12:11:36.639161  2426 consensus_queue.cc:1048] T a93a081c5d324ab4a77c76867d869901 P 0922e432eb634e84ad53f9a8b6165d4f [LEADER]: Connected to new peer: Peer: permanent_uuid: "f9706e364f6241a6aa725d80b1f47088" member_type: VOTER last_known_addr { host: "127.0.107.194" port: 33553 }, Status: LMP_MISMATCH, Last received: 0.0, Next index: 1, Last known committed idx: 0, Time since last communication: 0.001s
I20260630 12:11:36.772560  2427 consensus_queue.cc:1048] T b3f063fb16684dbf8f9356570dace20f P f9706e364f6241a6aa725d80b1f47088 [LEADER]: Connected to new peer: Peer: permanent_uuid: "76cd269943fb4532acecdb82e593ca8d" member_type: VOTER last_known_addr { host: "127.0.107.193" port: 36005 }, Status: LMP_MISMATCH, Last received: 0.0, Next index: 1, Last known committed idx: 0, Time since last communication: 0.000s
I20260630 12:11:36.786389  2427 consensus_queue.cc:1048] T b3f063fb16684dbf8f9356570dace20f P f9706e364f6241a6aa725d80b1f47088 [LEADER]: Connected to new peer: Peer: permanent_uuid: "0922e432eb634e84ad53f9a8b6165d4f" member_type: VOTER last_known_addr { host: "127.0.107.195" port: 40645 }, Status: LMP_MISMATCH, Last received: 0.0, Next index: 1, Last known committed idx: 0, Time since last communication: 0.000s
I20260630 12:11:36.833892  2174 auto_leader_rebalancer.cc:141] leader rebalance for table test-workload
I20260630 12:11:36.836589  2174 auto_leader_rebalancer.cc:440] table: test-workload, leader rebalance finish, leader transfer count: 0
I20260630 12:11:36.837078  2174 auto_leader_rebalancer.cc:515] All tables' leader rebalancing finished this round
I20260630 12:11:38.838280  2174 auto_leader_rebalancer.cc:141] leader rebalance for table test-workload
I20260630 12:11:38.841490  2174 auto_leader_rebalancer.cc:440] table: test-workload, leader rebalance finish, leader transfer count: 0
I20260630 12:11:38.841979  2174 auto_leader_rebalancer.cc:515] All tables' leader rebalancing finished this round
I20260630 12:11:41.950910  2174 auto_leader_rebalancer.cc:141] leader rebalance for table test-workload
I20260630 12:11:41.954398  2174 auto_leader_rebalancer.cc:440] table: test-workload, leader rebalance finish, leader transfer count: 0
I20260630 12:11:41.954907  2174 auto_leader_rebalancer.cc:515] All tables' leader rebalancing finished this round
I20260630 12:11:41.976794  2454 raft_consensus.cc:493] T a93a081c5d324ab4a77c76867d869901 P 76cd269943fb4532acecdb82e593ca8d [term 1 FOLLOWER]: Starting pre-election (detected failure of leader 0922e432eb634e84ad53f9a8b6165d4f)
I20260630 12:11:41.978389  2454 raft_consensus.cc:515] T a93a081c5d324ab4a77c76867d869901 P 76cd269943fb4532acecdb82e593ca8d [term 1 FOLLOWER]: Starting pre-election with config: opid_index: -1 OBSOLETE_local: false peers { permanent_uuid: "76cd269943fb4532acecdb82e593ca8d" member_type: VOTER last_known_addr { host: "127.0.107.193" port: 36005 } } peers { permanent_uuid: "f9706e364f6241a6aa725d80b1f47088" member_type: VOTER last_known_addr { host: "127.0.107.194" port: 33553 } } peers { permanent_uuid: "0922e432eb634e84ad53f9a8b6165d4f" member_type: VOTER last_known_addr { host: "127.0.107.195" port: 40645 } }
I20260630 12:11:41.981928  2454 leader_election.cc:290] T a93a081c5d324ab4a77c76867d869901 P 76cd269943fb4532acecdb82e593ca8d [CANDIDATE]: Term 2 pre-election: Requested pre-vote from peers f9706e364f6241a6aa725d80b1f47088 (127.0.107.194:33553), 0922e432eb634e84ad53f9a8b6165d4f (127.0.107.195:40645)
I20260630 12:11:42.028600  2372 tablet_service.cc:1917] Received RequestConsensusVote() RPC: tablet_id: "a93a081c5d324ab4a77c76867d869901" candidate_uuid: "76cd269943fb4532acecdb82e593ca8d" candidate_term: 2 candidate_status { last_received { term: 1 index: 1 } } ignore_live_leader: false dest_uuid: "0922e432eb634e84ad53f9a8b6165d4f" is_pre_election: true
I20260630 12:11:42.037576  2297 tablet_service.cc:1917] Received RequestConsensusVote() RPC: tablet_id: "a93a081c5d324ab4a77c76867d869901" candidate_uuid: "76cd269943fb4532acecdb82e593ca8d" candidate_term: 2 candidate_status { last_received { term: 1 index: 1 } } ignore_live_leader: false dest_uuid: "f9706e364f6241a6aa725d80b1f47088" is_pre_election: true
I20260630 12:11:42.039145  2187 leader_election.cc:304] T a93a081c5d324ab4a77c76867d869901 P 76cd269943fb4532acecdb82e593ca8d [CANDIDATE]: Term 2 pre-election: Election decided. Result: candidate lost. Election summary: received 3 responses out of 3 voters: 1 yes votes; 2 no votes. yes voters: 76cd269943fb4532acecdb82e593ca8d; no voters: 0922e432eb634e84ad53f9a8b6165d4f, f9706e364f6241a6aa725d80b1f47088
I20260630 12:11:42.040081  2454 raft_consensus.cc:2749] T a93a081c5d324ab4a77c76867d869901 P 76cd269943fb4532acecdb82e593ca8d [term 1 FOLLOWER]: Leader pre-election lost for term 2. Reason: could not achieve majority
W20260630 12:11:42.948426  2393 debug-util.cc:398] Leaking SignalData structure 0x7b080005e2e0 after lost signal to thread 434
W20260630 12:11:42.949497  2393 debug-util.cc:398] Leaking SignalData structure 0x7b080005e9c0 after lost signal to thread 2155
W20260630 12:11:42.950752  2393 debug-util.cc:398] Leaking SignalData structure 0x7b08001f0040 after lost signal to thread 2247
I20260630 12:11:43.956336  2174 auto_leader_rebalancer.cc:141] leader rebalance for table test-workload
I20260630 12:11:43.959358  2174 auto_leader_rebalancer.cc:440] table: test-workload, leader rebalance finish, leader transfer count: 0
I20260630 12:11:43.959824  2174 auto_leader_rebalancer.cc:515] All tables' leader rebalancing finished this round
I20260630 12:11:45.961109  2174 auto_leader_rebalancer.cc:141] leader rebalance for table test-workload
I20260630 12:11:45.963501  2174 auto_leader_rebalancer.cc:440] table: test-workload, leader rebalance finish, leader transfer count: 0
I20260630 12:11:45.963938  2174 auto_leader_rebalancer.cc:515] All tables' leader rebalancing finished this round
I20260630 12:11:47.964985  2174 auto_leader_rebalancer.cc:141] leader rebalance for table test-workload
I20260630 12:11:47.967041  2174 auto_leader_rebalancer.cc:440] table: test-workload, leader rebalance finish, leader transfer count: 0
I20260630 12:11:47.967414  2174 auto_leader_rebalancer.cc:515] All tables' leader rebalancing finished this round
I20260630 12:11:48.622314   431 file_cache.cc:492] Constructed file cache file cache with capacity 419430
W20260630 12:11:48.631141  2463 instance_detector.cc:116] could not retrieve Azure instance metadata: Network error: curl error: HTTP response code said error: The requested URL returned error: 404
W20260630 12:11:48.632938  2462 instance_detector.cc:116] could not retrieve AWS instance metadata: Network error: curl error: HTTP response code said error: The requested URL returned error: 404
W20260630 12:11:48.633324  2465 instance_detector.cc:116] could not retrieve OpenStack instance metadata: Network error: curl error: HTTP response code said error: The requested URL returned error: 404
I20260630 12:11:48.635229   431 server_base.cc:1061] running on GCE node
I20260630 12:11:48.637404   431 hybrid_clock.cc:584] initializing the hybrid clock with 'system_unsync' time source
W20260630 12:11:48.637655   431 system_unsync_time.cc:38] NTP support is disabled. Clock error bounds will not be accurate. This configuration is not suitable for distributed clusters.
I20260630 12:11:48.637884   431 hybrid_clock.cc:648] HybridClock initialized: now 1782821508637865 us; error 0 us; skew 500 ppm
I20260630 12:11:48.638415   431 server_base.cc:861] Flag tcmalloc_max_total_thread_cache_bytes is not working since tcmalloc is not enabled.
I20260630 12:11:48.641718   431 webserver.cc:533] Webserver started at http://127.0.107.196:38223/ using document root <none> and password file <none>
I20260630 12:11:48.642326   431 fs_manager.cc:362] Metadata directory not provided
I20260630 12:11:48.642565   431 fs_manager.cc:368] Using write-ahead log directory (fs_wal_dir) as metadata directory
I20260630 12:11:48.642903   431 server_base.cc:909] This appears to be a new deployment of Kudu; creating new FS layout
I20260630 12:11:48.644305   431 fs_manager.cc:1068] Generated new instance metadata in path /tmp/dist-test-taskbOKTlR/test-tmp/auto_rebalancer-test.0.AutoRebalancerTest.MovesScheduledIfAddTserver.1782821463570955-431-0/minicluster-data/ts-3-root/instance:
uuid: "49d44c4db52242f48d903e52d347f5f1"
format_stamp: "Formatted at 2026-06-30 12:11:48 on dist-test-slave-8nk5"
I20260630 12:11:48.649659   431 fs_manager.cc:696] Time spent creating directory manager: real 0.005s	user 0.006s	sys 0.000s
I20260630 12:11:48.653453  2470 log_block_manager.cc:4031] Time spent loading block containers with low live blocks: real 0.000s	user 0.000s	sys 0.000s
I20260630 12:11:48.654608   431 fs_manager.cc:730] Time spent opening block manager: real 0.003s	user 0.000s	sys 0.003s
I20260630 12:11:48.654949   431 fs_manager.cc:647] Opened local filesystem: /tmp/dist-test-taskbOKTlR/test-tmp/auto_rebalancer-test.0.AutoRebalancerTest.MovesScheduledIfAddTserver.1782821463570955-431-0/minicluster-data/ts-3-root
uuid: "49d44c4db52242f48d903e52d347f5f1"
format_stamp: "Formatted at 2026-06-30 12:11:48 on dist-test-slave-8nk5"
I20260630 12:11:48.655267   431 fs_report.cc:389] FS layout report
--------------------
wal directory: /tmp/dist-test-taskbOKTlR/test-tmp/auto_rebalancer-test.0.AutoRebalancerTest.MovesScheduledIfAddTserver.1782821463570955-431-0/minicluster-data/ts-3-root
metadata directory: /tmp/dist-test-taskbOKTlR/test-tmp/auto_rebalancer-test.0.AutoRebalancerTest.MovesScheduledIfAddTserver.1782821463570955-431-0/minicluster-data/ts-3-root
1 data directories: /tmp/dist-test-taskbOKTlR/test-tmp/auto_rebalancer-test.0.AutoRebalancerTest.MovesScheduledIfAddTserver.1782821463570955-431-0/minicluster-data/ts-3-root/data
Total live blocks: 0
Total live bytes: 0
Total live bytes (after alignment): 0
Total number of LBM containers: 0 (0 full)
Did not check for missing blocks
Did not check for orphaned blocks
Total full LBM containers with extra space: 0 (0 repaired)
Total full LBM container extra space in bytes: 0 (0 repaired)
Total incomplete LBM containers: 0 (0 repaired)
Total LBM partial records: 0 (0 repaired)
Total corrupted LBM metadata records in RocksDB: 0 (0 repaired)
I20260630 12:11:48.691515   431 rpc_server.cc:225] running with OpenSSL 1.1.1  11 Sep 2018
I20260630 12:11:48.692966   431 kserver.cc:163] Server-wide thread pool size limit: 3276
I20260630 12:11:48.695026   431 txn_system_client.cc:432] TxnSystemClient initialization is disabled...
I20260630 12:11:48.697666   431 ts_tablet_manager.cc:585] Loaded tablet metadata (0 total tablets, 0 live tablets)
I20260630 12:11:48.697929   431 ts_tablet_manager.cc:531] Time spent load tablet metadata: real 0.000s	user 0.001s	sys 0.000s
I20260630 12:11:48.698197   431 ts_tablet_manager.cc:616] Registered 0 tablets
I20260630 12:11:48.698383   431 ts_tablet_manager.cc:595] Time spent register tablets: real 0.000s	user 0.000s	sys 0.000s
I20260630 12:11:48.747438   431 rpc_server.cc:307] RPC server started. Bound to: 127.0.107.196:33107
I20260630 12:11:48.747623  2532 acceptor_pool.cc:272] collecting diagnostics on the listening RPC socket 127.0.107.196:33107 every 8 connection(s)
I20260630 12:11:48.765050  2533 heartbeater.cc:344] Connected to a master server at 127.0.107.254:33935
I20260630 12:11:48.765578  2533 heartbeater.cc:461] Registering TS with master...
I20260630 12:11:48.766521  2533 heartbeater.cc:507] Master 127.0.107.254:33935 requested a full tablet report, sending...
I20260630 12:11:48.769539  2119 ts_manager.cc:194] Registered new tserver with Master: 49d44c4db52242f48d903e52d347f5f1 (127.0.107.196:33107)
I20260630 12:11:48.771795  2119 master_service.cc:502] Signed X509 certificate for tserver {username='slave'} at 127.0.0.1:54594
I20260630 12:11:49.069280  2372 consensus_queue.cc:237] T a93a081c5d324ab4a77c76867d869901 P 0922e432eb634e84ad53f9a8b6165d4f [LEADER]: Queue going to LEADER mode. State: All replicated index: 0, Majority replicated index: 1, Committed index: 1, Last appended: 1.1, Last appended by leader: 0, Current term: 1, Majority size: 2, State: 0, Mode: LEADER, active raft config: opid_index: 2 OBSOLETE_local: false peers { permanent_uuid: "76cd269943fb4532acecdb82e593ca8d" member_type: VOTER last_known_addr { host: "127.0.107.193" port: 36005 } attrs { replace: true } } peers { permanent_uuid: "f9706e364f6241a6aa725d80b1f47088" member_type: VOTER last_known_addr { host: "127.0.107.194" port: 33553 } } peers { permanent_uuid: "0922e432eb634e84ad53f9a8b6165d4f" member_type: VOTER last_known_addr { host: "127.0.107.195" port: 40645 } } peers { permanent_uuid: "49d44c4db52242f48d903e52d347f5f1" member_type: NON_VOTER last_known_addr { host: "127.0.107.196" port: 33107 } attrs { promote: true } }
I20260630 12:11:49.081944  2223 raft_consensus.cc:1275] T a93a081c5d324ab4a77c76867d869901 P 76cd269943fb4532acecdb82e593ca8d [term 1 FOLLOWER]: Refusing update from remote peer 0922e432eb634e84ad53f9a8b6165d4f: Log matching property violated. Preceding OpId in replica: term: 1 index: 1. Preceding OpId from leader: term: 1 index: 2. (index mismatch)
I20260630 12:11:49.081908  2297 raft_consensus.cc:1275] T a93a081c5d324ab4a77c76867d869901 P f9706e364f6241a6aa725d80b1f47088 [term 1 FOLLOWER]: Refusing update from remote peer 0922e432eb634e84ad53f9a8b6165d4f: Log matching property violated. Preceding OpId in replica: term: 1 index: 1. Preceding OpId from leader: term: 1 index: 2. (index mismatch)
I20260630 12:11:49.084015  2540 consensus_queue.cc:1048] T a93a081c5d324ab4a77c76867d869901 P 0922e432eb634e84ad53f9a8b6165d4f [LEADER]: Connected to new peer: Peer: permanent_uuid: "76cd269943fb4532acecdb82e593ca8d" member_type: VOTER last_known_addr { host: "127.0.107.193" port: 36005 } attrs { replace: true }, Status: LMP_MISMATCH, Last received: 0.0, Next index: 2, Last known committed idx: 1, Time since last communication: 0.001s
I20260630 12:11:49.085408  2461 consensus_queue.cc:1048] T a93a081c5d324ab4a77c76867d869901 P 0922e432eb634e84ad53f9a8b6165d4f [LEADER]: Connected to new peer: Peer: permanent_uuid: "f9706e364f6241a6aa725d80b1f47088" member_type: VOTER last_known_addr { host: "127.0.107.194" port: 33553 }, Status: LMP_MISMATCH, Last received: 0.0, Next index: 2, Last known committed idx: 1, Time since last communication: 0.001s
I20260630 12:11:49.097309  2461 raft_consensus.cc:2955] T a93a081c5d324ab4a77c76867d869901 P 0922e432eb634e84ad53f9a8b6165d4f [term 1 LEADER]: Committing config change with OpId 1.2: config changed from index -1 to 2, NON_VOTER 49d44c4db52242f48d903e52d347f5f1 (127.0.107.196) added. New config: { opid_index: 2 OBSOLETE_local: false peers { permanent_uuid: "76cd269943fb4532acecdb82e593ca8d" member_type: VOTER last_known_addr { host: "127.0.107.193" port: 36005 } attrs { replace: true } } peers { permanent_uuid: "f9706e364f6241a6aa725d80b1f47088" member_type: VOTER last_known_addr { host: "127.0.107.194" port: 33553 } } peers { permanent_uuid: "0922e432eb634e84ad53f9a8b6165d4f" member_type: VOTER last_known_addr { host: "127.0.107.195" port: 40645 } } peers { permanent_uuid: "49d44c4db52242f48d903e52d347f5f1" member_type: NON_VOTER last_known_addr { host: "127.0.107.196" port: 33107 } attrs { promote: true } } }
W20260630 12:11:49.099696  2338 consensus_peers.cc:597] T a93a081c5d324ab4a77c76867d869901 P 0922e432eb634e84ad53f9a8b6165d4f -> Peer 49d44c4db52242f48d903e52d347f5f1 (127.0.107.196:33107): Couldn't send request to peer 49d44c4db52242f48d903e52d347f5f1. Error code: TABLET_NOT_FOUND (6). Status: Not found: Tablet not found: a93a081c5d324ab4a77c76867d869901. This is attempt 1: this message will repeat every 5th retry.
I20260630 12:11:49.100100  2297 raft_consensus.cc:2955] T a93a081c5d324ab4a77c76867d869901 P f9706e364f6241a6aa725d80b1f47088 [term 1 FOLLOWER]: Committing config change with OpId 1.2: config changed from index -1 to 2, NON_VOTER 49d44c4db52242f48d903e52d347f5f1 (127.0.107.196) added. New config: { opid_index: 2 OBSOLETE_local: false peers { permanent_uuid: "76cd269943fb4532acecdb82e593ca8d" member_type: VOTER last_known_addr { host: "127.0.107.193" port: 36005 } attrs { replace: true } } peers { permanent_uuid: "f9706e364f6241a6aa725d80b1f47088" member_type: VOTER last_known_addr { host: "127.0.107.194" port: 33553 } } peers { permanent_uuid: "0922e432eb634e84ad53f9a8b6165d4f" member_type: VOTER last_known_addr { host: "127.0.107.195" port: 40645 } } peers { permanent_uuid: "49d44c4db52242f48d903e52d347f5f1" member_type: NON_VOTER last_known_addr { host: "127.0.107.196" port: 33107 } attrs { promote: true } } }
I20260630 12:11:49.110139  2223 raft_consensus.cc:2955] T a93a081c5d324ab4a77c76867d869901 P 76cd269943fb4532acecdb82e593ca8d [term 1 FOLLOWER]: Committing config change with OpId 1.2: config changed from index -1 to 2, NON_VOTER 49d44c4db52242f48d903e52d347f5f1 (127.0.107.196) added. New config: { opid_index: 2 OBSOLETE_local: false peers { permanent_uuid: "76cd269943fb4532acecdb82e593ca8d" member_type: VOTER last_known_addr { host: "127.0.107.193" port: 36005 } attrs { replace: true } } peers { permanent_uuid: "f9706e364f6241a6aa725d80b1f47088" member_type: VOTER last_known_addr { host: "127.0.107.194" port: 33553 } } peers { permanent_uuid: "0922e432eb634e84ad53f9a8b6165d4f" member_type: VOTER last_known_addr { host: "127.0.107.195" port: 40645 } } peers { permanent_uuid: "49d44c4db52242f48d903e52d347f5f1" member_type: NON_VOTER last_known_addr { host: "127.0.107.196" port: 33107 } attrs { promote: true } } }
