I20260630 12:22:02.140475 30249 consensus_queue.cc:237] T 3f18200f0c4d40cf8f1563e4d3cda7db P 89879d1285ec465cafa7e8c4ada8861d [LEADER]: Queue going to LEADER mode. State: All replicated index: 0, Majority replicated index: 0, Committed index: 0, Last appended: 0.0, Last appended by leader: 0, Current term: 1, Majority size: 2, State: 0, Mode: LEADER, active raft config: opid_index: -1 OBSOLETE_local: false peers { permanent_uuid: "f80ecad4584c4ab18e29aff92724f980" member_type: VOTER last_known_addr { host: "127.25.172.132" port: 39517 } } peers { permanent_uuid: "e487ecce4e9c45d4b53b81724ae57026" member_type: VOTER last_known_addr { host: "127.25.172.131" port: 43113 } } peers { permanent_uuid: "89879d1285ec465cafa7e8c4ada8861d" member_type: VOTER last_known_addr { host: "127.25.172.129" port: 32855 } }
I20260630 12:22:02.148056 29870 catalog_manager.cc:5697] T 3f18200f0c4d40cf8f1563e4d3cda7db P 89879d1285ec465cafa7e8c4ada8861d reported cstate change: term changed from 0 to 1, leader changed from <none> to 89879d1285ec465cafa7e8c4ada8861d (127.25.172.129). New cstate: current_term: 1 leader_uuid: "89879d1285ec465cafa7e8c4ada8861d" committed_config { opid_index: -1 OBSOLETE_local: false peers { permanent_uuid: "f80ecad4584c4ab18e29aff92724f980" member_type: VOTER last_known_addr { host: "127.25.172.132" port: 39517 } health_report { overall_health: UNKNOWN } } peers { permanent_uuid: "e487ecce4e9c45d4b53b81724ae57026" member_type: VOTER last_known_addr { host: "127.25.172.131" port: 43113 } health_report { overall_health: UNKNOWN } } peers { permanent_uuid: "89879d1285ec465cafa7e8c4ada8861d" member_type: VOTER last_known_addr { host: "127.25.172.129" port: 32855 } health_report { overall_health: HEALTHY } } }
I20260630 12:22:02.339485 29924 auto_leader_rebalancer.cc:141] leader rebalance for table test-workload
I20260630 12:22:02.340811 29924 auto_leader_rebalancer.cc:440] table: test-workload, leader rebalance finish, leader transfer count: 0
I20260630 12:22:02.341202 29924 auto_leader_rebalancer.cc:515] All tables' leader rebalancing finished this round
I20260630 12:22:02.530952 30249 consensus_queue.cc:1048] T 3f18200f0c4d40cf8f1563e4d3cda7db P 89879d1285ec465cafa7e8c4ada8861d [LEADER]: Connected to new peer: Peer: permanent_uuid: "f80ecad4584c4ab18e29aff92724f980" member_type: VOTER last_known_addr { host: "127.25.172.132" port: 39517 }, Status: LMP_MISMATCH, Last received: 0.0, Next index: 1, Last known committed idx: 0, Time since last communication: 0.000s
I20260630 12:22:02.541846 30249 consensus_queue.cc:1048] T 3f18200f0c4d40cf8f1563e4d3cda7db P 89879d1285ec465cafa7e8c4ada8861d [LEADER]: Connected to new peer: Peer: permanent_uuid: "e487ecce4e9c45d4b53b81724ae57026" member_type: VOTER last_known_addr { host: "127.25.172.131" port: 43113 }, Status: LMP_MISMATCH, Last received: 0.0, Next index: 1, Last known committed idx: 0, Time since last communication: 0.000s
I20260630 12:22:04.342218 29924 auto_leader_rebalancer.cc:141] leader rebalance for table test-workload
I20260630 12:22:04.343534 29924 auto_leader_rebalancer.cc:440] table: test-workload, leader rebalance finish, leader transfer count: 0
I20260630 12:22:04.343870 29924 auto_leader_rebalancer.cc:515] All tables' leader rebalancing finished this round
I20260630 12:22:06.344907 29924 auto_leader_rebalancer.cc:141] leader rebalance for table test-workload
I20260630 12:22:06.346256 29924 auto_leader_rebalancer.cc:440] table: test-workload, leader rebalance finish, leader transfer count: 0
I20260630 12:22:06.346582 29924 auto_leader_rebalancer.cc:515] All tables' leader rebalancing finished this round
I20260630 12:22:08.347508 29924 auto_leader_rebalancer.cc:141] leader rebalance for table test-workload
I20260630 12:22:08.348781 29924 auto_leader_rebalancer.cc:440] table: test-workload, leader rebalance finish, leader transfer count: 0
I20260630 12:22:08.349123 29924 auto_leader_rebalancer.cc:515] All tables' leader rebalancing finished this round
I20260630 12:22:10.350490 29924 auto_leader_rebalancer.cc:141] leader rebalance for table test-workload
I20260630 12:22:10.352267 29924 auto_leader_rebalancer.cc:440] table: test-workload, leader rebalance finish, leader transfer count: 0
I20260630 12:22:10.352662 29924 auto_leader_rebalancer.cc:515] All tables' leader rebalancing finished this round
I20260630 12:22:12.353571 29924 auto_leader_rebalancer.cc:141] leader rebalance for table test-workload
I20260630 12:22:12.354818 29924 auto_leader_rebalancer.cc:440] table: test-workload, leader rebalance finish, leader transfer count: 0
I20260630 12:22:12.355068 29924 auto_leader_rebalancer.cc:515] All tables' leader rebalancing finished this round
I20260630 12:22:13.227782 26290 tablet_server.cc:179] TabletServer@127.25.172.129:0 shutting down...
I20260630 12:22:13.255811 26290 ts_tablet_manager.cc:1507] Shutting down tablet manager...
I20260630 12:22:13.256515 26290 tablet_replica.cc:333] T 3f18200f0c4d40cf8f1563e4d3cda7db P 89879d1285ec465cafa7e8c4ada8861d: stopping tablet replica
I20260630 12:22:13.257112 26290 raft_consensus.cc:2243] T 3f18200f0c4d40cf8f1563e4d3cda7db P 89879d1285ec465cafa7e8c4ada8861d [term 1 LEADER]: Raft consensus shutting down.
I20260630 12:22:13.258179 26290 raft_consensus.cc:2272] T 3f18200f0c4d40cf8f1563e4d3cda7db P 89879d1285ec465cafa7e8c4ada8861d [term 1 FOLLOWER]: Raft consensus is shut down!
I20260630 12:22:13.278888 26290 tablet_server.cc:196] TabletServer@127.25.172.129:0 shutdown complete.
I20260630 12:22:13.292474 26290 tablet_server.cc:179] TabletServer@127.25.172.130:0 shutting down...
I20260630 12:22:13.312726 26290 ts_tablet_manager.cc:1507] Shutting down tablet manager...
I20260630 12:22:13.328193 26290 tablet_server.cc:196] TabletServer@127.25.172.130:0 shutdown complete.
I20260630 12:22:13.337001 26290 tablet_server.cc:179] TabletServer@127.25.172.131:0 shutting down...
I20260630 12:22:13.354404 26290 ts_tablet_manager.cc:1507] Shutting down tablet manager...
I20260630 12:22:13.355072 26290 tablet_replica.cc:333] T 3f18200f0c4d40cf8f1563e4d3cda7db P e487ecce4e9c45d4b53b81724ae57026: stopping tablet replica
I20260630 12:22:13.355528 26290 raft_consensus.cc:2243] T 3f18200f0c4d40cf8f1563e4d3cda7db P e487ecce4e9c45d4b53b81724ae57026 [term 1 FOLLOWER]: Raft consensus shutting down.
I20260630 12:22:13.355996 26290 raft_consensus.cc:2272] T 3f18200f0c4d40cf8f1563e4d3cda7db P e487ecce4e9c45d4b53b81724ae57026 [term 1 FOLLOWER]: Raft consensus is shut down!
I20260630 12:22:13.375065 26290 tablet_server.cc:196] TabletServer@127.25.172.131:0 shutdown complete.
I20260630 12:22:13.384778 26290 tablet_server.cc:179] TabletServer@127.25.172.132:0 shutting down...
I20260630 12:22:13.405112 26290 ts_tablet_manager.cc:1507] Shutting down tablet manager...
I20260630 12:22:13.405731 26290 tablet_replica.cc:333] T 3f18200f0c4d40cf8f1563e4d3cda7db P f80ecad4584c4ab18e29aff92724f980: stopping tablet replica
I20260630 12:22:13.406215 26290 raft_consensus.cc:2243] T 3f18200f0c4d40cf8f1563e4d3cda7db P f80ecad4584c4ab18e29aff92724f980 [term 1 FOLLOWER]: Raft consensus shutting down.
I20260630 12:22:13.406612 26290 raft_consensus.cc:2272] T 3f18200f0c4d40cf8f1563e4d3cda7db P f80ecad4584c4ab18e29aff92724f980 [term 1 FOLLOWER]: Raft consensus is shut down!
I20260630 12:22:13.425338 26290 tablet_server.cc:196] TabletServer@127.25.172.132:0 shutdown complete.
I20260630 12:22:13.436625 26290 master.cc:562] Master@127.25.172.190:40885 shutting down...
I20260630 12:22:13.458474 26290 raft_consensus.cc:2243] T 00000000000000000000000000000000 P d73fc70504c14bce8c4254e337b87c55 [term 1 LEADER]: Raft consensus shutting down.
I20260630 12:22:13.459095 26290 raft_consensus.cc:2272] T 00000000000000000000000000000000 P d73fc70504c14bce8c4254e337b87c55 [term 1 FOLLOWER]: Raft consensus is shut down!
I20260630 12:22:13.459450 26290 tablet_replica.cc:333] T 00000000000000000000000000000000 P d73fc70504c14bce8c4254e337b87c55: stopping tablet replica
I20260630 12:22:13.478426 26290 master.cc:584] Master@127.25.172.190:40885 shutdown complete.
[       OK ] AutoRebalancerTest.NoReplicaMovesIfLocationLoadSkewedByOne (13350 ms)
[ RUN      ] AutoRebalancerTest.NoReplicaMovesIfCannotFixPlacementPolicy
I20260630 12:22:13.518894 26290 internal_mini_cluster.cc:156] Creating distributed mini masters. Addrs: 127.25.172.190:41583
I20260630 12:22:13.520093 26290 file_cache.cc:492] Constructed file cache file cache with capacity 419430
W20260630 12:22:13.525667 30267 instance_detector.cc:116] could not retrieve Azure instance metadata: Network error: curl error: HTTP response code said error: The requested URL returned error: 404
W20260630 12:22:13.525717 30266 instance_detector.cc:116] could not retrieve AWS instance metadata: Network error: curl error: HTTP response code said error: The requested URL returned error: 404
W20260630 12:22:13.526907 30269 instance_detector.cc:116] could not retrieve OpenStack instance metadata: Network error: curl error: HTTP response code said error: The requested URL returned error: 404
I20260630 12:22:13.528293 26290 server_base.cc:1061] running on GCE node
I20260630 12:22:13.529151 26290 hybrid_clock.cc:584] initializing the hybrid clock with 'system_unsync' time source
W20260630 12:22:13.529326 26290 system_unsync_time.cc:38] NTP support is disabled. Clock error bounds will not be accurate. This configuration is not suitable for distributed clusters.
I20260630 12:22:13.529531 26290 hybrid_clock.cc:648] HybridClock initialized: now 1782822133529487 us; error 0 us; skew 500 ppm
I20260630 12:22:13.530122 26290 server_base.cc:861] Flag tcmalloc_max_total_thread_cache_bytes is not working since tcmalloc is not enabled.
I20260630 12:22:13.532351 26290 webserver.cc:533] Webserver started at http://127.25.172.190:34131/ using document root <none> and password file <none>
I20260630 12:22:13.532840 26290 fs_manager.cc:362] Metadata directory not provided
I20260630 12:22:13.533107 26290 fs_manager.cc:368] Using write-ahead log directory (fs_wal_dir) as metadata directory
I20260630 12:22:13.533413 26290 server_base.cc:909] This appears to be a new deployment of Kudu; creating new FS layout
I20260630 12:22:13.534562 26290 fs_manager.cc:1068] Generated new instance metadata in path /tmp/dist-test-task1rcj13/test-tmp/auto_rebalancer-test.0.AutoRebalancerTest.NoReplicaMovesIfCannotFixPlacementPolicy.1782822029714080-26290-0/minicluster-data/master-0-root/instance:
uuid: "33dfa38989404f1e90c043e4f39a657e"
format_stamp: "Formatted at 2026-06-30 12:22:13 on dist-test-slave-fqpm"
I20260630 12:22:13.539054 26290 fs_manager.cc:696] Time spent creating directory manager: real 0.004s	user 0.006s	sys 0.000s
I20260630 12:22:13.542400 30274 log_block_manager.cc:4031] Time spent loading block containers with low live blocks: real 0.000s	user 0.000s	sys 0.000s
I20260630 12:22:13.543118 26290 fs_manager.cc:730] Time spent opening block manager: real 0.002s	user 0.001s	sys 0.000s
I20260630 12:22:13.543396 26290 fs_manager.cc:647] Opened local filesystem: /tmp/dist-test-task1rcj13/test-tmp/auto_rebalancer-test.0.AutoRebalancerTest.NoReplicaMovesIfCannotFixPlacementPolicy.1782822029714080-26290-0/minicluster-data/master-0-root
uuid: "33dfa38989404f1e90c043e4f39a657e"
format_stamp: "Formatted at 2026-06-30 12:22:13 on dist-test-slave-fqpm"
I20260630 12:22:13.543679 26290 fs_report.cc:389] FS layout report
--------------------
wal directory: /tmp/dist-test-task1rcj13/test-tmp/auto_rebalancer-test.0.AutoRebalancerTest.NoReplicaMovesIfCannotFixPlacementPolicy.1782822029714080-26290-0/minicluster-data/master-0-root
metadata directory: /tmp/dist-test-task1rcj13/test-tmp/auto_rebalancer-test.0.AutoRebalancerTest.NoReplicaMovesIfCannotFixPlacementPolicy.1782822029714080-26290-0/minicluster-data/master-0-root
1 data directories: /tmp/dist-test-task1rcj13/test-tmp/auto_rebalancer-test.0.AutoRebalancerTest.NoReplicaMovesIfCannotFixPlacementPolicy.1782822029714080-26290-0/minicluster-data/master-0-root/data
Total live blocks: 0
Total live bytes: 0
Total live bytes (after alignment): 0
Total number of LBM containers: 0 (0 full)
Did not check for missing blocks
Did not check for orphaned blocks
Total full LBM containers with extra space: 0 (0 repaired)
Total full LBM container extra space in bytes: 0 (0 repaired)
Total incomplete LBM containers: 0 (0 repaired)
Total LBM partial records: 0 (0 repaired)
Total corrupted LBM metadata records in RocksDB: 0 (0 repaired)
I20260630 12:22:13.560225 26290 rpc_server.cc:225] running with OpenSSL 1.1.1  11 Sep 2018
I20260630 12:22:13.561524 26290 kserver.cc:163] Server-wide thread pool size limit: 3276
I20260630 12:22:13.598177 26290 rpc_server.cc:307] RPC server started. Bound to: 127.25.172.190:41583
I20260630 12:22:13.598281 30325 acceptor_pool.cc:272] collecting diagnostics on the listening RPC socket 127.25.172.190:41583 every 8 connection(s)
I20260630 12:22:13.602171 30326 data_dirs.cc:400] Could only allocate 1 dirs of requested 3 for tablet 00000000000000000000000000000000. 1 dirs total, 0 dirs full, 0 dirs failed
I20260630 12:22:13.612726 30326 tablet_bootstrap.cc:492] T 00000000000000000000000000000000 P 33dfa38989404f1e90c043e4f39a657e: Bootstrap starting.
I20260630 12:22:13.617241 30326 tablet_bootstrap.cc:654] T 00000000000000000000000000000000 P 33dfa38989404f1e90c043e4f39a657e: Neither blocks nor log segments found. Creating new log.
I20260630 12:22:13.621390 30326 tablet_bootstrap.cc:492] T 00000000000000000000000000000000 P 33dfa38989404f1e90c043e4f39a657e: No bootstrap required, opened a new log
I20260630 12:22:13.623476 30326 raft_consensus.cc:359] T 00000000000000000000000000000000 P 33dfa38989404f1e90c043e4f39a657e [term 0 FOLLOWER]: Replica starting. Triggering 0 pending ops. Active config: opid_index: -1 OBSOLETE_local: true peers { permanent_uuid: "33dfa38989404f1e90c043e4f39a657e" member_type: VOTER }
I20260630 12:22:13.623931 30326 raft_consensus.cc:385] T 00000000000000000000000000000000 P 33dfa38989404f1e90c043e4f39a657e [term 0 FOLLOWER]: Consensus starting up: Expiring failure detector timer to make a prompt election more likely
I20260630 12:22:13.624156 30326 raft_consensus.cc:740] T 00000000000000000000000000000000 P 33dfa38989404f1e90c043e4f39a657e [term 0 FOLLOWER]: Becoming Follower/Learner. State: Replica: 33dfa38989404f1e90c043e4f39a657e, State: Initialized, Role: FOLLOWER
I20260630 12:22:13.624696 30326 consensus_queue.cc:260] T 00000000000000000000000000000000 P 33dfa38989404f1e90c043e4f39a657e [NON_LEADER]: Queue going to NON_LEADER mode. State: All replicated index: 0, Majority replicated index: 0, Committed index: 0, Last appended: 0.0, Last appended by leader: 0, Current term: 0, Majority size: -1, State: 0, Mode: NON_LEADER, active raft config: opid_index: -1 OBSOLETE_local: true peers { permanent_uuid: "33dfa38989404f1e90c043e4f39a657e" member_type: VOTER }
I20260630 12:22:13.625221 30326 raft_consensus.cc:399] T 00000000000000000000000000000000 P 33dfa38989404f1e90c043e4f39a657e [term 0 FOLLOWER]: Only one voter in the Raft config. Triggering election immediately
I20260630 12:22:13.625435 30326 raft_consensus.cc:493] T 00000000000000000000000000000000 P 33dfa38989404f1e90c043e4f39a657e [term 0 FOLLOWER]: Starting leader election (initial election of a single-replica configuration)
I20260630 12:22:13.625710 30326 raft_consensus.cc:3060] T 00000000000000000000000000000000 P 33dfa38989404f1e90c043e4f39a657e [term 0 FOLLOWER]: Advancing to term 1
I20260630 12:22:13.630029 30326 raft_consensus.cc:515] T 00000000000000000000000000000000 P 33dfa38989404f1e90c043e4f39a657e [term 1 FOLLOWER]: Starting leader election with config: opid_index: -1 OBSOLETE_local: true peers { permanent_uuid: "33dfa38989404f1e90c043e4f39a657e" member_type: VOTER }
I20260630 12:22:13.630595 30326 leader_election.cc:304] T 00000000000000000000000000000000 P 33dfa38989404f1e90c043e4f39a657e [CANDIDATE]: Term 1 election: Election decided. Result: candidate won. Election summary: received 1 responses out of 1 voters: 1 yes votes; 0 no votes. yes voters: 33dfa38989404f1e90c043e4f39a657e; no voters: 
I20260630 12:22:13.631695 30326 leader_election.cc:290] T 00000000000000000000000000000000 P 33dfa38989404f1e90c043e4f39a657e [CANDIDATE]: Term 1 election: Requested vote from peers 
I20260630 12:22:13.632088 30329 raft_consensus.cc:2804] T 00000000000000000000000000000000 P 33dfa38989404f1e90c043e4f39a657e [term 1 FOLLOWER]: Leader election won for term 1
I20260630 12:22:13.633440 30329 raft_consensus.cc:697] T 00000000000000000000000000000000 P 33dfa38989404f1e90c043e4f39a657e [term 1 LEADER]: Becoming Leader. State: Replica: 33dfa38989404f1e90c043e4f39a657e, State: Running, Role: LEADER
I20260630 12:22:13.634038 30329 consensus_queue.cc:237] T 00000000000000000000000000000000 P 33dfa38989404f1e90c043e4f39a657e [LEADER]: Queue going to LEADER mode. State: All replicated index: 0, Majority replicated index: 0, Committed index: 0, Last appended: 0.0, Last appended by leader: 0, Current term: 1, Majority size: 1, State: 0, Mode: LEADER, active raft config: opid_index: -1 OBSOLETE_local: true peers { permanent_uuid: "33dfa38989404f1e90c043e4f39a657e" member_type: VOTER }
I20260630 12:22:13.634629 30326 sys_catalog.cc:565] T 00000000000000000000000000000000 P 33dfa38989404f1e90c043e4f39a657e [sys.catalog]: configured and running, proceeding with master startup.
I20260630 12:22:13.637253 30330 sys_catalog.cc:455] T 00000000000000000000000000000000 P 33dfa38989404f1e90c043e4f39a657e [sys.catalog]: SysCatalogTable state changed. Reason: RaftConsensus started. Latest consensus state: current_term: 1 leader_uuid: "33dfa38989404f1e90c043e4f39a657e" committed_config { opid_index: -1 OBSOLETE_local: true peers { permanent_uuid: "33dfa38989404f1e90c043e4f39a657e" member_type: VOTER } }
I20260630 12:22:13.637342 30331 sys_catalog.cc:455] T 00000000000000000000000000000000 P 33dfa38989404f1e90c043e4f39a657e [sys.catalog]: SysCatalogTable state changed. Reason: New leader 33dfa38989404f1e90c043e4f39a657e. Latest consensus state: current_term: 1 leader_uuid: "33dfa38989404f1e90c043e4f39a657e" committed_config { opid_index: -1 OBSOLETE_local: true peers { permanent_uuid: "33dfa38989404f1e90c043e4f39a657e" member_type: VOTER } }
I20260630 12:22:13.638056 30330 sys_catalog.cc:458] T 00000000000000000000000000000000 P 33dfa38989404f1e90c043e4f39a657e [sys.catalog]: This master's current role is: LEADER
I20260630 12:22:13.638845 30331 sys_catalog.cc:458] T 00000000000000000000000000000000 P 33dfa38989404f1e90c043e4f39a657e [sys.catalog]: This master's current role is: LEADER
I20260630 12:22:13.646102 30336 catalog_manager.cc:1511] Loading table and tablet metadata into memory...
I20260630 12:22:13.651455 30336 catalog_manager.cc:1520] Initializing Kudu cluster ID...
I20260630 12:22:13.653630 26290 internal_mini_cluster.cc:184] Waiting to initialize catalog manager on master 0
I20260630 12:22:13.660348 30336 catalog_manager.cc:1383] Generated new cluster ID: 7ef8029a86074326ba06f156a0762c42
I20260630 12:22:13.660609 30336 catalog_manager.cc:1531] Initializing Kudu internal certificate authority...
I20260630 12:22:13.690796 30336 catalog_manager.cc:1406] Generated new certificate authority record
I20260630 12:22:13.692022 30336 catalog_manager.cc:1540] Loading token signing keys...
I20260630 12:22:13.702461 30336 catalog_manager.cc:6070] T 00000000000000000000000000000000 P 33dfa38989404f1e90c043e4f39a657e: Generated new TSK 0
I20260630 12:22:13.703019 30336 catalog_manager.cc:1550] Initializing in-progress tserver states...
I20260630 12:22:13.719792 26290 file_cache.cc:492] Constructed file cache file cache with capacity 419430
W20260630 12:22:13.725409 30347 instance_detector.cc:116] could not retrieve AWS instance metadata: Network error: curl error: HTTP response code said error: The requested URL returned error: 404
W20260630 12:22:13.726734 30348 instance_detector.cc:116] could not retrieve Azure instance metadata: Network error: curl error: HTTP response code said error: The requested URL returned error: 404
W20260630 12:22:13.728080 30350 instance_detector.cc:116] could not retrieve OpenStack instance metadata: Network error: curl error: HTTP response code said error: The requested URL returned error: 404
I20260630 12:22:13.728242 26290 server_base.cc:1061] running on GCE node
I20260630 12:22:13.729176 26290 hybrid_clock.cc:584] initializing the hybrid clock with 'system_unsync' time source
W20260630 12:22:13.729349 26290 system_unsync_time.cc:38] NTP support is disabled. Clock error bounds will not be accurate. This configuration is not suitable for distributed clusters.
I20260630 12:22:13.729470 26290 hybrid_clock.cc:648] HybridClock initialized: now 1782822133729459 us; error 0 us; skew 500 ppm
I20260630 12:22:13.729885 26290 server_base.cc:861] Flag tcmalloc_max_total_thread_cache_bytes is not working since tcmalloc is not enabled.
I20260630 12:22:13.732005 26290 webserver.cc:533] Webserver started at http://127.25.172.129:43675/ using document root <none> and password file <none>
I20260630 12:22:13.732435 26290 fs_manager.cc:362] Metadata directory not provided
I20260630 12:22:13.732599 26290 fs_manager.cc:368] Using write-ahead log directory (fs_wal_dir) as metadata directory
I20260630 12:22:13.732796 26290 server_base.cc:909] This appears to be a new deployment of Kudu; creating new FS layout
I20260630 12:22:13.733882 26290 fs_manager.cc:1068] Generated new instance metadata in path /tmp/dist-test-task1rcj13/test-tmp/auto_rebalancer-test.0.AutoRebalancerTest.NoReplicaMovesIfCannotFixPlacementPolicy.1782822029714080-26290-0/minicluster-data/ts-0-root/instance:
uuid: "c0b6e5f48e9a4d4d945563abdc14f5fa"
format_stamp: "Formatted at 2026-06-30 12:22:13 on dist-test-slave-fqpm"
I20260630 12:22:13.738030 26290 fs_manager.cc:696] Time spent creating directory manager: real 0.004s	user 0.005s	sys 0.000s
I20260630 12:22:13.741003 30355 log_block_manager.cc:4031] Time spent loading block containers with low live blocks: real 0.000s	user 0.000s	sys 0.000s
I20260630 12:22:13.741696 26290 fs_manager.cc:730] Time spent opening block manager: real 0.002s	user 0.003s	sys 0.000s
I20260630 12:22:13.741964 26290 fs_manager.cc:647] Opened local filesystem: /tmp/dist-test-task1rcj13/test-tmp/auto_rebalancer-test.0.AutoRebalancerTest.NoReplicaMovesIfCannotFixPlacementPolicy.1782822029714080-26290-0/minicluster-data/ts-0-root
uuid: "c0b6e5f48e9a4d4d945563abdc14f5fa"
format_stamp: "Formatted at 2026-06-30 12:22:13 on dist-test-slave-fqpm"
I20260630 12:22:13.742241 26290 fs_report.cc:389] FS layout report
--------------------
wal directory: /tmp/dist-test-task1rcj13/test-tmp/auto_rebalancer-test.0.AutoRebalancerTest.NoReplicaMovesIfCannotFixPlacementPolicy.1782822029714080-26290-0/minicluster-data/ts-0-root
metadata directory: /tmp/dist-test-task1rcj13/test-tmp/auto_rebalancer-test.0.AutoRebalancerTest.NoReplicaMovesIfCannotFixPlacementPolicy.1782822029714080-26290-0/minicluster-data/ts-0-root
1 data directories: /tmp/dist-test-task1rcj13/test-tmp/auto_rebalancer-test.0.AutoRebalancerTest.NoReplicaMovesIfCannotFixPlacementPolicy.1782822029714080-26290-0/minicluster-data/ts-0-root/data
Total live blocks: 0
Total live bytes: 0
Total live bytes (after alignment): 0
Total number of LBM containers: 0 (0 full)
Did not check for missing blocks
Did not check for orphaned blocks
Total full LBM containers with extra space: 0 (0 repaired)
Total full LBM container extra space in bytes: 0 (0 repaired)
Total incomplete LBM containers: 0 (0 repaired)
Total LBM partial records: 0 (0 repaired)
Total corrupted LBM metadata records in RocksDB: 0 (0 repaired)
I20260630 12:22:13.768781 26290 rpc_server.cc:225] running with OpenSSL 1.1.1  11 Sep 2018
I20260630 12:22:13.769939 26290 kserver.cc:163] Server-wide thread pool size limit: 3276
I20260630 12:22:13.771307 26290 txn_system_client.cc:432] TxnSystemClient initialization is disabled...
I20260630 12:22:13.773481 26290 ts_tablet_manager.cc:585] Loaded tablet metadata (0 total tablets, 0 live tablets)
I20260630 12:22:13.773696 26290 ts_tablet_manager.cc:531] Time spent load tablet metadata: real 0.000s	user 0.000s	sys 0.000s
I20260630 12:22:13.773929 26290 ts_tablet_manager.cc:616] Registered 0 tablets
I20260630 12:22:13.774109 26290 ts_tablet_manager.cc:595] Time spent register tablets: real 0.000s	user 0.000s	sys 0.000s
I20260630 12:22:13.812721 26290 rpc_server.cc:307] RPC server started. Bound to: 127.25.172.129:40621
I20260630 12:22:13.812824 30417 acceptor_pool.cc:272] collecting diagnostics on the listening RPC socket 127.25.172.129:40621 every 8 connection(s)
I20260630 12:22:13.817391 26290 file_cache.cc:492] Constructed file cache file cache with capacity 419430
W20260630 12:22:13.826228 30423 instance_detector.cc:116] could not retrieve Azure instance metadata: Network error: curl error: HTTP response code said error: The requested URL returned error: 404
W20260630 12:22:13.824781 30422 instance_detector.cc:116] could not retrieve AWS instance metadata: Network error: curl error: HTTP response code said error: The requested URL returned error: 404
W20260630 12:22:13.827514 30425 instance_detector.cc:116] could not retrieve OpenStack instance metadata: Network error: curl error: HTTP response code said error: The requested URL returned error: 404
I20260630 12:22:13.830207 26290 server_base.cc:1061] running on GCE node
I20260630 12:22:13.830570 30418 heartbeater.cc:344] Connected to a master server at 127.25.172.190:41583
I20260630 12:22:13.830982 30418 heartbeater.cc:461] Registering TS with master...
I20260630 12:22:13.831211 26290 hybrid_clock.cc:584] initializing the hybrid clock with 'system_unsync' time source
W20260630 12:22:13.831470 26290 system_unsync_time.cc:38] NTP support is disabled. Clock error bounds will not be accurate. This configuration is not suitable for distributed clusters.
I20260630 12:22:13.831663 26290 hybrid_clock.cc:648] HybridClock initialized: now 1782822133831644 us; error 0 us; skew 500 ppm
I20260630 12:22:13.831787 30418 heartbeater.cc:507] Master 127.25.172.190:41583 requested a full tablet report, sending...
I20260630 12:22:13.832363 26290 server_base.cc:861] Flag tcmalloc_max_total_thread_cache_bytes is not working since tcmalloc is not enabled.
I20260630 12:22:13.834120 30291 ts_manager.cc:194] Registered new tserver with Master: c0b6e5f48e9a4d4d945563abdc14f5fa (127.25.172.129:40621)
I20260630 12:22:13.835135 26290 webserver.cc:533] Webserver started at http://127.25.172.130:43253/ using document root <none> and password file <none>
I20260630 12:22:13.835770 26290 fs_manager.cc:362] Metadata directory not provided
I20260630 12:22:13.836004 26290 fs_manager.cc:368] Using write-ahead log directory (fs_wal_dir) as metadata directory
I20260630 12:22:13.836282 26290 server_base.cc:909] This appears to be a new deployment of Kudu; creating new FS layout
I20260630 12:22:13.836529 30291 master_service.cc:502] Signed X509 certificate for tserver {username='slave'} at 127.0.0.1:49132
I20260630 12:22:13.837781 26290 fs_manager.cc:1068] Generated new instance metadata in path /tmp/dist-test-task1rcj13/test-tmp/auto_rebalancer-test.0.AutoRebalancerTest.NoReplicaMovesIfCannotFixPlacementPolicy.1782822029714080-26290-0/minicluster-data/ts-1-root/instance:
uuid: "161364dee7d5450ea3769d82402d89ca"
format_stamp: "Formatted at 2026-06-30 12:22:13 on dist-test-slave-fqpm"
I20260630 12:22:13.842362 26290 fs_manager.cc:696] Time spent creating directory manager: real 0.004s	user 0.005s	sys 0.000s
I20260630 12:22:13.845773 30430 log_block_manager.cc:4031] Time spent loading block containers with low live blocks: real 0.000s	user 0.000s	sys 0.000s
I20260630 12:22:13.846587 26290 fs_manager.cc:730] Time spent opening block manager: real 0.002s	user 0.002s	sys 0.001s
I20260630 12:22:13.846812 26290 fs_manager.cc:647] Opened local filesystem: /tmp/dist-test-task1rcj13/test-tmp/auto_rebalancer-test.0.AutoRebalancerTest.NoReplicaMovesIfCannotFixPlacementPolicy.1782822029714080-26290-0/minicluster-data/ts-1-root
uuid: "161364dee7d5450ea3769d82402d89ca"
format_stamp: "Formatted at 2026-06-30 12:22:13 on dist-test-slave-fqpm"
I20260630 12:22:13.847041 26290 fs_report.cc:389] FS layout report
--------------------
wal directory: /tmp/dist-test-task1rcj13/test-tmp/auto_rebalancer-test.0.AutoRebalancerTest.NoReplicaMovesIfCannotFixPlacementPolicy.1782822029714080-26290-0/minicluster-data/ts-1-root
metadata directory: /tmp/dist-test-task1rcj13/test-tmp/auto_rebalancer-test.0.AutoRebalancerTest.NoReplicaMovesIfCannotFixPlacementPolicy.1782822029714080-26290-0/minicluster-data/ts-1-root
1 data directories: /tmp/dist-test-task1rcj13/test-tmp/auto_rebalancer-test.0.AutoRebalancerTest.NoReplicaMovesIfCannotFixPlacementPolicy.1782822029714080-26290-0/minicluster-data/ts-1-root/data
Total live blocks: 0
Total live bytes: 0
Total live bytes (after alignment): 0
Total number of LBM containers: 0 (0 full)
Did not check for missing blocks
Did not check for orphaned blocks
Total full LBM containers with extra space: 0 (0 repaired)
Total full LBM container extra space in bytes: 0 (0 repaired)
Total incomplete LBM containers: 0 (0 repaired)
Total LBM partial records: 0 (0 repaired)
Total corrupted LBM metadata records in RocksDB: 0 (0 repaired)
I20260630 12:22:13.856256 26290 rpc_server.cc:225] running with OpenSSL 1.1.1  11 Sep 2018
I20260630 12:22:13.857321 26290 kserver.cc:163] Server-wide thread pool size limit: 3276
I20260630 12:22:13.858589 26290 txn_system_client.cc:432] TxnSystemClient initialization is disabled...
I20260630 12:22:13.860595 26290 ts_tablet_manager.cc:585] Loaded tablet metadata (0 total tablets, 0 live tablets)
I20260630 12:22:13.860780 26290 ts_tablet_manager.cc:531] Time spent load tablet metadata: real 0.000s	user 0.000s	sys 0.000s
I20260630 12:22:13.861095 26290 ts_tablet_manager.cc:616] Registered 0 tablets
I20260630 12:22:13.861253 26290 ts_tablet_manager.cc:595] Time spent register tablets: real 0.000s	user 0.000s	sys 0.000s
I20260630 12:22:13.898065 26290 rpc_server.cc:307] RPC server started. Bound to: 127.25.172.130:36649
I20260630 12:22:13.898154 30492 acceptor_pool.cc:272] collecting diagnostics on the listening RPC socket 127.25.172.130:36649 every 8 connection(s)
I20260630 12:22:13.902595 26290 file_cache.cc:492] Constructed file cache file cache with capacity 419430
W20260630 12:22:13.910257 30496 instance_detector.cc:116] could not retrieve AWS instance metadata: Network error: curl error: HTTP response code said error: The requested URL returned error: 404
W20260630 12:22:13.911310 30497 instance_detector.cc:116] could not retrieve Azure instance metadata: Network error: curl error: HTTP response code said error: The requested URL returned error: 404
I20260630 12:22:13.914609 30493 heartbeater.cc:344] Connected to a master server at 127.25.172.190:41583
W20260630 12:22:13.914949 30499 instance_detector.cc:116] could not retrieve OpenStack instance metadata: Network error: curl error: HTTP response code said error: The requested URL returned error: 404
I20260630 12:22:13.915032 30493 heartbeater.cc:461] Registering TS with master...
I20260630 12:22:13.915169 26290 server_base.cc:1061] running on GCE node
I20260630 12:22:13.916065 30493 heartbeater.cc:507] Master 127.25.172.190:41583 requested a full tablet report, sending...
I20260630 12:22:13.916152 26290 hybrid_clock.cc:584] initializing the hybrid clock with 'system_unsync' time source
W20260630 12:22:13.916487 26290 system_unsync_time.cc:38] NTP support is disabled. Clock error bounds will not be accurate. This configuration is not suitable for distributed clusters.
I20260630 12:22:13.916672 26290 hybrid_clock.cc:648] HybridClock initialized: now 1782822133916657 us; error 0 us; skew 500 ppm
I20260630 12:22:13.917375 26290 server_base.cc:861] Flag tcmalloc_max_total_thread_cache_bytes is not working since tcmalloc is not enabled.
I20260630 12:22:13.918046 30291 ts_manager.cc:194] Registered new tserver with Master: 161364dee7d5450ea3769d82402d89ca (127.25.172.130:36649)
I20260630 12:22:13.919674 30291 master_service.cc:502] Signed X509 certificate for tserver {username='slave'} at 127.0.0.1:49140
I20260630 12:22:13.919787 26290 webserver.cc:533] Webserver started at http://127.25.172.131:40897/ using document root <none> and password file <none>
I20260630 12:22:13.920363 26290 fs_manager.cc:362] Metadata directory not provided
I20260630 12:22:13.920585 26290 fs_manager.cc:368] Using write-ahead log directory (fs_wal_dir) as metadata directory
I20260630 12:22:13.920943 26290 server_base.cc:909] This appears to be a new deployment of Kudu; creating new FS layout
I20260630 12:22:13.922091 26290 fs_manager.cc:1068] Generated new instance metadata in path /tmp/dist-test-task1rcj13/test-tmp/auto_rebalancer-test.0.AutoRebalancerTest.NoReplicaMovesIfCannotFixPlacementPolicy.1782822029714080-26290-0/minicluster-data/ts-2-root/instance:
uuid: "2e9a8bcdac6f42659a8e70cb771baf51"
format_stamp: "Formatted at 2026-06-30 12:22:13 on dist-test-slave-fqpm"
I20260630 12:22:13.926198 26290 fs_manager.cc:696] Time spent creating directory manager: real 0.004s	user 0.005s	sys 0.000s
I20260630 12:22:13.929117 30504 log_block_manager.cc:4031] Time spent loading block containers with low live blocks: real 0.000s	user 0.000s	sys 0.000s
I20260630 12:22:13.929826 26290 fs_manager.cc:730] Time spent opening block manager: real 0.002s	user 0.002s	sys 0.000s
I20260630 12:22:13.930114 26290 fs_manager.cc:647] Opened local filesystem: /tmp/dist-test-task1rcj13/test-tmp/auto_rebalancer-test.0.AutoRebalancerTest.NoReplicaMovesIfCannotFixPlacementPolicy.1782822029714080-26290-0/minicluster-data/ts-2-root
uuid: "2e9a8bcdac6f42659a8e70cb771baf51"
format_stamp: "Formatted at 2026-06-30 12:22:13 on dist-test-slave-fqpm"
I20260630 12:22:13.930388 26290 fs_report.cc:389] FS layout report
--------------------
wal directory: /tmp/dist-test-task1rcj13/test-tmp/auto_rebalancer-test.0.AutoRebalancerTest.NoReplicaMovesIfCannotFixPlacementPolicy.1782822029714080-26290-0/minicluster-data/ts-2-root
metadata directory: /tmp/dist-test-task1rcj13/test-tmp/auto_rebalancer-test.0.AutoRebalancerTest.NoReplicaMovesIfCannotFixPlacementPolicy.1782822029714080-26290-0/minicluster-data/ts-2-root
1 data directories: /tmp/dist-test-task1rcj13/test-tmp/auto_rebalancer-test.0.AutoRebalancerTest.NoReplicaMovesIfCannotFixPlacementPolicy.1782822029714080-26290-0/minicluster-data/ts-2-root/data
Total live blocks: 0
Total live bytes: 0
Total live bytes (after alignment): 0
Total number of LBM containers: 0 (0 full)
Did not check for missing blocks
Did not check for orphaned blocks
Total full LBM containers with extra space: 0 (0 repaired)
Total full LBM container extra space in bytes: 0 (0 repaired)
Total incomplete LBM containers: 0 (0 repaired)
Total LBM partial records: 0 (0 repaired)
Total corrupted LBM metadata records in RocksDB: 0 (0 repaired)
I20260630 12:22:13.960530 26290 rpc_server.cc:225] running with OpenSSL 1.1.1  11 Sep 2018
I20260630 12:22:13.961825 26290 kserver.cc:163] Server-wide thread pool size limit: 3276
I20260630 12:22:13.963236 26290 txn_system_client.cc:432] TxnSystemClient initialization is disabled...
I20260630 12:22:13.965353 26290 ts_tablet_manager.cc:585] Loaded tablet metadata (0 total tablets, 0 live tablets)
I20260630 12:22:13.965580 26290 ts_tablet_manager.cc:531] Time spent load tablet metadata: real 0.000s	user 0.000s	sys 0.000s
I20260630 12:22:13.965822 26290 ts_tablet_manager.cc:616] Registered 0 tablets
I20260630 12:22:13.965996 26290 ts_tablet_manager.cc:595] Time spent register tablets: real 0.000s	user 0.000s	sys 0.000s
I20260630 12:22:14.003345 26290 rpc_server.cc:307] RPC server started. Bound to: 127.25.172.131:39911
I20260630 12:22:14.003433 30566 acceptor_pool.cc:272] collecting diagnostics on the listening RPC socket 127.25.172.131:39911 every 8 connection(s)
I20260630 12:22:14.016315 30567 heartbeater.cc:344] Connected to a master server at 127.25.172.190:41583
I20260630 12:22:14.016669 30567 heartbeater.cc:461] Registering TS with master...
I20260630 12:22:14.017405 30567 heartbeater.cc:507] Master 127.25.172.190:41583 requested a full tablet report, sending...
I20260630 12:22:14.019136 30291 ts_manager.cc:194] Registered new tserver with Master: 2e9a8bcdac6f42659a8e70cb771baf51 (127.25.172.131:39911)
I20260630 12:22:14.019794 26290 internal_mini_cluster.cc:371] 3 TS(s) registered with all masters after 0.013089087s
I20260630 12:22:14.020457 30291 master_service.cc:502] Signed X509 certificate for tserver {username='slave'} at 127.0.0.1:49154
I20260630 12:22:14.839413 30418 heartbeater.cc:499] Master 127.25.172.190:41583 was elected leader, sending a full tablet report...
I20260630 12:22:14.922050 30493 heartbeater.cc:499] Master 127.25.172.190:41583 was elected leader, sending a full tablet report...
I20260630 12:22:15.022714 30567 heartbeater.cc:499] Master 127.25.172.190:41583 was elected leader, sending a full tablet report...
I20260630 12:22:15.088490 30291 catalog_manager.cc:2283] Servicing CreateTable request from {username='slave'} at 127.0.0.1:49168:
name: "test-workload"
schema {
  columns {
    name: "key"
    type: INT32
    is_key: true
    is_nullable: false
    encoding: AUTO_ENCODING
    compression: DEFAULT_COMPRESSION
    cfile_block_size: 0
    immutable: false
  }
  columns {
    name: "int_val"
    type: INT32
    is_key: false
    is_nullable: false
    encoding: AUTO_ENCODING
    compression: DEFAULT_COMPRESSION
    cfile_block_size: 0
    immutable: false
  }
  columns {
    name: "string_val"
    type: STRING
    is_key: false
    is_nullable: true
    encoding: AUTO_ENCODING
    compression: DEFAULT_COMPRESSION
    cfile_block_size: 0
    immutable: false
  }
}
num_replicas: 3
split_rows_range_bounds {
}
partition_schema {
  range_schema {
    columns {
      name: "key"
    }
  }
}
W20260630 12:22:15.090448 30291 catalog_manager.cc:7077] The number of live tablet servers is not enough to re-replicate a tablet replica of the newly created table test-workload in case of a server failure: 4 tablet servers would be needed, 3 are available. Consider bringing up more tablet servers.
I20260630 12:22:15.127990 30532 tablet_service.cc:1511] Processing CreateTablet for tablet a2ab2b91454a4619b107192895875190 (DEFAULT_TABLE table=test-workload [id=a1c5d94c246143ef8ccad076a8e147fb]), partition=RANGE (key) PARTITION UNBOUNDED
I20260630 12:22:15.129314 30532 data_dirs.cc:400] Could only allocate 1 dirs of requested 3 for tablet a2ab2b91454a4619b107192895875190. 1 dirs total, 0 dirs full, 0 dirs failed
I20260630 12:22:15.134704 30458 tablet_service.cc:1511] Processing CreateTablet for tablet a2ab2b91454a4619b107192895875190 (DEFAULT_TABLE table=test-workload [id=a1c5d94c246143ef8ccad076a8e147fb]), partition=RANGE (key) PARTITION UNBOUNDED
I20260630 12:22:15.135852 30458 data_dirs.cc:400] Could only allocate 1 dirs of requested 3 for tablet a2ab2b91454a4619b107192895875190. 1 dirs total, 0 dirs full, 0 dirs failed
I20260630 12:22:15.141899 30383 tablet_service.cc:1511] Processing CreateTablet for tablet a2ab2b91454a4619b107192895875190 (DEFAULT_TABLE table=test-workload [id=a1c5d94c246143ef8ccad076a8e147fb]), partition=RANGE (key) PARTITION UNBOUNDED
I20260630 12:22:15.143123 30383 data_dirs.cc:400] Could only allocate 1 dirs of requested 3 for tablet a2ab2b91454a4619b107192895875190. 1 dirs total, 0 dirs full, 0 dirs failed
I20260630 12:22:15.145180 30587 tablet_bootstrap.cc:492] T a2ab2b91454a4619b107192895875190 P 2e9a8bcdac6f42659a8e70cb771baf51: Bootstrap starting.
I20260630 12:22:15.150334 30588 tablet_bootstrap.cc:492] T a2ab2b91454a4619b107192895875190 P 161364dee7d5450ea3769d82402d89ca: Bootstrap starting.
I20260630 12:22:15.153664 30587 tablet_bootstrap.cc:654] T a2ab2b91454a4619b107192895875190 P 2e9a8bcdac6f42659a8e70cb771baf51: Neither blocks nor log segments found. Creating new log.
I20260630 12:22:15.156894 30588 tablet_bootstrap.cc:654] T a2ab2b91454a4619b107192895875190 P 161364dee7d5450ea3769d82402d89ca: Neither blocks nor log segments found. Creating new log.
I20260630 12:22:15.158819 30590 tablet_bootstrap.cc:492] T a2ab2b91454a4619b107192895875190 P c0b6e5f48e9a4d4d945563abdc14f5fa: Bootstrap starting.
I20260630 12:22:15.159933 30587 tablet_bootstrap.cc:492] T a2ab2b91454a4619b107192895875190 P 2e9a8bcdac6f42659a8e70cb771baf51: No bootstrap required, opened a new log
I20260630 12:22:15.160434 30587 ts_tablet_manager.cc:1403] T a2ab2b91454a4619b107192895875190 P 2e9a8bcdac6f42659a8e70cb771baf51: Time spent bootstrapping tablet: real 0.016s	user 0.009s	sys 0.003s
I20260630 12:22:15.163164 30587 raft_consensus.cc:359] T a2ab2b91454a4619b107192895875190 P 2e9a8bcdac6f42659a8e70cb771baf51 [term 0 FOLLOWER]: Replica starting. Triggering 0 pending ops. Active config: opid_index: -1 OBSOLETE_local: false peers { permanent_uuid: "2e9a8bcdac6f42659a8e70cb771baf51" member_type: VOTER last_known_addr { host: "127.25.172.131" port: 39911 } } peers { permanent_uuid: "c0b6e5f48e9a4d4d945563abdc14f5fa" member_type: VOTER last_known_addr { host: "127.25.172.129" port: 40621 } } peers { permanent_uuid: "161364dee7d5450ea3769d82402d89ca" member_type: VOTER last_known_addr { host: "127.25.172.130" port: 36649 } }
I20260630 12:22:15.163718 30587 raft_consensus.cc:385] T a2ab2b91454a4619b107192895875190 P 2e9a8bcdac6f42659a8e70cb771baf51 [term 0 FOLLOWER]: Consensus starting up: Expiring failure detector timer to make a prompt election more likely
I20260630 12:22:15.163792 30588 tablet_bootstrap.cc:492] T a2ab2b91454a4619b107192895875190 P 161364dee7d5450ea3769d82402d89ca: No bootstrap required, opened a new log
I20260630 12:22:15.164008 30587 raft_consensus.cc:740] T a2ab2b91454a4619b107192895875190 P 2e9a8bcdac6f42659a8e70cb771baf51 [term 0 FOLLOWER]: Becoming Follower/Learner. State: Replica: 2e9a8bcdac6f42659a8e70cb771baf51, State: Initialized, Role: FOLLOWER
I20260630 12:22:15.164372 30588 ts_tablet_manager.cc:1403] T a2ab2b91454a4619b107192895875190 P 161364dee7d5450ea3769d82402d89ca: Time spent bootstrapping tablet: real 0.014s	user 0.012s	sys 0.000s
I20260630 12:22:15.164786 30587 consensus_queue.cc:260] T a2ab2b91454a4619b107192895875190 P 2e9a8bcdac6f42659a8e70cb771baf51 [NON_LEADER]: Queue going to NON_LEADER mode. State: All replicated index: 0, Majority replicated index: 0, Committed index: 0, Last appended: 0.0, Last appended by leader: 0, Current term: 0, Majority size: -1, State: 0, Mode: NON_LEADER, active raft config: opid_index: -1 OBSOLETE_local: false peers { permanent_uuid: "2e9a8bcdac6f42659a8e70cb771baf51" member_type: VOTER last_known_addr { host: "127.25.172.131" port: 39911 } } peers { permanent_uuid: "c0b6e5f48e9a4d4d945563abdc14f5fa" member_type: VOTER last_known_addr { host: "127.25.172.129" port: 40621 } } peers { permanent_uuid: "161364dee7d5450ea3769d82402d89ca" member_type: VOTER last_known_addr { host: "127.25.172.130" port: 36649 } }
I20260630 12:22:15.166307 30590 tablet_bootstrap.cc:654] T a2ab2b91454a4619b107192895875190 P c0b6e5f48e9a4d4d945563abdc14f5fa: Neither blocks nor log segments found. Creating new log.
I20260630 12:22:15.167552 30587 ts_tablet_manager.cc:1434] T a2ab2b91454a4619b107192895875190 P 2e9a8bcdac6f42659a8e70cb771baf51: Time spent starting tablet: real 0.007s	user 0.003s	sys 0.003s
I20260630 12:22:15.167372 30588 raft_consensus.cc:359] T a2ab2b91454a4619b107192895875190 P 161364dee7d5450ea3769d82402d89ca [term 0 FOLLOWER]: Replica starting. Triggering 0 pending ops. Active config: opid_index: -1 OBSOLETE_local: false peers { permanent_uuid: "2e9a8bcdac6f42659a8e70cb771baf51" member_type: VOTER last_known_addr { host: "127.25.172.131" port: 39911 } } peers { permanent_uuid: "c0b6e5f48e9a4d4d945563abdc14f5fa" member_type: VOTER last_known_addr { host: "127.25.172.129" port: 40621 } } peers { permanent_uuid: "161364dee7d5450ea3769d82402d89ca" member_type: VOTER last_known_addr { host: "127.25.172.130" port: 36649 } }
I20260630 12:22:15.168181 30588 raft_consensus.cc:385] T a2ab2b91454a4619b107192895875190 P 161364dee7d5450ea3769d82402d89ca [term 0 FOLLOWER]: Consensus starting up: Expiring failure detector timer to make a prompt election more likely
I20260630 12:22:15.168532 30588 raft_consensus.cc:740] T a2ab2b91454a4619b107192895875190 P 161364dee7d5450ea3769d82402d89ca [term 0 FOLLOWER]: Becoming Follower/Learner. State: Replica: 161364dee7d5450ea3769d82402d89ca, State: Initialized, Role: FOLLOWER
I20260630 12:22:15.169516 30588 consensus_queue.cc:260] T a2ab2b91454a4619b107192895875190 P 161364dee7d5450ea3769d82402d89ca [NON_LEADER]: Queue going to NON_LEADER mode. State: All replicated index: 0, Majority replicated index: 0, Committed index: 0, Last appended: 0.0, Last appended by leader: 0, Current term: 0, Majority size: -1, State: 0, Mode: NON_LEADER, active raft config: opid_index: -1 OBSOLETE_local: false peers { permanent_uuid: "2e9a8bcdac6f42659a8e70cb771baf51" member_type: VOTER last_known_addr { host: "127.25.172.131" port: 39911 } } peers { permanent_uuid: "c0b6e5f48e9a4d4d945563abdc14f5fa" member_type: VOTER last_known_addr { host: "127.25.172.129" port: 40621 } } peers { permanent_uuid: "161364dee7d5450ea3769d82402d89ca" member_type: VOTER last_known_addr { host: "127.25.172.130" port: 36649 } }
I20260630 12:22:15.172401 30588 ts_tablet_manager.cc:1434] T a2ab2b91454a4619b107192895875190 P 161364dee7d5450ea3769d82402d89ca: Time spent starting tablet: real 0.008s	user 0.006s	sys 0.000s
I20260630 12:22:15.174214 30590 tablet_bootstrap.cc:492] T a2ab2b91454a4619b107192895875190 P c0b6e5f48e9a4d4d945563abdc14f5fa: No bootstrap required, opened a new log
I20260630 12:22:15.174727 30590 ts_tablet_manager.cc:1403] T a2ab2b91454a4619b107192895875190 P c0b6e5f48e9a4d4d945563abdc14f5fa: Time spent bootstrapping tablet: real 0.016s	user 0.006s	sys 0.006s
I20260630 12:22:15.177451 30590 raft_consensus.cc:359] T a2ab2b91454a4619b107192895875190 P c0b6e5f48e9a4d4d945563abdc14f5fa [term 0 FOLLOWER]: Replica starting. Triggering 0 pending ops. Active config: opid_index: -1 OBSOLETE_local: false peers { permanent_uuid: "2e9a8bcdac6f42659a8e70cb771baf51" member_type: VOTER last_known_addr { host: "127.25.172.131" port: 39911 } } peers { permanent_uuid: "c0b6e5f48e9a4d4d945563abdc14f5fa" member_type: VOTER last_known_addr { host: "127.25.172.129" port: 40621 } } peers { permanent_uuid: "161364dee7d5450ea3769d82402d89ca" member_type: VOTER last_known_addr { host: "127.25.172.130" port: 36649 } }
I20260630 12:22:15.178128 30590 raft_consensus.cc:385] T a2ab2b91454a4619b107192895875190 P c0b6e5f48e9a4d4d945563abdc14f5fa [term 0 FOLLOWER]: Consensus starting up: Expiring failure detector timer to make a prompt election more likely
I20260630 12:22:15.178448 30590 raft_consensus.cc:740] T a2ab2b91454a4619b107192895875190 P c0b6e5f48e9a4d4d945563abdc14f5fa [term 0 FOLLOWER]: Becoming Follower/Learner. State: Replica: c0b6e5f48e9a4d4d945563abdc14f5fa, State: Initialized, Role: FOLLOWER
I20260630 12:22:15.179116 30590 consensus_queue.cc:260] T a2ab2b91454a4619b107192895875190 P c0b6e5f48e9a4d4d945563abdc14f5fa [NON_LEADER]: Queue going to NON_LEADER mode. State: All replicated index: 0, Majority replicated index: 0, Committed index: 0, Last appended: 0.0, Last appended by leader: 0, Current term: 0, Majority size: -1, State: 0, Mode: NON_LEADER, active raft config: opid_index: -1 OBSOLETE_local: false peers { permanent_uuid: "2e9a8bcdac6f42659a8e70cb771baf51" member_type: VOTER last_known_addr { host: "127.25.172.131" port: 39911 } } peers { permanent_uuid: "c0b6e5f48e9a4d4d945563abdc14f5fa" member_type: VOTER last_known_addr { host: "127.25.172.129" port: 40621 } } peers { permanent_uuid: "161364dee7d5450ea3769d82402d89ca" member_type: VOTER last_known_addr { host: "127.25.172.130" port: 36649 } }
I20260630 12:22:15.181692 30590 ts_tablet_manager.cc:1434] T a2ab2b91454a4619b107192895875190 P c0b6e5f48e9a4d4d945563abdc14f5fa: Time spent starting tablet: real 0.007s	user 0.000s	sys 0.006s
I20260630 12:22:15.361826 30595 raft_consensus.cc:493] T a2ab2b91454a4619b107192895875190 P c0b6e5f48e9a4d4d945563abdc14f5fa [term 0 FOLLOWER]: Starting pre-election (no leader contacted us within the election timeout)
I20260630 12:22:15.362283 30595 raft_consensus.cc:515] T a2ab2b91454a4619b107192895875190 P c0b6e5f48e9a4d4d945563abdc14f5fa [term 0 FOLLOWER]: Starting pre-election with config: opid_index: -1 OBSOLETE_local: false peers { permanent_uuid: "2e9a8bcdac6f42659a8e70cb771baf51" member_type: VOTER last_known_addr { host: "127.25.172.131" port: 39911 } } peers { permanent_uuid: "c0b6e5f48e9a4d4d945563abdc14f5fa" member_type: VOTER last_known_addr { host: "127.25.172.129" port: 40621 } } peers { permanent_uuid: "161364dee7d5450ea3769d82402d89ca" member_type: VOTER last_known_addr { host: "127.25.172.130" port: 36649 } }
I20260630 12:22:15.364240 30595 leader_election.cc:290] T a2ab2b91454a4619b107192895875190 P c0b6e5f48e9a4d4d945563abdc14f5fa [CANDIDATE]: Term 1 pre-election: Requested pre-vote from peers 2e9a8bcdac6f42659a8e70cb771baf51 (127.25.172.131:39911), 161364dee7d5450ea3769d82402d89ca (127.25.172.130:36649)
I20260630 12:22:15.375588 30468 tablet_service.cc:1917] Received RequestConsensusVote() RPC: tablet_id: "a2ab2b91454a4619b107192895875190" candidate_uuid: "c0b6e5f48e9a4d4d945563abdc14f5fa" candidate_term: 1 candidate_status { last_received { term: 0 index: 0 } } ignore_live_leader: false dest_uuid: "161364dee7d5450ea3769d82402d89ca" is_pre_election: true
I20260630 12:22:15.375613 30542 tablet_service.cc:1917] Received RequestConsensusVote() RPC: tablet_id: "a2ab2b91454a4619b107192895875190" candidate_uuid: "c0b6e5f48e9a4d4d945563abdc14f5fa" candidate_term: 1 candidate_status { last_received { term: 0 index: 0 } } ignore_live_leader: false dest_uuid: "2e9a8bcdac6f42659a8e70cb771baf51" is_pre_election: true
