I20260630 12:20:52.761868 28401 heartbeater.cc:507] Master 127.25.223.254:36409 requested a full tablet report, sending...
I20260630 12:20:52.763640 28125 ts_manager.cc:194] Registered new tserver with Master: 0152fc2fdbfa42229d652c4a7a187121 (127.25.223.195:41001)
I20260630 12:20:52.763823 26495 internal_mini_cluster.cc:371] 3 TS(s) registered with all masters after 0.013305699s
I20260630 12:20:52.765053 28125 master_service.cc:502] Signed X509 certificate for tserver {username='slave'} at 127.0.0.1:56636
I20260630 12:20:53.592742 28252 heartbeater.cc:499] Master 127.25.223.254:36409 was elected leader, sending a full tablet report...
I20260630 12:20:53.685230 28327 heartbeater.cc:499] Master 127.25.223.254:36409 was elected leader, sending a full tablet report...
I20260630 12:20:53.767333 28401 heartbeater.cc:499] Master 127.25.223.254:36409 was elected leader, sending a full tablet report...
I20260630 12:20:53.820263 28125 catalog_manager.cc:2283] Servicing CreateTable request from {username='slave'} at 127.0.0.1:56650:
name: "test-workload"
schema {
  columns {
    name: "key"
    type: INT32
    is_key: true
    is_nullable: false
    encoding: AUTO_ENCODING
    compression: DEFAULT_COMPRESSION
    cfile_block_size: 0
    immutable: false
  }
  columns {
    name: "int_val"
    type: INT32
    is_key: false
    is_nullable: false
    encoding: AUTO_ENCODING
    compression: DEFAULT_COMPRESSION
    cfile_block_size: 0
    immutable: false
  }
  columns {
    name: "string_val"
    type: STRING
    is_key: false
    is_nullable: true
    encoding: AUTO_ENCODING
    compression: DEFAULT_COMPRESSION
    cfile_block_size: 0
    immutable: false
  }
}
num_replicas: 3
split_rows_range_bounds {
  rows: "\004\001\000\377\377\377?""\004\001\000\377\377\377?"
  indirect_data: """"
}
partition_schema {
  range_schema {
    columns {
      name: "key"
    }
  }
}
W20260630 12:20:53.822201 28125 catalog_manager.cc:7077] The number of live tablet servers is not enough to re-replicate a tablet replica of the newly created table test-workload in case of a server failure: 4 tablet servers would be needed, 3 are available. Consider bringing up more tablet servers.
I20260630 12:20:53.875429 28217 tablet_service.cc:1511] Processing CreateTablet for tablet 05fa78c6e10d482f953ed4fb3bc10236 (DEFAULT_TABLE table=test-workload [id=ca7674b4ebd64ad2b60ab383fd2f3933]), partition=RANGE (key) PARTITION VALUES < 1073741823
I20260630 12:20:53.875929 28216 tablet_service.cc:1511] Processing CreateTablet for tablet c06cbff7039740e4bd5129bcb22399bf (DEFAULT_TABLE table=test-workload [id=ca7674b4ebd64ad2b60ab383fd2f3933]), partition=RANGE (key) PARTITION 1073741823 <= VALUES
I20260630 12:20:53.876778 28217 data_dirs.cc:400] Could only allocate 1 dirs of requested 3 for tablet 05fa78c6e10d482f953ed4fb3bc10236. 1 dirs total, 0 dirs full, 0 dirs failed
I20260630 12:20:53.877401 28216 data_dirs.cc:400] Could only allocate 1 dirs of requested 3 for tablet c06cbff7039740e4bd5129bcb22399bf. 1 dirs total, 0 dirs full, 0 dirs failed
I20260630 12:20:53.889108 28292 tablet_service.cc:1511] Processing CreateTablet for tablet 05fa78c6e10d482f953ed4fb3bc10236 (DEFAULT_TABLE table=test-workload [id=ca7674b4ebd64ad2b60ab383fd2f3933]), partition=RANGE (key) PARTITION VALUES < 1073741823
I20260630 12:20:53.889397 28291 tablet_service.cc:1511] Processing CreateTablet for tablet c06cbff7039740e4bd5129bcb22399bf (DEFAULT_TABLE table=test-workload [id=ca7674b4ebd64ad2b60ab383fd2f3933]), partition=RANGE (key) PARTITION 1073741823 <= VALUES
I20260630 12:20:53.890501 28292 data_dirs.cc:400] Could only allocate 1 dirs of requested 3 for tablet 05fa78c6e10d482f953ed4fb3bc10236. 1 dirs total, 0 dirs full, 0 dirs failed
I20260630 12:20:53.892446 28421 tablet_bootstrap.cc:492] T 05fa78c6e10d482f953ed4fb3bc10236 P 60f76d8a903b473097c873c268488c4b: Bootstrap starting.
I20260630 12:20:53.893460 28366 tablet_service.cc:1511] Processing CreateTablet for tablet 05fa78c6e10d482f953ed4fb3bc10236 (DEFAULT_TABLE table=test-workload [id=ca7674b4ebd64ad2b60ab383fd2f3933]), partition=RANGE (key) PARTITION VALUES < 1073741823
I20260630 12:20:53.894662 28366 data_dirs.cc:400] Could only allocate 1 dirs of requested 3 for tablet 05fa78c6e10d482f953ed4fb3bc10236. 1 dirs total, 0 dirs full, 0 dirs failed
I20260630 12:20:53.894881 28365 tablet_service.cc:1511] Processing CreateTablet for tablet c06cbff7039740e4bd5129bcb22399bf (DEFAULT_TABLE table=test-workload [id=ca7674b4ebd64ad2b60ab383fd2f3933]), partition=RANGE (key) PARTITION 1073741823 <= VALUES
I20260630 12:20:53.896194 28365 data_dirs.cc:400] Could only allocate 1 dirs of requested 3 for tablet c06cbff7039740e4bd5129bcb22399bf. 1 dirs total, 0 dirs full, 0 dirs failed
I20260630 12:20:53.896246 28291 data_dirs.cc:400] Could only allocate 1 dirs of requested 3 for tablet c06cbff7039740e4bd5129bcb22399bf. 1 dirs total, 0 dirs full, 0 dirs failed
I20260630 12:20:53.901870 28421 tablet_bootstrap.cc:654] T 05fa78c6e10d482f953ed4fb3bc10236 P 60f76d8a903b473097c873c268488c4b: Neither blocks nor log segments found. Creating new log.
I20260630 12:20:53.919322 28424 tablet_bootstrap.cc:492] T 05fa78c6e10d482f953ed4fb3bc10236 P 794b9025ab574deaaf6c5268ce258003: Bootstrap starting.
I20260630 12:20:53.919349 28421 tablet_bootstrap.cc:492] T 05fa78c6e10d482f953ed4fb3bc10236 P 60f76d8a903b473097c873c268488c4b: No bootstrap required, opened a new log
I20260630 12:20:53.920296 28421 ts_tablet_manager.cc:1403] T 05fa78c6e10d482f953ed4fb3bc10236 P 60f76d8a903b473097c873c268488c4b: Time spent bootstrapping tablet: real 0.028s	user 0.020s	sys 0.004s
I20260630 12:20:53.923900 28423 tablet_bootstrap.cc:492] T 05fa78c6e10d482f953ed4fb3bc10236 P 0152fc2fdbfa42229d652c4a7a187121: Bootstrap starting.
I20260630 12:20:53.923847 28421 raft_consensus.cc:359] T 05fa78c6e10d482f953ed4fb3bc10236 P 60f76d8a903b473097c873c268488c4b [term 0 FOLLOWER]: Replica starting. Triggering 0 pending ops. Active config: opid_index: -1 OBSOLETE_local: false peers { permanent_uuid: "60f76d8a903b473097c873c268488c4b" member_type: VOTER last_known_addr { host: "127.25.223.193" port: 32781 } } peers { permanent_uuid: "794b9025ab574deaaf6c5268ce258003" member_type: VOTER last_known_addr { host: "127.25.223.194" port: 33155 } } peers { permanent_uuid: "0152fc2fdbfa42229d652c4a7a187121" member_type: VOTER last_known_addr { host: "127.25.223.195" port: 41001 } }
I20260630 12:20:53.924685 28421 raft_consensus.cc:385] T 05fa78c6e10d482f953ed4fb3bc10236 P 60f76d8a903b473097c873c268488c4b [term 0 FOLLOWER]: Consensus starting up: Expiring failure detector timer to make a prompt election more likely
I20260630 12:20:53.924970 28421 raft_consensus.cc:740] T 05fa78c6e10d482f953ed4fb3bc10236 P 60f76d8a903b473097c873c268488c4b [term 0 FOLLOWER]: Becoming Follower/Learner. State: Replica: 60f76d8a903b473097c873c268488c4b, State: Initialized, Role: FOLLOWER
I20260630 12:20:53.925603 28421 consensus_queue.cc:260] T 05fa78c6e10d482f953ed4fb3bc10236 P 60f76d8a903b473097c873c268488c4b [NON_LEADER]: Queue going to NON_LEADER mode. State: All replicated index: 0, Majority replicated index: 0, Committed index: 0, Last appended: 0.0, Last appended by leader: 0, Current term: 0, Majority size: -1, State: 0, Mode: NON_LEADER, active raft config: opid_index: -1 OBSOLETE_local: false peers { permanent_uuid: "60f76d8a903b473097c873c268488c4b" member_type: VOTER last_known_addr { host: "127.25.223.193" port: 32781 } } peers { permanent_uuid: "794b9025ab574deaaf6c5268ce258003" member_type: VOTER last_known_addr { host: "127.25.223.194" port: 33155 } } peers { permanent_uuid: "0152fc2fdbfa42229d652c4a7a187121" member_type: VOTER last_known_addr { host: "127.25.223.195" port: 41001 } }
I20260630 12:20:53.927309 28424 tablet_bootstrap.cc:654] T 05fa78c6e10d482f953ed4fb3bc10236 P 794b9025ab574deaaf6c5268ce258003: Neither blocks nor log segments found. Creating new log.
I20260630 12:20:53.928261 28421 ts_tablet_manager.cc:1434] T 05fa78c6e10d482f953ed4fb3bc10236 P 60f76d8a903b473097c873c268488c4b: Time spent starting tablet: real 0.008s	user 0.007s	sys 0.000s
I20260630 12:20:53.929190 28421 tablet_bootstrap.cc:492] T c06cbff7039740e4bd5129bcb22399bf P 60f76d8a903b473097c873c268488c4b: Bootstrap starting.
I20260630 12:20:53.930680 28423 tablet_bootstrap.cc:654] T 05fa78c6e10d482f953ed4fb3bc10236 P 0152fc2fdbfa42229d652c4a7a187121: Neither blocks nor log segments found. Creating new log.
I20260630 12:20:53.934959 28421 tablet_bootstrap.cc:654] T c06cbff7039740e4bd5129bcb22399bf P 60f76d8a903b473097c873c268488c4b: Neither blocks nor log segments found. Creating new log.
I20260630 12:20:53.941730 28424 tablet_bootstrap.cc:492] T 05fa78c6e10d482f953ed4fb3bc10236 P 794b9025ab574deaaf6c5268ce258003: No bootstrap required, opened a new log
I20260630 12:20:53.942004 28421 tablet_bootstrap.cc:492] T c06cbff7039740e4bd5129bcb22399bf P 60f76d8a903b473097c873c268488c4b: No bootstrap required, opened a new log
I20260630 12:20:53.942423 28424 ts_tablet_manager.cc:1403] T 05fa78c6e10d482f953ed4fb3bc10236 P 794b9025ab574deaaf6c5268ce258003: Time spent bootstrapping tablet: real 0.023s	user 0.014s	sys 0.004s
I20260630 12:20:53.942579 28421 ts_tablet_manager.cc:1403] T c06cbff7039740e4bd5129bcb22399bf P 60f76d8a903b473097c873c268488c4b: Time spent bootstrapping tablet: real 0.014s	user 0.008s	sys 0.004s
I20260630 12:20:53.944510 28423 tablet_bootstrap.cc:492] T 05fa78c6e10d482f953ed4fb3bc10236 P 0152fc2fdbfa42229d652c4a7a187121: No bootstrap required, opened a new log
I20260630 12:20:53.944967 28423 ts_tablet_manager.cc:1403] T 05fa78c6e10d482f953ed4fb3bc10236 P 0152fc2fdbfa42229d652c4a7a187121: Time spent bootstrapping tablet: real 0.021s	user 0.014s	sys 0.004s
I20260630 12:20:53.944748 28424 raft_consensus.cc:359] T 05fa78c6e10d482f953ed4fb3bc10236 P 794b9025ab574deaaf6c5268ce258003 [term 0 FOLLOWER]: Replica starting. Triggering 0 pending ops. Active config: opid_index: -1 OBSOLETE_local: false peers { permanent_uuid: "60f76d8a903b473097c873c268488c4b" member_type: VOTER last_known_addr { host: "127.25.223.193" port: 32781 } } peers { permanent_uuid: "794b9025ab574deaaf6c5268ce258003" member_type: VOTER last_known_addr { host: "127.25.223.194" port: 33155 } } peers { permanent_uuid: "0152fc2fdbfa42229d652c4a7a187121" member_type: VOTER last_known_addr { host: "127.25.223.195" port: 41001 } }
I20260630 12:20:53.945427 28424 raft_consensus.cc:385] T 05fa78c6e10d482f953ed4fb3bc10236 P 794b9025ab574deaaf6c5268ce258003 [term 0 FOLLOWER]: Consensus starting up: Expiring failure detector timer to make a prompt election more likely
I20260630 12:20:53.945710 28424 raft_consensus.cc:740] T 05fa78c6e10d482f953ed4fb3bc10236 P 794b9025ab574deaaf6c5268ce258003 [term 0 FOLLOWER]: Becoming Follower/Learner. State: Replica: 794b9025ab574deaaf6c5268ce258003, State: Initialized, Role: FOLLOWER
I20260630 12:20:53.945482 28421 raft_consensus.cc:359] T c06cbff7039740e4bd5129bcb22399bf P 60f76d8a903b473097c873c268488c4b [term 0 FOLLOWER]: Replica starting. Triggering 0 pending ops. Active config: opid_index: -1 OBSOLETE_local: false peers { permanent_uuid: "60f76d8a903b473097c873c268488c4b" member_type: VOTER last_known_addr { host: "127.25.223.193" port: 32781 } } peers { permanent_uuid: "794b9025ab574deaaf6c5268ce258003" member_type: VOTER last_known_addr { host: "127.25.223.194" port: 33155 } } peers { permanent_uuid: "0152fc2fdbfa42229d652c4a7a187121" member_type: VOTER last_known_addr { host: "127.25.223.195" port: 41001 } }
I20260630 12:20:53.946282 28421 raft_consensus.cc:385] T c06cbff7039740e4bd5129bcb22399bf P 60f76d8a903b473097c873c268488c4b [term 0 FOLLOWER]: Consensus starting up: Expiring failure detector timer to make a prompt election more likely
I20260630 12:20:53.946630 28421 raft_consensus.cc:740] T c06cbff7039740e4bd5129bcb22399bf P 60f76d8a903b473097c873c268488c4b [term 0 FOLLOWER]: Becoming Follower/Learner. State: Replica: 60f76d8a903b473097c873c268488c4b, State: Initialized, Role: FOLLOWER
I20260630 12:20:53.946507 28424 consensus_queue.cc:260] T 05fa78c6e10d482f953ed4fb3bc10236 P 794b9025ab574deaaf6c5268ce258003 [NON_LEADER]: Queue going to NON_LEADER mode. State: All replicated index: 0, Majority replicated index: 0, Committed index: 0, Last appended: 0.0, Last appended by leader: 0, Current term: 0, Majority size: -1, State: 0, Mode: NON_LEADER, active raft config: opid_index: -1 OBSOLETE_local: false peers { permanent_uuid: "60f76d8a903b473097c873c268488c4b" member_type: VOTER last_known_addr { host: "127.25.223.193" port: 32781 } } peers { permanent_uuid: "794b9025ab574deaaf6c5268ce258003" member_type: VOTER last_known_addr { host: "127.25.223.194" port: 33155 } } peers { permanent_uuid: "0152fc2fdbfa42229d652c4a7a187121" member_type: VOTER last_known_addr { host: "127.25.223.195" port: 41001 } }
I20260630 12:20:53.947427 28421 consensus_queue.cc:260] T c06cbff7039740e4bd5129bcb22399bf P 60f76d8a903b473097c873c268488c4b [NON_LEADER]: Queue going to NON_LEADER mode. State: All replicated index: 0, Majority replicated index: 0, Committed index: 0, Last appended: 0.0, Last appended by leader: 0, Current term: 0, Majority size: -1, State: 0, Mode: NON_LEADER, active raft config: opid_index: -1 OBSOLETE_local: false peers { permanent_uuid: "60f76d8a903b473097c873c268488c4b" member_type: VOTER last_known_addr { host: "127.25.223.193" port: 32781 } } peers { permanent_uuid: "794b9025ab574deaaf6c5268ce258003" member_type: VOTER last_known_addr { host: "127.25.223.194" port: 33155 } } peers { permanent_uuid: "0152fc2fdbfa42229d652c4a7a187121" member_type: VOTER last_known_addr { host: "127.25.223.195" port: 41001 } }
I20260630 12:20:53.947690 28423 raft_consensus.cc:359] T 05fa78c6e10d482f953ed4fb3bc10236 P 0152fc2fdbfa42229d652c4a7a187121 [term 0 FOLLOWER]: Replica starting. Triggering 0 pending ops. Active config: opid_index: -1 OBSOLETE_local: false peers { permanent_uuid: "60f76d8a903b473097c873c268488c4b" member_type: VOTER last_known_addr { host: "127.25.223.193" port: 32781 } } peers { permanent_uuid: "794b9025ab574deaaf6c5268ce258003" member_type: VOTER last_known_addr { host: "127.25.223.194" port: 33155 } } peers { permanent_uuid: "0152fc2fdbfa42229d652c4a7a187121" member_type: VOTER last_known_addr { host: "127.25.223.195" port: 41001 } }
I20260630 12:20:53.948450 28423 raft_consensus.cc:385] T 05fa78c6e10d482f953ed4fb3bc10236 P 0152fc2fdbfa42229d652c4a7a187121 [term 0 FOLLOWER]: Consensus starting up: Expiring failure detector timer to make a prompt election more likely
I20260630 12:20:53.948796 28423 raft_consensus.cc:740] T 05fa78c6e10d482f953ed4fb3bc10236 P 0152fc2fdbfa42229d652c4a7a187121 [term 0 FOLLOWER]: Becoming Follower/Learner. State: Replica: 0152fc2fdbfa42229d652c4a7a187121, State: Initialized, Role: FOLLOWER
I20260630 12:20:53.949677 28421 ts_tablet_manager.cc:1434] T c06cbff7039740e4bd5129bcb22399bf P 60f76d8a903b473097c873c268488c4b: Time spent starting tablet: real 0.007s	user 0.006s	sys 0.000s
I20260630 12:20:53.949739 28424 ts_tablet_manager.cc:1434] T 05fa78c6e10d482f953ed4fb3bc10236 P 794b9025ab574deaaf6c5268ce258003: Time spent starting tablet: real 0.007s	user 0.004s	sys 0.002s
I20260630 12:20:53.949620 28423 consensus_queue.cc:260] T 05fa78c6e10d482f953ed4fb3bc10236 P 0152fc2fdbfa42229d652c4a7a187121 [NON_LEADER]: Queue going to NON_LEADER mode. State: All replicated index: 0, Majority replicated index: 0, Committed index: 0, Last appended: 0.0, Last appended by leader: 0, Current term: 0, Majority size: -1, State: 0, Mode: NON_LEADER, active raft config: opid_index: -1 OBSOLETE_local: false peers { permanent_uuid: "60f76d8a903b473097c873c268488c4b" member_type: VOTER last_known_addr { host: "127.25.223.193" port: 32781 } } peers { permanent_uuid: "794b9025ab574deaaf6c5268ce258003" member_type: VOTER last_known_addr { host: "127.25.223.194" port: 33155 } } peers { permanent_uuid: "0152fc2fdbfa42229d652c4a7a187121" member_type: VOTER last_known_addr { host: "127.25.223.195" port: 41001 } }
I20260630 12:20:53.951498 28424 tablet_bootstrap.cc:492] T c06cbff7039740e4bd5129bcb22399bf P 794b9025ab574deaaf6c5268ce258003: Bootstrap starting.
I20260630 12:20:53.959453 28424 tablet_bootstrap.cc:654] T c06cbff7039740e4bd5129bcb22399bf P 794b9025ab574deaaf6c5268ce258003: Neither blocks nor log segments found. Creating new log.
I20260630 12:20:53.963668 28423 ts_tablet_manager.cc:1434] T 05fa78c6e10d482f953ed4fb3bc10236 P 0152fc2fdbfa42229d652c4a7a187121: Time spent starting tablet: real 0.018s	user 0.014s	sys 0.004s
I20260630 12:20:53.964684 28423 tablet_bootstrap.cc:492] T c06cbff7039740e4bd5129bcb22399bf P 0152fc2fdbfa42229d652c4a7a187121: Bootstrap starting.
I20260630 12:20:53.965478 28424 tablet_bootstrap.cc:492] T c06cbff7039740e4bd5129bcb22399bf P 794b9025ab574deaaf6c5268ce258003: No bootstrap required, opened a new log
I20260630 12:20:53.965938 28424 ts_tablet_manager.cc:1403] T c06cbff7039740e4bd5129bcb22399bf P 794b9025ab574deaaf6c5268ce258003: Time spent bootstrapping tablet: real 0.015s	user 0.008s	sys 0.004s
I20260630 12:20:53.968539 28424 raft_consensus.cc:359] T c06cbff7039740e4bd5129bcb22399bf P 794b9025ab574deaaf6c5268ce258003 [term 0 FOLLOWER]: Replica starting. Triggering 0 pending ops. Active config: opid_index: -1 OBSOLETE_local: false peers { permanent_uuid: "60f76d8a903b473097c873c268488c4b" member_type: VOTER last_known_addr { host: "127.25.223.193" port: 32781 } } peers { permanent_uuid: "794b9025ab574deaaf6c5268ce258003" member_type: VOTER last_known_addr { host: "127.25.223.194" port: 33155 } } peers { permanent_uuid: "0152fc2fdbfa42229d652c4a7a187121" member_type: VOTER last_known_addr { host: "127.25.223.195" port: 41001 } }
I20260630 12:20:53.969269 28424 raft_consensus.cc:385] T c06cbff7039740e4bd5129bcb22399bf P 794b9025ab574deaaf6c5268ce258003 [term 0 FOLLOWER]: Consensus starting up: Expiring failure detector timer to make a prompt election more likely
I20260630 12:20:53.969554 28424 raft_consensus.cc:740] T c06cbff7039740e4bd5129bcb22399bf P 794b9025ab574deaaf6c5268ce258003 [term 0 FOLLOWER]: Becoming Follower/Learner. State: Replica: 794b9025ab574deaaf6c5268ce258003, State: Initialized, Role: FOLLOWER
I20260630 12:20:53.970208 28423 tablet_bootstrap.cc:654] T c06cbff7039740e4bd5129bcb22399bf P 0152fc2fdbfa42229d652c4a7a187121: Neither blocks nor log segments found. Creating new log.
I20260630 12:20:53.970244 28424 consensus_queue.cc:260] T c06cbff7039740e4bd5129bcb22399bf P 794b9025ab574deaaf6c5268ce258003 [NON_LEADER]: Queue going to NON_LEADER mode. State: All replicated index: 0, Majority replicated index: 0, Committed index: 0, Last appended: 0.0, Last appended by leader: 0, Current term: 0, Majority size: -1, State: 0, Mode: NON_LEADER, active raft config: opid_index: -1 OBSOLETE_local: false peers { permanent_uuid: "60f76d8a903b473097c873c268488c4b" member_type: VOTER last_known_addr { host: "127.25.223.193" port: 32781 } } peers { permanent_uuid: "794b9025ab574deaaf6c5268ce258003" member_type: VOTER last_known_addr { host: "127.25.223.194" port: 33155 } } peers { permanent_uuid: "0152fc2fdbfa42229d652c4a7a187121" member_type: VOTER last_known_addr { host: "127.25.223.195" port: 41001 } }
I20260630 12:20:53.972515 28424 ts_tablet_manager.cc:1434] T c06cbff7039740e4bd5129bcb22399bf P 794b9025ab574deaaf6c5268ce258003: Time spent starting tablet: real 0.006s	user 0.008s	sys 0.000s
I20260630 12:20:53.975291 28423 tablet_bootstrap.cc:492] T c06cbff7039740e4bd5129bcb22399bf P 0152fc2fdbfa42229d652c4a7a187121: No bootstrap required, opened a new log
I20260630 12:20:53.975730 28423 ts_tablet_manager.cc:1403] T c06cbff7039740e4bd5129bcb22399bf P 0152fc2fdbfa42229d652c4a7a187121: Time spent bootstrapping tablet: real 0.011s	user 0.006s	sys 0.004s
I20260630 12:20:53.977860 28423 raft_consensus.cc:359] T c06cbff7039740e4bd5129bcb22399bf P 0152fc2fdbfa42229d652c4a7a187121 [term 0 FOLLOWER]: Replica starting. Triggering 0 pending ops. Active config: opid_index: -1 OBSOLETE_local: false peers { permanent_uuid: "60f76d8a903b473097c873c268488c4b" member_type: VOTER last_known_addr { host: "127.25.223.193" port: 32781 } } peers { permanent_uuid: "794b9025ab574deaaf6c5268ce258003" member_type: VOTER last_known_addr { host: "127.25.223.194" port: 33155 } } peers { permanent_uuid: "0152fc2fdbfa42229d652c4a7a187121" member_type: VOTER last_known_addr { host: "127.25.223.195" port: 41001 } }
I20260630 12:20:53.978374 28423 raft_consensus.cc:385] T c06cbff7039740e4bd5129bcb22399bf P 0152fc2fdbfa42229d652c4a7a187121 [term 0 FOLLOWER]: Consensus starting up: Expiring failure detector timer to make a prompt election more likely
I20260630 12:20:53.978621 28423 raft_consensus.cc:740] T c06cbff7039740e4bd5129bcb22399bf P 0152fc2fdbfa42229d652c4a7a187121 [term 0 FOLLOWER]: Becoming Follower/Learner. State: Replica: 0152fc2fdbfa42229d652c4a7a187121, State: Initialized, Role: FOLLOWER
I20260630 12:20:53.979223 28423 consensus_queue.cc:260] T c06cbff7039740e4bd5129bcb22399bf P 0152fc2fdbfa42229d652c4a7a187121 [NON_LEADER]: Queue going to NON_LEADER mode. State: All replicated index: 0, Majority replicated index: 0, Committed index: 0, Last appended: 0.0, Last appended by leader: 0, Current term: 0, Majority size: -1, State: 0, Mode: NON_LEADER, active raft config: opid_index: -1 OBSOLETE_local: false peers { permanent_uuid: "60f76d8a903b473097c873c268488c4b" member_type: VOTER last_known_addr { host: "127.25.223.193" port: 32781 } } peers { permanent_uuid: "794b9025ab574deaaf6c5268ce258003" member_type: VOTER last_known_addr { host: "127.25.223.194" port: 33155 } } peers { permanent_uuid: "0152fc2fdbfa42229d652c4a7a187121" member_type: VOTER last_known_addr { host: "127.25.223.195" port: 41001 } }
I20260630 12:20:53.981073 28423 ts_tablet_manager.cc:1434] T c06cbff7039740e4bd5129bcb22399bf P 0152fc2fdbfa42229d652c4a7a187121: Time spent starting tablet: real 0.005s	user 0.006s	sys 0.000s
I20260630 12:20:54.040930 28429 raft_consensus.cc:493] T 05fa78c6e10d482f953ed4fb3bc10236 P 794b9025ab574deaaf6c5268ce258003 [term 0 FOLLOWER]: Starting pre-election (no leader contacted us within the election timeout)
I20260630 12:20:54.041539 28429 raft_consensus.cc:515] T 05fa78c6e10d482f953ed4fb3bc10236 P 794b9025ab574deaaf6c5268ce258003 [term 0 FOLLOWER]: Starting pre-election with config: opid_index: -1 OBSOLETE_local: false peers { permanent_uuid: "60f76d8a903b473097c873c268488c4b" member_type: VOTER last_known_addr { host: "127.25.223.193" port: 32781 } } peers { permanent_uuid: "794b9025ab574deaaf6c5268ce258003" member_type: VOTER last_known_addr { host: "127.25.223.194" port: 33155 } } peers { permanent_uuid: "0152fc2fdbfa42229d652c4a7a187121" member_type: VOTER last_known_addr { host: "127.25.223.195" port: 41001 } }
I20260630 12:20:54.043710 28429 leader_election.cc:290] T 05fa78c6e10d482f953ed4fb3bc10236 P 794b9025ab574deaaf6c5268ce258003 [CANDIDATE]: Term 1 pre-election: Requested pre-vote from peers 60f76d8a903b473097c873c268488c4b (127.25.223.193:32781), 0152fc2fdbfa42229d652c4a7a187121 (127.25.223.195:41001)
I20260630 12:20:54.055373 28227 tablet_service.cc:1917] Received RequestConsensusVote() RPC: tablet_id: "05fa78c6e10d482f953ed4fb3bc10236" candidate_uuid: "794b9025ab574deaaf6c5268ce258003" candidate_term: 1 candidate_status { last_received { term: 0 index: 0 } } ignore_live_leader: false dest_uuid: "60f76d8a903b473097c873c268488c4b" is_pre_election: true
I20260630 12:20:54.055375 28376 tablet_service.cc:1917] Received RequestConsensusVote() RPC: tablet_id: "05fa78c6e10d482f953ed4fb3bc10236" candidate_uuid: "794b9025ab574deaaf6c5268ce258003" candidate_term: 1 candidate_status { last_received { term: 0 index: 0 } } ignore_live_leader: false dest_uuid: "0152fc2fdbfa42229d652c4a7a187121" is_pre_election: true
I20260630 12:20:54.056164 28227 raft_consensus.cc:2468] T 05fa78c6e10d482f953ed4fb3bc10236 P 60f76d8a903b473097c873c268488c4b [term 0 FOLLOWER]: Leader pre-election vote request: Granting yes vote for candidate 794b9025ab574deaaf6c5268ce258003 in term 0.
I20260630 12:20:54.056241 28376 raft_consensus.cc:2468] T 05fa78c6e10d482f953ed4fb3bc10236 P 0152fc2fdbfa42229d652c4a7a187121 [term 0 FOLLOWER]: Leader pre-election vote request: Granting yes vote for candidate 794b9025ab574deaaf6c5268ce258003 in term 0.
I20260630 12:20:54.057238 28265 leader_election.cc:304] T 05fa78c6e10d482f953ed4fb3bc10236 P 794b9025ab574deaaf6c5268ce258003 [CANDIDATE]: Term 1 pre-election: Election decided. Result: candidate won. Election summary: received 2 responses out of 3 voters: 2 yes votes; 0 no votes. yes voters: 60f76d8a903b473097c873c268488c4b, 794b9025ab574deaaf6c5268ce258003; no voters: 
I20260630 12:20:54.057927 28429 raft_consensus.cc:2804] T 05fa78c6e10d482f953ed4fb3bc10236 P 794b9025ab574deaaf6c5268ce258003 [term 0 FOLLOWER]: Leader pre-election won for term 1
I20260630 12:20:54.058284 28429 raft_consensus.cc:493] T 05fa78c6e10d482f953ed4fb3bc10236 P 794b9025ab574deaaf6c5268ce258003 [term 0 FOLLOWER]: Starting leader election (no leader contacted us within the election timeout)
I20260630 12:20:54.058581 28429 raft_consensus.cc:3060] T 05fa78c6e10d482f953ed4fb3bc10236 P 794b9025ab574deaaf6c5268ce258003 [term 0 FOLLOWER]: Advancing to term 1
I20260630 12:20:54.063469 28429 raft_consensus.cc:515] T 05fa78c6e10d482f953ed4fb3bc10236 P 794b9025ab574deaaf6c5268ce258003 [term 1 FOLLOWER]: Starting leader election with config: opid_index: -1 OBSOLETE_local: false peers { permanent_uuid: "60f76d8a903b473097c873c268488c4b" member_type: VOTER last_known_addr { host: "127.25.223.193" port: 32781 } } peers { permanent_uuid: "794b9025ab574deaaf6c5268ce258003" member_type: VOTER last_known_addr { host: "127.25.223.194" port: 33155 } } peers { permanent_uuid: "0152fc2fdbfa42229d652c4a7a187121" member_type: VOTER last_known_addr { host: "127.25.223.195" port: 41001 } }
I20260630 12:20:54.065166 28429 leader_election.cc:290] T 05fa78c6e10d482f953ed4fb3bc10236 P 794b9025ab574deaaf6c5268ce258003 [CANDIDATE]: Term 1 election: Requested vote from peers 60f76d8a903b473097c873c268488c4b (127.25.223.193:32781), 0152fc2fdbfa42229d652c4a7a187121 (127.25.223.195:41001)
I20260630 12:20:54.066133 28227 tablet_service.cc:1917] Received RequestConsensusVote() RPC: tablet_id: "05fa78c6e10d482f953ed4fb3bc10236" candidate_uuid: "794b9025ab574deaaf6c5268ce258003" candidate_term: 1 candidate_status { last_received { term: 0 index: 0 } } ignore_live_leader: false dest_uuid: "60f76d8a903b473097c873c268488c4b"
I20260630 12:20:54.066403 28376 tablet_service.cc:1917] Received RequestConsensusVote() RPC: tablet_id: "05fa78c6e10d482f953ed4fb3bc10236" candidate_uuid: "794b9025ab574deaaf6c5268ce258003" candidate_term: 1 candidate_status { last_received { term: 0 index: 0 } } ignore_live_leader: false dest_uuid: "0152fc2fdbfa42229d652c4a7a187121"
I20260630 12:20:54.066730 28227 raft_consensus.cc:3060] T 05fa78c6e10d482f953ed4fb3bc10236 P 60f76d8a903b473097c873c268488c4b [term 0 FOLLOWER]: Advancing to term 1
I20260630 12:20:54.066931 28376 raft_consensus.cc:3060] T 05fa78c6e10d482f953ed4fb3bc10236 P 0152fc2fdbfa42229d652c4a7a187121 [term 0 FOLLOWER]: Advancing to term 1
I20260630 12:20:54.071424 28376 raft_consensus.cc:2468] T 05fa78c6e10d482f953ed4fb3bc10236 P 0152fc2fdbfa42229d652c4a7a187121 [term 1 FOLLOWER]: Leader election vote request: Granting yes vote for candidate 794b9025ab574deaaf6c5268ce258003 in term 1.
I20260630 12:20:54.071935 28227 raft_consensus.cc:2468] T 05fa78c6e10d482f953ed4fb3bc10236 P 60f76d8a903b473097c873c268488c4b [term 1 FOLLOWER]: Leader election vote request: Granting yes vote for candidate 794b9025ab574deaaf6c5268ce258003 in term 1.
I20260630 12:20:54.072508 28267 leader_election.cc:304] T 05fa78c6e10d482f953ed4fb3bc10236 P 794b9025ab574deaaf6c5268ce258003 [CANDIDATE]: Term 1 election: Election decided. Result: candidate won. Election summary: received 2 responses out of 3 voters: 2 yes votes; 0 no votes. yes voters: 0152fc2fdbfa42229d652c4a7a187121, 794b9025ab574deaaf6c5268ce258003; no voters: 
I20260630 12:20:54.073347 28429 raft_consensus.cc:2804] T 05fa78c6e10d482f953ed4fb3bc10236 P 794b9025ab574deaaf6c5268ce258003 [term 1 FOLLOWER]: Leader election won for term 1
I20260630 12:20:54.074385 28429 raft_consensus.cc:697] T 05fa78c6e10d482f953ed4fb3bc10236 P 794b9025ab574deaaf6c5268ce258003 [term 1 LEADER]: Becoming Leader. State: Replica: 794b9025ab574deaaf6c5268ce258003, State: Running, Role: LEADER
I20260630 12:20:54.075096 28429 consensus_queue.cc:237] T 05fa78c6e10d482f953ed4fb3bc10236 P 794b9025ab574deaaf6c5268ce258003 [LEADER]: Queue going to LEADER mode. State: All replicated index: 0, Majority replicated index: 0, Committed index: 0, Last appended: 0.0, Last appended by leader: 0, Current term: 1, Majority size: 2, State: 0, Mode: LEADER, active raft config: opid_index: -1 OBSOLETE_local: false peers { permanent_uuid: "60f76d8a903b473097c873c268488c4b" member_type: VOTER last_known_addr { host: "127.25.223.193" port: 32781 } } peers { permanent_uuid: "794b9025ab574deaaf6c5268ce258003" member_type: VOTER last_known_addr { host: "127.25.223.194" port: 33155 } } peers { permanent_uuid: "0152fc2fdbfa42229d652c4a7a187121" member_type: VOTER last_known_addr { host: "127.25.223.195" port: 41001 } }
I20260630 12:20:54.083092 28125 catalog_manager.cc:5697] T 05fa78c6e10d482f953ed4fb3bc10236 P 794b9025ab574deaaf6c5268ce258003 reported cstate change: term changed from 0 to 1, leader changed from <none> to 794b9025ab574deaaf6c5268ce258003 (127.25.223.194). New cstate: current_term: 1 leader_uuid: "794b9025ab574deaaf6c5268ce258003" committed_config { opid_index: -1 OBSOLETE_local: false peers { permanent_uuid: "60f76d8a903b473097c873c268488c4b" member_type: VOTER last_known_addr { host: "127.25.223.193" port: 32781 } health_report { overall_health: UNKNOWN } } peers { permanent_uuid: "794b9025ab574deaaf6c5268ce258003" member_type: VOTER last_known_addr { host: "127.25.223.194" port: 33155 } health_report { overall_health: HEALTHY } } peers { permanent_uuid: "0152fc2fdbfa42229d652c4a7a187121" member_type: VOTER last_known_addr { host: "127.25.223.195" port: 41001 } health_report { overall_health: UNKNOWN } } }
I20260630 12:20:54.084002 28425 raft_consensus.cc:493] T c06cbff7039740e4bd5129bcb22399bf P 60f76d8a903b473097c873c268488c4b [term 0 FOLLOWER]: Starting pre-election (no leader contacted us within the election timeout)
I20260630 12:20:54.084468 28425 raft_consensus.cc:515] T c06cbff7039740e4bd5129bcb22399bf P 60f76d8a903b473097c873c268488c4b [term 0 FOLLOWER]: Starting pre-election with config: opid_index: -1 OBSOLETE_local: false peers { permanent_uuid: "60f76d8a903b473097c873c268488c4b" member_type: VOTER last_known_addr { host: "127.25.223.193" port: 32781 } } peers { permanent_uuid: "794b9025ab574deaaf6c5268ce258003" member_type: VOTER last_known_addr { host: "127.25.223.194" port: 33155 } } peers { permanent_uuid: "0152fc2fdbfa42229d652c4a7a187121" member_type: VOTER last_known_addr { host: "127.25.223.195" port: 41001 } }
I20260630 12:20:54.086620 28425 leader_election.cc:290] T c06cbff7039740e4bd5129bcb22399bf P 60f76d8a903b473097c873c268488c4b [CANDIDATE]: Term 1 pre-election: Requested pre-vote from peers 794b9025ab574deaaf6c5268ce258003 (127.25.223.194:33155), 0152fc2fdbfa42229d652c4a7a187121 (127.25.223.195:41001)
I20260630 12:20:54.098074 28302 tablet_service.cc:1917] Received RequestConsensusVote() RPC: tablet_id: "c06cbff7039740e4bd5129bcb22399bf" candidate_uuid: "60f76d8a903b473097c873c268488c4b" candidate_term: 1 candidate_status { last_received { term: 0 index: 0 } } ignore_live_leader: false dest_uuid: "794b9025ab574deaaf6c5268ce258003" is_pre_election: true
I20260630 12:20:54.098862 28302 raft_consensus.cc:2468] T c06cbff7039740e4bd5129bcb22399bf P 794b9025ab574deaaf6c5268ce258003 [term 0 FOLLOWER]: Leader pre-election vote request: Granting yes vote for candidate 60f76d8a903b473097c873c268488c4b in term 0.
I20260630 12:20:54.099040 28376 tablet_service.cc:1917] Received RequestConsensusVote() RPC: tablet_id: "c06cbff7039740e4bd5129bcb22399bf" candidate_uuid: "60f76d8a903b473097c873c268488c4b" candidate_term: 1 candidate_status { last_received { term: 0 index: 0 } } ignore_live_leader: false dest_uuid: "0152fc2fdbfa42229d652c4a7a187121" is_pre_election: true
I20260630 12:20:54.099671 28376 raft_consensus.cc:2468] T c06cbff7039740e4bd5129bcb22399bf P 0152fc2fdbfa42229d652c4a7a187121 [term 0 FOLLOWER]: Leader pre-election vote request: Granting yes vote for candidate 60f76d8a903b473097c873c268488c4b in term 0.
I20260630 12:20:54.100106 28193 leader_election.cc:304] T c06cbff7039740e4bd5129bcb22399bf P 60f76d8a903b473097c873c268488c4b [CANDIDATE]: Term 1 pre-election: Election decided. Result: candidate won. Election summary: received 2 responses out of 3 voters: 2 yes votes; 0 no votes. yes voters: 60f76d8a903b473097c873c268488c4b, 794b9025ab574deaaf6c5268ce258003; no voters: 
I20260630 12:20:54.100800 28425 raft_consensus.cc:2804] T c06cbff7039740e4bd5129bcb22399bf P 60f76d8a903b473097c873c268488c4b [term 0 FOLLOWER]: Leader pre-election won for term 1
I20260630 12:20:54.101055 28425 raft_consensus.cc:493] T c06cbff7039740e4bd5129bcb22399bf P 60f76d8a903b473097c873c268488c4b [term 0 FOLLOWER]: Starting leader election (no leader contacted us within the election timeout)
I20260630 12:20:54.101262 28425 raft_consensus.cc:3060] T c06cbff7039740e4bd5129bcb22399bf P 60f76d8a903b473097c873c268488c4b [term 0 FOLLOWER]: Advancing to term 1
I20260630 12:20:54.105695 28425 raft_consensus.cc:515] T c06cbff7039740e4bd5129bcb22399bf P 60f76d8a903b473097c873c268488c4b [term 1 FOLLOWER]: Starting leader election with config: opid_index: -1 OBSOLETE_local: false peers { permanent_uuid: "60f76d8a903b473097c873c268488c4b" member_type: VOTER last_known_addr { host: "127.25.223.193" port: 32781 } } peers { permanent_uuid: "794b9025ab574deaaf6c5268ce258003" member_type: VOTER last_known_addr { host: "127.25.223.194" port: 33155 } } peers { permanent_uuid: "0152fc2fdbfa42229d652c4a7a187121" member_type: VOTER last_known_addr { host: "127.25.223.195" port: 41001 } }
I20260630 12:20:54.107134 28425 leader_election.cc:290] T c06cbff7039740e4bd5129bcb22399bf P 60f76d8a903b473097c873c268488c4b [CANDIDATE]: Term 1 election: Requested vote from peers 794b9025ab574deaaf6c5268ce258003 (127.25.223.194:33155), 0152fc2fdbfa42229d652c4a7a187121 (127.25.223.195:41001)
I20260630 12:20:54.107874 28302 tablet_service.cc:1917] Received RequestConsensusVote() RPC: tablet_id: "c06cbff7039740e4bd5129bcb22399bf" candidate_uuid: "60f76d8a903b473097c873c268488c4b" candidate_term: 1 candidate_status { last_received { term: 0 index: 0 } } ignore_live_leader: false dest_uuid: "794b9025ab574deaaf6c5268ce258003"
I20260630 12:20:54.108086 28376 tablet_service.cc:1917] Received RequestConsensusVote() RPC: tablet_id: "c06cbff7039740e4bd5129bcb22399bf" candidate_uuid: "60f76d8a903b473097c873c268488c4b" candidate_term: 1 candidate_status { last_received { term: 0 index: 0 } } ignore_live_leader: false dest_uuid: "0152fc2fdbfa42229d652c4a7a187121"
I20260630 12:20:54.108485 28302 raft_consensus.cc:3060] T c06cbff7039740e4bd5129bcb22399bf P 794b9025ab574deaaf6c5268ce258003 [term 0 FOLLOWER]: Advancing to term 1
I20260630 12:20:54.108624 28376 raft_consensus.cc:3060] T c06cbff7039740e4bd5129bcb22399bf P 0152fc2fdbfa42229d652c4a7a187121 [term 0 FOLLOWER]: Advancing to term 1
I20260630 12:20:54.115242 28376 raft_consensus.cc:2468] T c06cbff7039740e4bd5129bcb22399bf P 0152fc2fdbfa42229d652c4a7a187121 [term 1 FOLLOWER]: Leader election vote request: Granting yes vote for candidate 60f76d8a903b473097c873c268488c4b in term 1.
I20260630 12:20:54.116598 28192 leader_election.cc:304] T c06cbff7039740e4bd5129bcb22399bf P 60f76d8a903b473097c873c268488c4b [CANDIDATE]: Term 1 election: Election decided. Result: candidate won. Election summary: received 2 responses out of 3 voters: 2 yes votes; 0 no votes. yes voters: 0152fc2fdbfa42229d652c4a7a187121, 60f76d8a903b473097c873c268488c4b; no voters: 
I20260630 12:20:54.117573 28425 raft_consensus.cc:2804] T c06cbff7039740e4bd5129bcb22399bf P 60f76d8a903b473097c873c268488c4b [term 1 FOLLOWER]: Leader election won for term 1
I20260630 12:20:54.119333 28425 raft_consensus.cc:697] T c06cbff7039740e4bd5129bcb22399bf P 60f76d8a903b473097c873c268488c4b [term 1 LEADER]: Becoming Leader. State: Replica: 60f76d8a903b473097c873c268488c4b, State: Running, Role: LEADER
I20260630 12:20:54.115242 28302 raft_consensus.cc:2468] T c06cbff7039740e4bd5129bcb22399bf P 794b9025ab574deaaf6c5268ce258003 [term 1 FOLLOWER]: Leader election vote request: Granting yes vote for candidate 60f76d8a903b473097c873c268488c4b in term 1.
I20260630 12:20:54.120162 28425 consensus_queue.cc:237] T c06cbff7039740e4bd5129bcb22399bf P 60f76d8a903b473097c873c268488c4b [LEADER]: Queue going to LEADER mode. State: All replicated index: 0, Majority replicated index: 0, Committed index: 0, Last appended: 0.0, Last appended by leader: 0, Current term: 1, Majority size: 2, State: 0, Mode: LEADER, active raft config: opid_index: -1 OBSOLETE_local: false peers { permanent_uuid: "60f76d8a903b473097c873c268488c4b" member_type: VOTER last_known_addr { host: "127.25.223.193" port: 32781 } } peers { permanent_uuid: "794b9025ab574deaaf6c5268ce258003" member_type: VOTER last_known_addr { host: "127.25.223.194" port: 33155 } } peers { permanent_uuid: "0152fc2fdbfa42229d652c4a7a187121" member_type: VOTER last_known_addr { host: "127.25.223.195" port: 41001 } }
I20260630 12:20:54.127759 28125 catalog_manager.cc:5697] T c06cbff7039740e4bd5129bcb22399bf P 60f76d8a903b473097c873c268488c4b reported cstate change: term changed from 0 to 1, leader changed from <none> to 60f76d8a903b473097c873c268488c4b (127.25.223.193). New cstate: current_term: 1 leader_uuid: "60f76d8a903b473097c873c268488c4b" committed_config { opid_index: -1 OBSOLETE_local: false peers { permanent_uuid: "60f76d8a903b473097c873c268488c4b" member_type: VOTER last_known_addr { host: "127.25.223.193" port: 32781 } health_report { overall_health: HEALTHY } } peers { permanent_uuid: "794b9025ab574deaaf6c5268ce258003" member_type: VOTER last_known_addr { host: "127.25.223.194" port: 33155 } health_report { overall_health: UNKNOWN } } peers { permanent_uuid: "0152fc2fdbfa42229d652c4a7a187121" member_type: VOTER last_known_addr { host: "127.25.223.195" port: 41001 } health_report { overall_health: UNKNOWN } } }
I20260630 12:20:54.415622 28178 auto_leader_rebalancer.cc:141] leader rebalance for table test-workload
I20260630 12:20:54.417519 28178 auto_leader_rebalancer.cc:440] table: test-workload, leader rebalance finish, leader transfer count: 0
I20260630 12:20:54.417904 28178 auto_leader_rebalancer.cc:515] All tables' leader rebalancing finished this round
I20260630 12:20:54.603340 28441 consensus_queue.cc:1048] T 05fa78c6e10d482f953ed4fb3bc10236 P 794b9025ab574deaaf6c5268ce258003 [LEADER]: Connected to new peer: Peer: permanent_uuid: "60f76d8a903b473097c873c268488c4b" member_type: VOTER last_known_addr { host: "127.25.223.193" port: 32781 }, Status: LMP_MISMATCH, Last received: 0.0, Next index: 1, Last known committed idx: 0, Time since last communication: 0.000s
I20260630 12:20:54.615556 28441 consensus_queue.cc:1048] T 05fa78c6e10d482f953ed4fb3bc10236 P 794b9025ab574deaaf6c5268ce258003 [LEADER]: Connected to new peer: Peer: permanent_uuid: "0152fc2fdbfa42229d652c4a7a187121" member_type: VOTER last_known_addr { host: "127.25.223.195" port: 41001 }, Status: LMP_MISMATCH, Last received: 0.0, Next index: 1, Last known committed idx: 0, Time since last communication: 0.000s
I20260630 12:20:54.676014 28425 consensus_queue.cc:1048] T c06cbff7039740e4bd5129bcb22399bf P 60f76d8a903b473097c873c268488c4b [LEADER]: Connected to new peer: Peer: permanent_uuid: "794b9025ab574deaaf6c5268ce258003" member_type: VOTER last_known_addr { host: "127.25.223.194" port: 33155 }, Status: LMP_MISMATCH, Last received: 0.0, Next index: 1, Last known committed idx: 0, Time since last communication: 0.000s
I20260630 12:20:54.681844 28425 consensus_queue.cc:1048] T c06cbff7039740e4bd5129bcb22399bf P 60f76d8a903b473097c873c268488c4b [LEADER]: Connected to new peer: Peer: permanent_uuid: "0152fc2fdbfa42229d652c4a7a187121" member_type: VOTER last_known_addr { host: "127.25.223.195" port: 41001 }, Status: LMP_MISMATCH, Last received: 0.0, Next index: 1, Last known committed idx: 0, Time since last communication: 0.000s
I20260630 12:20:56.418913 28178 auto_leader_rebalancer.cc:141] leader rebalance for table test-workload
I20260630 12:20:56.421025 28178 auto_leader_rebalancer.cc:440] table: test-workload, leader rebalance finish, leader transfer count: 0
I20260630 12:20:56.421377 28178 auto_leader_rebalancer.cc:515] All tables' leader rebalancing finished this round
I20260630 12:20:58.422652 28178 auto_leader_rebalancer.cc:141] leader rebalance for table test-workload
I20260630 12:20:58.424825 28178 auto_leader_rebalancer.cc:440] table: test-workload, leader rebalance finish, leader transfer count: 0
I20260630 12:20:58.425176 28178 auto_leader_rebalancer.cc:515] All tables' leader rebalancing finished this round
I20260630 12:21:00.426153 28178 auto_leader_rebalancer.cc:141] leader rebalance for table test-workload
I20260630 12:21:00.427986 28178 auto_leader_rebalancer.cc:440] table: test-workload, leader rebalance finish, leader transfer count: 0
I20260630 12:21:00.428309 28178 auto_leader_rebalancer.cc:515] All tables' leader rebalancing finished this round
I20260630 12:21:02.429209 28178 auto_leader_rebalancer.cc:141] leader rebalance for table test-workload
I20260630 12:21:02.431031 28178 auto_leader_rebalancer.cc:440] table: test-workload, leader rebalance finish, leader transfer count: 0
I20260630 12:21:02.431317 28178 auto_leader_rebalancer.cc:515] All tables' leader rebalancing finished this round
I20260630 12:21:04.432394 28178 auto_leader_rebalancer.cc:141] leader rebalance for table test-workload
I20260630 12:21:04.434477 28178 auto_leader_rebalancer.cc:440] table: test-workload, leader rebalance finish, leader transfer count: 0
I20260630 12:21:04.434875 28178 auto_leader_rebalancer.cc:515] All tables' leader rebalancing finished this round
I20260630 12:21:05.246968 26495 file_cache.cc:492] Constructed file cache file cache with capacity 419430
W20260630 12:21:05.254163 28462 instance_detector.cc:116] could not retrieve AWS instance metadata: Network error: curl error: HTTP response code said error: The requested URL returned error: 404
W20260630 12:21:05.255925 28465 instance_detector.cc:116] could not retrieve OpenStack instance metadata: Network error: curl error: HTTP response code said error: The requested URL returned error: 404
W20260630 12:21:05.255837 28463 instance_detector.cc:116] could not retrieve Azure instance metadata: Network error: curl error: HTTP response code said error: The requested URL returned error: 404
I20260630 12:21:05.257249 26495 server_base.cc:1061] running on GCE node
I20260630 12:21:05.258625 26495 hybrid_clock.cc:584] initializing the hybrid clock with 'system_unsync' time source
W20260630 12:21:05.258884 26495 system_unsync_time.cc:38] NTP support is disabled. Clock error bounds will not be accurate. This configuration is not suitable for distributed clusters.
I20260630 12:21:05.259084 26495 hybrid_clock.cc:648] HybridClock initialized: now 1782822065259064 us; error 0 us; skew 500 ppm
I20260630 12:21:05.259594 26495 server_base.cc:861] Flag tcmalloc_max_total_thread_cache_bytes is not working since tcmalloc is not enabled.
I20260630 12:21:05.262338 26495 webserver.cc:533] Webserver started at http://127.25.223.196:35065/ using document root <none> and password file <none>
I20260630 12:21:05.262877 26495 fs_manager.cc:362] Metadata directory not provided
I20260630 12:21:05.263105 26495 fs_manager.cc:368] Using write-ahead log directory (fs_wal_dir) as metadata directory
I20260630 12:21:05.263425 26495 server_base.cc:909] This appears to be a new deployment of Kudu; creating new FS layout
I20260630 12:21:05.264906 26495 fs_manager.cc:1068] Generated new instance metadata in path /tmp/dist-test-task2XvYJP/test-tmp/auto_rebalancer-test.0.AutoRebalancerTest.MovesScheduledIfAddTserver.1782822026778092-26495-0/minicluster-data/ts-3-root/instance:
uuid: "9210881cf8064249bf056ab907d6cc1c"
format_stamp: "Formatted at 2026-06-30 12:21:05 on dist-test-slave-zvtl"
I20260630 12:21:05.269548 26495 fs_manager.cc:696] Time spent creating directory manager: real 0.004s	user 0.004s	sys 0.001s
I20260630 12:21:05.272789 28470 log_block_manager.cc:4031] Time spent loading block containers with low live blocks: real 0.000s	user 0.000s	sys 0.000s
I20260630 12:21:05.273654 26495 fs_manager.cc:730] Time spent opening block manager: real 0.002s	user 0.003s	sys 0.000s
I20260630 12:21:05.274016 26495 fs_manager.cc:647] Opened local filesystem: /tmp/dist-test-task2XvYJP/test-tmp/auto_rebalancer-test.0.AutoRebalancerTest.MovesScheduledIfAddTserver.1782822026778092-26495-0/minicluster-data/ts-3-root
uuid: "9210881cf8064249bf056ab907d6cc1c"
format_stamp: "Formatted at 2026-06-30 12:21:05 on dist-test-slave-zvtl"
I20260630 12:21:05.274351 26495 fs_report.cc:389] FS layout report
--------------------
wal directory: /tmp/dist-test-task2XvYJP/test-tmp/auto_rebalancer-test.0.AutoRebalancerTest.MovesScheduledIfAddTserver.1782822026778092-26495-0/minicluster-data/ts-3-root
metadata directory: /tmp/dist-test-task2XvYJP/test-tmp/auto_rebalancer-test.0.AutoRebalancerTest.MovesScheduledIfAddTserver.1782822026778092-26495-0/minicluster-data/ts-3-root
1 data directories: /tmp/dist-test-task2XvYJP/test-tmp/auto_rebalancer-test.0.AutoRebalancerTest.MovesScheduledIfAddTserver.1782822026778092-26495-0/minicluster-data/ts-3-root/data
Total live blocks: 0
Total live bytes: 0
Total live bytes (after alignment): 0
Total number of LBM containers: 0 (0 full)
Did not check for missing blocks
Did not check for orphaned blocks
Total full LBM containers with extra space: 0 (0 repaired)
Total full LBM container extra space in bytes: 0 (0 repaired)
Total incomplete LBM containers: 0 (0 repaired)
Total LBM partial records: 0 (0 repaired)
Total corrupted LBM metadata records in RocksDB: 0 (0 repaired)
I20260630 12:21:05.298511 26495 rpc_server.cc:225] running with OpenSSL 1.1.1  11 Sep 2018
I20260630 12:21:05.299944 26495 kserver.cc:163] Server-wide thread pool size limit: 3276
I20260630 12:21:05.301551 26495 txn_system_client.cc:432] TxnSystemClient initialization is disabled...
I20260630 12:21:05.304247 26495 ts_tablet_manager.cc:585] Loaded tablet metadata (0 total tablets, 0 live tablets)
I20260630 12:21:05.304510 26495 ts_tablet_manager.cc:531] Time spent load tablet metadata: real 0.000s	user 0.000s	sys 0.000s
I20260630 12:21:05.304787 26495 ts_tablet_manager.cc:616] Registered 0 tablets
I20260630 12:21:05.305001 26495 ts_tablet_manager.cc:595] Time spent register tablets: real 0.000s	user 0.000s	sys 0.000s
I20260630 12:21:05.348502 26495 rpc_server.cc:307] RPC server started. Bound to: 127.25.223.196:38091
I20260630 12:21:05.348603 28532 acceptor_pool.cc:272] collecting diagnostics on the listening RPC socket 127.25.223.196:38091 every 8 connection(s)
I20260630 12:21:05.370213 28533 heartbeater.cc:344] Connected to a master server at 127.25.223.254:36409
I20260630 12:21:05.370726 28533 heartbeater.cc:461] Registering TS with master...
I20260630 12:21:05.371549 28533 heartbeater.cc:507] Master 127.25.223.254:36409 requested a full tablet report, sending...
I20260630 12:21:05.373586 28123 ts_manager.cc:194] Registered new tserver with Master: 9210881cf8064249bf056ab907d6cc1c (127.25.223.196:38091)
I20260630 12:21:05.375018 28123 master_service.cc:502] Signed X509 certificate for tserver {username='slave'} at 127.0.0.1:59838
I20260630 12:21:05.479261 28302 consensus_queue.cc:237] T 05fa78c6e10d482f953ed4fb3bc10236 P 794b9025ab574deaaf6c5268ce258003 [LEADER]: Queue going to LEADER mode. State: All replicated index: 0, Majority replicated index: 1, Committed index: 1, Last appended: 1.1, Last appended by leader: 0, Current term: 1, Majority size: 2, State: 0, Mode: LEADER, active raft config: opid_index: 2 OBSOLETE_local: false peers { permanent_uuid: "60f76d8a903b473097c873c268488c4b" member_type: VOTER last_known_addr { host: "127.25.223.193" port: 32781 } attrs { replace: true } } peers { permanent_uuid: "794b9025ab574deaaf6c5268ce258003" member_type: VOTER last_known_addr { host: "127.25.223.194" port: 33155 } } peers { permanent_uuid: "0152fc2fdbfa42229d652c4a7a187121" member_type: VOTER last_known_addr { host: "127.25.223.195" port: 41001 } } peers { permanent_uuid: "9210881cf8064249bf056ab907d6cc1c" member_type: NON_VOTER last_known_addr { host: "127.25.223.196" port: 38091 } attrs { promote: true } }
I20260630 12:21:05.487566 28227 raft_consensus.cc:1275] T 05fa78c6e10d482f953ed4fb3bc10236 P 60f76d8a903b473097c873c268488c4b [term 1 FOLLOWER]: Refusing update from remote peer 794b9025ab574deaaf6c5268ce258003: Log matching property violated. Preceding OpId in replica: term: 1 index: 1. Preceding OpId from leader: term: 1 index: 2. (index mismatch)
I20260630 12:21:05.488603 28376 raft_consensus.cc:1275] T 05fa78c6e10d482f953ed4fb3bc10236 P 0152fc2fdbfa42229d652c4a7a187121 [term 1 FOLLOWER]: Refusing update from remote peer 794b9025ab574deaaf6c5268ce258003: Log matching property violated. Preceding OpId in replica: term: 1 index: 1. Preceding OpId from leader: term: 1 index: 2. (index mismatch)
I20260630 12:21:05.489439 28461 consensus_queue.cc:1048] T 05fa78c6e10d482f953ed4fb3bc10236 P 794b9025ab574deaaf6c5268ce258003 [LEADER]: Connected to new peer: Peer: permanent_uuid: "60f76d8a903b473097c873c268488c4b" member_type: VOTER last_known_addr { host: "127.25.223.193" port: 32781 } attrs { replace: true }, Status: LMP_MISMATCH, Last received: 0.0, Next index: 2, Last known committed idx: 1, Time since last communication: 0.001s
