I20260630 12:21:46.537068 29293 raft_consensus.cc:493] T 7fec3c5c3966405c8708ff400adb6fd3 P c537b8b461104843994bca58b063f39d [term 0 FOLLOWER]: Starting leader election (no leader contacted us within the election timeout)
I20260630 12:21:46.537333 29293 raft_consensus.cc:3060] T 7fec3c5c3966405c8708ff400adb6fd3 P c537b8b461104843994bca58b063f39d [term 0 FOLLOWER]: Advancing to term 1
I20260630 12:21:46.541994 29293 raft_consensus.cc:515] T 7fec3c5c3966405c8708ff400adb6fd3 P c537b8b461104843994bca58b063f39d [term 1 FOLLOWER]: Starting leader election with config: opid_index: -1 OBSOLETE_local: false peers { permanent_uuid: "c537b8b461104843994bca58b063f39d" member_type: VOTER last_known_addr { host: "127.25.223.193" port: 43529 } } peers { permanent_uuid: "fcfa5cf47b52443f8596b7644f4a13a6" member_type: VOTER last_known_addr { host: "127.25.223.194" port: 38437 } } peers { permanent_uuid: "f0dfd7a19fea480faab58ddbec977142" member_type: VOTER last_known_addr { host: "127.25.223.195" port: 40641 } }
I20260630 12:21:46.543505 29293 leader_election.cc:290] T 7fec3c5c3966405c8708ff400adb6fd3 P c537b8b461104843994bca58b063f39d [CANDIDATE]: Term 1 election: Requested vote from peers fcfa5cf47b52443f8596b7644f4a13a6 (127.25.223.194:38437), f0dfd7a19fea480faab58ddbec977142 (127.25.223.195:40641)
I20260630 12:21:46.544416 29168 tablet_service.cc:1917] Received RequestConsensusVote() RPC: tablet_id: "7fec3c5c3966405c8708ff400adb6fd3" candidate_uuid: "c537b8b461104843994bca58b063f39d" candidate_term: 1 candidate_status { last_received { term: 0 index: 0 } } ignore_live_leader: false dest_uuid: "fcfa5cf47b52443f8596b7644f4a13a6"
I20260630 12:21:46.544550 29242 tablet_service.cc:1917] Received RequestConsensusVote() RPC: tablet_id: "7fec3c5c3966405c8708ff400adb6fd3" candidate_uuid: "c537b8b461104843994bca58b063f39d" candidate_term: 1 candidate_status { last_received { term: 0 index: 0 } } ignore_live_leader: false dest_uuid: "f0dfd7a19fea480faab58ddbec977142"
I20260630 12:21:46.544909 29168 raft_consensus.cc:3060] T 7fec3c5c3966405c8708ff400adb6fd3 P fcfa5cf47b52443f8596b7644f4a13a6 [term 0 FOLLOWER]: Advancing to term 1
I20260630 12:21:46.545094 29242 raft_consensus.cc:3060] T 7fec3c5c3966405c8708ff400adb6fd3 P f0dfd7a19fea480faab58ddbec977142 [term 0 FOLLOWER]: Advancing to term 1
I20260630 12:21:46.549513 29168 raft_consensus.cc:2468] T 7fec3c5c3966405c8708ff400adb6fd3 P fcfa5cf47b52443f8596b7644f4a13a6 [term 1 FOLLOWER]: Leader election vote request: Granting yes vote for candidate c537b8b461104843994bca58b063f39d in term 1.
I20260630 12:21:46.549611 29242 raft_consensus.cc:2468] T 7fec3c5c3966405c8708ff400adb6fd3 P f0dfd7a19fea480faab58ddbec977142 [term 1 FOLLOWER]: Leader election vote request: Granting yes vote for candidate c537b8b461104843994bca58b063f39d in term 1.
I20260630 12:21:46.550645 29056 leader_election.cc:304] T 7fec3c5c3966405c8708ff400adb6fd3 P c537b8b461104843994bca58b063f39d [CANDIDATE]: Term 1 election: Election decided. Result: candidate won. Election summary: received 2 responses out of 3 voters: 2 yes votes; 0 no votes. yes voters: c537b8b461104843994bca58b063f39d, fcfa5cf47b52443f8596b7644f4a13a6; no voters: 
I20260630 12:21:46.551329 29293 raft_consensus.cc:2804] T 7fec3c5c3966405c8708ff400adb6fd3 P c537b8b461104843994bca58b063f39d [term 1 FOLLOWER]: Leader election won for term 1
I20260630 12:21:46.552449 29293 raft_consensus.cc:697] T 7fec3c5c3966405c8708ff400adb6fd3 P c537b8b461104843994bca58b063f39d [term 1 LEADER]: Becoming Leader. State: Replica: c537b8b461104843994bca58b063f39d, State: Running, Role: LEADER
I20260630 12:21:46.553088 29293 consensus_queue.cc:237] T 7fec3c5c3966405c8708ff400adb6fd3 P c537b8b461104843994bca58b063f39d [LEADER]: Queue going to LEADER mode. State: All replicated index: 0, Majority replicated index: 0, Committed index: 0, Last appended: 0.0, Last appended by leader: 0, Current term: 1, Majority size: 2, State: 0, Mode: LEADER, active raft config: opid_index: -1 OBSOLETE_local: false peers { permanent_uuid: "c537b8b461104843994bca58b063f39d" member_type: VOTER last_known_addr { host: "127.25.223.193" port: 43529 } } peers { permanent_uuid: "fcfa5cf47b52443f8596b7644f4a13a6" member_type: VOTER last_known_addr { host: "127.25.223.194" port: 38437 } } peers { permanent_uuid: "f0dfd7a19fea480faab58ddbec977142" member_type: VOTER last_known_addr { host: "127.25.223.195" port: 40641 } }
I20260630 12:21:46.560459 28989 catalog_manager.cc:5697] T 7fec3c5c3966405c8708ff400adb6fd3 P c537b8b461104843994bca58b063f39d reported cstate change: term changed from 0 to 1, leader changed from <none> to c537b8b461104843994bca58b063f39d (127.25.223.193). New cstate: current_term: 1 leader_uuid: "c537b8b461104843994bca58b063f39d" committed_config { opid_index: -1 OBSOLETE_local: false peers { permanent_uuid: "c537b8b461104843994bca58b063f39d" member_type: VOTER last_known_addr { host: "127.25.223.193" port: 43529 } health_report { overall_health: HEALTHY } } peers { permanent_uuid: "fcfa5cf47b52443f8596b7644f4a13a6" member_type: VOTER last_known_addr { host: "127.25.223.194" port: 38437 } health_report { overall_health: UNKNOWN } } peers { permanent_uuid: "f0dfd7a19fea480faab58ddbec977142" member_type: VOTER last_known_addr { host: "127.25.223.195" port: 40641 } health_report { overall_health: UNKNOWN } } }
I20260630 12:21:46.637105 29296 raft_consensus.cc:493] T db8c9327af864eda9910c4f920166bf2 P fcfa5cf47b52443f8596b7644f4a13a6 [term 0 FOLLOWER]: Starting pre-election (no leader contacted us within the election timeout)
I20260630 12:21:46.637665 29296 raft_consensus.cc:515] T db8c9327af864eda9910c4f920166bf2 P fcfa5cf47b52443f8596b7644f4a13a6 [term 0 FOLLOWER]: Starting pre-election with config: opid_index: -1 OBSOLETE_local: false peers { permanent_uuid: "c537b8b461104843994bca58b063f39d" member_type: VOTER last_known_addr { host: "127.25.223.193" port: 43529 } } peers { permanent_uuid: "fcfa5cf47b52443f8596b7644f4a13a6" member_type: VOTER last_known_addr { host: "127.25.223.194" port: 38437 } } peers { permanent_uuid: "f0dfd7a19fea480faab58ddbec977142" member_type: VOTER last_known_addr { host: "127.25.223.195" port: 40641 } }
I20260630 12:21:46.639873 29296 leader_election.cc:290] T db8c9327af864eda9910c4f920166bf2 P fcfa5cf47b52443f8596b7644f4a13a6 [CANDIDATE]: Term 1 pre-election: Requested pre-vote from peers c537b8b461104843994bca58b063f39d (127.25.223.193:43529), f0dfd7a19fea480faab58ddbec977142 (127.25.223.195:40641)
I20260630 12:21:46.648000 29296 raft_consensus.cc:493] T af970787469e470589db8a24ba226b4c P fcfa5cf47b52443f8596b7644f4a13a6 [term 0 FOLLOWER]: Starting pre-election (no leader contacted us within the election timeout)
I20260630 12:21:46.648451 29296 raft_consensus.cc:515] T af970787469e470589db8a24ba226b4c P fcfa5cf47b52443f8596b7644f4a13a6 [term 0 FOLLOWER]: Starting pre-election with config: opid_index: -1 OBSOLETE_local: false peers { permanent_uuid: "c537b8b461104843994bca58b063f39d" member_type: VOTER last_known_addr { host: "127.25.223.193" port: 43529 } } peers { permanent_uuid: "fcfa5cf47b52443f8596b7644f4a13a6" member_type: VOTER last_known_addr { host: "127.25.223.194" port: 38437 } } peers { permanent_uuid: "f0dfd7a19fea480faab58ddbec977142" member_type: VOTER last_known_addr { host: "127.25.223.195" port: 40641 } }
I20260630 12:21:46.650492 29296 leader_election.cc:290] T af970787469e470589db8a24ba226b4c P fcfa5cf47b52443f8596b7644f4a13a6 [CANDIDATE]: Term 1 pre-election: Requested pre-vote from peers c537b8b461104843994bca58b063f39d (127.25.223.193:43529), f0dfd7a19fea480faab58ddbec977142 (127.25.223.195:40641)
I20260630 12:21:46.652638 29093 tablet_service.cc:1917] Received RequestConsensusVote() RPC: tablet_id: "db8c9327af864eda9910c4f920166bf2" candidate_uuid: "fcfa5cf47b52443f8596b7644f4a13a6" candidate_term: 1 candidate_status { last_received { term: 0 index: 0 } } ignore_live_leader: false dest_uuid: "c537b8b461104843994bca58b063f39d" is_pre_election: true
I20260630 12:21:46.653017 29092 tablet_service.cc:1917] Received RequestConsensusVote() RPC: tablet_id: "af970787469e470589db8a24ba226b4c" candidate_uuid: "fcfa5cf47b52443f8596b7644f4a13a6" candidate_term: 1 candidate_status { last_received { term: 0 index: 0 } } ignore_live_leader: false dest_uuid: "c537b8b461104843994bca58b063f39d" is_pre_election: true
I20260630 12:21:46.653226 29242 tablet_service.cc:1917] Received RequestConsensusVote() RPC: tablet_id: "db8c9327af864eda9910c4f920166bf2" candidate_uuid: "fcfa5cf47b52443f8596b7644f4a13a6" candidate_term: 1 candidate_status { last_received { term: 0 index: 0 } } ignore_live_leader: false dest_uuid: "f0dfd7a19fea480faab58ddbec977142" is_pre_election: true
I20260630 12:21:46.653376 29093 raft_consensus.cc:2468] T db8c9327af864eda9910c4f920166bf2 P c537b8b461104843994bca58b063f39d [term 0 FOLLOWER]: Leader pre-election vote request: Granting yes vote for candidate fcfa5cf47b52443f8596b7644f4a13a6 in term 0.
I20260630 12:21:46.653714 29092 raft_consensus.cc:2468] T af970787469e470589db8a24ba226b4c P c537b8b461104843994bca58b063f39d [term 0 FOLLOWER]: Leader pre-election vote request: Granting yes vote for candidate fcfa5cf47b52443f8596b7644f4a13a6 in term 0.
I20260630 12:21:46.653779 29242 raft_consensus.cc:2468] T db8c9327af864eda9910c4f920166bf2 P f0dfd7a19fea480faab58ddbec977142 [term 0 FOLLOWER]: Leader pre-election vote request: Granting yes vote for candidate fcfa5cf47b52443f8596b7644f4a13a6 in term 0.
I20260630 12:21:46.653831 29241 tablet_service.cc:1917] Received RequestConsensusVote() RPC: tablet_id: "af970787469e470589db8a24ba226b4c" candidate_uuid: "fcfa5cf47b52443f8596b7644f4a13a6" candidate_term: 1 candidate_status { last_received { term: 0 index: 0 } } ignore_live_leader: false dest_uuid: "f0dfd7a19fea480faab58ddbec977142" is_pre_election: true
I20260630 12:21:46.654686 29241 raft_consensus.cc:2468] T af970787469e470589db8a24ba226b4c P f0dfd7a19fea480faab58ddbec977142 [term 0 FOLLOWER]: Leader pre-election vote request: Granting yes vote for candidate fcfa5cf47b52443f8596b7644f4a13a6 in term 0.
I20260630 12:21:46.655104 29134 leader_election.cc:304] T db8c9327af864eda9910c4f920166bf2 P fcfa5cf47b52443f8596b7644f4a13a6 [CANDIDATE]: Term 1 pre-election: Election decided. Result: candidate won. Election summary: received 2 responses out of 3 voters: 2 yes votes; 0 no votes. yes voters: c537b8b461104843994bca58b063f39d, fcfa5cf47b52443f8596b7644f4a13a6; no voters: 
I20260630 12:21:46.655858 29296 raft_consensus.cc:2804] T db8c9327af864eda9910c4f920166bf2 P fcfa5cf47b52443f8596b7644f4a13a6 [term 0 FOLLOWER]: Leader pre-election won for term 1
I20260630 12:21:46.656030 29133 leader_election.cc:304] T af970787469e470589db8a24ba226b4c P fcfa5cf47b52443f8596b7644f4a13a6 [CANDIDATE]: Term 1 pre-election: Election decided. Result: candidate won. Election summary: received 2 responses out of 3 voters: 2 yes votes; 0 no votes. yes voters: f0dfd7a19fea480faab58ddbec977142, fcfa5cf47b52443f8596b7644f4a13a6; no voters: 
I20260630 12:21:46.656243 29296 raft_consensus.cc:493] T db8c9327af864eda9910c4f920166bf2 P fcfa5cf47b52443f8596b7644f4a13a6 [term 0 FOLLOWER]: Starting leader election (no leader contacted us within the election timeout)
I20260630 12:21:46.656744 29296 raft_consensus.cc:3060] T db8c9327af864eda9910c4f920166bf2 P fcfa5cf47b52443f8596b7644f4a13a6 [term 0 FOLLOWER]: Advancing to term 1
I20260630 12:21:46.658002 29311 raft_consensus.cc:2804] T af970787469e470589db8a24ba226b4c P fcfa5cf47b52443f8596b7644f4a13a6 [term 0 FOLLOWER]: Leader pre-election won for term 1
I20260630 12:21:46.658421 29311 raft_consensus.cc:493] T af970787469e470589db8a24ba226b4c P fcfa5cf47b52443f8596b7644f4a13a6 [term 0 FOLLOWER]: Starting leader election (no leader contacted us within the election timeout)
I20260630 12:21:46.658756 29311 raft_consensus.cc:3060] T af970787469e470589db8a24ba226b4c P fcfa5cf47b52443f8596b7644f4a13a6 [term 0 FOLLOWER]: Advancing to term 1
I20260630 12:21:46.664270 29296 raft_consensus.cc:515] T db8c9327af864eda9910c4f920166bf2 P fcfa5cf47b52443f8596b7644f4a13a6 [term 1 FOLLOWER]: Starting leader election with config: opid_index: -1 OBSOLETE_local: false peers { permanent_uuid: "c537b8b461104843994bca58b063f39d" member_type: VOTER last_known_addr { host: "127.25.223.193" port: 43529 } } peers { permanent_uuid: "fcfa5cf47b52443f8596b7644f4a13a6" member_type: VOTER last_known_addr { host: "127.25.223.194" port: 38437 } } peers { permanent_uuid: "f0dfd7a19fea480faab58ddbec977142" member_type: VOTER last_known_addr { host: "127.25.223.195" port: 40641 } }
I20260630 12:21:46.665647 29311 raft_consensus.cc:515] T af970787469e470589db8a24ba226b4c P fcfa5cf47b52443f8596b7644f4a13a6 [term 1 FOLLOWER]: Starting leader election with config: opid_index: -1 OBSOLETE_local: false peers { permanent_uuid: "c537b8b461104843994bca58b063f39d" member_type: VOTER last_known_addr { host: "127.25.223.193" port: 43529 } } peers { permanent_uuid: "fcfa5cf47b52443f8596b7644f4a13a6" member_type: VOTER last_known_addr { host: "127.25.223.194" port: 38437 } } peers { permanent_uuid: "f0dfd7a19fea480faab58ddbec977142" member_type: VOTER last_known_addr { host: "127.25.223.195" port: 40641 } }
I20260630 12:21:46.666714 29296 leader_election.cc:290] T db8c9327af864eda9910c4f920166bf2 P fcfa5cf47b52443f8596b7644f4a13a6 [CANDIDATE]: Term 1 election: Requested vote from peers c537b8b461104843994bca58b063f39d (127.25.223.193:43529), f0dfd7a19fea480faab58ddbec977142 (127.25.223.195:40641)
I20260630 12:21:46.666989 29092 tablet_service.cc:1917] Received RequestConsensusVote() RPC: tablet_id: "db8c9327af864eda9910c4f920166bf2" candidate_uuid: "fcfa5cf47b52443f8596b7644f4a13a6" candidate_term: 1 candidate_status { last_received { term: 0 index: 0 } } ignore_live_leader: false dest_uuid: "c537b8b461104843994bca58b063f39d"
I20260630 12:21:46.667322 29241 tablet_service.cc:1917] Received RequestConsensusVote() RPC: tablet_id: "db8c9327af864eda9910c4f920166bf2" candidate_uuid: "fcfa5cf47b52443f8596b7644f4a13a6" candidate_term: 1 candidate_status { last_received { term: 0 index: 0 } } ignore_live_leader: false dest_uuid: "f0dfd7a19fea480faab58ddbec977142"
I20260630 12:21:46.667609 29092 raft_consensus.cc:3060] T db8c9327af864eda9910c4f920166bf2 P c537b8b461104843994bca58b063f39d [term 0 FOLLOWER]: Advancing to term 1
I20260630 12:21:46.667799 29311 leader_election.cc:290] T af970787469e470589db8a24ba226b4c P fcfa5cf47b52443f8596b7644f4a13a6 [CANDIDATE]: Term 1 election: Requested vote from peers c537b8b461104843994bca58b063f39d (127.25.223.193:43529), f0dfd7a19fea480faab58ddbec977142 (127.25.223.195:40641)
I20260630 12:21:46.667901 29241 raft_consensus.cc:3060] T db8c9327af864eda9910c4f920166bf2 P f0dfd7a19fea480faab58ddbec977142 [term 0 FOLLOWER]: Advancing to term 1
I20260630 12:21:46.668486 29093 tablet_service.cc:1917] Received RequestConsensusVote() RPC: tablet_id: "af970787469e470589db8a24ba226b4c" candidate_uuid: "fcfa5cf47b52443f8596b7644f4a13a6" candidate_term: 1 candidate_status { last_received { term: 0 index: 0 } } ignore_live_leader: false dest_uuid: "c537b8b461104843994bca58b063f39d"
I20260630 12:21:46.669071 29093 raft_consensus.cc:3060] T af970787469e470589db8a24ba226b4c P c537b8b461104843994bca58b063f39d [term 0 FOLLOWER]: Advancing to term 1
I20260630 12:21:46.669404 29242 tablet_service.cc:1917] Received RequestConsensusVote() RPC: tablet_id: "af970787469e470589db8a24ba226b4c" candidate_uuid: "fcfa5cf47b52443f8596b7644f4a13a6" candidate_term: 1 candidate_status { last_received { term: 0 index: 0 } } ignore_live_leader: false dest_uuid: "f0dfd7a19fea480faab58ddbec977142"
I20260630 12:21:46.670032 29242 raft_consensus.cc:3060] T af970787469e470589db8a24ba226b4c P f0dfd7a19fea480faab58ddbec977142 [term 0 FOLLOWER]: Advancing to term 1
I20260630 12:21:46.674716 29092 raft_consensus.cc:2468] T db8c9327af864eda9910c4f920166bf2 P c537b8b461104843994bca58b063f39d [term 1 FOLLOWER]: Leader election vote request: Granting yes vote for candidate fcfa5cf47b52443f8596b7644f4a13a6 in term 1.
I20260630 12:21:46.674952 29241 raft_consensus.cc:2468] T db8c9327af864eda9910c4f920166bf2 P f0dfd7a19fea480faab58ddbec977142 [term 1 FOLLOWER]: Leader election vote request: Granting yes vote for candidate fcfa5cf47b52443f8596b7644f4a13a6 in term 1.
I20260630 12:21:46.676146 29134 leader_election.cc:304] T db8c9327af864eda9910c4f920166bf2 P fcfa5cf47b52443f8596b7644f4a13a6 [CANDIDATE]: Term 1 election: Election decided. Result: candidate won. Election summary: received 2 responses out of 3 voters: 2 yes votes; 0 no votes. yes voters: c537b8b461104843994bca58b063f39d, fcfa5cf47b52443f8596b7644f4a13a6; no voters: 
I20260630 12:21:46.676263 29093 raft_consensus.cc:2468] T af970787469e470589db8a24ba226b4c P c537b8b461104843994bca58b063f39d [term 1 FOLLOWER]: Leader election vote request: Granting yes vote for candidate fcfa5cf47b52443f8596b7644f4a13a6 in term 1.
I20260630 12:21:46.677049 29242 raft_consensus.cc:2468] T af970787469e470589db8a24ba226b4c P f0dfd7a19fea480faab58ddbec977142 [term 1 FOLLOWER]: Leader election vote request: Granting yes vote for candidate fcfa5cf47b52443f8596b7644f4a13a6 in term 1.
I20260630 12:21:46.677117 29311 raft_consensus.cc:2804] T db8c9327af864eda9910c4f920166bf2 P fcfa5cf47b52443f8596b7644f4a13a6 [term 1 FOLLOWER]: Leader election won for term 1
I20260630 12:21:46.677881 29311 raft_consensus.cc:697] T db8c9327af864eda9910c4f920166bf2 P fcfa5cf47b52443f8596b7644f4a13a6 [term 1 LEADER]: Becoming Leader. State: Replica: fcfa5cf47b52443f8596b7644f4a13a6, State: Running, Role: LEADER
I20260630 12:21:46.677618 29134 leader_election.cc:304] T af970787469e470589db8a24ba226b4c P fcfa5cf47b52443f8596b7644f4a13a6 [CANDIDATE]: Term 1 election: Election decided. Result: candidate won. Election summary: received 2 responses out of 3 voters: 2 yes votes; 0 no votes. yes voters: c537b8b461104843994bca58b063f39d, fcfa5cf47b52443f8596b7644f4a13a6; no voters: 
I20260630 12:21:46.678730 29311 consensus_queue.cc:237] T db8c9327af864eda9910c4f920166bf2 P fcfa5cf47b52443f8596b7644f4a13a6 [LEADER]: Queue going to LEADER mode. State: All replicated index: 0, Majority replicated index: 0, Committed index: 0, Last appended: 0.0, Last appended by leader: 0, Current term: 1, Majority size: 2, State: 0, Mode: LEADER, active raft config: opid_index: -1 OBSOLETE_local: false peers { permanent_uuid: "c537b8b461104843994bca58b063f39d" member_type: VOTER last_known_addr { host: "127.25.223.193" port: 43529 } } peers { permanent_uuid: "fcfa5cf47b52443f8596b7644f4a13a6" member_type: VOTER last_known_addr { host: "127.25.223.194" port: 38437 } } peers { permanent_uuid: "f0dfd7a19fea480faab58ddbec977142" member_type: VOTER last_known_addr { host: "127.25.223.195" port: 40641 } }
I20260630 12:21:46.679028 29294 raft_consensus.cc:493] T c55a8aed927840ecaf80a87b3bbc1ebc P f0dfd7a19fea480faab58ddbec977142 [term 0 FOLLOWER]: Starting pre-election (no leader contacted us within the election timeout)
I20260630 12:21:46.678982 29296 raft_consensus.cc:2804] T af970787469e470589db8a24ba226b4c P fcfa5cf47b52443f8596b7644f4a13a6 [term 1 FOLLOWER]: Leader election won for term 1
I20260630 12:21:46.679638 29294 raft_consensus.cc:515] T c55a8aed927840ecaf80a87b3bbc1ebc P f0dfd7a19fea480faab58ddbec977142 [term 0 FOLLOWER]: Starting pre-election with config: opid_index: -1 OBSOLETE_local: false peers { permanent_uuid: "c537b8b461104843994bca58b063f39d" member_type: VOTER last_known_addr { host: "127.25.223.193" port: 43529 } } peers { permanent_uuid: "fcfa5cf47b52443f8596b7644f4a13a6" member_type: VOTER last_known_addr { host: "127.25.223.194" port: 38437 } } peers { permanent_uuid: "f0dfd7a19fea480faab58ddbec977142" member_type: VOTER last_known_addr { host: "127.25.223.195" port: 40641 } }
I20260630 12:21:46.684679 29294 leader_election.cc:290] T c55a8aed927840ecaf80a87b3bbc1ebc P f0dfd7a19fea480faab58ddbec977142 [CANDIDATE]: Term 1 pre-election: Requested pre-vote from peers c537b8b461104843994bca58b063f39d (127.25.223.193:43529), fcfa5cf47b52443f8596b7644f4a13a6 (127.25.223.194:38437)
I20260630 12:21:46.685485 29296 raft_consensus.cc:697] T af970787469e470589db8a24ba226b4c P fcfa5cf47b52443f8596b7644f4a13a6 [term 1 LEADER]: Becoming Leader. State: Replica: fcfa5cf47b52443f8596b7644f4a13a6, State: Running, Role: LEADER
I20260630 12:21:46.686482 29296 consensus_queue.cc:237] T af970787469e470589db8a24ba226b4c P fcfa5cf47b52443f8596b7644f4a13a6 [LEADER]: Queue going to LEADER mode. State: All replicated index: 0, Majority replicated index: 0, Committed index: 0, Last appended: 0.0, Last appended by leader: 0, Current term: 1, Majority size: 2, State: 0, Mode: LEADER, active raft config: opid_index: -1 OBSOLETE_local: false peers { permanent_uuid: "c537b8b461104843994bca58b063f39d" member_type: VOTER last_known_addr { host: "127.25.223.193" port: 43529 } } peers { permanent_uuid: "fcfa5cf47b52443f8596b7644f4a13a6" member_type: VOTER last_known_addr { host: "127.25.223.194" port: 38437 } } peers { permanent_uuid: "f0dfd7a19fea480faab58ddbec977142" member_type: VOTER last_known_addr { host: "127.25.223.195" port: 40641 } }
I20260630 12:21:46.687758 28989 catalog_manager.cc:5697] T db8c9327af864eda9910c4f920166bf2 P fcfa5cf47b52443f8596b7644f4a13a6 reported cstate change: term changed from 0 to 1, leader changed from <none> to fcfa5cf47b52443f8596b7644f4a13a6 (127.25.223.194). New cstate: current_term: 1 leader_uuid: "fcfa5cf47b52443f8596b7644f4a13a6" committed_config { opid_index: -1 OBSOLETE_local: false peers { permanent_uuid: "c537b8b461104843994bca58b063f39d" member_type: VOTER last_known_addr { host: "127.25.223.193" port: 43529 } health_report { overall_health: UNKNOWN } } peers { permanent_uuid: "fcfa5cf47b52443f8596b7644f4a13a6" member_type: VOTER last_known_addr { host: "127.25.223.194" port: 38437 } health_report { overall_health: HEALTHY } } peers { permanent_uuid: "f0dfd7a19fea480faab58ddbec977142" member_type: VOTER last_known_addr { host: "127.25.223.195" port: 40641 } health_report { overall_health: UNKNOWN } } }
I20260630 12:21:46.694870 29293 raft_consensus.cc:493] T c55a8aed927840ecaf80a87b3bbc1ebc P c537b8b461104843994bca58b063f39d [term 0 FOLLOWER]: Starting pre-election (no leader contacted us within the election timeout)
I20260630 12:21:46.695385 29293 raft_consensus.cc:515] T c55a8aed927840ecaf80a87b3bbc1ebc P c537b8b461104843994bca58b063f39d [term 0 FOLLOWER]: Starting pre-election with config: opid_index: -1 OBSOLETE_local: false peers { permanent_uuid: "c537b8b461104843994bca58b063f39d" member_type: VOTER last_known_addr { host: "127.25.223.193" port: 43529 } } peers { permanent_uuid: "fcfa5cf47b52443f8596b7644f4a13a6" member_type: VOTER last_known_addr { host: "127.25.223.194" port: 38437 } } peers { permanent_uuid: "f0dfd7a19fea480faab58ddbec977142" member_type: VOTER last_known_addr { host: "127.25.223.195" port: 40641 } }
I20260630 12:21:46.697400 29293 leader_election.cc:290] T c55a8aed927840ecaf80a87b3bbc1ebc P c537b8b461104843994bca58b063f39d [CANDIDATE]: Term 1 pre-election: Requested pre-vote from peers fcfa5cf47b52443f8596b7644f4a13a6 (127.25.223.194:38437), f0dfd7a19fea480faab58ddbec977142 (127.25.223.195:40641)
I20260630 12:21:46.699005 29242 tablet_service.cc:1917] Received RequestConsensusVote() RPC: tablet_id: "c55a8aed927840ecaf80a87b3bbc1ebc" candidate_uuid: "c537b8b461104843994bca58b063f39d" candidate_term: 1 candidate_status { last_received { term: 0 index: 0 } } ignore_live_leader: false dest_uuid: "f0dfd7a19fea480faab58ddbec977142" is_pre_election: true
I20260630 12:21:46.699645 29242 raft_consensus.cc:2468] T c55a8aed927840ecaf80a87b3bbc1ebc P f0dfd7a19fea480faab58ddbec977142 [term 0 FOLLOWER]: Leader pre-election vote request: Granting yes vote for candidate c537b8b461104843994bca58b063f39d in term 0.
I20260630 12:21:46.699847 29093 tablet_service.cc:1917] Received RequestConsensusVote() RPC: tablet_id: "c55a8aed927840ecaf80a87b3bbc1ebc" candidate_uuid: "f0dfd7a19fea480faab58ddbec977142" candidate_term: 1 candidate_status { last_received { term: 0 index: 0 } } ignore_live_leader: false dest_uuid: "c537b8b461104843994bca58b063f39d" is_pre_election: true
I20260630 12:21:46.699900 29168 tablet_service.cc:1917] Received RequestConsensusVote() RPC: tablet_id: "c55a8aed927840ecaf80a87b3bbc1ebc" candidate_uuid: "c537b8b461104843994bca58b063f39d" candidate_term: 1 candidate_status { last_received { term: 0 index: 0 } } ignore_live_leader: false dest_uuid: "fcfa5cf47b52443f8596b7644f4a13a6" is_pre_election: true
I20260630 12:21:46.700666 29093 raft_consensus.cc:2468] T c55a8aed927840ecaf80a87b3bbc1ebc P c537b8b461104843994bca58b063f39d [term 0 FOLLOWER]: Leader pre-election vote request: Granting yes vote for candidate f0dfd7a19fea480faab58ddbec977142 in term 0.
I20260630 12:21:46.700780 29168 raft_consensus.cc:2468] T c55a8aed927840ecaf80a87b3bbc1ebc P fcfa5cf47b52443f8596b7644f4a13a6 [term 0 FOLLOWER]: Leader pre-election vote request: Granting yes vote for candidate c537b8b461104843994bca58b063f39d in term 0.
I20260630 12:21:46.701927 29058 leader_election.cc:304] T c55a8aed927840ecaf80a87b3bbc1ebc P c537b8b461104843994bca58b063f39d [CANDIDATE]: Term 1 pre-election: Election decided. Result: candidate won. Election summary: received 2 responses out of 3 voters: 2 yes votes; 0 no votes. yes voters: c537b8b461104843994bca58b063f39d, f0dfd7a19fea480faab58ddbec977142; no voters: 
I20260630 12:21:46.702728 29293 raft_consensus.cc:2804] T c55a8aed927840ecaf80a87b3bbc1ebc P c537b8b461104843994bca58b063f39d [term 0 FOLLOWER]: Leader pre-election won for term 1
I20260630 12:21:46.703233 29293 raft_consensus.cc:493] T c55a8aed927840ecaf80a87b3bbc1ebc P c537b8b461104843994bca58b063f39d [term 0 FOLLOWER]: Starting leader election (no leader contacted us within the election timeout)
I20260630 12:21:46.702670 28990 catalog_manager.cc:5697] T af970787469e470589db8a24ba226b4c P fcfa5cf47b52443f8596b7644f4a13a6 reported cstate change: term changed from 0 to 1, leader changed from <none> to fcfa5cf47b52443f8596b7644f4a13a6 (127.25.223.194). New cstate: current_term: 1 leader_uuid: "fcfa5cf47b52443f8596b7644f4a13a6" committed_config { opid_index: -1 OBSOLETE_local: false peers { permanent_uuid: "c537b8b461104843994bca58b063f39d" member_type: VOTER last_known_addr { host: "127.25.223.193" port: 43529 } health_report { overall_health: UNKNOWN } } peers { permanent_uuid: "fcfa5cf47b52443f8596b7644f4a13a6" member_type: VOTER last_known_addr { host: "127.25.223.194" port: 38437 } health_report { overall_health: HEALTHY } } peers { permanent_uuid: "f0dfd7a19fea480faab58ddbec977142" member_type: VOTER last_known_addr { host: "127.25.223.195" port: 40641 } health_report { overall_health: UNKNOWN } } }
I20260630 12:21:46.704084 29293 raft_consensus.cc:3060] T c55a8aed927840ecaf80a87b3bbc1ebc P c537b8b461104843994bca58b063f39d [term 0 FOLLOWER]: Advancing to term 1
I20260630 12:21:46.704185 29208 leader_election.cc:304] T c55a8aed927840ecaf80a87b3bbc1ebc P f0dfd7a19fea480faab58ddbec977142 [CANDIDATE]: Term 1 pre-election: Election decided. Result: candidate won. Election summary: received 2 responses out of 3 voters: 2 yes votes; 0 no votes. yes voters: c537b8b461104843994bca58b063f39d, f0dfd7a19fea480faab58ddbec977142; no voters: 
I20260630 12:21:46.705430 29294 raft_consensus.cc:2804] T c55a8aed927840ecaf80a87b3bbc1ebc P f0dfd7a19fea480faab58ddbec977142 [term 0 FOLLOWER]: Leader pre-election won for term 1
I20260630 12:21:46.705773 29294 raft_consensus.cc:493] T c55a8aed927840ecaf80a87b3bbc1ebc P f0dfd7a19fea480faab58ddbec977142 [term 0 FOLLOWER]: Starting leader election (no leader contacted us within the election timeout)
I20260630 12:21:46.706084 29294 raft_consensus.cc:3060] T c55a8aed927840ecaf80a87b3bbc1ebc P f0dfd7a19fea480faab58ddbec977142 [term 0 FOLLOWER]: Advancing to term 1
I20260630 12:21:46.710649 29168 tablet_service.cc:1917] Received RequestConsensusVote() RPC: tablet_id: "c55a8aed927840ecaf80a87b3bbc1ebc" candidate_uuid: "f0dfd7a19fea480faab58ddbec977142" candidate_term: 1 candidate_status { last_received { term: 0 index: 0 } } ignore_live_leader: false dest_uuid: "fcfa5cf47b52443f8596b7644f4a13a6" is_pre_election: true
I20260630 12:21:46.710686 29293 raft_consensus.cc:515] T c55a8aed927840ecaf80a87b3bbc1ebc P c537b8b461104843994bca58b063f39d [term 1 FOLLOWER]: Starting leader election with config: opid_index: -1 OBSOLETE_local: false peers { permanent_uuid: "c537b8b461104843994bca58b063f39d" member_type: VOTER last_known_addr { host: "127.25.223.193" port: 43529 } } peers { permanent_uuid: "fcfa5cf47b52443f8596b7644f4a13a6" member_type: VOTER last_known_addr { host: "127.25.223.194" port: 38437 } } peers { permanent_uuid: "f0dfd7a19fea480faab58ddbec977142" member_type: VOTER last_known_addr { host: "127.25.223.195" port: 40641 } }
I20260630 12:21:46.711177 29168 raft_consensus.cc:2468] T c55a8aed927840ecaf80a87b3bbc1ebc P fcfa5cf47b52443f8596b7644f4a13a6 [term 0 FOLLOWER]: Leader pre-election vote request: Granting yes vote for candidate f0dfd7a19fea480faab58ddbec977142 in term 0.
I20260630 12:21:46.712815 29293 leader_election.cc:290] T c55a8aed927840ecaf80a87b3bbc1ebc P c537b8b461104843994bca58b063f39d [CANDIDATE]: Term 1 election: Requested vote from peers fcfa5cf47b52443f8596b7644f4a13a6 (127.25.223.194:38437), f0dfd7a19fea480faab58ddbec977142 (127.25.223.195:40641)
I20260630 12:21:46.713821 29168 tablet_service.cc:1917] Received RequestConsensusVote() RPC: tablet_id: "c55a8aed927840ecaf80a87b3bbc1ebc" candidate_uuid: "c537b8b461104843994bca58b063f39d" candidate_term: 1 candidate_status { last_received { term: 0 index: 0 } } ignore_live_leader: false dest_uuid: "fcfa5cf47b52443f8596b7644f4a13a6"
I20260630 12:21:46.714030 29242 tablet_service.cc:1917] Received RequestConsensusVote() RPC: tablet_id: "c55a8aed927840ecaf80a87b3bbc1ebc" candidate_uuid: "c537b8b461104843994bca58b063f39d" candidate_term: 1 candidate_status { last_received { term: 0 index: 0 } } ignore_live_leader: false dest_uuid: "f0dfd7a19fea480faab58ddbec977142"
I20260630 12:21:46.714362 29168 raft_consensus.cc:3060] T c55a8aed927840ecaf80a87b3bbc1ebc P fcfa5cf47b52443f8596b7644f4a13a6 [term 0 FOLLOWER]: Advancing to term 1
I20260630 12:21:46.715148 29294 raft_consensus.cc:515] T c55a8aed927840ecaf80a87b3bbc1ebc P f0dfd7a19fea480faab58ddbec977142 [term 1 FOLLOWER]: Starting leader election with config: opid_index: -1 OBSOLETE_local: false peers { permanent_uuid: "c537b8b461104843994bca58b063f39d" member_type: VOTER last_known_addr { host: "127.25.223.193" port: 43529 } } peers { permanent_uuid: "fcfa5cf47b52443f8596b7644f4a13a6" member_type: VOTER last_known_addr { host: "127.25.223.194" port: 38437 } } peers { permanent_uuid: "f0dfd7a19fea480faab58ddbec977142" member_type: VOTER last_known_addr { host: "127.25.223.195" port: 40641 } }
I20260630 12:21:46.716257 29242 raft_consensus.cc:2393] T c55a8aed927840ecaf80a87b3bbc1ebc P f0dfd7a19fea480faab58ddbec977142 [term 1 FOLLOWER]: Leader election vote request: Denying vote to candidate c537b8b461104843994bca58b063f39d in current term 1: Already voted for candidate f0dfd7a19fea480faab58ddbec977142 in this term.
I20260630 12:21:46.718039 29093 tablet_service.cc:1917] Received RequestConsensusVote() RPC: tablet_id: "c55a8aed927840ecaf80a87b3bbc1ebc" candidate_uuid: "f0dfd7a19fea480faab58ddbec977142" candidate_term: 1 candidate_status { last_received { term: 0 index: 0 } } ignore_live_leader: false dest_uuid: "c537b8b461104843994bca58b063f39d"
I20260630 12:21:46.718546 29167 tablet_service.cc:1917] Received RequestConsensusVote() RPC: tablet_id: "c55a8aed927840ecaf80a87b3bbc1ebc" candidate_uuid: "f0dfd7a19fea480faab58ddbec977142" candidate_term: 1 candidate_status { last_received { term: 0 index: 0 } } ignore_live_leader: false dest_uuid: "fcfa5cf47b52443f8596b7644f4a13a6"
I20260630 12:21:46.718812 29093 raft_consensus.cc:2393] T c55a8aed927840ecaf80a87b3bbc1ebc P c537b8b461104843994bca58b063f39d [term 1 FOLLOWER]: Leader election vote request: Denying vote to candidate f0dfd7a19fea480faab58ddbec977142 in current term 1: Already voted for candidate c537b8b461104843994bca58b063f39d in this term.
I20260630 12:21:46.720252 29205 leader_election.cc:304] T c55a8aed927840ecaf80a87b3bbc1ebc P f0dfd7a19fea480faab58ddbec977142 [CANDIDATE]: Term 1 election: Election decided. Result: candidate lost. Election summary: received 3 responses out of 3 voters: 1 yes votes; 2 no votes. yes voters: f0dfd7a19fea480faab58ddbec977142; no voters: c537b8b461104843994bca58b063f39d, fcfa5cf47b52443f8596b7644f4a13a6
I20260630 12:21:46.720489 29294 leader_election.cc:290] T c55a8aed927840ecaf80a87b3bbc1ebc P f0dfd7a19fea480faab58ddbec977142 [CANDIDATE]: Term 1 election: Requested vote from peers c537b8b461104843994bca58b063f39d (127.25.223.193:43529), fcfa5cf47b52443f8596b7644f4a13a6 (127.25.223.194:38437)
I20260630 12:21:46.721055 29294 raft_consensus.cc:2749] T c55a8aed927840ecaf80a87b3bbc1ebc P f0dfd7a19fea480faab58ddbec977142 [term 1 FOLLOWER]: Leader election lost for term 1. Reason: could not achieve majority
I20260630 12:21:46.721469 29168 raft_consensus.cc:2468] T c55a8aed927840ecaf80a87b3bbc1ebc P fcfa5cf47b52443f8596b7644f4a13a6 [term 1 FOLLOWER]: Leader election vote request: Granting yes vote for candidate c537b8b461104843994bca58b063f39d in term 1.
I20260630 12:21:46.722504 29056 leader_election.cc:304] T c55a8aed927840ecaf80a87b3bbc1ebc P c537b8b461104843994bca58b063f39d [CANDIDATE]: Term 1 election: Election decided. Result: candidate won. Election summary: received 3 responses out of 3 voters: 2 yes votes; 1 no votes. yes voters: c537b8b461104843994bca58b063f39d, fcfa5cf47b52443f8596b7644f4a13a6; no voters: f0dfd7a19fea480faab58ddbec977142
I20260630 12:21:46.723137 29293 raft_consensus.cc:2804] T c55a8aed927840ecaf80a87b3bbc1ebc P c537b8b461104843994bca58b063f39d [term 1 FOLLOWER]: Leader election won for term 1
I20260630 12:21:46.723567 29293 raft_consensus.cc:697] T c55a8aed927840ecaf80a87b3bbc1ebc P c537b8b461104843994bca58b063f39d [term 1 LEADER]: Becoming Leader. State: Replica: c537b8b461104843994bca58b063f39d, State: Running, Role: LEADER
I20260630 12:21:46.724303 29293 consensus_queue.cc:237] T c55a8aed927840ecaf80a87b3bbc1ebc P c537b8b461104843994bca58b063f39d [LEADER]: Queue going to LEADER mode. State: All replicated index: 0, Majority replicated index: 0, Committed index: 0, Last appended: 0.0, Last appended by leader: 0, Current term: 1, Majority size: 2, State: 0, Mode: LEADER, active raft config: opid_index: -1 OBSOLETE_local: false peers { permanent_uuid: "c537b8b461104843994bca58b063f39d" member_type: VOTER last_known_addr { host: "127.25.223.193" port: 43529 } } peers { permanent_uuid: "fcfa5cf47b52443f8596b7644f4a13a6" member_type: VOTER last_known_addr { host: "127.25.223.194" port: 38437 } } peers { permanent_uuid: "f0dfd7a19fea480faab58ddbec977142" member_type: VOTER last_known_addr { host: "127.25.223.195" port: 40641 } }
I20260630 12:21:46.730571 28990 catalog_manager.cc:5697] T c55a8aed927840ecaf80a87b3bbc1ebc P c537b8b461104843994bca58b063f39d reported cstate change: term changed from 0 to 1, leader changed from <none> to c537b8b461104843994bca58b063f39d (127.25.223.193). New cstate: current_term: 1 leader_uuid: "c537b8b461104843994bca58b063f39d" committed_config { opid_index: -1 OBSOLETE_local: false peers { permanent_uuid: "c537b8b461104843994bca58b063f39d" member_type: VOTER last_known_addr { host: "127.25.223.193" port: 43529 } health_report { overall_health: HEALTHY } } peers { permanent_uuid: "fcfa5cf47b52443f8596b7644f4a13a6" member_type: VOTER last_known_addr { host: "127.25.223.194" port: 38437 } health_report { overall_health: UNKNOWN } } peers { permanent_uuid: "f0dfd7a19fea480faab58ddbec977142" member_type: VOTER last_known_addr { host: "127.25.223.195" port: 40641 } health_report { overall_health: UNKNOWN } } }
I20260630 12:21:46.752569 26495 tablet_server.cc:179] TabletServer@127.25.223.193:0 shutting down...
I20260630 12:21:46.769434 26495 ts_tablet_manager.cc:1507] Shutting down tablet manager...
I20260630 12:21:46.770262 26495 tablet_replica.cc:333] T c55a8aed927840ecaf80a87b3bbc1ebc P c537b8b461104843994bca58b063f39d: stopping tablet replica
I20260630 12:21:46.770901 26495 raft_consensus.cc:2243] T c55a8aed927840ecaf80a87b3bbc1ebc P c537b8b461104843994bca58b063f39d [term 1 LEADER]: Raft consensus shutting down.
I20260630 12:21:46.771493 26495 pending_rounds.cc:70] T c55a8aed927840ecaf80a87b3bbc1ebc P c537b8b461104843994bca58b063f39d: Trying to abort 1 pending ops.
I20260630 12:21:46.771704 26495 pending_rounds.cc:77] T c55a8aed927840ecaf80a87b3bbc1ebc P c537b8b461104843994bca58b063f39d: Aborting op as it isn't in flight: id { term: 1 index: 1 } timestamp: 7302439349149065216 op_type: NO_OP noop_request { }
I20260630 12:21:46.772001 26495 raft_consensus.cc:2889] T c55a8aed927840ecaf80a87b3bbc1ebc P c537b8b461104843994bca58b063f39d [term 1 LEADER]: NO_OP replication failed: Aborted: Op aborted
I20260630 12:21:46.772336 26495 raft_consensus.cc:2272] T c55a8aed927840ecaf80a87b3bbc1ebc P c537b8b461104843994bca58b063f39d [term 1 FOLLOWER]: Raft consensus is shut down!
I20260630 12:21:46.774647 26495 tablet_replica.cc:333] T 7fec3c5c3966405c8708ff400adb6fd3 P c537b8b461104843994bca58b063f39d: stopping tablet replica
I20260630 12:21:46.775141 26495 raft_consensus.cc:2243] T 7fec3c5c3966405c8708ff400adb6fd3 P c537b8b461104843994bca58b063f39d [term 1 LEADER]: Raft consensus shutting down.
I20260630 12:21:46.775676 26495 pending_rounds.cc:70] T 7fec3c5c3966405c8708ff400adb6fd3 P c537b8b461104843994bca58b063f39d: Trying to abort 1 pending ops.
I20260630 12:21:46.775851 26495 pending_rounds.cc:77] T 7fec3c5c3966405c8708ff400adb6fd3 P c537b8b461104843994bca58b063f39d: Aborting op as it isn't in flight: id { term: 1 index: 1 } timestamp: 7302439348447752192 op_type: NO_OP noop_request { }
I20260630 12:21:46.776172 26495 raft_consensus.cc:2889] T 7fec3c5c3966405c8708ff400adb6fd3 P c537b8b461104843994bca58b063f39d [term 1 LEADER]: NO_OP replication failed: Aborted: Op aborted
I20260630 12:21:46.776472 26495 raft_consensus.cc:2272] T 7fec3c5c3966405c8708ff400adb6fd3 P c537b8b461104843994bca58b063f39d [term 1 FOLLOWER]: Raft consensus is shut down!
I20260630 12:21:46.778436 26495 tablet_replica.cc:333] T af970787469e470589db8a24ba226b4c P c537b8b461104843994bca58b063f39d: stopping tablet replica
I20260630 12:21:46.778916 26495 raft_consensus.cc:2243] T af970787469e470589db8a24ba226b4c P c537b8b461104843994bca58b063f39d [term 1 FOLLOWER]: Raft consensus shutting down.
I20260630 12:21:46.779270 26495 raft_consensus.cc:2272] T af970787469e470589db8a24ba226b4c P c537b8b461104843994bca58b063f39d [term 1 FOLLOWER]: Raft consensus is shut down!
I20260630 12:21:46.781020 26495 tablet_replica.cc:333] T db8c9327af864eda9910c4f920166bf2 P c537b8b461104843994bca58b063f39d: stopping tablet replica
I20260630 12:21:46.781474 26495 raft_consensus.cc:2243] T db8c9327af864eda9910c4f920166bf2 P c537b8b461104843994bca58b063f39d [term 1 FOLLOWER]: Raft consensus shutting down.
I20260630 12:21:46.781808 26495 raft_consensus.cc:2272] T db8c9327af864eda9910c4f920166bf2 P c537b8b461104843994bca58b063f39d [term 1 FOLLOWER]: Raft consensus is shut down!
I20260630 12:21:46.794196 26495 tablet_server.cc:196] TabletServer@127.25.223.193:0 shutdown complete.
I20260630 12:21:46.804955 26495 tablet_server.cc:179] TabletServer@127.25.223.194:0 shutting down...
I20260630 12:21:46.808387 29044 auto_leader_rebalancer.cc:141] leader rebalance for table range_aware_auto_rebalancer_test
W20260630 12:21:46.820122 29044 auto_leader_rebalancer.cc:524] the master instance isn't leader: Network error: Client connection negotiation failed: client connection to 127.25.223.193:43529: connect: Connection refused (error 111)
I20260630 12:21:46.823959 26495 ts_tablet_manager.cc:1507] Shutting down tablet manager...
I20260630 12:21:46.824795 26495 tablet_replica.cc:333] T c55a8aed927840ecaf80a87b3bbc1ebc P fcfa5cf47b52443f8596b7644f4a13a6: stopping tablet replica
I20260630 12:21:46.825350 26495 raft_consensus.cc:2243] T c55a8aed927840ecaf80a87b3bbc1ebc P fcfa5cf47b52443f8596b7644f4a13a6 [term 1 FOLLOWER]: Raft consensus shutting down.
I20260630 12:21:46.825729 26495 raft_consensus.cc:2272] T c55a8aed927840ecaf80a87b3bbc1ebc P fcfa5cf47b52443f8596b7644f4a13a6 [term 1 FOLLOWER]: Raft consensus is shut down!
I20260630 12:21:46.827561 26495 tablet_replica.cc:333] T 7fec3c5c3966405c8708ff400adb6fd3 P fcfa5cf47b52443f8596b7644f4a13a6: stopping tablet replica
I20260630 12:21:46.828086 26495 raft_consensus.cc:2243] T 7fec3c5c3966405c8708ff400adb6fd3 P fcfa5cf47b52443f8596b7644f4a13a6 [term 1 FOLLOWER]: Raft consensus shutting down.
I20260630 12:21:46.828437 26495 raft_consensus.cc:2272] T 7fec3c5c3966405c8708ff400adb6fd3 P fcfa5cf47b52443f8596b7644f4a13a6 [term 1 FOLLOWER]: Raft consensus is shut down!
I20260630 12:21:46.830021 26495 tablet_replica.cc:333] T af970787469e470589db8a24ba226b4c P fcfa5cf47b52443f8596b7644f4a13a6: stopping tablet replica
I20260630 12:21:46.830482 26495 raft_consensus.cc:2243] T af970787469e470589db8a24ba226b4c P fcfa5cf47b52443f8596b7644f4a13a6 [term 1 LEADER]: Raft consensus shutting down.
I20260630 12:21:46.830987 26495 pending_rounds.cc:70] T af970787469e470589db8a24ba226b4c P fcfa5cf47b52443f8596b7644f4a13a6: Trying to abort 1 pending ops.
I20260630 12:21:46.831157 26495 pending_rounds.cc:77] T af970787469e470589db8a24ba226b4c P fcfa5cf47b52443f8596b7644f4a13a6: Aborting op as it isn't in flight: id { term: 1 index: 1 } timestamp: 7302439349000126464 op_type: NO_OP noop_request { }
I20260630 12:21:46.831431 26495 raft_consensus.cc:2889] T af970787469e470589db8a24ba226b4c P fcfa5cf47b52443f8596b7644f4a13a6 [term 1 LEADER]: NO_OP replication failed: Aborted: Op aborted
I20260630 12:21:46.831673 26495 raft_consensus.cc:2272] T af970787469e470589db8a24ba226b4c P fcfa5cf47b52443f8596b7644f4a13a6 [term 1 FOLLOWER]: Raft consensus is shut down!
I20260630 12:21:46.833768 26495 tablet_replica.cc:333] T db8c9327af864eda9910c4f920166bf2 P fcfa5cf47b52443f8596b7644f4a13a6: stopping tablet replica
I20260630 12:21:46.834216 26495 raft_consensus.cc:2243] T db8c9327af864eda9910c4f920166bf2 P fcfa5cf47b52443f8596b7644f4a13a6 [term 1 LEADER]: Raft consensus shutting down.
I20260630 12:21:46.834731 26495 pending_rounds.cc:70] T db8c9327af864eda9910c4f920166bf2 P fcfa5cf47b52443f8596b7644f4a13a6: Trying to abort 1 pending ops.
I20260630 12:21:46.834901 26495 pending_rounds.cc:77] T db8c9327af864eda9910c4f920166bf2 P fcfa5cf47b52443f8596b7644f4a13a6: Aborting op as it isn't in flight: id { term: 1 index: 1 } timestamp: 7302439348964753408 op_type: NO_OP noop_request { }
I20260630 12:21:46.835158 26495 raft_consensus.cc:2889] T db8c9327af864eda9910c4f920166bf2 P fcfa5cf47b52443f8596b7644f4a13a6 [term 1 LEADER]: NO_OP replication failed: Aborted: Op aborted
I20260630 12:21:46.835419 26495 raft_consensus.cc:2272] T db8c9327af864eda9910c4f920166bf2 P fcfa5cf47b52443f8596b7644f4a13a6 [term 1 FOLLOWER]: Raft consensus is shut down!
I20260630 12:21:46.856637 26495 tablet_server.cc:196] TabletServer@127.25.223.194:0 shutdown complete.
I20260630 12:21:46.866721 26495 tablet_server.cc:179] TabletServer@127.25.223.195:0 shutting down...
I20260630 12:21:46.883492 26495 ts_tablet_manager.cc:1507] Shutting down tablet manager...
I20260630 12:21:46.884302 26495 tablet_replica.cc:333] T 7fec3c5c3966405c8708ff400adb6fd3 P f0dfd7a19fea480faab58ddbec977142: stopping tablet replica
I20260630 12:21:46.884912 26495 raft_consensus.cc:2243] T 7fec3c5c3966405c8708ff400adb6fd3 P f0dfd7a19fea480faab58ddbec977142 [term 1 FOLLOWER]: Raft consensus shutting down.
I20260630 12:21:46.885329 26495 raft_consensus.cc:2272] T 7fec3c5c3966405c8708ff400adb6fd3 P f0dfd7a19fea480faab58ddbec977142 [term 1 FOLLOWER]: Raft consensus is shut down!
I20260630 12:21:46.887108 26495 tablet_replica.cc:333] T af970787469e470589db8a24ba226b4c P f0dfd7a19fea480faab58ddbec977142: stopping tablet replica
I20260630 12:21:46.887624 26495 raft_consensus.cc:2243] T af970787469e470589db8a24ba226b4c P f0dfd7a19fea480faab58ddbec977142 [term 1 FOLLOWER]: Raft consensus shutting down.
I20260630 12:21:46.887976 26495 raft_consensus.cc:2272] T af970787469e470589db8a24ba226b4c P f0dfd7a19fea480faab58ddbec977142 [term 1 FOLLOWER]: Raft consensus is shut down!
I20260630 12:21:46.889710 26495 tablet_replica.cc:333] T db8c9327af864eda9910c4f920166bf2 P f0dfd7a19fea480faab58ddbec977142: stopping tablet replica
I20260630 12:21:46.890183 26495 raft_consensus.cc:2243] T db8c9327af864eda9910c4f920166bf2 P f0dfd7a19fea480faab58ddbec977142 [term 1 FOLLOWER]: Raft consensus shutting down.
I20260630 12:21:46.890537 26495 raft_consensus.cc:2272] T db8c9327af864eda9910c4f920166bf2 P f0dfd7a19fea480faab58ddbec977142 [term 1 FOLLOWER]: Raft consensus is shut down!
I20260630 12:21:46.892202 26495 tablet_replica.cc:333] T c55a8aed927840ecaf80a87b3bbc1ebc P f0dfd7a19fea480faab58ddbec977142: stopping tablet replica
I20260630 12:21:46.892645 26495 raft_consensus.cc:2243] T c55a8aed927840ecaf80a87b3bbc1ebc P f0dfd7a19fea480faab58ddbec977142 [term 1 FOLLOWER]: Raft consensus shutting down.
I20260630 12:21:46.892992 26495 raft_consensus.cc:2272] T c55a8aed927840ecaf80a87b3bbc1ebc P f0dfd7a19fea480faab58ddbec977142 [term 1 FOLLOWER]: Raft consensus is shut down!
I20260630 12:21:46.913636 26495 tablet_server.cc:196] TabletServer@127.25.223.195:0 shutdown complete.
I20260630 12:21:46.923943 26495 master.cc:562] Master@127.25.223.254:41839 shutting down...
I20260630 12:21:46.938349 26495 raft_consensus.cc:2243] T 00000000000000000000000000000000 P dedb55bd373e4c10a396d49bf70327f7 [term 1 LEADER]: Raft consensus shutting down.
I20260630 12:21:46.938835 26495 raft_consensus.cc:2272] T 00000000000000000000000000000000 P dedb55bd373e4c10a396d49bf70327f7 [term 1 FOLLOWER]: Raft consensus is shut down!
I20260630 12:21:46.939158 26495 tablet_replica.cc:333] T 00000000000000000000000000000000 P dedb55bd373e4c10a396d49bf70327f7: stopping tablet replica
I20260630 12:21:46.947173 26495 master.cc:584] Master@127.25.223.254:41839 shutdown complete.
[       OK ] AutoRebalancerTest.RangeAwareBuildClusterInfoGroupsByRange (2298 ms)
[ RUN      ] AutoRebalancerTest.RangeAwareRebalancesNewRangeReplicas
I20260630 12:21:46.976263 26495 internal_mini_cluster.cc:156] Creating distributed mini masters. Addrs: 127.25.223.254:37185
I20260630 12:21:46.977232 26495 file_cache.cc:492] Constructed file cache file cache with capacity 419430
W20260630 12:21:46.981911 29321 instance_detector.cc:116] could not retrieve Azure instance metadata: Network error: curl error: HTTP response code said error: The requested URL returned error: 404
W20260630 12:21:46.982758 29320 instance_detector.cc:116] could not retrieve AWS instance metadata: Network error: curl error: HTTP response code said error: The requested URL returned error: 404
W20260630 12:21:46.983448 29323 instance_detector.cc:116] could not retrieve OpenStack instance metadata: Network error: curl error: HTTP response code said error: The requested URL returned error: 404
I20260630 12:21:46.984107 26495 server_base.cc:1061] running on GCE node
I20260630 12:21:46.984998 26495 hybrid_clock.cc:584] initializing the hybrid clock with 'system_unsync' time source
W20260630 12:21:46.985164 26495 system_unsync_time.cc:38] NTP support is disabled. Clock error bounds will not be accurate. This configuration is not suitable for distributed clusters.
I20260630 12:21:46.985280 26495 hybrid_clock.cc:648] HybridClock initialized: now 1782822106985267 us; error 0 us; skew 500 ppm
I20260630 12:21:46.985754 26495 server_base.cc:861] Flag tcmalloc_max_total_thread_cache_bytes is not working since tcmalloc is not enabled.
I20260630 12:21:46.987823 26495 webserver.cc:533] Webserver started at http://127.25.223.254:36433/ using document root <none> and password file <none>
I20260630 12:21:46.988420 26495 fs_manager.cc:362] Metadata directory not provided
I20260630 12:21:46.988581 26495 fs_manager.cc:368] Using write-ahead log directory (fs_wal_dir) as metadata directory
I20260630 12:21:46.988791 26495 server_base.cc:909] This appears to be a new deployment of Kudu; creating new FS layout
I20260630 12:21:46.989753 26495 fs_manager.cc:1068] Generated new instance metadata in path /tmp/dist-test-task2XvYJP/test-tmp/auto_rebalancer-test.0.AutoRebalancerTest.RangeAwareRebalancesNewRangeReplicas.1782822026778092-26495-0/minicluster-data/master-0-root/instance:
uuid: "85bd325e946a4100920bf0f956943f2a"
format_stamp: "Formatted at 2026-06-30 12:21:46 on dist-test-slave-zvtl"
I20260630 12:21:46.993809 26495 fs_manager.cc:696] Time spent creating directory manager: real 0.004s	user 0.002s	sys 0.003s
I20260630 12:21:46.996819 29328 log_block_manager.cc:4031] Time spent loading block containers with low live blocks: real 0.000s	user 0.000s	sys 0.000s
I20260630 12:21:46.997524 26495 fs_manager.cc:730] Time spent opening block manager: real 0.002s	user 0.003s	sys 0.000s
I20260630 12:21:46.997756 26495 fs_manager.cc:647] Opened local filesystem: /tmp/dist-test-task2XvYJP/test-tmp/auto_rebalancer-test.0.AutoRebalancerTest.RangeAwareRebalancesNewRangeReplicas.1782822026778092-26495-0/minicluster-data/master-0-root
uuid: "85bd325e946a4100920bf0f956943f2a"
format_stamp: "Formatted at 2026-06-30 12:21:46 on dist-test-slave-zvtl"
I20260630 12:21:46.997991 26495 fs_report.cc:389] FS layout report
--------------------
wal directory: /tmp/dist-test-task2XvYJP/test-tmp/auto_rebalancer-test.0.AutoRebalancerTest.RangeAwareRebalancesNewRangeReplicas.1782822026778092-26495-0/minicluster-data/master-0-root
metadata directory: /tmp/dist-test-task2XvYJP/test-tmp/auto_rebalancer-test.0.AutoRebalancerTest.RangeAwareRebalancesNewRangeReplicas.1782822026778092-26495-0/minicluster-data/master-0-root
