I20260630 12:21:18.932096 32299 raft_consensus.cc:515] T 5d10ef2274dc46d68eef3e6247ce27e3 P 507d231a2d7c459b990825043845d568 [term 1 FOLLOWER]: Starting pre-election with config: opid_index: 4 OBSOLETE_local: false peers { permanent_uuid: "e616138884334afb93cc0c11b6a01920" member_type: VOTER last_known_addr { host: "127.29.121.66" port: 43721 } } peers { permanent_uuid: "89f828ea7775412fa075d0697cd72305" member_type: VOTER last_known_addr { host: "127.29.121.67" port: 36079 } } peers { permanent_uuid: "507d231a2d7c459b990825043845d568" member_type: VOTER last_known_addr { host: "127.29.121.68" port: 43659 } attrs { promote: false } }
I20260630 12:21:18.940508 32299 leader_election.cc:290] T 5d10ef2274dc46d68eef3e6247ce27e3 P 507d231a2d7c459b990825043845d568 [CANDIDATE]: Term 2 pre-election: Requested pre-vote from peers e616138884334afb93cc0c11b6a01920 (127.29.121.66:43721), 89f828ea7775412fa075d0697cd72305 (127.29.121.67:36079)
W20260630 12:21:18.948208 32191 leader_election.cc:336] T 5d10ef2274dc46d68eef3e6247ce27e3 P 507d231a2d7c459b990825043845d568 [CANDIDATE]: Term 2 pre-election: RPC error from VoteRequest() call to peer e616138884334afb93cc0c11b6a01920 (127.29.121.66:43721): Network error: Client connection negotiation failed: client connection to 127.29.121.66:43721: connect: Connection refused (error 111)
I20260630 12:21:18.953248 32098 tablet_service.cc:1917] Received RequestConsensusVote() RPC: tablet_id: "5d10ef2274dc46d68eef3e6247ce27e3" candidate_uuid: "507d231a2d7c459b990825043845d568" candidate_term: 2 candidate_status { last_received { term: 1 index: 4 } } ignore_live_leader: false dest_uuid: "89f828ea7775412fa075d0697cd72305" is_pre_election: true
I20260630 12:21:18.954820 32188 leader_election.cc:304] T 5d10ef2274dc46d68eef3e6247ce27e3 P 507d231a2d7c459b990825043845d568 [CANDIDATE]: Term 2 pre-election: Election decided. Result: candidate lost. Election summary: received 3 responses out of 3 voters: 1 yes votes; 2 no votes. yes voters: 507d231a2d7c459b990825043845d568; no voters: 89f828ea7775412fa075d0697cd72305, e616138884334afb93cc0c11b6a01920
I20260630 12:21:18.955574 32299 raft_consensus.cc:2749] T 5d10ef2274dc46d68eef3e6247ce27e3 P 507d231a2d7c459b990825043845d568 [term 1 FOLLOWER]: Leader pre-election lost for term 2. Reason: could not achieve majority
I20260630 12:21:19.149324 32304 raft_consensus.cc:493] T 5d10ef2274dc46d68eef3e6247ce27e3 P 89f828ea7775412fa075d0697cd72305 [term 1 FOLLOWER]: Starting pre-election (detected failure of leader e616138884334afb93cc0c11b6a01920)
I20260630 12:21:19.149850 32304 raft_consensus.cc:515] T 5d10ef2274dc46d68eef3e6247ce27e3 P 89f828ea7775412fa075d0697cd72305 [term 1 FOLLOWER]: Starting pre-election with config: opid_index: 4 OBSOLETE_local: false peers { permanent_uuid: "e616138884334afb93cc0c11b6a01920" member_type: VOTER last_known_addr { host: "127.29.121.66" port: 43721 } } peers { permanent_uuid: "89f828ea7775412fa075d0697cd72305" member_type: VOTER last_known_addr { host: "127.29.121.67" port: 36079 } } peers { permanent_uuid: "507d231a2d7c459b990825043845d568" member_type: VOTER last_known_addr { host: "127.29.121.68" port: 43659 } attrs { promote: false } }
I20260630 12:21:19.151932 32304 leader_election.cc:290] T 5d10ef2274dc46d68eef3e6247ce27e3 P 89f828ea7775412fa075d0697cd72305 [CANDIDATE]: Term 2 pre-election: Requested pre-vote from peers e616138884334afb93cc0c11b6a01920 (127.29.121.66:43721), 507d231a2d7c459b990825043845d568 (127.29.121.68:43659)
W20260630 12:21:19.159786 32064 leader_election.cc:336] T 5d10ef2274dc46d68eef3e6247ce27e3 P 89f828ea7775412fa075d0697cd72305 [CANDIDATE]: Term 2 pre-election: RPC error from VoteRequest() call to peer e616138884334afb93cc0c11b6a01920 (127.29.121.66:43721): Network error: Client connection negotiation failed: client connection to 127.29.121.66:43721: connect: Connection refused (error 111)
I20260630 12:21:19.165530 32225 tablet_service.cc:1917] Received RequestConsensusVote() RPC: tablet_id: "5d10ef2274dc46d68eef3e6247ce27e3" candidate_uuid: "89f828ea7775412fa075d0697cd72305" candidate_term: 2 candidate_status { last_received { term: 1 index: 4 } } ignore_live_leader: false dest_uuid: "507d231a2d7c459b990825043845d568" is_pre_election: true
I20260630 12:21:19.166169 32225 raft_consensus.cc:2468] T 5d10ef2274dc46d68eef3e6247ce27e3 P 507d231a2d7c459b990825043845d568 [term 1 FOLLOWER]: Leader pre-election vote request: Granting yes vote for candidate 89f828ea7775412fa075d0697cd72305 in term 1.
I20260630 12:21:19.167557 32064 leader_election.cc:304] T 5d10ef2274dc46d68eef3e6247ce27e3 P 89f828ea7775412fa075d0697cd72305 [CANDIDATE]: Term 2 pre-election: Election decided. Result: candidate won. Election summary: received 3 responses out of 3 voters: 2 yes votes; 1 no votes. yes voters: 507d231a2d7c459b990825043845d568, 89f828ea7775412fa075d0697cd72305; no voters: e616138884334afb93cc0c11b6a01920
I20260630 12:21:19.168243 32304 raft_consensus.cc:2804] T 5d10ef2274dc46d68eef3e6247ce27e3 P 89f828ea7775412fa075d0697cd72305 [term 1 FOLLOWER]: Leader pre-election won for term 2
I20260630 12:21:19.168596 32304 raft_consensus.cc:493] T 5d10ef2274dc46d68eef3e6247ce27e3 P 89f828ea7775412fa075d0697cd72305 [term 1 FOLLOWER]: Starting leader election (detected failure of leader e616138884334afb93cc0c11b6a01920)
I20260630 12:21:19.168963 32304 raft_consensus.cc:3060] T 5d10ef2274dc46d68eef3e6247ce27e3 P 89f828ea7775412fa075d0697cd72305 [term 1 FOLLOWER]: Advancing to term 2
I20260630 12:21:19.175278 32304 raft_consensus.cc:515] T 5d10ef2274dc46d68eef3e6247ce27e3 P 89f828ea7775412fa075d0697cd72305 [term 2 FOLLOWER]: Starting leader election with config: opid_index: 4 OBSOLETE_local: false peers { permanent_uuid: "e616138884334afb93cc0c11b6a01920" member_type: VOTER last_known_addr { host: "127.29.121.66" port: 43721 } } peers { permanent_uuid: "89f828ea7775412fa075d0697cd72305" member_type: VOTER last_known_addr { host: "127.29.121.67" port: 36079 } } peers { permanent_uuid: "507d231a2d7c459b990825043845d568" member_type: VOTER last_known_addr { host: "127.29.121.68" port: 43659 } attrs { promote: false } }
I20260630 12:21:19.177006 32304 leader_election.cc:290] T 5d10ef2274dc46d68eef3e6247ce27e3 P 89f828ea7775412fa075d0697cd72305 [CANDIDATE]: Term 2 election: Requested vote from peers e616138884334afb93cc0c11b6a01920 (127.29.121.66:43721), 507d231a2d7c459b990825043845d568 (127.29.121.68:43659)
I20260630 12:21:19.178519 32225 tablet_service.cc:1917] Received RequestConsensusVote() RPC: tablet_id: "5d10ef2274dc46d68eef3e6247ce27e3" candidate_uuid: "89f828ea7775412fa075d0697cd72305" candidate_term: 2 candidate_status { last_received { term: 1 index: 4 } } ignore_live_leader: false dest_uuid: "507d231a2d7c459b990825043845d568"
I20260630 12:21:19.179095 32225 raft_consensus.cc:3060] T 5d10ef2274dc46d68eef3e6247ce27e3 P 507d231a2d7c459b990825043845d568 [term 1 FOLLOWER]: Advancing to term 2
W20260630 12:21:19.180927 32064 leader_election.cc:336] T 5d10ef2274dc46d68eef3e6247ce27e3 P 89f828ea7775412fa075d0697cd72305 [CANDIDATE]: Term 2 election: RPC error from VoteRequest() call to peer e616138884334afb93cc0c11b6a01920 (127.29.121.66:43721): Network error: Client connection negotiation failed: client connection to 127.29.121.66:43721: connect: Connection refused (error 111)
I20260630 12:21:19.184496 32225 raft_consensus.cc:2468] T 5d10ef2274dc46d68eef3e6247ce27e3 P 507d231a2d7c459b990825043845d568 [term 2 FOLLOWER]: Leader election vote request: Granting yes vote for candidate 89f828ea7775412fa075d0697cd72305 in term 2.
I20260630 12:21:19.185423 32064 leader_election.cc:304] T 5d10ef2274dc46d68eef3e6247ce27e3 P 89f828ea7775412fa075d0697cd72305 [CANDIDATE]: Term 2 election: Election decided. Result: candidate won. Election summary: received 3 responses out of 3 voters: 2 yes votes; 1 no votes. yes voters: 507d231a2d7c459b990825043845d568, 89f828ea7775412fa075d0697cd72305; no voters: e616138884334afb93cc0c11b6a01920
I20260630 12:21:19.186017 32304 raft_consensus.cc:2804] T 5d10ef2274dc46d68eef3e6247ce27e3 P 89f828ea7775412fa075d0697cd72305 [term 2 FOLLOWER]: Leader election won for term 2
I20260630 12:21:19.187233 32304 raft_consensus.cc:697] T 5d10ef2274dc46d68eef3e6247ce27e3 P 89f828ea7775412fa075d0697cd72305 [term 2 LEADER]: Becoming Leader. State: Replica: 89f828ea7775412fa075d0697cd72305, State: Running, Role: LEADER
I20260630 12:21:19.188267 32304 consensus_queue.cc:237] T 5d10ef2274dc46d68eef3e6247ce27e3 P 89f828ea7775412fa075d0697cd72305 [LEADER]: Queue going to LEADER mode. State: All replicated index: 0, Majority replicated index: 4, Committed index: 4, Last appended: 1.4, Last appended by leader: 4, Current term: 2, Majority size: 2, State: 0, Mode: LEADER, active raft config: opid_index: 4 OBSOLETE_local: false peers { permanent_uuid: "e616138884334afb93cc0c11b6a01920" member_type: VOTER last_known_addr { host: "127.29.121.66" port: 43721 } } peers { permanent_uuid: "89f828ea7775412fa075d0697cd72305" member_type: VOTER last_known_addr { host: "127.29.121.67" port: 36079 } } peers { permanent_uuid: "507d231a2d7c459b990825043845d568" member_type: VOTER last_known_addr { host: "127.29.121.68" port: 43659 } attrs { promote: false } }
I20260630 12:21:19.198328 31846 catalog_manager.cc:5697] T 5d10ef2274dc46d68eef3e6247ce27e3 P 89f828ea7775412fa075d0697cd72305 reported cstate change: term changed from 1 to 2, leader changed from e616138884334afb93cc0c11b6a01920 (127.29.121.66) to 89f828ea7775412fa075d0697cd72305 (127.29.121.67). New cstate: current_term: 2 leader_uuid: "89f828ea7775412fa075d0697cd72305" committed_config { opid_index: 4 OBSOLETE_local: false peers { permanent_uuid: "e616138884334afb93cc0c11b6a01920" member_type: VOTER last_known_addr { host: "127.29.121.66" port: 43721 } health_report { overall_health: UNKNOWN } } peers { permanent_uuid: "89f828ea7775412fa075d0697cd72305" member_type: VOTER last_known_addr { host: "127.29.121.67" port: 36079 } health_report { overall_health: HEALTHY } } peers { permanent_uuid: "507d231a2d7c459b990825043845d568" member_type: VOTER last_known_addr { host: "127.29.121.68" port: 43659 } attrs { promote: false } health_report { overall_health: UNKNOWN } } }
W20260630 12:21:19.602269 32064 consensus_peers.cc:597] T 5d10ef2274dc46d68eef3e6247ce27e3 P 89f828ea7775412fa075d0697cd72305 -> Peer e616138884334afb93cc0c11b6a01920 (127.29.121.66:43721): Couldn't send request to peer e616138884334afb93cc0c11b6a01920. Status: Network error: Client connection negotiation failed: client connection to 127.29.121.66:43721: connect: Connection refused (error 111). This is attempt 1: this message will repeat every 5th retry.
W20260630 12:21:19.764250 30181 thread.cc:527] Waited for 2000ms trying to join with diag-logger (tid 32045)
I20260630 12:21:19.789539 32225 raft_consensus.cc:1275] T 5d10ef2274dc46d68eef3e6247ce27e3 P 507d231a2d7c459b990825043845d568 [term 2 FOLLOWER]: Refusing update from remote peer 89f828ea7775412fa075d0697cd72305: Log matching property violated. Preceding OpId in replica: term: 1 index: 4. Preceding OpId from leader: term: 2 index: 5. (index mismatch)
I20260630 12:21:19.790823 32304 consensus_queue.cc:1048] T 5d10ef2274dc46d68eef3e6247ce27e3 P 89f828ea7775412fa075d0697cd72305 [LEADER]: Connected to new peer: Peer: permanent_uuid: "507d231a2d7c459b990825043845d568" member_type: VOTER last_known_addr { host: "127.29.121.68" port: 43659 } attrs { promote: false }, Status: LMP_MISMATCH, Last received: 0.0, Next index: 5, Last known committed idx: 4, Time since last communication: 0.000s
I20260630 12:21:19.890385 30181 tablet_server.cc:196] TabletServer@127.29.121.66:0 shutdown complete.
I20260630 12:21:19.901654 30181 tablet_server.cc:179] TabletServer@127.29.121.67:0 shutting down...
I20260630 12:21:19.918076 30181 ts_tablet_manager.cc:1507] Shutting down tablet manager...
I20260630 12:21:19.918699 30181 tablet_replica.cc:333] T 5d10ef2274dc46d68eef3e6247ce27e3 P 89f828ea7775412fa075d0697cd72305: stopping tablet replica
I20260630 12:21:19.919278 30181 raft_consensus.cc:2243] T 5d10ef2274dc46d68eef3e6247ce27e3 P 89f828ea7775412fa075d0697cd72305 [term 2 LEADER]: Raft consensus shutting down.
I20260630 12:21:19.920192 30181 raft_consensus.cc:2272] T 5d10ef2274dc46d68eef3e6247ce27e3 P 89f828ea7775412fa075d0697cd72305 [term 2 FOLLOWER]: Raft consensus is shut down!
I20260630 12:21:19.922333 30181 tablet_replica.cc:333] T 02fb8c983a5d41b7951815b2b7db22fd P 89f828ea7775412fa075d0697cd72305: stopping tablet replica
I20260630 12:21:19.922749 30181 raft_consensus.cc:2243] T 02fb8c983a5d41b7951815b2b7db22fd P 89f828ea7775412fa075d0697cd72305 [term 1 FOLLOWER]: Raft consensus shutting down.
I20260630 12:21:19.923137 30181 raft_consensus.cc:2272] T 02fb8c983a5d41b7951815b2b7db22fd P 89f828ea7775412fa075d0697cd72305 [term 1 FOLLOWER]: Raft consensus is shut down!
I20260630 12:21:19.934165 30181 tablet_server.cc:196] TabletServer@127.29.121.67:0 shutdown complete.
I20260630 12:21:19.945345 30181 tablet_server.cc:179] TabletServer@127.29.121.68:0 shutting down...
I20260630 12:21:19.962634 30181 ts_tablet_manager.cc:1507] Shutting down tablet manager...
I20260630 12:21:19.963223 30181 tablet_replica.cc:333] T 5d10ef2274dc46d68eef3e6247ce27e3 P 507d231a2d7c459b990825043845d568: stopping tablet replica
I20260630 12:21:19.963740 30181 raft_consensus.cc:2243] T 5d10ef2274dc46d68eef3e6247ce27e3 P 507d231a2d7c459b990825043845d568 [term 2 FOLLOWER]: Raft consensus shutting down.
I20260630 12:21:19.964226 30181 raft_consensus.cc:2272] T 5d10ef2274dc46d68eef3e6247ce27e3 P 507d231a2d7c459b990825043845d568 [term 2 FOLLOWER]: Raft consensus is shut down!
I20260630 12:21:19.982676 30181 tablet_server.cc:196] TabletServer@127.29.121.68:0 shutdown complete.
I20260630 12:21:19.992245 30181 master.cc:562] Master@127.29.121.126:43815 shutting down...
I20260630 12:21:20.007395 30181 raft_consensus.cc:2243] T 00000000000000000000000000000000 P 8a9915bfefa44834afc95e7065a021ce [term 1 LEADER]: Raft consensus shutting down.
I20260630 12:21:20.008039 30181 raft_consensus.cc:2272] T 00000000000000000000000000000000 P 8a9915bfefa44834afc95e7065a021ce [term 1 FOLLOWER]: Raft consensus is shut down!
I20260630 12:21:20.008395 30181 tablet_replica.cc:333] T 00000000000000000000000000000000 P 8a9915bfefa44834afc95e7065a021ce: stopping tablet replica
I20260630 12:21:20.027614 30181 master.cc:584] Master@127.29.121.126:43815 shutdown complete.
[       OK ] AutoRebalancerTest.MovesScheduledIfAddTserver (29445 ms)
[ RUN      ] AutoRebalancerTest.NoReplicaMovesIfNoTservers
I20260630 12:21:20.060477 30181 internal_mini_cluster.cc:156] Creating distributed mini masters. Addrs: 127.29.121.126:34313
I20260630 12:21:20.061600 30181 file_cache.cc:492] Constructed file cache file cache with capacity 419430
W20260630 12:21:20.067154 32320 instance_detector.cc:116] could not retrieve AWS instance metadata: Network error: curl error: HTTP response code said error: The requested URL returned error: 404
W20260630 12:21:20.067709 32323 instance_detector.cc:116] could not retrieve OpenStack instance metadata: Network error: curl error: HTTP response code said error: The requested URL returned error: 404
W20260630 12:21:20.067127 32321 instance_detector.cc:116] could not retrieve Azure instance metadata: Network error: curl error: HTTP response code said error: The requested URL returned error: 404
I20260630 12:21:20.068712 30181 server_base.cc:1061] running on GCE node
I20260630 12:21:20.069597 30181 hybrid_clock.cc:584] initializing the hybrid clock with 'system_unsync' time source
W20260630 12:21:20.069777 30181 system_unsync_time.cc:38] NTP support is disabled. Clock error bounds will not be accurate. This configuration is not suitable for distributed clusters.
I20260630 12:21:20.069918 30181 hybrid_clock.cc:648] HybridClock initialized: now 1782822080069901 us; error 0 us; skew 500 ppm
I20260630 12:21:20.070381 30181 server_base.cc:861] Flag tcmalloc_max_total_thread_cache_bytes is not working since tcmalloc is not enabled.
I20260630 12:21:20.072553 30181 webserver.cc:533] Webserver started at http://127.29.121.126:46639/ using document root <none> and password file <none>
I20260630 12:21:20.073041 30181 fs_manager.cc:362] Metadata directory not provided
I20260630 12:21:20.073211 30181 fs_manager.cc:368] Using write-ahead log directory (fs_wal_dir) as metadata directory
I20260630 12:21:20.073472 30181 server_base.cc:909] This appears to be a new deployment of Kudu; creating new FS layout
I20260630 12:21:20.074555 30181 fs_manager.cc:1068] Generated new instance metadata in path /tmp/dist-test-taskCR8BNy/test-tmp/auto_rebalancer-test.0.AutoRebalancerTest.NoReplicaMovesIfNoTservers.1782822025646609-30181-0/minicluster-data/master-0-root/instance:
uuid: "d132510e072b4075aa014f55715b100a"
format_stamp: "Formatted at 2026-06-30 12:21:20 on dist-test-slave-c262"
I20260630 12:21:20.078748 30181 fs_manager.cc:696] Time spent creating directory manager: real 0.004s	user 0.002s	sys 0.004s
I20260630 12:21:20.081928 32328 log_block_manager.cc:4031] Time spent loading block containers with low live blocks: real 0.000s	user 0.000s	sys 0.000s
I20260630 12:21:20.082587 30181 fs_manager.cc:730] Time spent opening block manager: real 0.002s	user 0.002s	sys 0.000s
I20260630 12:21:20.082841 30181 fs_manager.cc:647] Opened local filesystem: /tmp/dist-test-taskCR8BNy/test-tmp/auto_rebalancer-test.0.AutoRebalancerTest.NoReplicaMovesIfNoTservers.1782822025646609-30181-0/minicluster-data/master-0-root
uuid: "d132510e072b4075aa014f55715b100a"
format_stamp: "Formatted at 2026-06-30 12:21:20 on dist-test-slave-c262"
I20260630 12:21:20.083088 30181 fs_report.cc:389] FS layout report
--------------------
wal directory: /tmp/dist-test-taskCR8BNy/test-tmp/auto_rebalancer-test.0.AutoRebalancerTest.NoReplicaMovesIfNoTservers.1782822025646609-30181-0/minicluster-data/master-0-root
metadata directory: /tmp/dist-test-taskCR8BNy/test-tmp/auto_rebalancer-test.0.AutoRebalancerTest.NoReplicaMovesIfNoTservers.1782822025646609-30181-0/minicluster-data/master-0-root
1 data directories: /tmp/dist-test-taskCR8BNy/test-tmp/auto_rebalancer-test.0.AutoRebalancerTest.NoReplicaMovesIfNoTservers.1782822025646609-30181-0/minicluster-data/master-0-root/data
Total live blocks: 0
Total live bytes: 0
Total live bytes (after alignment): 0
Total number of LBM containers: 0 (0 full)
Did not check for missing blocks
Did not check for orphaned blocks
Total full LBM containers with extra space: 0 (0 repaired)
Total full LBM container extra space in bytes: 0 (0 repaired)
Total incomplete LBM containers: 0 (0 repaired)
Total LBM partial records: 0 (0 repaired)
Total corrupted LBM metadata records in RocksDB: 0 (0 repaired)
I20260630 12:21:20.101764 30181 rpc_server.cc:225] running with OpenSSL 1.1.1  11 Sep 2018
I20260630 12:21:20.102941 30181 kserver.cc:163] Server-wide thread pool size limit: 3276
I20260630 12:21:20.139106 30181 rpc_server.cc:307] RPC server started. Bound to: 127.29.121.126:34313
I20260630 12:21:20.139194 32379 acceptor_pool.cc:272] collecting diagnostics on the listening RPC socket 127.29.121.126:34313 every 8 connection(s)
I20260630 12:21:20.142800 32380 data_dirs.cc:400] Could only allocate 1 dirs of requested 3 for tablet 00000000000000000000000000000000. 1 dirs total, 0 dirs full, 0 dirs failed
I20260630 12:21:20.152650 32380 tablet_bootstrap.cc:492] T 00000000000000000000000000000000 P d132510e072b4075aa014f55715b100a: Bootstrap starting.
I20260630 12:21:20.157119 32380 tablet_bootstrap.cc:654] T 00000000000000000000000000000000 P d132510e072b4075aa014f55715b100a: Neither blocks nor log segments found. Creating new log.
I20260630 12:21:20.161019 32380 tablet_bootstrap.cc:492] T 00000000000000000000000000000000 P d132510e072b4075aa014f55715b100a: No bootstrap required, opened a new log
I20260630 12:21:20.162961 32380 raft_consensus.cc:359] T 00000000000000000000000000000000 P d132510e072b4075aa014f55715b100a [term 0 FOLLOWER]: Replica starting. Triggering 0 pending ops. Active config: opid_index: -1 OBSOLETE_local: true peers { permanent_uuid: "d132510e072b4075aa014f55715b100a" member_type: VOTER }
I20260630 12:21:20.163339 32380 raft_consensus.cc:385] T 00000000000000000000000000000000 P d132510e072b4075aa014f55715b100a [term 0 FOLLOWER]: Consensus starting up: Expiring failure detector timer to make a prompt election more likely
I20260630 12:21:20.163553 32380 raft_consensus.cc:740] T 00000000000000000000000000000000 P d132510e072b4075aa014f55715b100a [term 0 FOLLOWER]: Becoming Follower/Learner. State: Replica: d132510e072b4075aa014f55715b100a, State: Initialized, Role: FOLLOWER
I20260630 12:21:20.164103 32380 consensus_queue.cc:260] T 00000000000000000000000000000000 P d132510e072b4075aa014f55715b100a [NON_LEADER]: Queue going to NON_LEADER mode. State: All replicated index: 0, Majority replicated index: 0, Committed index: 0, Last appended: 0.0, Last appended by leader: 0, Current term: 0, Majority size: -1, State: 0, Mode: NON_LEADER, active raft config: opid_index: -1 OBSOLETE_local: true peers { permanent_uuid: "d132510e072b4075aa014f55715b100a" member_type: VOTER }
I20260630 12:21:20.164530 32380 raft_consensus.cc:399] T 00000000000000000000000000000000 P d132510e072b4075aa014f55715b100a [term 0 FOLLOWER]: Only one voter in the Raft config. Triggering election immediately
I20260630 12:21:20.164726 32380 raft_consensus.cc:493] T 00000000000000000000000000000000 P d132510e072b4075aa014f55715b100a [term 0 FOLLOWER]: Starting leader election (initial election of a single-replica configuration)
I20260630 12:21:20.164971 32380 raft_consensus.cc:3060] T 00000000000000000000000000000000 P d132510e072b4075aa014f55715b100a [term 0 FOLLOWER]: Advancing to term 1
I20260630 12:21:20.169224 32380 raft_consensus.cc:515] T 00000000000000000000000000000000 P d132510e072b4075aa014f55715b100a [term 1 FOLLOWER]: Starting leader election with config: opid_index: -1 OBSOLETE_local: true peers { permanent_uuid: "d132510e072b4075aa014f55715b100a" member_type: VOTER }
I20260630 12:21:20.169744 32380 leader_election.cc:304] T 00000000000000000000000000000000 P d132510e072b4075aa014f55715b100a [CANDIDATE]: Term 1 election: Election decided. Result: candidate won. Election summary: received 1 responses out of 1 voters: 1 yes votes; 0 no votes. yes voters: d132510e072b4075aa014f55715b100a; no voters: 
I20260630 12:21:20.170809 32380 leader_election.cc:290] T 00000000000000000000000000000000 P d132510e072b4075aa014f55715b100a [CANDIDATE]: Term 1 election: Requested vote from peers 
I20260630 12:21:20.171176 32383 raft_consensus.cc:2804] T 00000000000000000000000000000000 P d132510e072b4075aa014f55715b100a [term 1 FOLLOWER]: Leader election won for term 1
I20260630 12:21:20.172410 32383 raft_consensus.cc:697] T 00000000000000000000000000000000 P d132510e072b4075aa014f55715b100a [term 1 LEADER]: Becoming Leader. State: Replica: d132510e072b4075aa014f55715b100a, State: Running, Role: LEADER
I20260630 12:21:20.173030 32383 consensus_queue.cc:237] T 00000000000000000000000000000000 P d132510e072b4075aa014f55715b100a [LEADER]: Queue going to LEADER mode. State: All replicated index: 0, Majority replicated index: 0, Committed index: 0, Last appended: 0.0, Last appended by leader: 0, Current term: 1, Majority size: 1, State: 0, Mode: LEADER, active raft config: opid_index: -1 OBSOLETE_local: true peers { permanent_uuid: "d132510e072b4075aa014f55715b100a" member_type: VOTER }
I20260630 12:21:20.173519 32380 sys_catalog.cc:565] T 00000000000000000000000000000000 P d132510e072b4075aa014f55715b100a [sys.catalog]: configured and running, proceeding with master startup.
I20260630 12:21:20.177520 32385 sys_catalog.cc:455] T 00000000000000000000000000000000 P d132510e072b4075aa014f55715b100a [sys.catalog]: SysCatalogTable state changed. Reason: New leader d132510e072b4075aa014f55715b100a. Latest consensus state: current_term: 1 leader_uuid: "d132510e072b4075aa014f55715b100a" committed_config { opid_index: -1 OBSOLETE_local: true peers { permanent_uuid: "d132510e072b4075aa014f55715b100a" member_type: VOTER } }
I20260630 12:21:20.178100 32385 sys_catalog.cc:458] T 00000000000000000000000000000000 P d132510e072b4075aa014f55715b100a [sys.catalog]: This master's current role is: LEADER
I20260630 12:21:20.182086 32384 sys_catalog.cc:455] T 00000000000000000000000000000000 P d132510e072b4075aa014f55715b100a [sys.catalog]: SysCatalogTable state changed. Reason: RaftConsensus started. Latest consensus state: current_term: 1 leader_uuid: "d132510e072b4075aa014f55715b100a" committed_config { opid_index: -1 OBSOLETE_local: true peers { permanent_uuid: "d132510e072b4075aa014f55715b100a" member_type: VOTER } }
I20260630 12:21:20.183501 32384 sys_catalog.cc:458] T 00000000000000000000000000000000 P d132510e072b4075aa014f55715b100a [sys.catalog]: This master's current role is: LEADER
I20260630 12:21:20.184309 32389 catalog_manager.cc:1511] Loading table and tablet metadata into memory...
I20260630 12:21:20.189352 32389 catalog_manager.cc:1520] Initializing Kudu cluster ID...
I20260630 12:21:20.193065 30181 internal_mini_cluster.cc:184] Waiting to initialize catalog manager on master 0
I20260630 12:21:20.197898 32389 catalog_manager.cc:1383] Generated new cluster ID: eb09c2892aeb40f68a62a81f8a1ee236
I20260630 12:21:20.198132 32389 catalog_manager.cc:1531] Initializing Kudu internal certificate authority...
I20260630 12:21:20.224596 32389 catalog_manager.cc:1406] Generated new certificate authority record
I20260630 12:21:20.225754 32389 catalog_manager.cc:1540] Loading token signing keys...
I20260630 12:21:20.248826 32389 catalog_manager.cc:6070] T 00000000000000000000000000000000 P d132510e072b4075aa014f55715b100a: Generated new TSK 0
I20260630 12:21:20.249398 32389 catalog_manager.cc:1550] Initializing in-progress tserver states...
I20260630 12:21:20.258224 30181 internal_mini_cluster.cc:371] 0 TS(s) registered with all masters after 0.000172063s
I20260630 12:21:32.351430 30181 master.cc:562] Master@127.29.121.126:34313 shutting down...
I20260630 12:21:32.373353 30181 raft_consensus.cc:2243] T 00000000000000000000000000000000 P d132510e072b4075aa014f55715b100a [term 1 LEADER]: Raft consensus shutting down.
I20260630 12:21:32.374183 30181 raft_consensus.cc:2272] T 00000000000000000000000000000000 P d132510e072b4075aa014f55715b100a [term 1 FOLLOWER]: Raft consensus is shut down!
I20260630 12:21:32.374563 30181 tablet_replica.cc:333] T 00000000000000000000000000000000 P d132510e072b4075aa014f55715b100a: stopping tablet replica
I20260630 12:21:32.393656 30181 master.cc:584] Master@127.29.121.126:34313 shutdown complete.
[       OK ] AutoRebalancerTest.NoReplicaMovesIfNoTservers (12364 ms)
[ RUN      ] AutoRebalancerTest.NoReplicaMovesIfNoTablets
I20260630 12:21:32.425700 30181 internal_mini_cluster.cc:156] Creating distributed mini masters. Addrs: 127.29.121.126:32897
I20260630 12:21:32.426821 30181 file_cache.cc:492] Constructed file cache file cache with capacity 419430
W20260630 12:21:32.431818 32403 instance_detector.cc:116] could not retrieve AWS instance metadata: Network error: curl error: HTTP response code said error: The requested URL returned error: 404
W20260630 12:21:32.433287 32404 instance_detector.cc:116] could not retrieve Azure instance metadata: Network error: curl error: HTTP response code said error: The requested URL returned error: 404
W20260630 12:21:32.434238 32406 instance_detector.cc:116] could not retrieve OpenStack instance metadata: Network error: curl error: HTTP response code said error: The requested URL returned error: 404
I20260630 12:21:32.434319 30181 server_base.cc:1061] running on GCE node
I20260630 12:21:32.435245 30181 hybrid_clock.cc:584] initializing the hybrid clock with 'system_unsync' time source
W20260630 12:21:32.435434 30181 system_unsync_time.cc:38] NTP support is disabled. Clock error bounds will not be accurate. This configuration is not suitable for distributed clusters.
I20260630 12:21:32.435598 30181 hybrid_clock.cc:648] HybridClock initialized: now 1782822092435582 us; error 0 us; skew 500 ppm
I20260630 12:21:32.436072 30181 server_base.cc:861] Flag tcmalloc_max_total_thread_cache_bytes is not working since tcmalloc is not enabled.
I20260630 12:21:32.438388 30181 webserver.cc:533] Webserver started at http://127.29.121.126:45175/ using document root <none> and password file <none>
I20260630 12:21:32.438854 30181 fs_manager.cc:362] Metadata directory not provided
I20260630 12:21:32.439028 30181 fs_manager.cc:368] Using write-ahead log directory (fs_wal_dir) as metadata directory
I20260630 12:21:32.439303 30181 server_base.cc:909] This appears to be a new deployment of Kudu; creating new FS layout
I20260630 12:21:32.440492 30181 fs_manager.cc:1068] Generated new instance metadata in path /tmp/dist-test-taskCR8BNy/test-tmp/auto_rebalancer-test.0.AutoRebalancerTest.NoReplicaMovesIfNoTablets.1782822025646609-30181-0/minicluster-data/master-0-root/instance:
uuid: "d7a3f0d9d9a549e6865e13b32aeba816"
format_stamp: "Formatted at 2026-06-30 12:21:32 on dist-test-slave-c262"
I20260630 12:21:32.444940 30181 fs_manager.cc:696] Time spent creating directory manager: real 0.004s	user 0.005s	sys 0.000s
I20260630 12:21:32.448136 32411 log_block_manager.cc:4031] Time spent loading block containers with low live blocks: real 0.000s	user 0.000s	sys 0.000s
I20260630 12:21:32.448830 30181 fs_manager.cc:730] Time spent opening block manager: real 0.002s	user 0.003s	sys 0.000s
I20260630 12:21:32.449072 30181 fs_manager.cc:647] Opened local filesystem: /tmp/dist-test-taskCR8BNy/test-tmp/auto_rebalancer-test.0.AutoRebalancerTest.NoReplicaMovesIfNoTablets.1782822025646609-30181-0/minicluster-data/master-0-root
uuid: "d7a3f0d9d9a549e6865e13b32aeba816"
format_stamp: "Formatted at 2026-06-30 12:21:32 on dist-test-slave-c262"
I20260630 12:21:32.449321 30181 fs_report.cc:389] FS layout report
--------------------
wal directory: /tmp/dist-test-taskCR8BNy/test-tmp/auto_rebalancer-test.0.AutoRebalancerTest.NoReplicaMovesIfNoTablets.1782822025646609-30181-0/minicluster-data/master-0-root
metadata directory: /tmp/dist-test-taskCR8BNy/test-tmp/auto_rebalancer-test.0.AutoRebalancerTest.NoReplicaMovesIfNoTablets.1782822025646609-30181-0/minicluster-data/master-0-root
1 data directories: /tmp/dist-test-taskCR8BNy/test-tmp/auto_rebalancer-test.0.AutoRebalancerTest.NoReplicaMovesIfNoTablets.1782822025646609-30181-0/minicluster-data/master-0-root/data
Total live blocks: 0
Total live bytes: 0
Total live bytes (after alignment): 0
Total number of LBM containers: 0 (0 full)
Did not check for missing blocks
Did not check for orphaned blocks
Total full LBM containers with extra space: 0 (0 repaired)
Total full LBM container extra space in bytes: 0 (0 repaired)
Total incomplete LBM containers: 0 (0 repaired)
Total LBM partial records: 0 (0 repaired)
Total corrupted LBM metadata records in RocksDB: 0 (0 repaired)
I20260630 12:21:32.459306 30181 rpc_server.cc:225] running with OpenSSL 1.1.1  11 Sep 2018
I20260630 12:21:32.460603 30181 kserver.cc:163] Server-wide thread pool size limit: 3276
I20260630 12:21:32.497619 30181 rpc_server.cc:307] RPC server started. Bound to: 127.29.121.126:32897
I20260630 12:21:32.497707 32462 acceptor_pool.cc:272] collecting diagnostics on the listening RPC socket 127.29.121.126:32897 every 8 connection(s)
I20260630 12:21:32.501673 32463 data_dirs.cc:400] Could only allocate 1 dirs of requested 3 for tablet 00000000000000000000000000000000. 1 dirs total, 0 dirs full, 0 dirs failed
I20260630 12:21:32.512794 32463 tablet_bootstrap.cc:492] T 00000000000000000000000000000000 P d7a3f0d9d9a549e6865e13b32aeba816: Bootstrap starting.
I20260630 12:21:32.517369 32463 tablet_bootstrap.cc:654] T 00000000000000000000000000000000 P d7a3f0d9d9a549e6865e13b32aeba816: Neither blocks nor log segments found. Creating new log.
I20260630 12:21:32.521425 32463 tablet_bootstrap.cc:492] T 00000000000000000000000000000000 P d7a3f0d9d9a549e6865e13b32aeba816: No bootstrap required, opened a new log
I20260630 12:21:32.523528 32463 raft_consensus.cc:359] T 00000000000000000000000000000000 P d7a3f0d9d9a549e6865e13b32aeba816 [term 0 FOLLOWER]: Replica starting. Triggering 0 pending ops. Active config: opid_index: -1 OBSOLETE_local: true peers { permanent_uuid: "d7a3f0d9d9a549e6865e13b32aeba816" member_type: VOTER }
I20260630 12:21:32.523947 32463 raft_consensus.cc:385] T 00000000000000000000000000000000 P d7a3f0d9d9a549e6865e13b32aeba816 [term 0 FOLLOWER]: Consensus starting up: Expiring failure detector timer to make a prompt election more likely
I20260630 12:21:32.524123 32463 raft_consensus.cc:740] T 00000000000000000000000000000000 P d7a3f0d9d9a549e6865e13b32aeba816 [term 0 FOLLOWER]: Becoming Follower/Learner. State: Replica: d7a3f0d9d9a549e6865e13b32aeba816, State: Initialized, Role: FOLLOWER
I20260630 12:21:32.524605 32463 consensus_queue.cc:260] T 00000000000000000000000000000000 P d7a3f0d9d9a549e6865e13b32aeba816 [NON_LEADER]: Queue going to NON_LEADER mode. State: All replicated index: 0, Majority replicated index: 0, Committed index: 0, Last appended: 0.0, Last appended by leader: 0, Current term: 0, Majority size: -1, State: 0, Mode: NON_LEADER, active raft config: opid_index: -1 OBSOLETE_local: true peers { permanent_uuid: "d7a3f0d9d9a549e6865e13b32aeba816" member_type: VOTER }
I20260630 12:21:32.525014 32463 raft_consensus.cc:399] T 00000000000000000000000000000000 P d7a3f0d9d9a549e6865e13b32aeba816 [term 0 FOLLOWER]: Only one voter in the Raft config. Triggering election immediately
I20260630 12:21:32.525197 32463 raft_consensus.cc:493] T 00000000000000000000000000000000 P d7a3f0d9d9a549e6865e13b32aeba816 [term 0 FOLLOWER]: Starting leader election (initial election of a single-replica configuration)
I20260630 12:21:32.525404 32463 raft_consensus.cc:3060] T 00000000000000000000000000000000 P d7a3f0d9d9a549e6865e13b32aeba816 [term 0 FOLLOWER]: Advancing to term 1
I20260630 12:21:32.529662 32463 raft_consensus.cc:515] T 00000000000000000000000000000000 P d7a3f0d9d9a549e6865e13b32aeba816 [term 1 FOLLOWER]: Starting leader election with config: opid_index: -1 OBSOLETE_local: true peers { permanent_uuid: "d7a3f0d9d9a549e6865e13b32aeba816" member_type: VOTER }
I20260630 12:21:32.530148 32463 leader_election.cc:304] T 00000000000000000000000000000000 P d7a3f0d9d9a549e6865e13b32aeba816 [CANDIDATE]: Term 1 election: Election decided. Result: candidate won. Election summary: received 1 responses out of 1 voters: 1 yes votes; 0 no votes. yes voters: d7a3f0d9d9a549e6865e13b32aeba816; no voters: 
I20260630 12:21:32.531149 32463 leader_election.cc:290] T 00000000000000000000000000000000 P d7a3f0d9d9a549e6865e13b32aeba816 [CANDIDATE]: Term 1 election: Requested vote from peers 
I20260630 12:21:32.531554 32466 raft_consensus.cc:2804] T 00000000000000000000000000000000 P d7a3f0d9d9a549e6865e13b32aeba816 [term 1 FOLLOWER]: Leader election won for term 1
I20260630 12:21:32.532758 32466 raft_consensus.cc:697] T 00000000000000000000000000000000 P d7a3f0d9d9a549e6865e13b32aeba816 [term 1 LEADER]: Becoming Leader. State: Replica: d7a3f0d9d9a549e6865e13b32aeba816, State: Running, Role: LEADER
I20260630 12:21:32.533448 32466 consensus_queue.cc:237] T 00000000000000000000000000000000 P d7a3f0d9d9a549e6865e13b32aeba816 [LEADER]: Queue going to LEADER mode. State: All replicated index: 0, Majority replicated index: 0, Committed index: 0, Last appended: 0.0, Last appended by leader: 0, Current term: 1, Majority size: 1, State: 0, Mode: LEADER, active raft config: opid_index: -1 OBSOLETE_local: true peers { permanent_uuid: "d7a3f0d9d9a549e6865e13b32aeba816" member_type: VOTER }
I20260630 12:21:32.534011 32463 sys_catalog.cc:565] T 00000000000000000000000000000000 P d7a3f0d9d9a549e6865e13b32aeba816 [sys.catalog]: configured and running, proceeding with master startup.
I20260630 12:21:32.536347 32468 sys_catalog.cc:455] T 00000000000000000000000000000000 P d7a3f0d9d9a549e6865e13b32aeba816 [sys.catalog]: SysCatalogTable state changed. Reason: New leader d7a3f0d9d9a549e6865e13b32aeba816. Latest consensus state: current_term: 1 leader_uuid: "d7a3f0d9d9a549e6865e13b32aeba816" committed_config { opid_index: -1 OBSOLETE_local: true peers { permanent_uuid: "d7a3f0d9d9a549e6865e13b32aeba816" member_type: VOTER } }
I20260630 12:21:32.536929 32468 sys_catalog.cc:458] T 00000000000000000000000000000000 P d7a3f0d9d9a549e6865e13b32aeba816 [sys.catalog]: This master's current role is: LEADER
I20260630 12:21:32.537019 32467 sys_catalog.cc:455] T 00000000000000000000000000000000 P d7a3f0d9d9a549e6865e13b32aeba816 [sys.catalog]: SysCatalogTable state changed. Reason: RaftConsensus started. Latest consensus state: current_term: 1 leader_uuid: "d7a3f0d9d9a549e6865e13b32aeba816" committed_config { opid_index: -1 OBSOLETE_local: true peers { permanent_uuid: "d7a3f0d9d9a549e6865e13b32aeba816" member_type: VOTER } }
I20260630 12:21:32.537590 32467 sys_catalog.cc:458] T 00000000000000000000000000000000 P d7a3f0d9d9a549e6865e13b32aeba816 [sys.catalog]: This master's current role is: LEADER
I20260630 12:21:32.539973 32471 catalog_manager.cc:1511] Loading table and tablet metadata into memory...
I20260630 12:21:32.547602 32471 catalog_manager.cc:1520] Initializing Kudu cluster ID...
I20260630 12:21:32.548537 30181 internal_mini_cluster.cc:184] Waiting to initialize catalog manager on master 0
I20260630 12:21:32.556519 32471 catalog_manager.cc:1383] Generated new cluster ID: 221389ac3919414684fc802b983d0563
I20260630 12:21:32.556802 32471 catalog_manager.cc:1531] Initializing Kudu internal certificate authority...
I20260630 12:21:32.570355 32471 catalog_manager.cc:1406] Generated new certificate authority record
I20260630 12:21:32.571719 32471 catalog_manager.cc:1540] Loading token signing keys...
I20260630 12:21:32.589473 32471 catalog_manager.cc:6070] T 00000000000000000000000000000000 P d7a3f0d9d9a549e6865e13b32aeba816: Generated new TSK 0
I20260630 12:21:32.590075 32471 catalog_manager.cc:1550] Initializing in-progress tserver states...
I20260630 12:21:32.614815 30181 file_cache.cc:492] Constructed file cache file cache with capacity 419430
W20260630 12:21:32.620806 32484 instance_detector.cc:116] could not retrieve AWS instance metadata: Network error: curl error: HTTP response code said error: The requested URL returned error: 404
W20260630 12:21:32.621840 32485 instance_detector.cc:116] could not retrieve Azure instance metadata: Network error: curl error: HTTP response code said error: The requested URL returned error: 404
W20260630 12:21:32.623098 32487 instance_detector.cc:116] could not retrieve OpenStack instance metadata: Network error: curl error: HTTP response code said error: The requested URL returned error: 404
I20260630 12:21:32.623277 30181 server_base.cc:1061] running on GCE node
I20260630 12:21:32.624157 30181 hybrid_clock.cc:584] initializing the hybrid clock with 'system_unsync' time source
W20260630 12:21:32.624337 30181 system_unsync_time.cc:38] NTP support is disabled. Clock error bounds will not be accurate. This configuration is not suitable for distributed clusters.
I20260630 12:21:32.624461 30181 hybrid_clock.cc:648] HybridClock initialized: now 1782822092624450 us; error 0 us; skew 500 ppm
I20260630 12:21:32.624898 30181 server_base.cc:861] Flag tcmalloc_max_total_thread_cache_bytes is not working since tcmalloc is not enabled.
I20260630 12:21:32.626992 30181 webserver.cc:533] Webserver started at http://127.29.121.65:42621/ using document root <none> and password file <none>
I20260630 12:21:32.627398 30181 fs_manager.cc:362] Metadata directory not provided
I20260630 12:21:32.627614 30181 fs_manager.cc:368] Using write-ahead log directory (fs_wal_dir) as metadata directory
I20260630 12:21:32.627835 30181 server_base.cc:909] This appears to be a new deployment of Kudu; creating new FS layout
I20260630 12:21:32.628921 30181 fs_manager.cc:1068] Generated new instance metadata in path /tmp/dist-test-taskCR8BNy/test-tmp/auto_rebalancer-test.0.AutoRebalancerTest.NoReplicaMovesIfNoTablets.1782822025646609-30181-0/minicluster-data/ts-0-root/instance:
uuid: "382e559efa5c4d27baef6e4a839fddcf"
format_stamp: "Formatted at 2026-06-30 12:21:32 on dist-test-slave-c262"
I20260630 12:21:32.633649 30181 fs_manager.cc:696] Time spent creating directory manager: real 0.004s	user 0.005s	sys 0.000s
I20260630 12:21:32.637104 32492 log_block_manager.cc:4031] Time spent loading block containers with low live blocks: real 0.000s	user 0.000s	sys 0.000s
I20260630 12:21:32.637813 30181 fs_manager.cc:730] Time spent opening block manager: real 0.002s	user 0.001s	sys 0.000s
I20260630 12:21:32.638111 30181 fs_manager.cc:647] Opened local filesystem: /tmp/dist-test-taskCR8BNy/test-tmp/auto_rebalancer-test.0.AutoRebalancerTest.NoReplicaMovesIfNoTablets.1782822025646609-30181-0/minicluster-data/ts-0-root
uuid: "382e559efa5c4d27baef6e4a839fddcf"
format_stamp: "Formatted at 2026-06-30 12:21:32 on dist-test-slave-c262"
I20260630 12:21:32.638374 30181 fs_report.cc:389] FS layout report
--------------------
wal directory: /tmp/dist-test-taskCR8BNy/test-tmp/auto_rebalancer-test.0.AutoRebalancerTest.NoReplicaMovesIfNoTablets.1782822025646609-30181-0/minicluster-data/ts-0-root
metadata directory: /tmp/dist-test-taskCR8BNy/test-tmp/auto_rebalancer-test.0.AutoRebalancerTest.NoReplicaMovesIfNoTablets.1782822025646609-30181-0/minicluster-data/ts-0-root
1 data directories: /tmp/dist-test-taskCR8BNy/test-tmp/auto_rebalancer-test.0.AutoRebalancerTest.NoReplicaMovesIfNoTablets.1782822025646609-30181-0/minicluster-data/ts-0-root/data
Total live blocks: 0
Total live bytes: 0
Total live bytes (after alignment): 0
Total number of LBM containers: 0 (0 full)
Did not check for missing blocks
Did not check for orphaned blocks
Total full LBM containers with extra space: 0 (0 repaired)
Total full LBM container extra space in bytes: 0 (0 repaired)
Total incomplete LBM containers: 0 (0 repaired)
Total LBM partial records: 0 (0 repaired)
Total corrupted LBM metadata records in RocksDB: 0 (0 repaired)
I20260630 12:21:32.658206 30181 rpc_server.cc:225] running with OpenSSL 1.1.1  11 Sep 2018
I20260630 12:21:32.659415 30181 kserver.cc:163] Server-wide thread pool size limit: 3276
I20260630 12:21:32.660923 30181 txn_system_client.cc:432] TxnSystemClient initialization is disabled...
I20260630 12:21:32.663206 30181 ts_tablet_manager.cc:585] Loaded tablet metadata (0 total tablets, 0 live tablets)
I20260630 12:21:32.663403 30181 ts_tablet_manager.cc:531] Time spent load tablet metadata: real 0.000s	user 0.000s	sys 0.000s
I20260630 12:21:32.663661 30181 ts_tablet_manager.cc:616] Registered 0 tablets
I20260630 12:21:32.663834 30181 ts_tablet_manager.cc:595] Time spent register tablets: real 0.000s	user 0.000s	sys 0.000s
I20260630 12:21:32.702204 30181 rpc_server.cc:307] RPC server started. Bound to: 127.29.121.65:37165
I20260630 12:21:32.702301 32554 acceptor_pool.cc:272] collecting diagnostics on the listening RPC socket 127.29.121.65:37165 every 8 connection(s)
I20260630 12:21:32.706854 30181 file_cache.cc:492] Constructed file cache file cache with capacity 419430
W20260630 12:21:32.715361 32560 instance_detector.cc:116] could not retrieve Azure instance metadata: Network error: curl error: HTTP response code said error: The requested URL returned error: 404
W20260630 12:21:32.715938 32559 instance_detector.cc:116] could not retrieve AWS instance metadata: Network error: curl error: HTTP response code said error: The requested URL returned error: 404
I20260630 12:21:32.718500 30181 server_base.cc:1061] running on GCE node
W20260630 12:21:32.718650 32562 instance_detector.cc:116] could not retrieve OpenStack instance metadata: Network error: curl error: HTTP response code said error: The requested URL returned error: 404
I20260630 12:21:32.719482 30181 hybrid_clock.cc:584] initializing the hybrid clock with 'system_unsync' time source
W20260630 12:21:32.719682 30181 system_unsync_time.cc:38] NTP support is disabled. Clock error bounds will not be accurate. This configuration is not suitable for distributed clusters.
I20260630 12:21:32.719854 30181 hybrid_clock.cc:648] HybridClock initialized: now 1782822092719836 us; error 0 us; skew 500 ppm
I20260630 12:21:32.720504 30181 server_base.cc:861] Flag tcmalloc_max_total_thread_cache_bytes is not working since tcmalloc is not enabled.
I20260630 12:21:32.723088 30181 webserver.cc:533] Webserver started at http://127.29.121.66:35333/ using document root <none> and password file <none>
I20260630 12:21:32.723297 32555 heartbeater.cc:344] Connected to a master server at 127.29.121.126:32897
I20260630 12:21:32.723654 30181 fs_manager.cc:362] Metadata directory not provided
I20260630 12:21:32.723681 32555 heartbeater.cc:461] Registering TS with master...
I20260630 12:21:32.724001 30181 fs_manager.cc:368] Using write-ahead log directory (fs_wal_dir) as metadata directory
I20260630 12:21:32.724293 30181 server_base.cc:909] This appears to be a new deployment of Kudu; creating new FS layout
I20260630 12:21:32.724593 32555 heartbeater.cc:507] Master 127.29.121.126:32897 requested a full tablet report, sending...
I20260630 12:21:32.725440 30181 fs_manager.cc:1068] Generated new instance metadata in path /tmp/dist-test-taskCR8BNy/test-tmp/auto_rebalancer-test.0.AutoRebalancerTest.NoReplicaMovesIfNoTablets.1782822025646609-30181-0/minicluster-data/ts-1-root/instance:
uuid: "79bd5b7117a9412f93d89958dd85c822"
format_stamp: "Formatted at 2026-06-30 12:21:32 on dist-test-slave-c262"
I20260630 12:21:32.726652 32428 ts_manager.cc:194] Registered new tserver with Master: 382e559efa5c4d27baef6e4a839fddcf (127.29.121.65:37165)
I20260630 12:21:32.728456 32428 master_service.cc:502] Signed X509 certificate for tserver {username='slave'} at 127.0.0.1:60536
I20260630 12:21:32.730249 30181 fs_manager.cc:696] Time spent creating directory manager: real 0.004s	user 0.000s	sys 0.005s
I20260630 12:21:32.733937 32567 log_block_manager.cc:4031] Time spent loading block containers with low live blocks: real 0.000s	user 0.000s	sys 0.000s
I20260630 12:21:32.734676 30181 fs_manager.cc:730] Time spent opening block manager: real 0.002s	user 0.002s	sys 0.000s
I20260630 12:21:32.734935 30181 fs_manager.cc:647] Opened local filesystem: /tmp/dist-test-taskCR8BNy/test-tmp/auto_rebalancer-test.0.AutoRebalancerTest.NoReplicaMovesIfNoTablets.1782822025646609-30181-0/minicluster-data/ts-1-root
uuid: "79bd5b7117a9412f93d89958dd85c822"
format_stamp: "Formatted at 2026-06-30 12:21:32 on dist-test-slave-c262"
I20260630 12:21:32.735169 30181 fs_report.cc:389] FS layout report
--------------------
wal directory: /tmp/dist-test-taskCR8BNy/test-tmp/auto_rebalancer-test.0.AutoRebalancerTest.NoReplicaMovesIfNoTablets.1782822025646609-30181-0/minicluster-data/ts-1-root
metadata directory: /tmp/dist-test-taskCR8BNy/test-tmp/auto_rebalancer-test.0.AutoRebalancerTest.NoReplicaMovesIfNoTablets.1782822025646609-30181-0/minicluster-data/ts-1-root
1 data directories: /tmp/dist-test-taskCR8BNy/test-tmp/auto_rebalancer-test.0.AutoRebalancerTest.NoReplicaMovesIfNoTablets.1782822025646609-30181-0/minicluster-data/ts-1-root/data
Total live blocks: 0
Total live bytes: 0
Total live bytes (after alignment): 0
Total number of LBM containers: 0 (0 full)
Did not check for missing blocks
Did not check for orphaned blocks
Total full LBM containers with extra space: 0 (0 repaired)
Total full LBM container extra space in bytes: 0 (0 repaired)
Total incomplete LBM containers: 0 (0 repaired)
Total LBM partial records: 0 (0 repaired)
Total corrupted LBM metadata records in RocksDB: 0 (0 repaired)
I20260630 12:21:32.752405 30181 rpc_server.cc:225] running with OpenSSL 1.1.1  11 Sep 2018
I20260630 12:21:32.753567 30181 kserver.cc:163] Server-wide thread pool size limit: 3276
I20260630 12:21:32.754953 30181 txn_system_client.cc:432] TxnSystemClient initialization is disabled...
I20260630 12:21:32.757140 30181 ts_tablet_manager.cc:585] Loaded tablet metadata (0 total tablets, 0 live tablets)
I20260630 12:21:32.757318 30181 ts_tablet_manager.cc:531] Time spent load tablet metadata: real 0.000s	user 0.000s	sys 0.000s
I20260630 12:21:32.757570 30181 ts_tablet_manager.cc:616] Registered 0 tablets
I20260630 12:21:32.757717 30181 ts_tablet_manager.cc:595] Time spent register tablets: real 0.000s	user 0.000s	sys 0.000s
I20260630 12:21:32.795221 30181 rpc_server.cc:307] RPC server started. Bound to: 127.29.121.66:45919
I20260630 12:21:32.795306 32629 acceptor_pool.cc:272] collecting diagnostics on the listening RPC socket 127.29.121.66:45919 every 8 connection(s)
I20260630 12:21:32.799954 30181 file_cache.cc:492] Constructed file cache file cache with capacity 419430
W20260630 12:21:32.807111 32633 instance_detector.cc:116] could not retrieve AWS instance metadata: Network error: curl error: HTTP response code said error: The requested URL returned error: 404
W20260630 12:21:32.808544 32634 instance_detector.cc:116] could not retrieve Azure instance metadata: Network error: curl error: HTTP response code said error: The requested URL returned error: 404
I20260630 12:21:32.809942 30181 server_base.cc:1061] running on GCE node
W20260630 12:21:32.810669 32636 instance_detector.cc:116] could not retrieve OpenStack instance metadata: Network error: curl error: HTTP response code said error: The requested URL returned error: 404
I20260630 12:21:32.811735 30181 hybrid_clock.cc:584] initializing the hybrid clock with 'system_unsync' time source
W20260630 12:21:32.811980 30181 system_unsync_time.cc:38] NTP support is disabled. Clock error bounds will not be accurate. This configuration is not suitable for distributed clusters.
I20260630 12:21:32.812161 30181 hybrid_clock.cc:648] HybridClock initialized: now 1782822092812145 us; error 0 us; skew 500 ppm
I20260630 12:21:32.812464 32630 heartbeater.cc:344] Connected to a master server at 127.29.121.126:32897
