I20260630 12:21:48.422958 26772 txn_system_client.cc:432] TxnSystemClient initialization is disabled...
I20260630 12:21:48.425112 26772 ts_tablet_manager.cc:585] Loaded tablet metadata (0 total tablets, 0 live tablets)
I20260630 12:21:48.425287 26772 ts_tablet_manager.cc:531] Time spent load tablet metadata: real 0.000s	user 0.000s	sys 0.000s
I20260630 12:21:48.425573 26772 ts_tablet_manager.cc:616] Registered 0 tablets
I20260630 12:21:48.425719 26772 ts_tablet_manager.cc:595] Time spent register tablets: real 0.000s	user 0.000s	sys 0.000s
I20260630 12:21:48.463102 26772 rpc_server.cc:307] RPC server started. Bound to: 127.26.37.1:39551
I20260630 12:21:48.463186 29777 acceptor_pool.cc:272] collecting diagnostics on the listening RPC socket 127.26.37.1:39551 every 8 connection(s)
I20260630 12:21:48.467905 26772 file_cache.cc:492] Constructed file cache file cache with capacity 419430
W20260630 12:21:48.474678 29782 instance_detector.cc:116] could not retrieve AWS instance metadata: Network error: curl error: HTTP response code said error: The requested URL returned error: 404
W20260630 12:21:48.476055 29783 instance_detector.cc:116] could not retrieve Azure instance metadata: Network error: curl error: HTTP response code said error: The requested URL returned error: 404
W20260630 12:21:48.477351 29785 instance_detector.cc:116] could not retrieve OpenStack instance metadata: Network error: curl error: HTTP response code said error: The requested URL returned error: 404
I20260630 12:21:48.479151 26772 server_base.cc:1061] running on GCE node
I20260630 12:21:48.480172 26772 hybrid_clock.cc:584] initializing the hybrid clock with 'system_unsync' time source
W20260630 12:21:48.480489 26772 system_unsync_time.cc:38] NTP support is disabled. Clock error bounds will not be accurate. This configuration is not suitable for distributed clusters.
I20260630 12:21:48.480702 26772 hybrid_clock.cc:648] HybridClock initialized: now 1782822108480669 us; error 0 us; skew 500 ppm
I20260630 12:21:48.481191 26772 server_base.cc:861] Flag tcmalloc_max_total_thread_cache_bytes is not working since tcmalloc is not enabled.
I20260630 12:21:48.481513 29778 heartbeater.cc:344] Connected to a master server at 127.26.37.62:36917
I20260630 12:21:48.481880 29778 heartbeater.cc:461] Registering TS with master...
I20260630 12:21:48.482834 29778 heartbeater.cc:507] Master 127.26.37.62:36917 requested a full tablet report, sending...
I20260630 12:21:48.483903 26772 webserver.cc:533] Webserver started at http://127.26.37.2:45151/ using document root <none> and password file <none>
I20260630 12:21:48.484490 26772 fs_manager.cc:362] Metadata directory not provided
I20260630 12:21:48.484700 26772 fs_manager.cc:368] Using write-ahead log directory (fs_wal_dir) as metadata directory
I20260630 12:21:48.484978 26772 server_base.cc:909] This appears to be a new deployment of Kudu; creating new FS layout
I20260630 12:21:48.485105 29651 ts_manager.cc:194] Registered new tserver with Master: 796993a84b2149e4b4513c331f9d4ff7 (127.26.37.1:39551)
I20260630 12:21:48.486057 26772 fs_manager.cc:1068] Generated new instance metadata in path /tmp/dist-test-taskM50eqp/test-tmp/auto_rebalancer-test.0.AutoRebalancerTest.RangeAwareRebalancesNewRangeReplicas.1782822024053352-26772-0/minicluster-data/ts-1-root/instance:
uuid: "d540eb08ffb34ed4b4be842470b0e46c"
format_stamp: "Formatted at 2026-06-30 12:21:48 on dist-test-slave-wkhr"
I20260630 12:21:48.486917 29651 master_service.cc:502] Signed X509 certificate for tserver {username='slave'} at 127.0.0.1:51184
I20260630 12:21:48.490438 26772 fs_manager.cc:696] Time spent creating directory manager: real 0.004s	user 0.006s	sys 0.000s
I20260630 12:21:48.493643 29790 log_block_manager.cc:4031] Time spent loading block containers with low live blocks: real 0.000s	user 0.000s	sys 0.000s
I20260630 12:21:48.494498 26772 fs_manager.cc:730] Time spent opening block manager: real 0.002s	user 0.003s	sys 0.000s
I20260630 12:21:48.494782 26772 fs_manager.cc:647] Opened local filesystem: /tmp/dist-test-taskM50eqp/test-tmp/auto_rebalancer-test.0.AutoRebalancerTest.RangeAwareRebalancesNewRangeReplicas.1782822024053352-26772-0/minicluster-data/ts-1-root
uuid: "d540eb08ffb34ed4b4be842470b0e46c"
format_stamp: "Formatted at 2026-06-30 12:21:48 on dist-test-slave-wkhr"
I20260630 12:21:48.495019 26772 fs_report.cc:389] FS layout report
--------------------
wal directory: /tmp/dist-test-taskM50eqp/test-tmp/auto_rebalancer-test.0.AutoRebalancerTest.RangeAwareRebalancesNewRangeReplicas.1782822024053352-26772-0/minicluster-data/ts-1-root
metadata directory: /tmp/dist-test-taskM50eqp/test-tmp/auto_rebalancer-test.0.AutoRebalancerTest.RangeAwareRebalancesNewRangeReplicas.1782822024053352-26772-0/minicluster-data/ts-1-root
1 data directories: /tmp/dist-test-taskM50eqp/test-tmp/auto_rebalancer-test.0.AutoRebalancerTest.RangeAwareRebalancesNewRangeReplicas.1782822024053352-26772-0/minicluster-data/ts-1-root/data
Total live blocks: 0
Total live bytes: 0
Total live bytes (after alignment): 0
Total number of LBM containers: 0 (0 full)
Did not check for missing blocks
Did not check for orphaned blocks
Total full LBM containers with extra space: 0 (0 repaired)
Total full LBM container extra space in bytes: 0 (0 repaired)
Total incomplete LBM containers: 0 (0 repaired)
Total LBM partial records: 0 (0 repaired)
Total corrupted LBM metadata records in RocksDB: 0 (0 repaired)
I20260630 12:21:48.506372 26772 rpc_server.cc:225] running with OpenSSL 1.1.1  11 Sep 2018
I20260630 12:21:48.507360 26772 kserver.cc:163] Server-wide thread pool size limit: 3276
I20260630 12:21:48.508662 26772 txn_system_client.cc:432] TxnSystemClient initialization is disabled...
I20260630 12:21:48.510849 26772 ts_tablet_manager.cc:585] Loaded tablet metadata (0 total tablets, 0 live tablets)
I20260630 12:21:48.511025 26772 ts_tablet_manager.cc:531] Time spent load tablet metadata: real 0.000s	user 0.000s	sys 0.000s
I20260630 12:21:48.511278 26772 ts_tablet_manager.cc:616] Registered 0 tablets
I20260630 12:21:48.511431 26772 ts_tablet_manager.cc:595] Time spent register tablets: real 0.000s	user 0.000s	sys 0.000s
I20260630 12:21:48.549697 26772 rpc_server.cc:307] RPC server started. Bound to: 127.26.37.2:38757
I20260630 12:21:48.549796 29852 acceptor_pool.cc:272] collecting diagnostics on the listening RPC socket 127.26.37.2:38757 every 8 connection(s)
I20260630 12:21:48.554332 26772 file_cache.cc:492] Constructed file cache file cache with capacity 419430
W20260630 12:21:48.559872 29856 instance_detector.cc:116] could not retrieve AWS instance metadata: Network error: curl error: HTTP response code said error: The requested URL returned error: 404
W20260630 12:21:48.560940 29857 instance_detector.cc:116] could not retrieve Azure instance metadata: Network error: curl error: HTTP response code said error: The requested URL returned error: 404
W20260630 12:21:48.568886 29859 instance_detector.cc:116] could not retrieve OpenStack instance metadata: Network error: curl error: HTTP response code said error: The requested URL returned error: 404
I20260630 12:21:48.569455 26772 server_base.cc:1061] running on GCE node
I20260630 12:21:48.569868 29853 heartbeater.cc:344] Connected to a master server at 127.26.37.62:36917
I20260630 12:21:48.570297 29853 heartbeater.cc:461] Registering TS with master...
I20260630 12:21:48.570443 26772 hybrid_clock.cc:584] initializing the hybrid clock with 'system_unsync' time source
W20260630 12:21:48.570748 26772 system_unsync_time.cc:38] NTP support is disabled. Clock error bounds will not be accurate. This configuration is not suitable for distributed clusters.
I20260630 12:21:48.570936 26772 hybrid_clock.cc:648] HybridClock initialized: now 1782822108570903 us; error 0 us; skew 500 ppm
I20260630 12:21:48.571238 29853 heartbeater.cc:507] Master 127.26.37.62:36917 requested a full tablet report, sending...
I20260630 12:21:48.571520 26772 server_base.cc:861] Flag tcmalloc_max_total_thread_cache_bytes is not working since tcmalloc is not enabled.
I20260630 12:21:48.573369 29651 ts_manager.cc:194] Registered new tserver with Master: d540eb08ffb34ed4b4be842470b0e46c (127.26.37.2:38757)
I20260630 12:21:48.574141 26772 webserver.cc:533] Webserver started at http://127.26.37.3:38179/ using document root <none> and password file <none>
I20260630 12:21:48.574672 26772 fs_manager.cc:362] Metadata directory not provided
I20260630 12:21:48.574957 26772 fs_manager.cc:368] Using write-ahead log directory (fs_wal_dir) as metadata directory
I20260630 12:21:48.574954 29651 master_service.cc:502] Signed X509 certificate for tserver {username='slave'} at 127.0.0.1:51194
I20260630 12:21:48.575541 26772 server_base.cc:909] This appears to be a new deployment of Kudu; creating new FS layout
I20260630 12:21:48.576788 26772 fs_manager.cc:1068] Generated new instance metadata in path /tmp/dist-test-taskM50eqp/test-tmp/auto_rebalancer-test.0.AutoRebalancerTest.RangeAwareRebalancesNewRangeReplicas.1782822024053352-26772-0/minicluster-data/ts-2-root/instance:
uuid: "6e853a11f1d84e1e9f21a52414ec4329"
format_stamp: "Formatted at 2026-06-30 12:21:48 on dist-test-slave-wkhr"
I20260630 12:21:48.581192 26772 fs_manager.cc:696] Time spent creating directory manager: real 0.004s	user 0.006s	sys 0.000s
I20260630 12:21:48.584313 29864 log_block_manager.cc:4031] Time spent loading block containers with low live blocks: real 0.000s	user 0.000s	sys 0.000s
I20260630 12:21:48.585057 26772 fs_manager.cc:730] Time spent opening block manager: real 0.002s	user 0.001s	sys 0.000s
I20260630 12:21:48.585347 26772 fs_manager.cc:647] Opened local filesystem: /tmp/dist-test-taskM50eqp/test-tmp/auto_rebalancer-test.0.AutoRebalancerTest.RangeAwareRebalancesNewRangeReplicas.1782822024053352-26772-0/minicluster-data/ts-2-root
uuid: "6e853a11f1d84e1e9f21a52414ec4329"
format_stamp: "Formatted at 2026-06-30 12:21:48 on dist-test-slave-wkhr"
I20260630 12:21:48.585594 26772 fs_report.cc:389] FS layout report
--------------------
wal directory: /tmp/dist-test-taskM50eqp/test-tmp/auto_rebalancer-test.0.AutoRebalancerTest.RangeAwareRebalancesNewRangeReplicas.1782822024053352-26772-0/minicluster-data/ts-2-root
metadata directory: /tmp/dist-test-taskM50eqp/test-tmp/auto_rebalancer-test.0.AutoRebalancerTest.RangeAwareRebalancesNewRangeReplicas.1782822024053352-26772-0/minicluster-data/ts-2-root
1 data directories: /tmp/dist-test-taskM50eqp/test-tmp/auto_rebalancer-test.0.AutoRebalancerTest.RangeAwareRebalancesNewRangeReplicas.1782822024053352-26772-0/minicluster-data/ts-2-root/data
Total live blocks: 0
Total live bytes: 0
Total live bytes (after alignment): 0
Total number of LBM containers: 0 (0 full)
Did not check for missing blocks
Did not check for orphaned blocks
Total full LBM containers with extra space: 0 (0 repaired)
Total full LBM container extra space in bytes: 0 (0 repaired)
Total incomplete LBM containers: 0 (0 repaired)
Total LBM partial records: 0 (0 repaired)
Total corrupted LBM metadata records in RocksDB: 0 (0 repaired)
I20260630 12:21:48.595252 26772 rpc_server.cc:225] running with OpenSSL 1.1.1  11 Sep 2018
I20260630 12:21:48.596374 26772 kserver.cc:163] Server-wide thread pool size limit: 3276
I20260630 12:21:48.597983 26772 txn_system_client.cc:432] TxnSystemClient initialization is disabled...
I20260630 12:21:48.600296 26772 ts_tablet_manager.cc:585] Loaded tablet metadata (0 total tablets, 0 live tablets)
I20260630 12:21:48.600534 26772 ts_tablet_manager.cc:531] Time spent load tablet metadata: real 0.000s	user 0.000s	sys 0.000s
I20260630 12:21:48.600800 26772 ts_tablet_manager.cc:616] Registered 0 tablets
I20260630 12:21:48.600977 26772 ts_tablet_manager.cc:595] Time spent register tablets: real 0.000s	user 0.000s	sys 0.000s
I20260630 12:21:48.641748 26772 rpc_server.cc:307] RPC server started. Bound to: 127.26.37.3:38783
I20260630 12:21:48.641875 29926 acceptor_pool.cc:272] collecting diagnostics on the listening RPC socket 127.26.37.3:38783 every 8 connection(s)
I20260630 12:21:48.655910 29927 heartbeater.cc:344] Connected to a master server at 127.26.37.62:36917
I20260630 12:21:48.656306 29927 heartbeater.cc:461] Registering TS with master...
I20260630 12:21:48.657023 29927 heartbeater.cc:507] Master 127.26.37.62:36917 requested a full tablet report, sending...
I20260630 12:21:48.659088 29651 ts_manager.cc:194] Registered new tserver with Master: 6e853a11f1d84e1e9f21a52414ec4329 (127.26.37.3:38783)
I20260630 12:21:48.660054 26772 internal_mini_cluster.cc:371] 3 TS(s) registered with all masters after 0.015020793s
I20260630 12:21:48.660446 29651 master_service.cc:502] Signed X509 certificate for tserver {username='slave'} at 127.0.0.1:51196
I20260630 12:21:49.489262 29778 heartbeater.cc:499] Master 127.26.37.62:36917 was elected leader, sending a full tablet report...
I20260630 12:21:49.577553 29853 heartbeater.cc:499] Master 127.26.37.62:36917 was elected leader, sending a full tablet report...
I20260630 12:21:49.663223 29927 heartbeater.cc:499] Master 127.26.37.62:36917 was elected leader, sending a full tablet report...
I20260630 12:21:49.712746 29651 catalog_manager.cc:2283] Servicing CreateTable request from {username='slave'} at 127.0.0.1:51212:
name: "range_aware_rebalance_new_range"
schema {
  columns {
    name: "key"
    type: INT32
    is_key: true
    is_nullable: false
    encoding: AUTO_ENCODING
    compression: DEFAULT_COMPRESSION
    cfile_block_size: 0
    immutable: false
  }
}
num_replicas: 3
split_rows_range_bounds {
  rows: "\006\001\000\000\000\000\007\001\n\000\000\000""\006\001\000\000\000\000\007\001\n\000\000\000"
  indirect_data: """"
}
partition_schema {
  hash_schema {
    columns {
      name: "key"
    }
    num_buckets: 8
    seed: 0
  }
  range_schema {
    columns {
      name: "key"
    }
  }
}
W20260630 12:21:49.714769 29651 catalog_manager.cc:7077] The number of live tablet servers is not enough to re-replicate a tablet replica of the newly created table range_aware_rebalance_new_range in case of a server failure: 4 tablet servers would be needed, 3 are available. Consider bringing up more tablet servers.
I20260630 12:21:49.775012 29818 tablet_service.cc:1511] Processing CreateTablet for tablet 0542324d2ece48678850bcc9322f1b84 (DEFAULT_TABLE table=range_aware_rebalance_new_range [id=cf2ed83d04ca45cc90927a5471432609]), partition=HASH (key) PARTITION 0, RANGE (key) PARTITION 0 <= VALUES < 10
I20260630 12:21:49.776508 29818 data_dirs.cc:400] Could only allocate 1 dirs of requested 3 for tablet 0542324d2ece48678850bcc9322f1b84. 1 dirs total, 0 dirs full, 0 dirs failed
I20260630 12:21:49.778554 29814 tablet_service.cc:1511] Processing CreateTablet for tablet 486c26abcb854509ada10af43cfe4a0b (DEFAULT_TABLE table=range_aware_rebalance_new_range [id=cf2ed83d04ca45cc90927a5471432609]), partition=HASH (key) PARTITION 4, RANGE (key) PARTITION 0 <= VALUES < 10
I20260630 12:21:49.779510 29813 tablet_service.cc:1511] Processing CreateTablet for tablet 4092f32c8def424ca37d35545791a2fc (DEFAULT_TABLE table=range_aware_rebalance_new_range [id=cf2ed83d04ca45cc90927a5471432609]), partition=HASH (key) PARTITION 5, RANGE (key) PARTITION 0 <= VALUES < 10
I20260630 12:21:49.779968 29814 data_dirs.cc:400] Could only allocate 1 dirs of requested 3 for tablet 486c26abcb854509ada10af43cfe4a0b. 1 dirs total, 0 dirs full, 0 dirs failed
I20260630 12:21:49.781065 29815 tablet_service.cc:1511] Processing CreateTablet for tablet 495423937e4d47f2a493759c5dc6f96f (DEFAULT_TABLE table=range_aware_rebalance_new_range [id=cf2ed83d04ca45cc90927a5471432609]), partition=HASH (key) PARTITION 3, RANGE (key) PARTITION 0 <= VALUES < 10
I20260630 12:21:49.782361 29815 data_dirs.cc:400] Could only allocate 1 dirs of requested 3 for tablet 495423937e4d47f2a493759c5dc6f96f. 1 dirs total, 0 dirs full, 0 dirs failed
I20260630 12:21:49.783218 29812 tablet_service.cc:1511] Processing CreateTablet for tablet 46d27be0910f44cfa46b9f5eedfcfac5 (DEFAULT_TABLE table=range_aware_rebalance_new_range [id=cf2ed83d04ca45cc90927a5471432609]), partition=HASH (key) PARTITION 6, RANGE (key) PARTITION 0 <= VALUES < 10
I20260630 12:21:49.784603 29812 data_dirs.cc:400] Could only allocate 1 dirs of requested 3 for tablet 46d27be0910f44cfa46b9f5eedfcfac5. 1 dirs total, 0 dirs full, 0 dirs failed
I20260630 12:21:49.787052 29813 data_dirs.cc:400] Could only allocate 1 dirs of requested 3 for tablet 4092f32c8def424ca37d35545791a2fc. 1 dirs total, 0 dirs full, 0 dirs failed
I20260630 12:21:49.787701 29816 tablet_service.cc:1511] Processing CreateTablet for tablet 21c74ecf8db24e209ae9d192961ca787 (DEFAULT_TABLE table=range_aware_rebalance_new_range [id=cf2ed83d04ca45cc90927a5471432609]), partition=HASH (key) PARTITION 2, RANGE (key) PARTITION 0 <= VALUES < 10
I20260630 12:21:49.789019 29816 data_dirs.cc:400] Could only allocate 1 dirs of requested 3 for tablet 21c74ecf8db24e209ae9d192961ca787. 1 dirs total, 0 dirs full, 0 dirs failed
I20260630 12:21:49.791661 29817 tablet_service.cc:1511] Processing CreateTablet for tablet 9bdccce99dd94acd98798e8caef9c66c (DEFAULT_TABLE table=range_aware_rebalance_new_range [id=cf2ed83d04ca45cc90927a5471432609]), partition=HASH (key) PARTITION 1, RANGE (key) PARTITION 0 <= VALUES < 10
I20260630 12:21:49.793047 29817 data_dirs.cc:400] Could only allocate 1 dirs of requested 3 for tablet 9bdccce99dd94acd98798e8caef9c66c. 1 dirs total, 0 dirs full, 0 dirs failed
I20260630 12:21:49.793558 29892 tablet_service.cc:1511] Processing CreateTablet for tablet 0542324d2ece48678850bcc9322f1b84 (DEFAULT_TABLE table=range_aware_rebalance_new_range [id=cf2ed83d04ca45cc90927a5471432609]), partition=HASH (key) PARTITION 0, RANGE (key) PARTITION 0 <= VALUES < 10
I20260630 12:21:49.794225 29891 tablet_service.cc:1511] Processing CreateTablet for tablet 9bdccce99dd94acd98798e8caef9c66c (DEFAULT_TABLE table=range_aware_rebalance_new_range [id=cf2ed83d04ca45cc90927a5471432609]), partition=HASH (key) PARTITION 1, RANGE (key) PARTITION 0 <= VALUES < 10
I20260630 12:21:49.794999 29892 data_dirs.cc:400] Could only allocate 1 dirs of requested 3 for tablet 0542324d2ece48678850bcc9322f1b84. 1 dirs total, 0 dirs full, 0 dirs failed
I20260630 12:21:49.795590 29891 data_dirs.cc:400] Could only allocate 1 dirs of requested 3 for tablet 9bdccce99dd94acd98798e8caef9c66c. 1 dirs total, 0 dirs full, 0 dirs failed
I20260630 12:21:49.799631 29890 tablet_service.cc:1511] Processing CreateTablet for tablet 21c74ecf8db24e209ae9d192961ca787 (DEFAULT_TABLE table=range_aware_rebalance_new_range [id=cf2ed83d04ca45cc90927a5471432609]), partition=HASH (key) PARTITION 2, RANGE (key) PARTITION 0 <= VALUES < 10
I20260630 12:21:49.801038 29890 data_dirs.cc:400] Could only allocate 1 dirs of requested 3 for tablet 21c74ecf8db24e209ae9d192961ca787. 1 dirs total, 0 dirs full, 0 dirs failed
I20260630 12:21:49.804000 29889 tablet_service.cc:1511] Processing CreateTablet for tablet 495423937e4d47f2a493759c5dc6f96f (DEFAULT_TABLE table=range_aware_rebalance_new_range [id=cf2ed83d04ca45cc90927a5471432609]), partition=HASH (key) PARTITION 3, RANGE (key) PARTITION 0 <= VALUES < 10
I20260630 12:21:49.805378 29889 data_dirs.cc:400] Could only allocate 1 dirs of requested 3 for tablet 495423937e4d47f2a493759c5dc6f96f. 1 dirs total, 0 dirs full, 0 dirs failed
I20260630 12:21:49.808012 29888 tablet_service.cc:1511] Processing CreateTablet for tablet 486c26abcb854509ada10af43cfe4a0b (DEFAULT_TABLE table=range_aware_rebalance_new_range [id=cf2ed83d04ca45cc90927a5471432609]), partition=HASH (key) PARTITION 4, RANGE (key) PARTITION 0 <= VALUES < 10
I20260630 12:21:49.809406 29888 data_dirs.cc:400] Could only allocate 1 dirs of requested 3 for tablet 486c26abcb854509ada10af43cfe4a0b. 1 dirs total, 0 dirs full, 0 dirs failed
I20260630 12:21:49.812088 29887 tablet_service.cc:1511] Processing CreateTablet for tablet 4092f32c8def424ca37d35545791a2fc (DEFAULT_TABLE table=range_aware_rebalance_new_range [id=cf2ed83d04ca45cc90927a5471432609]), partition=HASH (key) PARTITION 5, RANGE (key) PARTITION 0 <= VALUES < 10
I20260630 12:21:49.813463 29887 data_dirs.cc:400] Could only allocate 1 dirs of requested 3 for tablet 4092f32c8def424ca37d35545791a2fc. 1 dirs total, 0 dirs full, 0 dirs failed
I20260630 12:21:49.817751 29743 tablet_service.cc:1511] Processing CreateTablet for tablet 0542324d2ece48678850bcc9322f1b84 (DEFAULT_TABLE table=range_aware_rebalance_new_range [id=cf2ed83d04ca45cc90927a5471432609]), partition=HASH (key) PARTITION 0, RANGE (key) PARTITION 0 <= VALUES < 10
I20260630 12:21:49.819119 29743 data_dirs.cc:400] Could only allocate 1 dirs of requested 3 for tablet 0542324d2ece48678850bcc9322f1b84. 1 dirs total, 0 dirs full, 0 dirs failed
I20260630 12:21:49.822517 29742 tablet_service.cc:1511] Processing CreateTablet for tablet 9bdccce99dd94acd98798e8caef9c66c (DEFAULT_TABLE table=range_aware_rebalance_new_range [id=cf2ed83d04ca45cc90927a5471432609]), partition=HASH (key) PARTITION 1, RANGE (key) PARTITION 0 <= VALUES < 10
I20260630 12:21:49.823890 29742 data_dirs.cc:400] Could only allocate 1 dirs of requested 3 for tablet 9bdccce99dd94acd98798e8caef9c66c. 1 dirs total, 0 dirs full, 0 dirs failed
I20260630 12:21:49.822517 29738 tablet_service.cc:1511] Processing CreateTablet for tablet 4092f32c8def424ca37d35545791a2fc (DEFAULT_TABLE table=range_aware_rebalance_new_range [id=cf2ed83d04ca45cc90927a5471432609]), partition=HASH (key) PARTITION 5, RANGE (key) PARTITION 0 <= VALUES < 10
I20260630 12:21:49.828096 29738 data_dirs.cc:400] Could only allocate 1 dirs of requested 3 for tablet 4092f32c8def424ca37d35545791a2fc. 1 dirs total, 0 dirs full, 0 dirs failed
I20260630 12:21:49.832371 29741 tablet_service.cc:1511] Processing CreateTablet for tablet 21c74ecf8db24e209ae9d192961ca787 (DEFAULT_TABLE table=range_aware_rebalance_new_range [id=cf2ed83d04ca45cc90927a5471432609]), partition=HASH (key) PARTITION 2, RANGE (key) PARTITION 0 <= VALUES < 10
I20260630 12:21:49.833732 29741 data_dirs.cc:400] Could only allocate 1 dirs of requested 3 for tablet 21c74ecf8db24e209ae9d192961ca787. 1 dirs total, 0 dirs full, 0 dirs failed
I20260630 12:21:49.835572 29740 tablet_service.cc:1511] Processing CreateTablet for tablet 495423937e4d47f2a493759c5dc6f96f (DEFAULT_TABLE table=range_aware_rebalance_new_range [id=cf2ed83d04ca45cc90927a5471432609]), partition=HASH (key) PARTITION 3, RANGE (key) PARTITION 0 <= VALUES < 10
I20260630 12:21:49.836894 29740 data_dirs.cc:400] Could only allocate 1 dirs of requested 3 for tablet 495423937e4d47f2a493759c5dc6f96f. 1 dirs total, 0 dirs full, 0 dirs failed
I20260630 12:21:49.839600 29739 tablet_service.cc:1511] Processing CreateTablet for tablet 486c26abcb854509ada10af43cfe4a0b (DEFAULT_TABLE table=range_aware_rebalance_new_range [id=cf2ed83d04ca45cc90927a5471432609]), partition=HASH (key) PARTITION 4, RANGE (key) PARTITION 0 <= VALUES < 10
I20260630 12:21:49.841114 29739 data_dirs.cc:400] Could only allocate 1 dirs of requested 3 for tablet 486c26abcb854509ada10af43cfe4a0b. 1 dirs total, 0 dirs full, 0 dirs failed
I20260630 12:21:49.855351 29947 tablet_bootstrap.cc:492] T 0542324d2ece48678850bcc9322f1b84 P 6e853a11f1d84e1e9f21a52414ec4329: Bootstrap starting.
I20260630 12:21:49.862198 29947 tablet_bootstrap.cc:654] T 0542324d2ece48678850bcc9322f1b84 P 6e853a11f1d84e1e9f21a52414ec4329: Neither blocks nor log segments found. Creating new log.
I20260630 12:21:49.865999 29737 tablet_service.cc:1511] Processing CreateTablet for tablet 46d27be0910f44cfa46b9f5eedfcfac5 (DEFAULT_TABLE table=range_aware_rebalance_new_range [id=cf2ed83d04ca45cc90927a5471432609]), partition=HASH (key) PARTITION 6, RANGE (key) PARTITION 0 <= VALUES < 10
I20260630 12:21:49.867409 29737 data_dirs.cc:400] Could only allocate 1 dirs of requested 3 for tablet 46d27be0910f44cfa46b9f5eedfcfac5. 1 dirs total, 0 dirs full, 0 dirs failed
I20260630 12:21:49.908607 29817 tablet_service.cc:1511] Processing CreateTablet for tablet 26a73da694a445a0afcc83c0d4ad7b83 (DEFAULT_TABLE table=range_aware_rebalance_new_range [id=cf2ed83d04ca45cc90927a5471432609]), partition=HASH (key) PARTITION 7, RANGE (key) PARTITION 0 <= VALUES < 10
I20260630 12:21:49.911602 29817 data_dirs.cc:400] Could only allocate 1 dirs of requested 3 for tablet 26a73da694a445a0afcc83c0d4ad7b83. 1 dirs total, 0 dirs full, 0 dirs failed
I20260630 12:21:49.914575 29947 tablet_bootstrap.cc:492] T 0542324d2ece48678850bcc9322f1b84 P 6e853a11f1d84e1e9f21a52414ec4329: No bootstrap required, opened a new log
I20260630 12:21:49.915143 29947 ts_tablet_manager.cc:1403] T 0542324d2ece48678850bcc9322f1b84 P 6e853a11f1d84e1e9f21a52414ec4329: Time spent bootstrapping tablet: real 0.060s	user 0.006s	sys 0.005s
I20260630 12:21:49.916581 29948 tablet_bootstrap.cc:492] T 46d27be0910f44cfa46b9f5eedfcfac5 P d540eb08ffb34ed4b4be842470b0e46c: Bootstrap starting.
I20260630 12:21:49.918215 29947 raft_consensus.cc:359] T 0542324d2ece48678850bcc9322f1b84 P 6e853a11f1d84e1e9f21a52414ec4329 [term 0 FOLLOWER]: Replica starting. Triggering 0 pending ops. Active config: opid_index: -1 OBSOLETE_local: false peers { permanent_uuid: "d540eb08ffb34ed4b4be842470b0e46c" member_type: VOTER last_known_addr { host: "127.26.37.2" port: 38757 } } peers { permanent_uuid: "796993a84b2149e4b4513c331f9d4ff7" member_type: VOTER last_known_addr { host: "127.26.37.1" port: 39551 } } peers { permanent_uuid: "6e853a11f1d84e1e9f21a52414ec4329" member_type: VOTER last_known_addr { host: "127.26.37.3" port: 38783 } }
I20260630 12:21:49.921208 29887 tablet_service.cc:1511] Processing CreateTablet for tablet 26a73da694a445a0afcc83c0d4ad7b83 (DEFAULT_TABLE table=range_aware_rebalance_new_range [id=cf2ed83d04ca45cc90927a5471432609]), partition=HASH (key) PARTITION 7, RANGE (key) PARTITION 0 <= VALUES < 10
I20260630 12:21:49.923295 29948 tablet_bootstrap.cc:654] T 46d27be0910f44cfa46b9f5eedfcfac5 P d540eb08ffb34ed4b4be842470b0e46c: Neither blocks nor log segments found. Creating new log.
I20260630 12:21:49.924064 29887 data_dirs.cc:400] Could only allocate 1 dirs of requested 3 for tablet 26a73da694a445a0afcc83c0d4ad7b83. 1 dirs total, 0 dirs full, 0 dirs failed
I20260630 12:21:49.922667 29888 tablet_service.cc:1511] Processing CreateTablet for tablet 46d27be0910f44cfa46b9f5eedfcfac5 (DEFAULT_TABLE table=range_aware_rebalance_new_range [id=cf2ed83d04ca45cc90927a5471432609]), partition=HASH (key) PARTITION 6, RANGE (key) PARTITION 0 <= VALUES < 10
I20260630 12:21:49.929816 29947 raft_consensus.cc:385] T 0542324d2ece48678850bcc9322f1b84 P 6e853a11f1d84e1e9f21a52414ec4329 [term 0 FOLLOWER]: Consensus starting up: Expiring failure detector timer to make a prompt election more likely
I20260630 12:21:49.930706 29947 raft_consensus.cc:740] T 0542324d2ece48678850bcc9322f1b84 P 6e853a11f1d84e1e9f21a52414ec4329 [term 0 FOLLOWER]: Becoming Follower/Learner. State: Replica: 6e853a11f1d84e1e9f21a52414ec4329, State: Initialized, Role: FOLLOWER
I20260630 12:21:49.937917 29947 consensus_queue.cc:260] T 0542324d2ece48678850bcc9322f1b84 P 6e853a11f1d84e1e9f21a52414ec4329 [NON_LEADER]: Queue going to NON_LEADER mode. State: All replicated index: 0, Majority replicated index: 0, Committed index: 0, Last appended: 0.0, Last appended by leader: 0, Current term: 0, Majority size: -1, State: 0, Mode: NON_LEADER, active raft config: opid_index: -1 OBSOLETE_local: false peers { permanent_uuid: "d540eb08ffb34ed4b4be842470b0e46c" member_type: VOTER last_known_addr { host: "127.26.37.2" port: 38757 } } peers { permanent_uuid: "796993a84b2149e4b4513c331f9d4ff7" member_type: VOTER last_known_addr { host: "127.26.37.1" port: 39551 } } peers { permanent_uuid: "6e853a11f1d84e1e9f21a52414ec4329" member_type: VOTER last_known_addr { host: "127.26.37.3" port: 38783 } }
I20260630 12:21:49.931391 29888 data_dirs.cc:400] Could only allocate 1 dirs of requested 3 for tablet 46d27be0910f44cfa46b9f5eedfcfac5. 1 dirs total, 0 dirs full, 0 dirs failed
I20260630 12:21:49.933027 29737 tablet_service.cc:1511] Processing CreateTablet for tablet 26a73da694a445a0afcc83c0d4ad7b83 (DEFAULT_TABLE table=range_aware_rebalance_new_range [id=cf2ed83d04ca45cc90927a5471432609]), partition=HASH (key) PARTITION 7, RANGE (key) PARTITION 0 <= VALUES < 10
I20260630 12:21:49.942061 29737 data_dirs.cc:400] Could only allocate 1 dirs of requested 3 for tablet 26a73da694a445a0afcc83c0d4ad7b83. 1 dirs total, 0 dirs full, 0 dirs failed
I20260630 12:21:49.931478 29949 tablet_bootstrap.cc:492] T 4092f32c8def424ca37d35545791a2fc P 796993a84b2149e4b4513c331f9d4ff7: Bootstrap starting.
I20260630 12:21:49.950634 29949 tablet_bootstrap.cc:654] T 4092f32c8def424ca37d35545791a2fc P 796993a84b2149e4b4513c331f9d4ff7: Neither blocks nor log segments found. Creating new log.
I20260630 12:21:49.961387 29948 tablet_bootstrap.cc:492] T 46d27be0910f44cfa46b9f5eedfcfac5 P d540eb08ffb34ed4b4be842470b0e46c: No bootstrap required, opened a new log
I20260630 12:21:49.961972 29948 ts_tablet_manager.cc:1403] T 46d27be0910f44cfa46b9f5eedfcfac5 P d540eb08ffb34ed4b4be842470b0e46c: Time spent bootstrapping tablet: real 0.046s	user 0.016s	sys 0.023s
I20260630 12:21:49.965193 29948 raft_consensus.cc:359] T 46d27be0910f44cfa46b9f5eedfcfac5 P d540eb08ffb34ed4b4be842470b0e46c [term 0 FOLLOWER]: Replica starting. Triggering 0 pending ops. Active config: opid_index: -1 OBSOLETE_local: false peers { permanent_uuid: "d540eb08ffb34ed4b4be842470b0e46c" member_type: VOTER last_known_addr { host: "127.26.37.2" port: 38757 } } peers { permanent_uuid: "796993a84b2149e4b4513c331f9d4ff7" member_type: VOTER last_known_addr { host: "127.26.37.1" port: 39551 } } peers { permanent_uuid: "6e853a11f1d84e1e9f21a52414ec4329" member_type: VOTER last_known_addr { host: "127.26.37.3" port: 38783 } }
I20260630 12:21:49.965987 29948 raft_consensus.cc:385] T 46d27be0910f44cfa46b9f5eedfcfac5 P d540eb08ffb34ed4b4be842470b0e46c [term 0 FOLLOWER]: Consensus starting up: Expiring failure detector timer to make a prompt election more likely
I20260630 12:21:49.966320 29948 raft_consensus.cc:740] T 46d27be0910f44cfa46b9f5eedfcfac5 P d540eb08ffb34ed4b4be842470b0e46c [term 0 FOLLOWER]: Becoming Follower/Learner. State: Replica: d540eb08ffb34ed4b4be842470b0e46c, State: Initialized, Role: FOLLOWER
I20260630 12:21:49.967371 29947 ts_tablet_manager.cc:1434] T 0542324d2ece48678850bcc9322f1b84 P 6e853a11f1d84e1e9f21a52414ec4329: Time spent starting tablet: real 0.052s	user 0.011s	sys 0.004s
I20260630 12:21:49.967419 29948 consensus_queue.cc:260] T 46d27be0910f44cfa46b9f5eedfcfac5 P d540eb08ffb34ed4b4be842470b0e46c [NON_LEADER]: Queue going to NON_LEADER mode. State: All replicated index: 0, Majority replicated index: 0, Committed index: 0, Last appended: 0.0, Last appended by leader: 0, Current term: 0, Majority size: -1, State: 0, Mode: NON_LEADER, active raft config: opid_index: -1 OBSOLETE_local: false peers { permanent_uuid: "d540eb08ffb34ed4b4be842470b0e46c" member_type: VOTER last_known_addr { host: "127.26.37.2" port: 38757 } } peers { permanent_uuid: "796993a84b2149e4b4513c331f9d4ff7" member_type: VOTER last_known_addr { host: "127.26.37.1" port: 39551 } } peers { permanent_uuid: "6e853a11f1d84e1e9f21a52414ec4329" member_type: VOTER last_known_addr { host: "127.26.37.3" port: 38783 } }
I20260630 12:21:49.977005 29948 ts_tablet_manager.cc:1434] T 46d27be0910f44cfa46b9f5eedfcfac5 P d540eb08ffb34ed4b4be842470b0e46c: Time spent starting tablet: real 0.015s	user 0.010s	sys 0.002s
I20260630 12:21:49.978317 29948 tablet_bootstrap.cc:492] T 486c26abcb854509ada10af43cfe4a0b P d540eb08ffb34ed4b4be842470b0e46c: Bootstrap starting.
I20260630 12:21:49.981142 29949 tablet_bootstrap.cc:492] T 4092f32c8def424ca37d35545791a2fc P 796993a84b2149e4b4513c331f9d4ff7: No bootstrap required, opened a new log
I20260630 12:21:49.981321 29947 tablet_bootstrap.cc:492] T 9bdccce99dd94acd98798e8caef9c66c P 6e853a11f1d84e1e9f21a52414ec4329: Bootstrap starting.
I20260630 12:21:49.981781 29949 ts_tablet_manager.cc:1403] T 4092f32c8def424ca37d35545791a2fc P 796993a84b2149e4b4513c331f9d4ff7: Time spent bootstrapping tablet: real 0.051s	user 0.015s	sys 0.020s
I20260630 12:21:49.983842 29948 tablet_bootstrap.cc:654] T 486c26abcb854509ada10af43cfe4a0b P d540eb08ffb34ed4b4be842470b0e46c: Neither blocks nor log segments found. Creating new log.
I20260630 12:21:49.984645 29949 raft_consensus.cc:359] T 4092f32c8def424ca37d35545791a2fc P 796993a84b2149e4b4513c331f9d4ff7 [term 0 FOLLOWER]: Replica starting. Triggering 0 pending ops. Active config: opid_index: -1 OBSOLETE_local: false peers { permanent_uuid: "796993a84b2149e4b4513c331f9d4ff7" member_type: VOTER last_known_addr { host: "127.26.37.1" port: 39551 } } peers { permanent_uuid: "d540eb08ffb34ed4b4be842470b0e46c" member_type: VOTER last_known_addr { host: "127.26.37.2" port: 38757 } } peers { permanent_uuid: "6e853a11f1d84e1e9f21a52414ec4329" member_type: VOTER last_known_addr { host: "127.26.37.3" port: 38783 } }
I20260630 12:21:49.985471 29949 raft_consensus.cc:385] T 4092f32c8def424ca37d35545791a2fc P 796993a84b2149e4b4513c331f9d4ff7 [term 0 FOLLOWER]: Consensus starting up: Expiring failure detector timer to make a prompt election more likely
I20260630 12:21:49.985823 29949 raft_consensus.cc:740] T 4092f32c8def424ca37d35545791a2fc P 796993a84b2149e4b4513c331f9d4ff7 [term 0 FOLLOWER]: Becoming Follower/Learner. State: Replica: 796993a84b2149e4b4513c331f9d4ff7, State: Initialized, Role: FOLLOWER
I20260630 12:21:49.987984 29947 tablet_bootstrap.cc:654] T 9bdccce99dd94acd98798e8caef9c66c P 6e853a11f1d84e1e9f21a52414ec4329: Neither blocks nor log segments found. Creating new log.
I20260630 12:21:49.986750 29949 consensus_queue.cc:260] T 4092f32c8def424ca37d35545791a2fc P 796993a84b2149e4b4513c331f9d4ff7 [NON_LEADER]: Queue going to NON_LEADER mode. State: All replicated index: 0, Majority replicated index: 0, Committed index: 0, Last appended: 0.0, Last appended by leader: 0, Current term: 0, Majority size: -1, State: 0, Mode: NON_LEADER, active raft config: opid_index: -1 OBSOLETE_local: false peers { permanent_uuid: "796993a84b2149e4b4513c331f9d4ff7" member_type: VOTER last_known_addr { host: "127.26.37.1" port: 39551 } } peers { permanent_uuid: "d540eb08ffb34ed4b4be842470b0e46c" member_type: VOTER last_known_addr { host: "127.26.37.2" port: 38757 } } peers { permanent_uuid: "6e853a11f1d84e1e9f21a52414ec4329" member_type: VOTER last_known_addr { host: "127.26.37.3" port: 38783 } }
I20260630 12:21:49.995747 29949 ts_tablet_manager.cc:1434] T 4092f32c8def424ca37d35545791a2fc P 796993a84b2149e4b4513c331f9d4ff7: Time spent starting tablet: real 0.014s	user 0.004s	sys 0.007s
I20260630 12:21:49.997453 29947 tablet_bootstrap.cc:492] T 9bdccce99dd94acd98798e8caef9c66c P 6e853a11f1d84e1e9f21a52414ec4329: No bootstrap required, opened a new log
I20260630 12:21:49.997530 29948 tablet_bootstrap.cc:492] T 486c26abcb854509ada10af43cfe4a0b P d540eb08ffb34ed4b4be842470b0e46c: No bootstrap required, opened a new log
I20260630 12:21:49.997663 29949 tablet_bootstrap.cc:492] T 21c74ecf8db24e209ae9d192961ca787 P 796993a84b2149e4b4513c331f9d4ff7: Bootstrap starting.
I20260630 12:21:49.998036 29947 ts_tablet_manager.cc:1403] T 9bdccce99dd94acd98798e8caef9c66c P 6e853a11f1d84e1e9f21a52414ec4329: Time spent bootstrapping tablet: real 0.017s	user 0.010s	sys 0.004s
I20260630 12:21:49.998234 29948 ts_tablet_manager.cc:1403] T 486c26abcb854509ada10af43cfe4a0b P d540eb08ffb34ed4b4be842470b0e46c: Time spent bootstrapping tablet: real 0.020s	user 0.011s	sys 0.008s
I20260630 12:21:50.001009 29947 raft_consensus.cc:359] T 9bdccce99dd94acd98798e8caef9c66c P 6e853a11f1d84e1e9f21a52414ec4329 [term 0 FOLLOWER]: Replica starting. Triggering 0 pending ops. Active config: opid_index: -1 OBSOLETE_local: false peers { permanent_uuid: "796993a84b2149e4b4513c331f9d4ff7" member_type: VOTER last_known_addr { host: "127.26.37.1" port: 39551 } } peers { permanent_uuid: "d540eb08ffb34ed4b4be842470b0e46c" member_type: VOTER last_known_addr { host: "127.26.37.2" port: 38757 } } peers { permanent_uuid: "6e853a11f1d84e1e9f21a52414ec4329" member_type: VOTER last_known_addr { host: "127.26.37.3" port: 38783 } }
I20260630 12:21:50.001767 29947 raft_consensus.cc:385] T 9bdccce99dd94acd98798e8caef9c66c P 6e853a11f1d84e1e9f21a52414ec4329 [term 0 FOLLOWER]: Consensus starting up: Expiring failure detector timer to make a prompt election more likely
I20260630 12:21:50.001485 29948 raft_consensus.cc:359] T 486c26abcb854509ada10af43cfe4a0b P d540eb08ffb34ed4b4be842470b0e46c [term 0 FOLLOWER]: Replica starting. Triggering 0 pending ops. Active config: opid_index: -1 OBSOLETE_local: false peers { permanent_uuid: "d540eb08ffb34ed4b4be842470b0e46c" member_type: VOTER last_known_addr { host: "127.26.37.2" port: 38757 } } peers { permanent_uuid: "796993a84b2149e4b4513c331f9d4ff7" member_type: VOTER last_known_addr { host: "127.26.37.1" port: 39551 } } peers { permanent_uuid: "6e853a11f1d84e1e9f21a52414ec4329" member_type: VOTER last_known_addr { host: "127.26.37.3" port: 38783 } }
I20260630 12:21:50.002156 29947 raft_consensus.cc:740] T 9bdccce99dd94acd98798e8caef9c66c P 6e853a11f1d84e1e9f21a52414ec4329 [term 0 FOLLOWER]: Becoming Follower/Learner. State: Replica: 6e853a11f1d84e1e9f21a52414ec4329, State: Initialized, Role: FOLLOWER
I20260630 12:21:50.002292 29948 raft_consensus.cc:385] T 486c26abcb854509ada10af43cfe4a0b P d540eb08ffb34ed4b4be842470b0e46c [term 0 FOLLOWER]: Consensus starting up: Expiring failure detector timer to make a prompt election more likely
I20260630 12:21:50.002767 29948 raft_consensus.cc:740] T 486c26abcb854509ada10af43cfe4a0b P d540eb08ffb34ed4b4be842470b0e46c [term 0 FOLLOWER]: Becoming Follower/Learner. State: Replica: d540eb08ffb34ed4b4be842470b0e46c, State: Initialized, Role: FOLLOWER
I20260630 12:21:50.003073 29947 consensus_queue.cc:260] T 9bdccce99dd94acd98798e8caef9c66c P 6e853a11f1d84e1e9f21a52414ec4329 [NON_LEADER]: Queue going to NON_LEADER mode. State: All replicated index: 0, Majority replicated index: 0, Committed index: 0, Last appended: 0.0, Last appended by leader: 0, Current term: 0, Majority size: -1, State: 0, Mode: NON_LEADER, active raft config: opid_index: -1 OBSOLETE_local: false peers { permanent_uuid: "796993a84b2149e4b4513c331f9d4ff7" member_type: VOTER last_known_addr { host: "127.26.37.1" port: 39551 } } peers { permanent_uuid: "d540eb08ffb34ed4b4be842470b0e46c" member_type: VOTER last_known_addr { host: "127.26.37.2" port: 38757 } } peers { permanent_uuid: "6e853a11f1d84e1e9f21a52414ec4329" member_type: VOTER last_known_addr { host: "127.26.37.3" port: 38783 } }
I20260630 12:21:50.003558 29948 consensus_queue.cc:260] T 486c26abcb854509ada10af43cfe4a0b P d540eb08ffb34ed4b4be842470b0e46c [NON_LEADER]: Queue going to NON_LEADER mode. State: All replicated index: 0, Majority replicated index: 0, Committed index: 0, Last appended: 0.0, Last appended by leader: 0, Current term: 0, Majority size: -1, State: 0, Mode: NON_LEADER, active raft config: opid_index: -1 OBSOLETE_local: false peers { permanent_uuid: "d540eb08ffb34ed4b4be842470b0e46c" member_type: VOTER last_known_addr { host: "127.26.37.2" port: 38757 } } peers { permanent_uuid: "796993a84b2149e4b4513c331f9d4ff7" member_type: VOTER last_known_addr { host: "127.26.37.1" port: 39551 } } peers { permanent_uuid: "6e853a11f1d84e1e9f21a52414ec4329" member_type: VOTER last_known_addr { host: "127.26.37.3" port: 38783 } }
I20260630 12:21:50.004137 29949 tablet_bootstrap.cc:654] T 21c74ecf8db24e209ae9d192961ca787 P 796993a84b2149e4b4513c331f9d4ff7: Neither blocks nor log segments found. Creating new log.
I20260630 12:21:50.005537 29947 ts_tablet_manager.cc:1434] T 9bdccce99dd94acd98798e8caef9c66c P 6e853a11f1d84e1e9f21a52414ec4329: Time spent starting tablet: real 0.007s	user 0.006s	sys 0.000s
I20260630 12:21:50.005999 29948 ts_tablet_manager.cc:1434] T 486c26abcb854509ada10af43cfe4a0b P d540eb08ffb34ed4b4be842470b0e46c: Time spent starting tablet: real 0.007s	user 0.005s	sys 0.000s
I20260630 12:21:50.006520 29947 tablet_bootstrap.cc:492] T 4092f32c8def424ca37d35545791a2fc P 6e853a11f1d84e1e9f21a52414ec4329: Bootstrap starting.
I20260630 12:21:50.007063 29948 tablet_bootstrap.cc:492] T 495423937e4d47f2a493759c5dc6f96f P d540eb08ffb34ed4b4be842470b0e46c: Bootstrap starting.
I20260630 12:21:50.013048 29948 tablet_bootstrap.cc:654] T 495423937e4d47f2a493759c5dc6f96f P d540eb08ffb34ed4b4be842470b0e46c: Neither blocks nor log segments found. Creating new log.
I20260630 12:21:50.013667 29947 tablet_bootstrap.cc:654] T 4092f32c8def424ca37d35545791a2fc P 6e853a11f1d84e1e9f21a52414ec4329: Neither blocks nor log segments found. Creating new log.
I20260630 12:21:50.025110 29949 tablet_bootstrap.cc:492] T 21c74ecf8db24e209ae9d192961ca787 P 796993a84b2149e4b4513c331f9d4ff7: No bootstrap required, opened a new log
I20260630 12:21:50.025856 29949 ts_tablet_manager.cc:1403] T 21c74ecf8db24e209ae9d192961ca787 P 796993a84b2149e4b4513c331f9d4ff7: Time spent bootstrapping tablet: real 0.028s	user 0.010s	sys 0.004s
I20260630 12:21:50.029448 29949 raft_consensus.cc:359] T 21c74ecf8db24e209ae9d192961ca787 P 796993a84b2149e4b4513c331f9d4ff7 [term 0 FOLLOWER]: Replica starting. Triggering 0 pending ops. Active config: opid_index: -1 OBSOLETE_local: false peers { permanent_uuid: "796993a84b2149e4b4513c331f9d4ff7" member_type: VOTER last_known_addr { host: "127.26.37.1" port: 39551 } } peers { permanent_uuid: "d540eb08ffb34ed4b4be842470b0e46c" member_type: VOTER last_known_addr { host: "127.26.37.2" port: 38757 } } peers { permanent_uuid: "6e853a11f1d84e1e9f21a52414ec4329" member_type: VOTER last_known_addr { host: "127.26.37.3" port: 38783 } }
I20260630 12:21:50.030429 29949 raft_consensus.cc:385] T 21c74ecf8db24e209ae9d192961ca787 P 796993a84b2149e4b4513c331f9d4ff7 [term 0 FOLLOWER]: Consensus starting up: Expiring failure detector timer to make a prompt election more likely
I20260630 12:21:50.030833 29949 raft_consensus.cc:740] T 21c74ecf8db24e209ae9d192961ca787 P 796993a84b2149e4b4513c331f9d4ff7 [term 0 FOLLOWER]: Becoming Follower/Learner. State: Replica: 796993a84b2149e4b4513c331f9d4ff7, State: Initialized, Role: FOLLOWER
I20260630 12:21:50.031857 29949 consensus_queue.cc:260] T 21c74ecf8db24e209ae9d192961ca787 P 796993a84b2149e4b4513c331f9d4ff7 [NON_LEADER]: Queue going to NON_LEADER mode. State: All replicated index: 0, Majority replicated index: 0, Committed index: 0, Last appended: 0.0, Last appended by leader: 0, Current term: 0, Majority size: -1, State: 0, Mode: NON_LEADER, active raft config: opid_index: -1 OBSOLETE_local: false peers { permanent_uuid: "796993a84b2149e4b4513c331f9d4ff7" member_type: VOTER last_known_addr { host: "127.26.37.1" port: 39551 } } peers { permanent_uuid: "d540eb08ffb34ed4b4be842470b0e46c" member_type: VOTER last_known_addr { host: "127.26.37.2" port: 38757 } } peers { permanent_uuid: "6e853a11f1d84e1e9f21a52414ec4329" member_type: VOTER last_known_addr { host: "127.26.37.3" port: 38783 } }
I20260630 12:21:50.033455 29948 tablet_bootstrap.cc:492] T 495423937e4d47f2a493759c5dc6f96f P d540eb08ffb34ed4b4be842470b0e46c: No bootstrap required, opened a new log
I20260630 12:21:50.034016 29948 ts_tablet_manager.cc:1403] T 495423937e4d47f2a493759c5dc6f96f P d540eb08ffb34ed4b4be842470b0e46c: Time spent bootstrapping tablet: real 0.027s	user 0.011s	sys 0.015s
I20260630 12:21:50.034052 29949 ts_tablet_manager.cc:1434] T 21c74ecf8db24e209ae9d192961ca787 P 796993a84b2149e4b4513c331f9d4ff7: Time spent starting tablet: real 0.008s	user 0.005s	sys 0.000s
I20260630 12:21:50.034291 29947 tablet_bootstrap.cc:492] T 4092f32c8def424ca37d35545791a2fc P 6e853a11f1d84e1e9f21a52414ec4329: No bootstrap required, opened a new log
I20260630 12:21:50.034965 29947 ts_tablet_manager.cc:1403] T 4092f32c8def424ca37d35545791a2fc P 6e853a11f1d84e1e9f21a52414ec4329: Time spent bootstrapping tablet: real 0.029s	user 0.024s	sys 0.003s
I20260630 12:21:50.035351 29949 tablet_bootstrap.cc:492] T 495423937e4d47f2a493759c5dc6f96f P 796993a84b2149e4b4513c331f9d4ff7: Bootstrap starting.
I20260630 12:21:50.037545 29947 raft_consensus.cc:359] T 4092f32c8def424ca37d35545791a2fc P 6e853a11f1d84e1e9f21a52414ec4329 [term 0 FOLLOWER]: Replica starting. Triggering 0 pending ops. Active config: opid_index: -1 OBSOLETE_local: false peers { permanent_uuid: "796993a84b2149e4b4513c331f9d4ff7" member_type: VOTER last_known_addr { host: "127.26.37.1" port: 39551 } } peers { permanent_uuid: "d540eb08ffb34ed4b4be842470b0e46c" member_type: VOTER last_known_addr { host: "127.26.37.2" port: 38757 } } peers { permanent_uuid: "6e853a11f1d84e1e9f21a52414ec4329" member_type: VOTER last_known_addr { host: "127.26.37.3" port: 38783 } }
I20260630 12:21:50.038265 29947 raft_consensus.cc:385] T 4092f32c8def424ca37d35545791a2fc P 6e853a11f1d84e1e9f21a52414ec4329 [term 0 FOLLOWER]: Consensus starting up: Expiring failure detector timer to make a prompt election more likely
I20260630 12:21:50.038606 29947 raft_consensus.cc:740] T 4092f32c8def424ca37d35545791a2fc P 6e853a11f1d84e1e9f21a52414ec4329 [term 0 FOLLOWER]: Becoming Follower/Learner. State: Replica: 6e853a11f1d84e1e9f21a52414ec4329, State: Initialized, Role: FOLLOWER
I20260630 12:21:50.039474 29947 consensus_queue.cc:260] T 4092f32c8def424ca37d35545791a2fc P 6e853a11f1d84e1e9f21a52414ec4329 [NON_LEADER]: Queue going to NON_LEADER mode. State: All replicated index: 0, Majority replicated index: 0, Committed index: 0, Last appended: 0.0, Last appended by leader: 0, Current term: 0, Majority size: -1, State: 0, Mode: NON_LEADER, active raft config: opid_index: -1 OBSOLETE_local: false peers { permanent_uuid: "796993a84b2149e4b4513c331f9d4ff7" member_type: VOTER last_known_addr { host: "127.26.37.1" port: 39551 } } peers { permanent_uuid: "d540eb08ffb34ed4b4be842470b0e46c" member_type: VOTER last_known_addr { host: "127.26.37.2" port: 38757 } } peers { permanent_uuid: "6e853a11f1d84e1e9f21a52414ec4329" member_type: VOTER last_known_addr { host: "127.26.37.3" port: 38783 } }
I20260630 12:21:50.040081 29948 raft_consensus.cc:359] T 495423937e4d47f2a493759c5dc6f96f P d540eb08ffb34ed4b4be842470b0e46c [term 0 FOLLOWER]: Replica starting. Triggering 0 pending ops. Active config: opid_index: -1 OBSOLETE_local: false peers { permanent_uuid: "796993a84b2149e4b4513c331f9d4ff7" member_type: VOTER last_known_addr { host: "127.26.37.1" port: 39551 } } peers { permanent_uuid: "d540eb08ffb34ed4b4be842470b0e46c" member_type: VOTER last_known_addr { host: "127.26.37.2" port: 38757 } } peers { permanent_uuid: "6e853a11f1d84e1e9f21a52414ec4329" member_type: VOTER last_known_addr { host: "127.26.37.3" port: 38783 } }
I20260630 12:21:50.040858 29948 raft_consensus.cc:385] T 495423937e4d47f2a493759c5dc6f96f P d540eb08ffb34ed4b4be842470b0e46c [term 0 FOLLOWER]: Consensus starting up: Expiring failure detector timer to make a prompt election more likely
I20260630 12:21:50.041183 29948 raft_consensus.cc:740] T 495423937e4d47f2a493759c5dc6f96f P d540eb08ffb34ed4b4be842470b0e46c [term 0 FOLLOWER]: Becoming Follower/Learner. State: Replica: d540eb08ffb34ed4b4be842470b0e46c, State: Initialized, Role: FOLLOWER
I20260630 12:21:50.041745 29947 ts_tablet_manager.cc:1434] T 4092f32c8def424ca37d35545791a2fc P 6e853a11f1d84e1e9f21a52414ec4329: Time spent starting tablet: real 0.006s	user 0.005s	sys 0.000s
I20260630 12:21:50.042095 29948 consensus_queue.cc:260] T 495423937e4d47f2a493759c5dc6f96f P d540eb08ffb34ed4b4be842470b0e46c [NON_LEADER]: Queue going to NON_LEADER mode. State: All replicated index: 0, Majority replicated index: 0, Committed index: 0, Last appended: 0.0, Last appended by leader: 0, Current term: 0, Majority size: -1, State: 0, Mode: NON_LEADER, active raft config: opid_index: -1 OBSOLETE_local: false peers { permanent_uuid: "796993a84b2149e4b4513c331f9d4ff7" member_type: VOTER last_known_addr { host: "127.26.37.1" port: 39551 } } peers { permanent_uuid: "d540eb08ffb34ed4b4be842470b0e46c" member_type: VOTER last_known_addr { host: "127.26.37.2" port: 38757 } } peers { permanent_uuid: "6e853a11f1d84e1e9f21a52414ec4329" member_type: VOTER last_known_addr { host: "127.26.37.3" port: 38783 } }
I20260630 12:21:50.042851 29947 tablet_bootstrap.cc:492] T 486c26abcb854509ada10af43cfe4a0b P 6e853a11f1d84e1e9f21a52414ec4329: Bootstrap starting.
I20260630 12:21:50.042939 29949 tablet_bootstrap.cc:654] T 495423937e4d47f2a493759c5dc6f96f P 796993a84b2149e4b4513c331f9d4ff7: Neither blocks nor log segments found. Creating new log.
I20260630 12:21:50.045977 29948 ts_tablet_manager.cc:1434] T 495423937e4d47f2a493759c5dc6f96f P d540eb08ffb34ed4b4be842470b0e46c: Time spent starting tablet: real 0.011s	user 0.005s	sys 0.001s
I20260630 12:21:50.047101 29948 tablet_bootstrap.cc:492] T 4092f32c8def424ca37d35545791a2fc P d540eb08ffb34ed4b4be842470b0e46c: Bootstrap starting.
I20260630 12:21:50.051131 29947 tablet_bootstrap.cc:654] T 486c26abcb854509ada10af43cfe4a0b P 6e853a11f1d84e1e9f21a52414ec4329: Neither blocks nor log segments found. Creating new log.
I20260630 12:21:50.052937 29948 tablet_bootstrap.cc:654] T 4092f32c8def424ca37d35545791a2fc P d540eb08ffb34ed4b4be842470b0e46c: Neither blocks nor log segments found. Creating new log.
I20260630 12:21:50.061467 29948 tablet_bootstrap.cc:492] T 4092f32c8def424ca37d35545791a2fc P d540eb08ffb34ed4b4be842470b0e46c: No bootstrap required, opened a new log
I20260630 12:21:50.061995 29948 ts_tablet_manager.cc:1403] T 4092f32c8def424ca37d35545791a2fc P d540eb08ffb34ed4b4be842470b0e46c: Time spent bootstrapping tablet: real 0.015s	user 0.009s	sys 0.003s
I20260630 12:21:50.063689 29949 tablet_bootstrap.cc:492] T 495423937e4d47f2a493759c5dc6f96f P 796993a84b2149e4b4513c331f9d4ff7: No bootstrap required, opened a new log
I20260630 12:21:50.064188 29949 ts_tablet_manager.cc:1403] T 495423937e4d47f2a493759c5dc6f96f P 796993a84b2149e4b4513c331f9d4ff7: Time spent bootstrapping tablet: real 0.029s	user 0.009s	sys 0.009s
