I20260630 12:22:21.557497 31323 raft_consensus.cc:359] T d4ea5a5096c442719bf281cea7d67ba9 P f166bd47685d456fb6ea374d1975a0e8 [term 0 FOLLOWER]: Replica starting. Triggering 0 pending ops. Active config: opid_index: -1 OBSOLETE_local: false peers { permanent_uuid: "ded4edd596314062966259e043f17936" member_type: VOTER last_known_addr { host: "127.26.9.129" port: 42711 } } peers { permanent_uuid: "f166bd47685d456fb6ea374d1975a0e8" member_type: VOTER last_known_addr { host: "127.26.9.130" port: 38025 } } peers { permanent_uuid: "3653ebd3bfa8480881ae83a83880b82c" member_type: VOTER last_known_addr { host: "127.26.9.131" port: 41649 } }
I20260630 12:22:21.558247 31323 raft_consensus.cc:385] T d4ea5a5096c442719bf281cea7d67ba9 P f166bd47685d456fb6ea374d1975a0e8 [term 0 FOLLOWER]: Consensus starting up: Expiring failure detector timer to make a prompt election more likely
I20260630 12:22:21.558087 31092 leader_election.cc:304] T a42eddf0a93a4226b2e3488ef7523c48 P ded4edd596314062966259e043f17936 [CANDIDATE]: Term 1 pre-election: Election decided. Result: candidate lost. Election summary: received 3 responses out of 3 voters: 1 yes votes; 2 no votes. yes voters: ded4edd596314062966259e043f17936; no voters: 3653ebd3bfa8480881ae83a83880b82c, f166bd47685d456fb6ea374d1975a0e8
I20260630 12:22:21.558512 31323 raft_consensus.cc:740] T d4ea5a5096c442719bf281cea7d67ba9 P f166bd47685d456fb6ea374d1975a0e8 [term 0 FOLLOWER]: Becoming Follower/Learner. State: Replica: f166bd47685d456fb6ea374d1975a0e8, State: Initialized, Role: FOLLOWER
I20260630 12:22:21.560406 31275 tablet_service.cc:1917] Received RequestConsensusVote() RPC: tablet_id: "29a23cb9e97740d9bddd326c7616c48d" candidate_uuid: "ded4edd596314062966259e043f17936" candidate_term: 1 candidate_status { last_received { term: 0 index: 0 } } ignore_live_leader: false dest_uuid: "3653ebd3bfa8480881ae83a83880b82c" is_pre_election: true
I20260630 12:22:21.561898 31275 raft_consensus.cc:2468] T 29a23cb9e97740d9bddd326c7616c48d P 3653ebd3bfa8480881ae83a83880b82c [term 0 FOLLOWER]: Leader pre-election vote request: Granting yes vote for candidate ded4edd596314062966259e043f17936 in term 0.
I20260630 12:22:21.561991 31323 consensus_queue.cc:260] T d4ea5a5096c442719bf281cea7d67ba9 P f166bd47685d456fb6ea374d1975a0e8 [NON_LEADER]: Queue going to NON_LEADER mode. State: All replicated index: 0, Majority replicated index: 0, Committed index: 0, Last appended: 0.0, Last appended by leader: 0, Current term: 0, Majority size: -1, State: 0, Mode: NON_LEADER, active raft config: opid_index: -1 OBSOLETE_local: false peers { permanent_uuid: "ded4edd596314062966259e043f17936" member_type: VOTER last_known_addr { host: "127.26.9.129" port: 42711 } } peers { permanent_uuid: "f166bd47685d456fb6ea374d1975a0e8" member_type: VOTER last_known_addr { host: "127.26.9.130" port: 38025 } } peers { permanent_uuid: "3653ebd3bfa8480881ae83a83880b82c" member_type: VOTER last_known_addr { host: "127.26.9.131" port: 41649 } }
I20260630 12:22:21.563819 31092 leader_election.cc:304] T 29a23cb9e97740d9bddd326c7616c48d P ded4edd596314062966259e043f17936 [CANDIDATE]: Term 1 pre-election: Election decided. Result: candidate won. Election summary: received 2 responses out of 3 voters: 2 yes votes; 0 no votes. yes voters: 3653ebd3bfa8480881ae83a83880b82c, ded4edd596314062966259e043f17936; no voters: 
I20260630 12:22:21.563757 31025 catalog_manager.cc:5697] T 61fa1bb9ed0d42e1b97c0a40c66cc07d P 3653ebd3bfa8480881ae83a83880b82c reported cstate change: term changed from 0 to 1, leader changed from <none> to 3653ebd3bfa8480881ae83a83880b82c (127.26.9.131). New cstate: current_term: 1 leader_uuid: "3653ebd3bfa8480881ae83a83880b82c" committed_config { opid_index: -1 OBSOLETE_local: false peers { permanent_uuid: "ded4edd596314062966259e043f17936" member_type: VOTER last_known_addr { host: "127.26.9.129" port: 42711 } health_report { overall_health: UNKNOWN } } peers { permanent_uuid: "f166bd47685d456fb6ea374d1975a0e8" member_type: VOTER last_known_addr { host: "127.26.9.130" port: 38025 } health_report { overall_health: UNKNOWN } } peers { permanent_uuid: "3653ebd3bfa8480881ae83a83880b82c" member_type: VOTER last_known_addr { host: "127.26.9.131" port: 41649 } health_report { overall_health: HEALTHY } } }
I20260630 12:22:21.565420 31368 raft_consensus.cc:2804] T 29a23cb9e97740d9bddd326c7616c48d P ded4edd596314062966259e043f17936 [term 0 FOLLOWER]: Leader pre-election won for term 1
I20260630 12:22:21.565872 31368 raft_consensus.cc:493] T 29a23cb9e97740d9bddd326c7616c48d P ded4edd596314062966259e043f17936 [term 0 FOLLOWER]: Starting leader election (no leader contacted us within the election timeout)
I20260630 12:22:21.566512 31368 raft_consensus.cc:3060] T 29a23cb9e97740d9bddd326c7616c48d P ded4edd596314062966259e043f17936 [term 0 FOLLOWER]: Advancing to term 1
I20260630 12:22:21.566506 31202 raft_consensus.cc:2468] T 61fa1bb9ed0d42e1b97c0a40c66cc07d P f166bd47685d456fb6ea374d1975a0e8 [term 1 FOLLOWER]: Leader election vote request: Granting yes vote for candidate 3653ebd3bfa8480881ae83a83880b82c in term 1.
I20260630 12:22:21.565872 31323 ts_tablet_manager.cc:1434] T d4ea5a5096c442719bf281cea7d67ba9 P f166bd47685d456fb6ea374d1975a0e8: Time spent starting tablet: real 0.022s	user 0.008s	sys 0.000s
I20260630 12:22:21.569424 31323 tablet_bootstrap.cc:492] T 2a9ca160aa6c4c2eafed8802062e7b13 P f166bd47685d456fb6ea374d1975a0e8: Bootstrap starting.
I20260630 12:22:21.572434 31370 raft_consensus.cc:697] T 85806a982e8c4e9d941eba210316d9a9 P ded4edd596314062966259e043f17936 [term 1 LEADER]: Becoming Leader. State: Replica: ded4edd596314062966259e043f17936, State: Running, Role: LEADER
I20260630 12:22:21.573464 31370 consensus_queue.cc:237] T 85806a982e8c4e9d941eba210316d9a9 P ded4edd596314062966259e043f17936 [LEADER]: Queue going to LEADER mode. State: All replicated index: 0, Majority replicated index: 0, Committed index: 0, Last appended: 0.0, Last appended by leader: 0, Current term: 1, Majority size: 2, State: 0, Mode: LEADER, active raft config: opid_index: -1 OBSOLETE_local: false peers { permanent_uuid: "ded4edd596314062966259e043f17936" member_type: VOTER last_known_addr { host: "127.26.9.129" port: 42711 } } peers { permanent_uuid: "f166bd47685d456fb6ea374d1975a0e8" member_type: VOTER last_known_addr { host: "127.26.9.130" port: 38025 } } peers { permanent_uuid: "3653ebd3bfa8480881ae83a83880b82c" member_type: VOTER last_known_addr { host: "127.26.9.131" port: 41649 } }
I20260630 12:22:21.574841 31321 tablet_bootstrap.cc:492] T d4ea5a5096c442719bf281cea7d67ba9 P 3653ebd3bfa8480881ae83a83880b82c: No bootstrap required, opened a new log
I20260630 12:22:21.575445 31321 ts_tablet_manager.cc:1403] T d4ea5a5096c442719bf281cea7d67ba9 P 3653ebd3bfa8480881ae83a83880b82c: Time spent bootstrapping tablet: real 0.180s	user 0.012s	sys 0.052s
I20260630 12:22:21.579150 31323 tablet_bootstrap.cc:654] T 2a9ca160aa6c4c2eafed8802062e7b13 P f166bd47685d456fb6ea374d1975a0e8: Neither blocks nor log segments found. Creating new log.
I20260630 12:22:21.579450 31321 raft_consensus.cc:359] T d4ea5a5096c442719bf281cea7d67ba9 P 3653ebd3bfa8480881ae83a83880b82c [term 0 FOLLOWER]: Replica starting. Triggering 0 pending ops. Active config: opid_index: -1 OBSOLETE_local: false peers { permanent_uuid: "ded4edd596314062966259e043f17936" member_type: VOTER last_known_addr { host: "127.26.9.129" port: 42711 } } peers { permanent_uuid: "f166bd47685d456fb6ea374d1975a0e8" member_type: VOTER last_known_addr { host: "127.26.9.130" port: 38025 } } peers { permanent_uuid: "3653ebd3bfa8480881ae83a83880b82c" member_type: VOTER last_known_addr { host: "127.26.9.131" port: 41649 } }
I20260630 12:22:21.584738 31321 raft_consensus.cc:385] T d4ea5a5096c442719bf281cea7d67ba9 P 3653ebd3bfa8480881ae83a83880b82c [term 0 FOLLOWER]: Consensus starting up: Expiring failure detector timer to make a prompt election more likely
I20260630 12:22:21.585134 31321 raft_consensus.cc:740] T d4ea5a5096c442719bf281cea7d67ba9 P 3653ebd3bfa8480881ae83a83880b82c [term 0 FOLLOWER]: Becoming Follower/Learner. State: Replica: 3653ebd3bfa8480881ae83a83880b82c, State: Initialized, Role: FOLLOWER
I20260630 12:22:21.571832 31332 raft_consensus.cc:3060] T a42eddf0a93a4226b2e3488ef7523c48 P ded4edd596314062966259e043f17936 [term 0 FOLLOWER]: Advancing to term 1
I20260630 12:22:21.582350 31356 raft_consensus.cc:515] T 29a23cb9e97740d9bddd326c7616c48d P f166bd47685d456fb6ea374d1975a0e8 [term 1 FOLLOWER]: Starting leader election with config: opid_index: -1 OBSOLETE_local: false peers { permanent_uuid: "ded4edd596314062966259e043f17936" member_type: VOTER last_known_addr { host: "127.26.9.129" port: 42711 } } peers { permanent_uuid: "f166bd47685d456fb6ea374d1975a0e8" member_type: VOTER last_known_addr { host: "127.26.9.130" port: 38025 } } peers { permanent_uuid: "3653ebd3bfa8480881ae83a83880b82c" member_type: VOTER last_known_addr { host: "127.26.9.131" port: 41649 } }
I20260630 12:22:21.591539 31201 raft_consensus.cc:2468] T 85806a982e8c4e9d941eba210316d9a9 P f166bd47685d456fb6ea374d1975a0e8 [term 1 FOLLOWER]: Leader election vote request: Granting yes vote for candidate ded4edd596314062966259e043f17936 in term 1.
I20260630 12:22:21.593959 31356 leader_election.cc:290] T 29a23cb9e97740d9bddd326c7616c48d P f166bd47685d456fb6ea374d1975a0e8 [CANDIDATE]: Term 1 election: Requested vote from peers ded4edd596314062966259e043f17936 (127.26.9.129:42711), 3653ebd3bfa8480881ae83a83880b82c (127.26.9.131:41649)
I20260630 12:22:21.595753 31126 tablet_service.cc:1917] Received RequestConsensusVote() RPC: tablet_id: "29a23cb9e97740d9bddd326c7616c48d" candidate_uuid: "f166bd47685d456fb6ea374d1975a0e8" candidate_term: 1 candidate_status { last_received { term: 0 index: 0 } } ignore_live_leader: false dest_uuid: "ded4edd596314062966259e043f17936"
I20260630 12:22:21.597146 31200 raft_consensus.cc:2393] T 29a23cb9e97740d9bddd326c7616c48d P f166bd47685d456fb6ea374d1975a0e8 [term 1 FOLLOWER]: Leader pre-election vote request: Denying vote to candidate ded4edd596314062966259e043f17936 in current term 1: Already voted for candidate f166bd47685d456fb6ea374d1975a0e8 in this term.
I20260630 12:22:21.597657 31275 tablet_service.cc:1917] Received RequestConsensusVote() RPC: tablet_id: "29a23cb9e97740d9bddd326c7616c48d" candidate_uuid: "f166bd47685d456fb6ea374d1975a0e8" candidate_term: 1 candidate_status { last_received { term: 0 index: 0 } } ignore_live_leader: false dest_uuid: "3653ebd3bfa8480881ae83a83880b82c"
I20260630 12:22:21.598312 31275 raft_consensus.cc:3060] T 29a23cb9e97740d9bddd326c7616c48d P 3653ebd3bfa8480881ae83a83880b82c [term 0 FOLLOWER]: Advancing to term 1
I20260630 12:22:21.603840 31332 raft_consensus.cc:2749] T a42eddf0a93a4226b2e3488ef7523c48 P ded4edd596314062966259e043f17936 [term 1 FOLLOWER]: Leader pre-election lost for term 1. Reason: could not achieve majority
I20260630 12:22:21.594261 31321 consensus_queue.cc:260] T d4ea5a5096c442719bf281cea7d67ba9 P 3653ebd3bfa8480881ae83a83880b82c [NON_LEADER]: Queue going to NON_LEADER mode. State: All replicated index: 0, Majority replicated index: 0, Committed index: 0, Last appended: 0.0, Last appended by leader: 0, Current term: 0, Majority size: -1, State: 0, Mode: NON_LEADER, active raft config: opid_index: -1 OBSOLETE_local: false peers { permanent_uuid: "ded4edd596314062966259e043f17936" member_type: VOTER last_known_addr { host: "127.26.9.129" port: 42711 } } peers { permanent_uuid: "f166bd47685d456fb6ea374d1975a0e8" member_type: VOTER last_known_addr { host: "127.26.9.130" port: 38025 } } peers { permanent_uuid: "3653ebd3bfa8480881ae83a83880b82c" member_type: VOTER last_known_addr { host: "127.26.9.131" port: 41649 } }
I20260630 12:22:21.621557 31275 raft_consensus.cc:2468] T 29a23cb9e97740d9bddd326c7616c48d P 3653ebd3bfa8480881ae83a83880b82c [term 1 FOLLOWER]: Leader election vote request: Granting yes vote for candidate f166bd47685d456fb6ea374d1975a0e8 in term 1.
I20260630 12:22:21.626374 31356 raft_consensus.cc:493] T d4ea5a5096c442719bf281cea7d67ba9 P f166bd47685d456fb6ea374d1975a0e8 [term 0 FOLLOWER]: Starting pre-election (no leader contacted us within the election timeout)
I20260630 12:22:21.631214 31324 tablet_bootstrap.cc:492] T d4ea5a5096c442719bf281cea7d67ba9 P ded4edd596314062966259e043f17936: No bootstrap required, opened a new log
I20260630 12:22:21.632004 31324 ts_tablet_manager.cc:1403] T d4ea5a5096c442719bf281cea7d67ba9 P ded4edd596314062966259e043f17936: Time spent bootstrapping tablet: real 0.129s	user 0.037s	sys 0.019s
I20260630 12:22:21.631697 31356 raft_consensus.cc:515] T d4ea5a5096c442719bf281cea7d67ba9 P f166bd47685d456fb6ea374d1975a0e8 [term 0 FOLLOWER]: Starting pre-election with config: opid_index: -1 OBSOLETE_local: false peers { permanent_uuid: "ded4edd596314062966259e043f17936" member_type: VOTER last_known_addr { host: "127.26.9.129" port: 42711 } } peers { permanent_uuid: "f166bd47685d456fb6ea374d1975a0e8" member_type: VOTER last_known_addr { host: "127.26.9.130" port: 38025 } } peers { permanent_uuid: "3653ebd3bfa8480881ae83a83880b82c" member_type: VOTER last_known_addr { host: "127.26.9.131" port: 41649 } }
I20260630 12:22:21.637526 31321 ts_tablet_manager.cc:1434] T d4ea5a5096c442719bf281cea7d67ba9 P 3653ebd3bfa8480881ae83a83880b82c: Time spent starting tablet: real 0.062s	user 0.008s	sys 0.000s
I20260630 12:22:21.642334 31356 leader_election.cc:290] T d4ea5a5096c442719bf281cea7d67ba9 P f166bd47685d456fb6ea374d1975a0e8 [CANDIDATE]: Term 1 pre-election: Requested pre-vote from peers ded4edd596314062966259e043f17936 (127.26.9.129:42711), 3653ebd3bfa8480881ae83a83880b82c (127.26.9.131:41649)
I20260630 12:22:21.639554 31321 tablet_bootstrap.cc:492] T 2a9ca160aa6c4c2eafed8802062e7b13 P 3653ebd3bfa8480881ae83a83880b82c: Bootstrap starting.
I20260630 12:22:21.651342 31167 leader_election.cc:304] T 29a23cb9e97740d9bddd326c7616c48d P f166bd47685d456fb6ea374d1975a0e8 [CANDIDATE]: Term 1 election: Election decided. Result: candidate won. Election summary: received 2 responses out of 3 voters: 2 yes votes; 0 no votes. yes voters: 3653ebd3bfa8480881ae83a83880b82c, f166bd47685d456fb6ea374d1975a0e8; no voters: 
I20260630 12:22:21.652119 31356 raft_consensus.cc:2804] T 29a23cb9e97740d9bddd326c7616c48d P f166bd47685d456fb6ea374d1975a0e8 [term 1 FOLLOWER]: Leader election won for term 1
I20260630 12:22:21.648797 31125 tablet_service.cc:1917] Received RequestConsensusVote() RPC: tablet_id: "d4ea5a5096c442719bf281cea7d67ba9" candidate_uuid: "f166bd47685d456fb6ea374d1975a0e8" candidate_term: 1 candidate_status { last_received { term: 0 index: 0 } } ignore_live_leader: false dest_uuid: "ded4edd596314062966259e043f17936" is_pre_election: true
I20260630 12:22:21.652688 31356 raft_consensus.cc:697] T 29a23cb9e97740d9bddd326c7616c48d P f166bd47685d456fb6ea374d1975a0e8 [term 1 LEADER]: Becoming Leader. State: Replica: f166bd47685d456fb6ea374d1975a0e8, State: Running, Role: LEADER
I20260630 12:22:21.653970 31275 tablet_service.cc:1917] Received RequestConsensusVote() RPC: tablet_id: "d4ea5a5096c442719bf281cea7d67ba9" candidate_uuid: "f166bd47685d456fb6ea374d1975a0e8" candidate_term: 1 candidate_status { last_received { term: 0 index: 0 } } ignore_live_leader: false dest_uuid: "3653ebd3bfa8480881ae83a83880b82c" is_pre_election: true
I20260630 12:22:21.660862 31275 raft_consensus.cc:2468] T d4ea5a5096c442719bf281cea7d67ba9 P 3653ebd3bfa8480881ae83a83880b82c [term 0 FOLLOWER]: Leader pre-election vote request: Granting yes vote for candidate f166bd47685d456fb6ea374d1975a0e8 in term 0.
I20260630 12:22:21.661218 31356 consensus_queue.cc:237] T 29a23cb9e97740d9bddd326c7616c48d P f166bd47685d456fb6ea374d1975a0e8 [LEADER]: Queue going to LEADER mode. State: All replicated index: 0, Majority replicated index: 0, Committed index: 0, Last appended: 0.0, Last appended by leader: 0, Current term: 1, Majority size: 2, State: 0, Mode: LEADER, active raft config: opid_index: -1 OBSOLETE_local: false peers { permanent_uuid: "ded4edd596314062966259e043f17936" member_type: VOTER last_known_addr { host: "127.26.9.129" port: 42711 } } peers { permanent_uuid: "f166bd47685d456fb6ea374d1975a0e8" member_type: VOTER last_known_addr { host: "127.26.9.130" port: 38025 } } peers { permanent_uuid: "3653ebd3bfa8480881ae83a83880b82c" member_type: VOTER last_known_addr { host: "127.26.9.131" port: 41649 } }
I20260630 12:22:21.661674 31324 raft_consensus.cc:359] T d4ea5a5096c442719bf281cea7d67ba9 P ded4edd596314062966259e043f17936 [term 0 FOLLOWER]: Replica starting. Triggering 0 pending ops. Active config: opid_index: -1 OBSOLETE_local: false peers { permanent_uuid: "ded4edd596314062966259e043f17936" member_type: VOTER last_known_addr { host: "127.26.9.129" port: 42711 } } peers { permanent_uuid: "f166bd47685d456fb6ea374d1975a0e8" member_type: VOTER last_known_addr { host: "127.26.9.130" port: 38025 } } peers { permanent_uuid: "3653ebd3bfa8480881ae83a83880b82c" member_type: VOTER last_known_addr { host: "127.26.9.131" port: 41649 } }
I20260630 12:22:21.663749 31324 raft_consensus.cc:385] T d4ea5a5096c442719bf281cea7d67ba9 P ded4edd596314062966259e043f17936 [term 0 FOLLOWER]: Consensus starting up: Expiring failure detector timer to make a prompt election more likely
I20260630 12:22:21.664120 31324 raft_consensus.cc:740] T d4ea5a5096c442719bf281cea7d67ba9 P ded4edd596314062966259e043f17936 [term 0 FOLLOWER]: Becoming Follower/Learner. State: Replica: ded4edd596314062966259e043f17936, State: Initialized, Role: FOLLOWER
I20260630 12:22:21.666908 31323 tablet_bootstrap.cc:492] T 2a9ca160aa6c4c2eafed8802062e7b13 P f166bd47685d456fb6ea374d1975a0e8: No bootstrap required, opened a new log
I20260630 12:22:21.661561 31368 raft_consensus.cc:515] T 29a23cb9e97740d9bddd326c7616c48d P ded4edd596314062966259e043f17936 [term 1 FOLLOWER]: Starting leader election with config: opid_index: -1 OBSOLETE_local: false peers { permanent_uuid: "ded4edd596314062966259e043f17936" member_type: VOTER last_known_addr { host: "127.26.9.129" port: 42711 } } peers { permanent_uuid: "f166bd47685d456fb6ea374d1975a0e8" member_type: VOTER last_known_addr { host: "127.26.9.130" port: 38025 } } peers { permanent_uuid: "3653ebd3bfa8480881ae83a83880b82c" member_type: VOTER last_known_addr { host: "127.26.9.131" port: 41649 } }
W20260630 12:22:21.661386 31165 leader_election.cc:343] T d4ea5a5096c442719bf281cea7d67ba9 P f166bd47685d456fb6ea374d1975a0e8 [CANDIDATE]: Term 1 pre-election: Tablet error from VoteRequest() call to peer ded4edd596314062966259e043f17936 (127.26.9.129:42711): Illegal state: must be running to vote when last-logged opid is not known
I20260630 12:22:21.668702 31126 raft_consensus.cc:2393] T 29a23cb9e97740d9bddd326c7616c48d P ded4edd596314062966259e043f17936 [term 1 FOLLOWER]: Leader election vote request: Denying vote to candidate f166bd47685d456fb6ea374d1975a0e8 in current term 1: Already voted for candidate ded4edd596314062966259e043f17936 in this term.
I20260630 12:22:21.668457 31167 leader_election.cc:304] T d4ea5a5096c442719bf281cea7d67ba9 P f166bd47685d456fb6ea374d1975a0e8 [CANDIDATE]: Term 1 pre-election: Election decided. Result: candidate won. Election summary: received 3 responses out of 3 voters: 2 yes votes; 1 no votes. yes voters: 3653ebd3bfa8480881ae83a83880b82c, f166bd47685d456fb6ea374d1975a0e8; no voters: ded4edd596314062966259e043f17936
I20260630 12:22:21.670008 31356 raft_consensus.cc:2804] T d4ea5a5096c442719bf281cea7d67ba9 P f166bd47685d456fb6ea374d1975a0e8 [term 0 FOLLOWER]: Leader pre-election won for term 1
I20260630 12:22:21.670408 31356 raft_consensus.cc:493] T d4ea5a5096c442719bf281cea7d67ba9 P f166bd47685d456fb6ea374d1975a0e8 [term 0 FOLLOWER]: Starting leader election (no leader contacted us within the election timeout)
I20260630 12:22:21.671437 31356 raft_consensus.cc:3060] T d4ea5a5096c442719bf281cea7d67ba9 P f166bd47685d456fb6ea374d1975a0e8 [term 0 FOLLOWER]: Advancing to term 1
I20260630 12:22:21.673276 31275 tablet_service.cc:1917] Received RequestConsensusVote() RPC: tablet_id: "29a23cb9e97740d9bddd326c7616c48d" candidate_uuid: "ded4edd596314062966259e043f17936" candidate_term: 1 candidate_status { last_received { term: 0 index: 0 } } ignore_live_leader: false dest_uuid: "3653ebd3bfa8480881ae83a83880b82c"
I20260630 12:22:21.674100 31275 raft_consensus.cc:2393] T 29a23cb9e97740d9bddd326c7616c48d P 3653ebd3bfa8480881ae83a83880b82c [term 1 FOLLOWER]: Leader election vote request: Denying vote to candidate ded4edd596314062966259e043f17936 in current term 1: Already voted for candidate f166bd47685d456fb6ea374d1975a0e8 in this term.
I20260630 12:22:21.674737 31200 tablet_service.cc:1917] Received RequestConsensusVote() RPC: tablet_id: "29a23cb9e97740d9bddd326c7616c48d" candidate_uuid: "ded4edd596314062966259e043f17936" candidate_term: 1 candidate_status { last_received { term: 0 index: 0 } } ignore_live_leader: false dest_uuid: "f166bd47685d456fb6ea374d1975a0e8"
I20260630 12:22:21.675724 31368 leader_election.cc:290] T 29a23cb9e97740d9bddd326c7616c48d P ded4edd596314062966259e043f17936 [CANDIDATE]: Term 1 election: Requested vote from peers f166bd47685d456fb6ea374d1975a0e8 (127.26.9.130:38025), 3653ebd3bfa8480881ae83a83880b82c (127.26.9.131:41649)
I20260630 12:22:21.667415 31323 ts_tablet_manager.cc:1403] T 2a9ca160aa6c4c2eafed8802062e7b13 P f166bd47685d456fb6ea374d1975a0e8: Time spent bootstrapping tablet: real 0.098s	user 0.023s	sys 0.026s
I20260630 12:22:21.676277 31091 leader_election.cc:304] T 29a23cb9e97740d9bddd326c7616c48d P ded4edd596314062966259e043f17936 [CANDIDATE]: Term 1 election: Election decided. Result: candidate lost. Election summary: received 3 responses out of 3 voters: 1 yes votes; 2 no votes. yes voters: ded4edd596314062966259e043f17936; no voters: 3653ebd3bfa8480881ae83a83880b82c, f166bd47685d456fb6ea374d1975a0e8
I20260630 12:22:21.679435 31323 raft_consensus.cc:359] T 2a9ca160aa6c4c2eafed8802062e7b13 P f166bd47685d456fb6ea374d1975a0e8 [term 0 FOLLOWER]: Replica starting. Triggering 0 pending ops. Active config: opid_index: -1 OBSOLETE_local: false peers { permanent_uuid: "ded4edd596314062966259e043f17936" member_type: VOTER last_known_addr { host: "127.26.9.129" port: 42711 } } peers { permanent_uuid: "f166bd47685d456fb6ea374d1975a0e8" member_type: VOTER last_known_addr { host: "127.26.9.130" port: 38025 } } peers { permanent_uuid: "3653ebd3bfa8480881ae83a83880b82c" member_type: VOTER last_known_addr { host: "127.26.9.131" port: 41649 } }
I20260630 12:22:21.680259 31323 raft_consensus.cc:385] T 2a9ca160aa6c4c2eafed8802062e7b13 P f166bd47685d456fb6ea374d1975a0e8 [term 0 FOLLOWER]: Consensus starting up: Expiring failure detector timer to make a prompt election more likely
I20260630 12:22:21.680611 31323 raft_consensus.cc:740] T 2a9ca160aa6c4c2eafed8802062e7b13 P f166bd47685d456fb6ea374d1975a0e8 [term 0 FOLLOWER]: Becoming Follower/Learner. State: Replica: f166bd47685d456fb6ea374d1975a0e8, State: Initialized, Role: FOLLOWER
I20260630 12:22:21.681429 31323 consensus_queue.cc:260] T 2a9ca160aa6c4c2eafed8802062e7b13 P f166bd47685d456fb6ea374d1975a0e8 [NON_LEADER]: Queue going to NON_LEADER mode. State: All replicated index: 0, Majority replicated index: 0, Committed index: 0, Last appended: 0.0, Last appended by leader: 0, Current term: 0, Majority size: -1, State: 0, Mode: NON_LEADER, active raft config: opid_index: -1 OBSOLETE_local: false peers { permanent_uuid: "ded4edd596314062966259e043f17936" member_type: VOTER last_known_addr { host: "127.26.9.129" port: 42711 } } peers { permanent_uuid: "f166bd47685d456fb6ea374d1975a0e8" member_type: VOTER last_known_addr { host: "127.26.9.130" port: 38025 } } peers { permanent_uuid: "3653ebd3bfa8480881ae83a83880b82c" member_type: VOTER last_known_addr { host: "127.26.9.131" port: 41649 } }
I20260630 12:22:21.681849 31368 raft_consensus.cc:2749] T 29a23cb9e97740d9bddd326c7616c48d P ded4edd596314062966259e043f17936 [term 1 FOLLOWER]: Leader election lost for term 1. Reason: could not achieve majority
I20260630 12:22:21.683830 31323 ts_tablet_manager.cc:1434] T 2a9ca160aa6c4c2eafed8802062e7b13 P f166bd47685d456fb6ea374d1975a0e8: Time spent starting tablet: real 0.007s	user 0.006s	sys 0.000s
I20260630 12:22:21.684896 31323 tablet_bootstrap.cc:492] T 44e02c894fee4017930fb077f10fe87d P f166bd47685d456fb6ea374d1975a0e8: Bootstrap starting.
I20260630 12:22:21.685410 31356 raft_consensus.cc:515] T d4ea5a5096c442719bf281cea7d67ba9 P f166bd47685d456fb6ea374d1975a0e8 [term 1 FOLLOWER]: Starting leader election with config: opid_index: -1 OBSOLETE_local: false peers { permanent_uuid: "ded4edd596314062966259e043f17936" member_type: VOTER last_known_addr { host: "127.26.9.129" port: 42711 } } peers { permanent_uuid: "f166bd47685d456fb6ea374d1975a0e8" member_type: VOTER last_known_addr { host: "127.26.9.130" port: 38025 } } peers { permanent_uuid: "3653ebd3bfa8480881ae83a83880b82c" member_type: VOTER last_known_addr { host: "127.26.9.131" port: 41649 } }
I20260630 12:22:21.688661 31127 tablet_service.cc:1917] Received RequestConsensusVote() RPC: tablet_id: "d4ea5a5096c442719bf281cea7d67ba9" candidate_uuid: "f166bd47685d456fb6ea374d1975a0e8" candidate_term: 1 candidate_status { last_received { term: 0 index: 0 } } ignore_live_leader: false dest_uuid: "ded4edd596314062966259e043f17936"
I20260630 12:22:21.667395 31321 tablet_bootstrap.cc:654] T 2a9ca160aa6c4c2eafed8802062e7b13 P 3653ebd3bfa8480881ae83a83880b82c: Neither blocks nor log segments found. Creating new log.
I20260630 12:22:21.691140 31323 tablet_bootstrap.cc:654] T 44e02c894fee4017930fb077f10fe87d P f166bd47685d456fb6ea374d1975a0e8: Neither blocks nor log segments found. Creating new log.
I20260630 12:22:21.691038 31275 tablet_service.cc:1917] Received RequestConsensusVote() RPC: tablet_id: "d4ea5a5096c442719bf281cea7d67ba9" candidate_uuid: "f166bd47685d456fb6ea374d1975a0e8" candidate_term: 1 candidate_status { last_received { term: 0 index: 0 } } ignore_live_leader: false dest_uuid: "3653ebd3bfa8480881ae83a83880b82c"
I20260630 12:22:21.691768 31275 raft_consensus.cc:3060] T d4ea5a5096c442719bf281cea7d67ba9 P 3653ebd3bfa8480881ae83a83880b82c [term 0 FOLLOWER]: Advancing to term 1
I20260630 12:22:21.700462 31023 catalog_manager.cc:5697] T 85806a982e8c4e9d941eba210316d9a9 P ded4edd596314062966259e043f17936 reported cstate change: term changed from 0 to 1, leader changed from <none> to ded4edd596314062966259e043f17936 (127.26.9.129). New cstate: current_term: 1 leader_uuid: "ded4edd596314062966259e043f17936" committed_config { opid_index: -1 OBSOLETE_local: false peers { permanent_uuid: "ded4edd596314062966259e043f17936" member_type: VOTER last_known_addr { host: "127.26.9.129" port: 42711 } health_report { overall_health: HEALTHY } } peers { permanent_uuid: "f166bd47685d456fb6ea374d1975a0e8" member_type: VOTER last_known_addr { host: "127.26.9.130" port: 38025 } health_report { overall_health: UNKNOWN } } peers { permanent_uuid: "3653ebd3bfa8480881ae83a83880b82c" member_type: VOTER last_known_addr { host: "127.26.9.131" port: 41649 } health_report { overall_health: UNKNOWN } } }
I20260630 12:22:21.702291 31356 leader_election.cc:290] T d4ea5a5096c442719bf281cea7d67ba9 P f166bd47685d456fb6ea374d1975a0e8 [CANDIDATE]: Term 1 election: Requested vote from peers ded4edd596314062966259e043f17936 (127.26.9.129:42711), 3653ebd3bfa8480881ae83a83880b82c (127.26.9.131:41649)
I20260630 12:22:21.703413 31275 raft_consensus.cc:2468] T d4ea5a5096c442719bf281cea7d67ba9 P 3653ebd3bfa8480881ae83a83880b82c [term 1 FOLLOWER]: Leader election vote request: Granting yes vote for candidate f166bd47685d456fb6ea374d1975a0e8 in term 1.
I20260630 12:22:21.693228 31025 catalog_manager.cc:5697] T 29a23cb9e97740d9bddd326c7616c48d P f166bd47685d456fb6ea374d1975a0e8 reported cstate change: term changed from 0 to 1, leader changed from <none> to f166bd47685d456fb6ea374d1975a0e8 (127.26.9.130). New cstate: current_term: 1 leader_uuid: "f166bd47685d456fb6ea374d1975a0e8" committed_config { opid_index: -1 OBSOLETE_local: false peers { permanent_uuid: "ded4edd596314062966259e043f17936" member_type: VOTER last_known_addr { host: "127.26.9.129" port: 42711 } health_report { overall_health: UNKNOWN } } peers { permanent_uuid: "f166bd47685d456fb6ea374d1975a0e8" member_type: VOTER last_known_addr { host: "127.26.9.130" port: 38025 } health_report { overall_health: HEALTHY } } peers { permanent_uuid: "3653ebd3bfa8480881ae83a83880b82c" member_type: VOTER last_known_addr { host: "127.26.9.131" port: 41649 } health_report { overall_health: UNKNOWN } } }
I20260630 12:22:21.705163 31167 leader_election.cc:304] T d4ea5a5096c442719bf281cea7d67ba9 P f166bd47685d456fb6ea374d1975a0e8 [CANDIDATE]: Term 1 election: Election decided. Result: candidate won. Election summary: received 2 responses out of 3 voters: 2 yes votes; 0 no votes. yes voters: 3653ebd3bfa8480881ae83a83880b82c, f166bd47685d456fb6ea374d1975a0e8; no voters: 
I20260630 12:22:21.706687 31356 raft_consensus.cc:2804] T d4ea5a5096c442719bf281cea7d67ba9 P f166bd47685d456fb6ea374d1975a0e8 [term 1 FOLLOWER]: Leader election won for term 1
I20260630 12:22:21.707629 31356 raft_consensus.cc:697] T d4ea5a5096c442719bf281cea7d67ba9 P f166bd47685d456fb6ea374d1975a0e8 [term 1 LEADER]: Becoming Leader. State: Replica: f166bd47685d456fb6ea374d1975a0e8, State: Running, Role: LEADER
I20260630 12:22:21.708953 31356 consensus_queue.cc:237] T d4ea5a5096c442719bf281cea7d67ba9 P f166bd47685d456fb6ea374d1975a0e8 [LEADER]: Queue going to LEADER mode. State: All replicated index: 0, Majority replicated index: 0, Committed index: 0, Last appended: 0.0, Last appended by leader: 0, Current term: 1, Majority size: 2, State: 0, Mode: LEADER, active raft config: opid_index: -1 OBSOLETE_local: false peers { permanent_uuid: "ded4edd596314062966259e043f17936" member_type: VOTER last_known_addr { host: "127.26.9.129" port: 42711 } } peers { permanent_uuid: "f166bd47685d456fb6ea374d1975a0e8" member_type: VOTER last_known_addr { host: "127.26.9.130" port: 38025 } } peers { permanent_uuid: "3653ebd3bfa8480881ae83a83880b82c" member_type: VOTER last_known_addr { host: "127.26.9.131" port: 41649 } }
I20260630 12:22:21.711251 31324 consensus_queue.cc:260] T d4ea5a5096c442719bf281cea7d67ba9 P ded4edd596314062966259e043f17936 [NON_LEADER]: Queue going to NON_LEADER mode. State: All replicated index: 0, Majority replicated index: 0, Committed index: 0, Last appended: 0.0, Last appended by leader: 0, Current term: 0, Majority size: -1, State: 0, Mode: NON_LEADER, active raft config: opid_index: -1 OBSOLETE_local: false peers { permanent_uuid: "ded4edd596314062966259e043f17936" member_type: VOTER last_known_addr { host: "127.26.9.129" port: 42711 } } peers { permanent_uuid: "f166bd47685d456fb6ea374d1975a0e8" member_type: VOTER last_known_addr { host: "127.26.9.130" port: 38025 } } peers { permanent_uuid: "3653ebd3bfa8480881ae83a83880b82c" member_type: VOTER last_known_addr { host: "127.26.9.131" port: 41649 } }
I20260630 12:22:21.712307 31127 raft_consensus.cc:3060] T d4ea5a5096c442719bf281cea7d67ba9 P ded4edd596314062966259e043f17936 [term 0 FOLLOWER]: Advancing to term 1
I20260630 12:22:21.713802 31324 ts_tablet_manager.cc:1434] T d4ea5a5096c442719bf281cea7d67ba9 P ded4edd596314062966259e043f17936: Time spent starting tablet: real 0.078s	user 0.003s	sys 0.007s
I20260630 12:22:21.714879 31324 tablet_bootstrap.cc:492] T 44e02c894fee4017930fb077f10fe87d P ded4edd596314062966259e043f17936: Bootstrap starting.
I20260630 12:22:21.720510 31324 tablet_bootstrap.cc:654] T 44e02c894fee4017930fb077f10fe87d P ded4edd596314062966259e043f17936: Neither blocks nor log segments found. Creating new log.
I20260630 12:22:21.726223 31321 tablet_bootstrap.cc:492] T 2a9ca160aa6c4c2eafed8802062e7b13 P 3653ebd3bfa8480881ae83a83880b82c: No bootstrap required, opened a new log
I20260630 12:22:21.726939 31321 ts_tablet_manager.cc:1403] T 2a9ca160aa6c4c2eafed8802062e7b13 P 3653ebd3bfa8480881ae83a83880b82c: Time spent bootstrapping tablet: real 0.088s	user 0.016s	sys 0.012s
I20260630 12:22:21.733289 31127 raft_consensus.cc:2468] T d4ea5a5096c442719bf281cea7d67ba9 P ded4edd596314062966259e043f17936 [term 1 FOLLOWER]: Leader election vote request: Granting yes vote for candidate f166bd47685d456fb6ea374d1975a0e8 in term 1.
I20260630 12:22:21.735342 31323 tablet_bootstrap.cc:492] T 44e02c894fee4017930fb077f10fe87d P f166bd47685d456fb6ea374d1975a0e8: No bootstrap required, opened a new log
I20260630 12:22:21.738740 31323 ts_tablet_manager.cc:1403] T 44e02c894fee4017930fb077f10fe87d P f166bd47685d456fb6ea374d1975a0e8: Time spent bootstrapping tablet: real 0.054s	user 0.029s	sys 0.020s
I20260630 12:22:21.740545 31321 raft_consensus.cc:359] T 2a9ca160aa6c4c2eafed8802062e7b13 P 3653ebd3bfa8480881ae83a83880b82c [term 0 FOLLOWER]: Replica starting. Triggering 0 pending ops. Active config: opid_index: -1 OBSOLETE_local: false peers { permanent_uuid: "ded4edd596314062966259e043f17936" member_type: VOTER last_known_addr { host: "127.26.9.129" port: 42711 } } peers { permanent_uuid: "f166bd47685d456fb6ea374d1975a0e8" member_type: VOTER last_known_addr { host: "127.26.9.130" port: 38025 } } peers { permanent_uuid: "3653ebd3bfa8480881ae83a83880b82c" member_type: VOTER last_known_addr { host: "127.26.9.131" port: 41649 } }
I20260630 12:22:21.741600 31321 raft_consensus.cc:385] T 2a9ca160aa6c4c2eafed8802062e7b13 P 3653ebd3bfa8480881ae83a83880b82c [term 0 FOLLOWER]: Consensus starting up: Expiring failure detector timer to make a prompt election more likely
I20260630 12:22:21.741974 31321 raft_consensus.cc:740] T 2a9ca160aa6c4c2eafed8802062e7b13 P 3653ebd3bfa8480881ae83a83880b82c [term 0 FOLLOWER]: Becoming Follower/Learner. State: Replica: 3653ebd3bfa8480881ae83a83880b82c, State: Initialized, Role: FOLLOWER
I20260630 12:22:21.742861 31323 raft_consensus.cc:359] T 44e02c894fee4017930fb077f10fe87d P f166bd47685d456fb6ea374d1975a0e8 [term 0 FOLLOWER]: Replica starting. Triggering 0 pending ops. Active config: opid_index: -1 OBSOLETE_local: false peers { permanent_uuid: "ded4edd596314062966259e043f17936" member_type: VOTER last_known_addr { host: "127.26.9.129" port: 42711 } } peers { permanent_uuid: "f166bd47685d456fb6ea374d1975a0e8" member_type: VOTER last_known_addr { host: "127.26.9.130" port: 38025 } } peers { permanent_uuid: "3653ebd3bfa8480881ae83a83880b82c" member_type: VOTER last_known_addr { host: "127.26.9.131" port: 41649 } }
I20260630 12:22:21.743970 31323 raft_consensus.cc:385] T 44e02c894fee4017930fb077f10fe87d P f166bd47685d456fb6ea374d1975a0e8 [term 0 FOLLOWER]: Consensus starting up: Expiring failure detector timer to make a prompt election more likely
I20260630 12:22:21.744421 31323 raft_consensus.cc:740] T 44e02c894fee4017930fb077f10fe87d P f166bd47685d456fb6ea374d1975a0e8 [term 0 FOLLOWER]: Becoming Follower/Learner. State: Replica: f166bd47685d456fb6ea374d1975a0e8, State: Initialized, Role: FOLLOWER
I20260630 12:22:21.745645 31323 consensus_queue.cc:260] T 44e02c894fee4017930fb077f10fe87d P f166bd47685d456fb6ea374d1975a0e8 [NON_LEADER]: Queue going to NON_LEADER mode. State: All replicated index: 0, Majority replicated index: 0, Committed index: 0, Last appended: 0.0, Last appended by leader: 0, Current term: 0, Majority size: -1, State: 0, Mode: NON_LEADER, active raft config: opid_index: -1 OBSOLETE_local: false peers { permanent_uuid: "ded4edd596314062966259e043f17936" member_type: VOTER last_known_addr { host: "127.26.9.129" port: 42711 } } peers { permanent_uuid: "f166bd47685d456fb6ea374d1975a0e8" member_type: VOTER last_known_addr { host: "127.26.9.130" port: 38025 } } peers { permanent_uuid: "3653ebd3bfa8480881ae83a83880b82c" member_type: VOTER last_known_addr { host: "127.26.9.131" port: 41649 } }
I20260630 12:22:21.751334 31323 ts_tablet_manager.cc:1434] T 44e02c894fee4017930fb077f10fe87d P f166bd47685d456fb6ea374d1975a0e8: Time spent starting tablet: real 0.012s	user 0.008s	sys 0.000s
I20260630 12:22:21.752931 31323 tablet_bootstrap.cc:492] T b9b7d0ed4afe4ab0bc5b2318b5be1103 P f166bd47685d456fb6ea374d1975a0e8: Bootstrap starting.
I20260630 12:22:21.752933 31321 consensus_queue.cc:260] T 2a9ca160aa6c4c2eafed8802062e7b13 P 3653ebd3bfa8480881ae83a83880b82c [NON_LEADER]: Queue going to NON_LEADER mode. State: All replicated index: 0, Majority replicated index: 0, Committed index: 0, Last appended: 0.0, Last appended by leader: 0, Current term: 0, Majority size: -1, State: 0, Mode: NON_LEADER, active raft config: opid_index: -1 OBSOLETE_local: false peers { permanent_uuid: "ded4edd596314062966259e043f17936" member_type: VOTER last_known_addr { host: "127.26.9.129" port: 42711 } } peers { permanent_uuid: "f166bd47685d456fb6ea374d1975a0e8" member_type: VOTER last_known_addr { host: "127.26.9.130" port: 38025 } } peers { permanent_uuid: "3653ebd3bfa8480881ae83a83880b82c" member_type: VOTER last_known_addr { host: "127.26.9.131" port: 41649 } }
I20260630 12:22:21.756887 31321 ts_tablet_manager.cc:1434] T 2a9ca160aa6c4c2eafed8802062e7b13 P 3653ebd3bfa8480881ae83a83880b82c: Time spent starting tablet: real 0.028s	user 0.008s	sys 0.001s
I20260630 12:22:21.757998 31321 tablet_bootstrap.cc:492] T 44e02c894fee4017930fb077f10fe87d P 3653ebd3bfa8480881ae83a83880b82c: Bootstrap starting.
I20260630 12:22:21.758589 31323 tablet_bootstrap.cc:654] T b9b7d0ed4afe4ab0bc5b2318b5be1103 P f166bd47685d456fb6ea374d1975a0e8: Neither blocks nor log segments found. Creating new log.
I20260630 12:22:21.758663 31353 raft_consensus.cc:493] T 988099dc15bb4e2c9f631f43b04c6cb3 P 3653ebd3bfa8480881ae83a83880b82c [term 0 FOLLOWER]: Starting pre-election (no leader contacted us within the election timeout)
I20260630 12:22:21.759613 31353 raft_consensus.cc:515] T 988099dc15bb4e2c9f631f43b04c6cb3 P 3653ebd3bfa8480881ae83a83880b82c [term 0 FOLLOWER]: Starting pre-election with config: opid_index: -1 OBSOLETE_local: false peers { permanent_uuid: "ded4edd596314062966259e043f17936" member_type: VOTER last_known_addr { host: "127.26.9.129" port: 42711 } } peers { permanent_uuid: "f166bd47685d456fb6ea374d1975a0e8" member_type: VOTER last_known_addr { host: "127.26.9.130" port: 38025 } } peers { permanent_uuid: "3653ebd3bfa8480881ae83a83880b82c" member_type: VOTER last_known_addr { host: "127.26.9.131" port: 41649 } }
I20260630 12:22:21.764816 31127 tablet_service.cc:1917] Received RequestConsensusVote() RPC: tablet_id: "988099dc15bb4e2c9f631f43b04c6cb3" candidate_uuid: "3653ebd3bfa8480881ae83a83880b82c" candidate_term: 1 candidate_status { last_received { term: 0 index: 0 } } ignore_live_leader: false dest_uuid: "ded4edd596314062966259e043f17936" is_pre_election: true
I20260630 12:22:21.765049 31200 tablet_service.cc:1917] Received RequestConsensusVote() RPC: tablet_id: "988099dc15bb4e2c9f631f43b04c6cb3" candidate_uuid: "3653ebd3bfa8480881ae83a83880b82c" candidate_term: 1 candidate_status { last_received { term: 0 index: 0 } } ignore_live_leader: false dest_uuid: "f166bd47685d456fb6ea374d1975a0e8" is_pre_election: true
I20260630 12:22:21.765563 31127 raft_consensus.cc:2468] T 988099dc15bb4e2c9f631f43b04c6cb3 P ded4edd596314062966259e043f17936 [term 0 FOLLOWER]: Leader pre-election vote request: Granting yes vote for candidate 3653ebd3bfa8480881ae83a83880b82c in term 0.
I20260630 12:22:21.765763 31200 raft_consensus.cc:2468] T 988099dc15bb4e2c9f631f43b04c6cb3 P f166bd47685d456fb6ea374d1975a0e8 [term 0 FOLLOWER]: Leader pre-election vote request: Granting yes vote for candidate 3653ebd3bfa8480881ae83a83880b82c in term 0.
I20260630 12:22:21.766161 31353 leader_election.cc:290] T 988099dc15bb4e2c9f631f43b04c6cb3 P 3653ebd3bfa8480881ae83a83880b82c [CANDIDATE]: Term 1 pre-election: Requested pre-vote from peers ded4edd596314062966259e043f17936 (127.26.9.129:42711), f166bd47685d456fb6ea374d1975a0e8 (127.26.9.130:38025)
I20260630 12:22:21.766739 31368 raft_consensus.cc:493] T 988099dc15bb4e2c9f631f43b04c6cb3 P ded4edd596314062966259e043f17936 [term 0 FOLLOWER]: Starting pre-election (no leader contacted us within the election timeout)
I20260630 12:22:21.767843 31321 tablet_bootstrap.cc:654] T 44e02c894fee4017930fb077f10fe87d P 3653ebd3bfa8480881ae83a83880b82c: Neither blocks nor log segments found. Creating new log.
I20260630 12:22:21.767485 31368 raft_consensus.cc:515] T 988099dc15bb4e2c9f631f43b04c6cb3 P ded4edd596314062966259e043f17936 [term 0 FOLLOWER]: Starting pre-election with config: opid_index: -1 OBSOLETE_local: false peers { permanent_uuid: "ded4edd596314062966259e043f17936" member_type: VOTER last_known_addr { host: "127.26.9.129" port: 42711 } } peers { permanent_uuid: "f166bd47685d456fb6ea374d1975a0e8" member_type: VOTER last_known_addr { host: "127.26.9.130" port: 38025 } } peers { permanent_uuid: "3653ebd3bfa8480881ae83a83880b82c" member_type: VOTER last_known_addr { host: "127.26.9.131" port: 41649 } }
I20260630 12:22:21.771085 31240 leader_election.cc:304] T 988099dc15bb4e2c9f631f43b04c6cb3 P 3653ebd3bfa8480881ae83a83880b82c [CANDIDATE]: Term 1 pre-election: Election decided. Result: candidate won. Election summary: received 2 responses out of 3 voters: 2 yes votes; 0 no votes. yes voters: 3653ebd3bfa8480881ae83a83880b82c, f166bd47685d456fb6ea374d1975a0e8; no voters: 
I20260630 12:22:21.772650 31334 raft_consensus.cc:2804] T 988099dc15bb4e2c9f631f43b04c6cb3 P 3653ebd3bfa8480881ae83a83880b82c [term 0 FOLLOWER]: Leader pre-election won for term 1
I20260630 12:22:21.773077 31334 raft_consensus.cc:493] T 988099dc15bb4e2c9f631f43b04c6cb3 P 3653ebd3bfa8480881ae83a83880b82c [term 0 FOLLOWER]: Starting leader election (no leader contacted us within the election timeout)
I20260630 12:22:21.773423 31334 raft_consensus.cc:3060] T 988099dc15bb4e2c9f631f43b04c6cb3 P 3653ebd3bfa8480881ae83a83880b82c [term 0 FOLLOWER]: Advancing to term 1
I20260630 12:22:21.776166 31200 tablet_service.cc:1917] Received RequestConsensusVote() RPC: tablet_id: "988099dc15bb4e2c9f631f43b04c6cb3" candidate_uuid: "ded4edd596314062966259e043f17936" candidate_term: 1 candidate_status { last_received { term: 0 index: 0 } } ignore_live_leader: false dest_uuid: "f166bd47685d456fb6ea374d1975a0e8" is_pre_election: true
I20260630 12:22:21.777073 31323 tablet_bootstrap.cc:492] T b9b7d0ed4afe4ab0bc5b2318b5be1103 P f166bd47685d456fb6ea374d1975a0e8: No bootstrap required, opened a new log
I20260630 12:22:21.777700 31323 ts_tablet_manager.cc:1403] T b9b7d0ed4afe4ab0bc5b2318b5be1103 P f166bd47685d456fb6ea374d1975a0e8: Time spent bootstrapping tablet: real 0.025s	user 0.012s	sys 0.003s
I20260630 12:22:21.777011 31200 raft_consensus.cc:2468] T 988099dc15bb4e2c9f631f43b04c6cb3 P f166bd47685d456fb6ea374d1975a0e8 [term 0 FOLLOWER]: Leader pre-election vote request: Granting yes vote for candidate ded4edd596314062966259e043f17936 in term 0.
I20260630 12:22:21.778779 31275 tablet_service.cc:1917] Received RequestConsensusVote() RPC: tablet_id: "988099dc15bb4e2c9f631f43b04c6cb3" candidate_uuid: "ded4edd596314062966259e043f17936" candidate_term: 1 candidate_status { last_received { term: 0 index: 0 } } ignore_live_leader: false dest_uuid: "3653ebd3bfa8480881ae83a83880b82c" is_pre_election: true
I20260630 12:22:21.779348 31091 leader_election.cc:304] T 988099dc15bb4e2c9f631f43b04c6cb3 P ded4edd596314062966259e043f17936 [CANDIDATE]: Term 1 pre-election: Election decided. Result: candidate won. Election summary: received 2 responses out of 3 voters: 2 yes votes; 0 no votes. yes voters: ded4edd596314062966259e043f17936, f166bd47685d456fb6ea374d1975a0e8; no voters: 
I20260630 12:22:21.780252 31370 raft_consensus.cc:2804] T 988099dc15bb4e2c9f631f43b04c6cb3 P ded4edd596314062966259e043f17936 [term 0 FOLLOWER]: Leader pre-election won for term 1
I20260630 12:22:21.780632 31370 raft_consensus.cc:493] T 988099dc15bb4e2c9f631f43b04c6cb3 P ded4edd596314062966259e043f17936 [term 0 FOLLOWER]: Starting leader election (no leader contacted us within the election timeout)
I20260630 12:22:21.780975 31370 raft_consensus.cc:3060] T 988099dc15bb4e2c9f631f43b04c6cb3 P ded4edd596314062966259e043f17936 [term 0 FOLLOWER]: Advancing to term 1
I20260630 12:22:21.781234 31334 raft_consensus.cc:515] T 988099dc15bb4e2c9f631f43b04c6cb3 P 3653ebd3bfa8480881ae83a83880b82c [term 1 FOLLOWER]: Starting leader election with config: opid_index: -1 OBSOLETE_local: false peers { permanent_uuid: "ded4edd596314062966259e043f17936" member_type: VOTER last_known_addr { host: "127.26.9.129" port: 42711 } } peers { permanent_uuid: "f166bd47685d456fb6ea374d1975a0e8" member_type: VOTER last_known_addr { host: "127.26.9.130" port: 38025 } } peers { permanent_uuid: "3653ebd3bfa8480881ae83a83880b82c" member_type: VOTER last_known_addr { host: "127.26.9.131" port: 41649 } }
I20260630 12:22:21.782516 31275 raft_consensus.cc:2393] T 988099dc15bb4e2c9f631f43b04c6cb3 P 3653ebd3bfa8480881ae83a83880b82c [term 1 FOLLOWER]: Leader pre-election vote request: Denying vote to candidate ded4edd596314062966259e043f17936 in current term 1: Already voted for candidate 3653ebd3bfa8480881ae83a83880b82c in this term.
I20260630 12:22:21.784093 31334 leader_election.cc:290] T 988099dc15bb4e2c9f631f43b04c6cb3 P 3653ebd3bfa8480881ae83a83880b82c [CANDIDATE]: Term 1 election: Requested vote from peers ded4edd596314062966259e043f17936 (127.26.9.129:42711), f166bd47685d456fb6ea374d1975a0e8 (127.26.9.130:38025)
I20260630 12:22:21.783236 31323 raft_consensus.cc:359] T b9b7d0ed4afe4ab0bc5b2318b5be1103 P f166bd47685d456fb6ea374d1975a0e8 [term 0 FOLLOWER]: Replica starting. Triggering 0 pending ops. Active config: opid_index: -1 OBSOLETE_local: false peers { permanent_uuid: "ded4edd596314062966259e043f17936" member_type: VOTER last_known_addr { host: "127.26.9.129" port: 42711 } } peers { permanent_uuid: "f166bd47685d456fb6ea374d1975a0e8" member_type: VOTER last_known_addr { host: "127.26.9.130" port: 38025 } } peers { permanent_uuid: "3653ebd3bfa8480881ae83a83880b82c" member_type: VOTER last_known_addr { host: "127.26.9.131" port: 41649 } }
I20260630 12:22:21.785048 31199 tablet_service.cc:1917] Received RequestConsensusVote() RPC: tablet_id: "988099dc15bb4e2c9f631f43b04c6cb3" candidate_uuid: "3653ebd3bfa8480881ae83a83880b82c" candidate_term: 1 candidate_status { last_received { term: 0 index: 0 } } ignore_live_leader: false dest_uuid: "f166bd47685d456fb6ea374d1975a0e8"
I20260630 12:22:21.785674 31199 raft_consensus.cc:3060] T 988099dc15bb4e2c9f631f43b04c6cb3 P f166bd47685d456fb6ea374d1975a0e8 [term 0 FOLLOWER]: Advancing to term 1
I20260630 12:22:21.787492 31023 catalog_manager.cc:5697] T d4ea5a5096c442719bf281cea7d67ba9 P f166bd47685d456fb6ea374d1975a0e8 reported cstate change: term changed from 0 to 1, leader changed from <none> to f166bd47685d456fb6ea374d1975a0e8 (127.26.9.130). New cstate: current_term: 1 leader_uuid: "f166bd47685d456fb6ea374d1975a0e8" committed_config { opid_index: -1 OBSOLETE_local: false peers { permanent_uuid: "ded4edd596314062966259e043f17936" member_type: VOTER last_known_addr { host: "127.26.9.129" port: 42711 } health_report { overall_health: UNKNOWN } } peers { permanent_uuid: "f166bd47685d456fb6ea374d1975a0e8" member_type: VOTER last_known_addr { host: "127.26.9.130" port: 38025 } health_report { overall_health: HEALTHY } } peers { permanent_uuid: "3653ebd3bfa8480881ae83a83880b82c" member_type: VOTER last_known_addr { host: "127.26.9.131" port: 41649 } health_report { overall_health: UNKNOWN } } }
I20260630 12:22:21.790868 31368 leader_election.cc:290] T 988099dc15bb4e2c9f631f43b04c6cb3 P ded4edd596314062966259e043f17936 [CANDIDATE]: Term 1 pre-election: Requested pre-vote from peers f166bd47685d456fb6ea374d1975a0e8 (127.26.9.130:38025), 3653ebd3bfa8480881ae83a83880b82c (127.26.9.131:41649)
I20260630 12:22:21.794184 31199 raft_consensus.cc:2468] T 988099dc15bb4e2c9f631f43b04c6cb3 P f166bd47685d456fb6ea374d1975a0e8 [term 1 FOLLOWER]: Leader election vote request: Granting yes vote for candidate 3653ebd3bfa8480881ae83a83880b82c in term 1.
I20260630 12:22:21.795598 31240 leader_election.cc:304] T 988099dc15bb4e2c9f631f43b04c6cb3 P 3653ebd3bfa8480881ae83a83880b82c [CANDIDATE]: Term 1 election: Election decided. Result: candidate won. Election summary: received 2 responses out of 3 voters: 2 yes votes; 0 no votes. yes voters: 3653ebd3bfa8480881ae83a83880b82c, f166bd47685d456fb6ea374d1975a0e8; no voters: 
I20260630 12:22:21.802995 31353 raft_consensus.cc:493] T 2a9ca160aa6c4c2eafed8802062e7b13 P 3653ebd3bfa8480881ae83a83880b82c [term 0 FOLLOWER]: Starting pre-election (no leader contacted us within the election timeout)
I20260630 12:22:21.803560 31321 tablet_bootstrap.cc:492] T 44e02c894fee4017930fb077f10fe87d P 3653ebd3bfa8480881ae83a83880b82c: No bootstrap required, opened a new log
I20260630 12:22:21.803524 31353 raft_consensus.cc:515] T 2a9ca160aa6c4c2eafed8802062e7b13 P 3653ebd3bfa8480881ae83a83880b82c [term 0 FOLLOWER]: Starting pre-election with config: opid_index: -1 OBSOLETE_local: false peers { permanent_uuid: "ded4edd596314062966259e043f17936" member_type: VOTER last_known_addr { host: "127.26.9.129" port: 42711 } } peers { permanent_uuid: "f166bd47685d456fb6ea374d1975a0e8" member_type: VOTER last_known_addr { host: "127.26.9.130" port: 38025 } } peers { permanent_uuid: "3653ebd3bfa8480881ae83a83880b82c" member_type: VOTER last_known_addr { host: "127.26.9.131" port: 41649 } }
I20260630 12:22:21.804158 31127 tablet_service.cc:1917] Received RequestConsensusVote() RPC: tablet_id: "988099dc15bb4e2c9f631f43b04c6cb3" candidate_uuid: "3653ebd3bfa8480881ae83a83880b82c" candidate_term: 1 candidate_status { last_received { term: 0 index: 0 } } ignore_live_leader: false dest_uuid: "ded4edd596314062966259e043f17936"
I20260630 12:22:21.804157 31321 ts_tablet_manager.cc:1403] T 44e02c894fee4017930fb077f10fe87d P 3653ebd3bfa8480881ae83a83880b82c: Time spent bootstrapping tablet: real 0.046s	user 0.012s	sys 0.018s
