I20260630 12:20:33.088147 26380 raft_consensus.cc:2243] T 00000000000000000000000000000000 P 93038d7eecb24daba6cc9defd241114c [term 1 LEADER]: Raft consensus shutting down.
I20260630 12:20:33.089211 26380 raft_consensus.cc:2272] T 00000000000000000000000000000000 P 93038d7eecb24daba6cc9defd241114c [term 1 FOLLOWER]: Raft consensus is shut down!
I20260630 12:20:33.089593 26380 tablet_replica.cc:333] T 00000000000000000000000000000000 P 93038d7eecb24daba6cc9defd241114c: stopping tablet replica
I20260630 12:20:33.125233 26380 master.cc:584] Master@127.25.195.61:34625 shutdown complete.
I20260630 12:20:33.140157 26380 master.cc:562] Master@127.25.195.60:33161 shutting down...
I20260630 12:20:33.159152 26380 raft_consensus.cc:2243] T 00000000000000000000000000000000 P cfcd1eaa3c6846e7ad732620ca7c6c0e [term 1 FOLLOWER]: Raft consensus shutting down.
I20260630 12:20:33.159754 26380 raft_consensus.cc:2272] T 00000000000000000000000000000000 P cfcd1eaa3c6846e7ad732620ca7c6c0e [term 1 FOLLOWER]: Raft consensus is shut down!
I20260630 12:20:33.160077 26380 tablet_replica.cc:333] T 00000000000000000000000000000000 P cfcd1eaa3c6846e7ad732620ca7c6c0e: stopping tablet replica
I20260630 12:20:33.178210 26380 master.cc:584] Master@127.25.195.60:33161 shutdown complete.
[       OK ] AutoRebalancerTest.OnlyLeaderDoesAutoRebalancing (10494 ms)
[ RUN      ] AutoRebalancerTest.AutoRebalancingTurnOffAndOn
I20260630 12:20:33.209335 26380 internal_mini_cluster.cc:156] Creating distributed mini masters. Addrs: 127.25.195.62:43291
I20260630 12:20:33.210402 26380 file_cache.cc:492] Constructed file cache file cache with capacity 419430
W20260630 12:20:33.215960 26927 instance_detector.cc:116] could not retrieve Azure instance metadata: Network error: curl error: HTTP response code said error: The requested URL returned error: 404
W20260630 12:20:33.215996 26926 instance_detector.cc:116] could not retrieve AWS instance metadata: Network error: curl error: HTTP response code said error: The requested URL returned error: 404
W20260630 12:20:33.217024 26929 instance_detector.cc:116] could not retrieve OpenStack instance metadata: Network error: curl error: HTTP response code said error: The requested URL returned error: 404
I20260630 12:20:33.218560 26380 server_base.cc:1061] running on GCE node
I20260630 12:20:33.219288 26380 hybrid_clock.cc:584] initializing the hybrid clock with 'system_unsync' time source
W20260630 12:20:33.219465 26380 system_unsync_time.cc:38] NTP support is disabled. Clock error bounds will not be accurate. This configuration is not suitable for distributed clusters.
I20260630 12:20:33.219663 26380 hybrid_clock.cc:648] HybridClock initialized: now 1782822033219649 us; error 0 us; skew 500 ppm
I20260630 12:20:33.220093 26380 server_base.cc:861] Flag tcmalloc_max_total_thread_cache_bytes is not working since tcmalloc is not enabled.
I20260630 12:20:33.222514 26380 webserver.cc:533] Webserver started at http://127.25.195.62:43931/ using document root <none> and password file <none>
I20260630 12:20:33.222923 26380 fs_manager.cc:362] Metadata directory not provided
I20260630 12:20:33.223088 26380 fs_manager.cc:368] Using write-ahead log directory (fs_wal_dir) as metadata directory
I20260630 12:20:33.223301 26380 server_base.cc:909] This appears to be a new deployment of Kudu; creating new FS layout
I20260630 12:20:33.224555 26380 fs_manager.cc:1068] Generated new instance metadata in path /tmp/dist-test-tasky1OFwd/test-tmp/auto_rebalancer-test.0.AutoRebalancerTest.AutoRebalancingTurnOffAndOn.1782822022541313-26380-0/minicluster-data/master-0-root/instance:
uuid: "add2f385fa4c4347bae66145d12cee3a"
format_stamp: "Formatted at 2026-06-30 12:20:33 on dist-test-slave-1v8t"
I20260630 12:20:33.228735 26380 fs_manager.cc:696] Time spent creating directory manager: real 0.004s	user 0.002s	sys 0.002s
I20260630 12:20:33.231940 26934 log_block_manager.cc:4031] Time spent loading block containers with low live blocks: real 0.000s	user 0.000s	sys 0.000s
I20260630 12:20:33.232795 26380 fs_manager.cc:730] Time spent opening block manager: real 0.002s	user 0.002s	sys 0.001s
I20260630 12:20:33.233186 26380 fs_manager.cc:647] Opened local filesystem: /tmp/dist-test-tasky1OFwd/test-tmp/auto_rebalancer-test.0.AutoRebalancerTest.AutoRebalancingTurnOffAndOn.1782822022541313-26380-0/minicluster-data/master-0-root
uuid: "add2f385fa4c4347bae66145d12cee3a"
format_stamp: "Formatted at 2026-06-30 12:20:33 on dist-test-slave-1v8t"
I20260630 12:20:33.233479 26380 fs_report.cc:389] FS layout report
--------------------
wal directory: /tmp/dist-test-tasky1OFwd/test-tmp/auto_rebalancer-test.0.AutoRebalancerTest.AutoRebalancingTurnOffAndOn.1782822022541313-26380-0/minicluster-data/master-0-root
metadata directory: /tmp/dist-test-tasky1OFwd/test-tmp/auto_rebalancer-test.0.AutoRebalancerTest.AutoRebalancingTurnOffAndOn.1782822022541313-26380-0/minicluster-data/master-0-root
1 data directories: /tmp/dist-test-tasky1OFwd/test-tmp/auto_rebalancer-test.0.AutoRebalancerTest.AutoRebalancingTurnOffAndOn.1782822022541313-26380-0/minicluster-data/master-0-root/data
Total live blocks: 0
Total live bytes: 0
Total live bytes (after alignment): 0
Total number of LBM containers: 0 (0 full)
Did not check for missing blocks
Did not check for orphaned blocks
Total full LBM containers with extra space: 0 (0 repaired)
Total full LBM container extra space in bytes: 0 (0 repaired)
Total incomplete LBM containers: 0 (0 repaired)
Total LBM partial records: 0 (0 repaired)
Total corrupted LBM metadata records in RocksDB: 0 (0 repaired)
I20260630 12:20:33.259315 26380 rpc_server.cc:225] running with OpenSSL 1.1.1  11 Sep 2018
I20260630 12:20:33.260607 26380 kserver.cc:163] Server-wide thread pool size limit: 3276
I20260630 12:20:33.299023 26380 rpc_server.cc:307] RPC server started. Bound to: 127.25.195.62:43291
I20260630 12:20:33.299149 26985 acceptor_pool.cc:272] collecting diagnostics on the listening RPC socket 127.25.195.62:43291 every 8 connection(s)
I20260630 12:20:33.303164 26986 data_dirs.cc:400] Could only allocate 1 dirs of requested 3 for tablet 00000000000000000000000000000000. 1 dirs total, 0 dirs full, 0 dirs failed
I20260630 12:20:33.312077 26986 tablet_bootstrap.cc:492] T 00000000000000000000000000000000 P add2f385fa4c4347bae66145d12cee3a: Bootstrap starting.
I20260630 12:20:33.316356 26986 tablet_bootstrap.cc:654] T 00000000000000000000000000000000 P add2f385fa4c4347bae66145d12cee3a: Neither blocks nor log segments found. Creating new log.
I20260630 12:20:33.320142 26986 tablet_bootstrap.cc:492] T 00000000000000000000000000000000 P add2f385fa4c4347bae66145d12cee3a: No bootstrap required, opened a new log
I20260630 12:20:33.322288 26986 raft_consensus.cc:359] T 00000000000000000000000000000000 P add2f385fa4c4347bae66145d12cee3a [term 0 FOLLOWER]: Replica starting. Triggering 0 pending ops. Active config: opid_index: -1 OBSOLETE_local: true peers { permanent_uuid: "add2f385fa4c4347bae66145d12cee3a" member_type: VOTER }
I20260630 12:20:33.322839 26986 raft_consensus.cc:385] T 00000000000000000000000000000000 P add2f385fa4c4347bae66145d12cee3a [term 0 FOLLOWER]: Consensus starting up: Expiring failure detector timer to make a prompt election more likely
I20260630 12:20:33.323063 26986 raft_consensus.cc:740] T 00000000000000000000000000000000 P add2f385fa4c4347bae66145d12cee3a [term 0 FOLLOWER]: Becoming Follower/Learner. State: Replica: add2f385fa4c4347bae66145d12cee3a, State: Initialized, Role: FOLLOWER
I20260630 12:20:33.323578 26986 consensus_queue.cc:260] T 00000000000000000000000000000000 P add2f385fa4c4347bae66145d12cee3a [NON_LEADER]: Queue going to NON_LEADER mode. State: All replicated index: 0, Majority replicated index: 0, Committed index: 0, Last appended: 0.0, Last appended by leader: 0, Current term: 0, Majority size: -1, State: 0, Mode: NON_LEADER, active raft config: opid_index: -1 OBSOLETE_local: true peers { permanent_uuid: "add2f385fa4c4347bae66145d12cee3a" member_type: VOTER }
I20260630 12:20:33.324033 26986 raft_consensus.cc:399] T 00000000000000000000000000000000 P add2f385fa4c4347bae66145d12cee3a [term 0 FOLLOWER]: Only one voter in the Raft config. Triggering election immediately
I20260630 12:20:33.324260 26986 raft_consensus.cc:493] T 00000000000000000000000000000000 P add2f385fa4c4347bae66145d12cee3a [term 0 FOLLOWER]: Starting leader election (initial election of a single-replica configuration)
I20260630 12:20:33.324508 26986 raft_consensus.cc:3060] T 00000000000000000000000000000000 P add2f385fa4c4347bae66145d12cee3a [term 0 FOLLOWER]: Advancing to term 1
I20260630 12:20:33.331166 26986 raft_consensus.cc:515] T 00000000000000000000000000000000 P add2f385fa4c4347bae66145d12cee3a [term 1 FOLLOWER]: Starting leader election with config: opid_index: -1 OBSOLETE_local: true peers { permanent_uuid: "add2f385fa4c4347bae66145d12cee3a" member_type: VOTER }
I20260630 12:20:33.331950 26986 leader_election.cc:304] T 00000000000000000000000000000000 P add2f385fa4c4347bae66145d12cee3a [CANDIDATE]: Term 1 election: Election decided. Result: candidate won. Election summary: received 1 responses out of 1 voters: 1 yes votes; 0 no votes. yes voters: add2f385fa4c4347bae66145d12cee3a; no voters: 
I20260630 12:20:33.333426 26986 leader_election.cc:290] T 00000000000000000000000000000000 P add2f385fa4c4347bae66145d12cee3a [CANDIDATE]: Term 1 election: Requested vote from peers 
I20260630 12:20:33.333796 26989 raft_consensus.cc:2804] T 00000000000000000000000000000000 P add2f385fa4c4347bae66145d12cee3a [term 1 FOLLOWER]: Leader election won for term 1
I20260630 12:20:33.337981 26986 sys_catalog.cc:565] T 00000000000000000000000000000000 P add2f385fa4c4347bae66145d12cee3a [sys.catalog]: configured and running, proceeding with master startup.
I20260630 12:20:33.338337 26989 raft_consensus.cc:697] T 00000000000000000000000000000000 P add2f385fa4c4347bae66145d12cee3a [term 1 LEADER]: Becoming Leader. State: Replica: add2f385fa4c4347bae66145d12cee3a, State: Running, Role: LEADER
I20260630 12:20:33.339177 26989 consensus_queue.cc:237] T 00000000000000000000000000000000 P add2f385fa4c4347bae66145d12cee3a [LEADER]: Queue going to LEADER mode. State: All replicated index: 0, Majority replicated index: 0, Committed index: 0, Last appended: 0.0, Last appended by leader: 0, Current term: 1, Majority size: 1, State: 0, Mode: LEADER, active raft config: opid_index: -1 OBSOLETE_local: true peers { permanent_uuid: "add2f385fa4c4347bae66145d12cee3a" member_type: VOTER }
I20260630 12:20:33.346833 26990 sys_catalog.cc:455] T 00000000000000000000000000000000 P add2f385fa4c4347bae66145d12cee3a [sys.catalog]: SysCatalogTable state changed. Reason: RaftConsensus started. Latest consensus state: current_term: 1 leader_uuid: "add2f385fa4c4347bae66145d12cee3a" committed_config { opid_index: -1 OBSOLETE_local: true peers { permanent_uuid: "add2f385fa4c4347bae66145d12cee3a" member_type: VOTER } }
I20260630 12:20:33.346918 26991 sys_catalog.cc:455] T 00000000000000000000000000000000 P add2f385fa4c4347bae66145d12cee3a [sys.catalog]: SysCatalogTable state changed. Reason: New leader add2f385fa4c4347bae66145d12cee3a. Latest consensus state: current_term: 1 leader_uuid: "add2f385fa4c4347bae66145d12cee3a" committed_config { opid_index: -1 OBSOLETE_local: true peers { permanent_uuid: "add2f385fa4c4347bae66145d12cee3a" member_type: VOTER } }
I20260630 12:20:33.347745 26990 sys_catalog.cc:458] T 00000000000000000000000000000000 P add2f385fa4c4347bae66145d12cee3a [sys.catalog]: This master's current role is: LEADER
I20260630 12:20:33.347929 26991 sys_catalog.cc:458] T 00000000000000000000000000000000 P add2f385fa4c4347bae66145d12cee3a [sys.catalog]: This master's current role is: LEADER
I20260630 12:20:33.353472 26998 catalog_manager.cc:1511] Loading table and tablet metadata into memory...
I20260630 12:20:33.361490 26998 catalog_manager.cc:1520] Initializing Kudu cluster ID...
I20260630 12:20:33.362448 26380 internal_mini_cluster.cc:184] Waiting to initialize catalog manager on master 0
I20260630 12:20:33.370349 26998 catalog_manager.cc:1383] Generated new cluster ID: 19e94e04f38546baaf56a1a769749cd7
I20260630 12:20:33.370697 26998 catalog_manager.cc:1531] Initializing Kudu internal certificate authority...
I20260630 12:20:33.400566 26998 catalog_manager.cc:1406] Generated new certificate authority record
I20260630 12:20:33.401747 26998 catalog_manager.cc:1540] Loading token signing keys...
I20260630 12:20:33.413967 26998 catalog_manager.cc:6070] T 00000000000000000000000000000000 P add2f385fa4c4347bae66145d12cee3a: Generated new TSK 0
I20260630 12:20:33.414597 26998 catalog_manager.cc:1550] Initializing in-progress tserver states...
I20260630 12:20:33.428901 26380 file_cache.cc:492] Constructed file cache file cache with capacity 419430
W20260630 12:20:33.435257 27007 instance_detector.cc:116] could not retrieve AWS instance metadata: Network error: curl error: HTTP response code said error: The requested URL returned error: 404
W20260630 12:20:33.435667 27008 instance_detector.cc:116] could not retrieve Azure instance metadata: Network error: curl error: HTTP response code said error: The requested URL returned error: 404
W20260630 12:20:33.437471 27010 instance_detector.cc:116] could not retrieve OpenStack instance metadata: Network error: curl error: HTTP response code said error: The requested URL returned error: 404
I20260630 12:20:33.438385 26380 server_base.cc:1061] running on GCE node
I20260630 12:20:33.439350 26380 hybrid_clock.cc:584] initializing the hybrid clock with 'system_unsync' time source
W20260630 12:20:33.439574 26380 system_unsync_time.cc:38] NTP support is disabled. Clock error bounds will not be accurate. This configuration is not suitable for distributed clusters.
I20260630 12:20:33.439754 26380 hybrid_clock.cc:648] HybridClock initialized: now 1782822033439737 us; error 0 us; skew 500 ppm
I20260630 12:20:33.440392 26380 server_base.cc:861] Flag tcmalloc_max_total_thread_cache_bytes is not working since tcmalloc is not enabled.
I20260630 12:20:33.442903 26380 webserver.cc:533] Webserver started at http://127.25.195.1:38179/ using document root <none> and password file <none>
I20260630 12:20:33.443420 26380 fs_manager.cc:362] Metadata directory not provided
I20260630 12:20:33.443624 26380 fs_manager.cc:368] Using write-ahead log directory (fs_wal_dir) as metadata directory
I20260630 12:20:33.443949 26380 server_base.cc:909] This appears to be a new deployment of Kudu; creating new FS layout
I20260630 12:20:33.445171 26380 fs_manager.cc:1068] Generated new instance metadata in path /tmp/dist-test-tasky1OFwd/test-tmp/auto_rebalancer-test.0.AutoRebalancerTest.AutoRebalancingTurnOffAndOn.1782822022541313-26380-0/minicluster-data/ts-0-root/instance:
uuid: "5d042696b5a84d3a8858c0c0de09f242"
format_stamp: "Formatted at 2026-06-30 12:20:33 on dist-test-slave-1v8t"
I20260630 12:20:33.449856 26380 fs_manager.cc:696] Time spent creating directory manager: real 0.004s	user 0.004s	sys 0.001s
I20260630 12:20:33.453351 27015 log_block_manager.cc:4031] Time spent loading block containers with low live blocks: real 0.000s	user 0.000s	sys 0.000s
I20260630 12:20:33.454367 26380 fs_manager.cc:730] Time spent opening block manager: real 0.003s	user 0.003s	sys 0.000s
I20260630 12:20:33.454725 26380 fs_manager.cc:647] Opened local filesystem: /tmp/dist-test-tasky1OFwd/test-tmp/auto_rebalancer-test.0.AutoRebalancerTest.AutoRebalancingTurnOffAndOn.1782822022541313-26380-0/minicluster-data/ts-0-root
uuid: "5d042696b5a84d3a8858c0c0de09f242"
format_stamp: "Formatted at 2026-06-30 12:20:33 on dist-test-slave-1v8t"
I20260630 12:20:33.455016 26380 fs_report.cc:389] FS layout report
--------------------
wal directory: /tmp/dist-test-tasky1OFwd/test-tmp/auto_rebalancer-test.0.AutoRebalancerTest.AutoRebalancingTurnOffAndOn.1782822022541313-26380-0/minicluster-data/ts-0-root
metadata directory: /tmp/dist-test-tasky1OFwd/test-tmp/auto_rebalancer-test.0.AutoRebalancerTest.AutoRebalancingTurnOffAndOn.1782822022541313-26380-0/minicluster-data/ts-0-root
1 data directories: /tmp/dist-test-tasky1OFwd/test-tmp/auto_rebalancer-test.0.AutoRebalancerTest.AutoRebalancingTurnOffAndOn.1782822022541313-26380-0/minicluster-data/ts-0-root/data
Total live blocks: 0
Total live bytes: 0
Total live bytes (after alignment): 0
Total number of LBM containers: 0 (0 full)
Did not check for missing blocks
Did not check for orphaned blocks
Total full LBM containers with extra space: 0 (0 repaired)
Total full LBM container extra space in bytes: 0 (0 repaired)
Total incomplete LBM containers: 0 (0 repaired)
Total LBM partial records: 0 (0 repaired)
Total corrupted LBM metadata records in RocksDB: 0 (0 repaired)
I20260630 12:20:33.475875 26380 rpc_server.cc:225] running with OpenSSL 1.1.1  11 Sep 2018
I20260630 12:20:33.477206 26380 kserver.cc:163] Server-wide thread pool size limit: 3276
I20260630 12:20:33.478744 26380 txn_system_client.cc:432] TxnSystemClient initialization is disabled...
I20260630 12:20:33.481304 26380 ts_tablet_manager.cc:585] Loaded tablet metadata (0 total tablets, 0 live tablets)
I20260630 12:20:33.481534 26380 ts_tablet_manager.cc:531] Time spent load tablet metadata: real 0.000s	user 0.000s	sys 0.000s
I20260630 12:20:33.481775 26380 ts_tablet_manager.cc:616] Registered 0 tablets
I20260630 12:20:33.481961 26380 ts_tablet_manager.cc:595] Time spent register tablets: real 0.000s	user 0.000s	sys 0.000s
I20260630 12:20:33.528486 26380 rpc_server.cc:307] RPC server started. Bound to: 127.25.195.1:37343
I20260630 12:20:33.528641 27077 acceptor_pool.cc:272] collecting diagnostics on the listening RPC socket 127.25.195.1:37343 every 8 connection(s)
I20260630 12:20:33.533363 26380 file_cache.cc:492] Constructed file cache file cache with capacity 419430
W20260630 12:20:33.540839 27082 instance_detector.cc:116] could not retrieve AWS instance metadata: Network error: curl error: HTTP response code said error: The requested URL returned error: 404
W20260630 12:20:33.542353 27083 instance_detector.cc:116] could not retrieve Azure instance metadata: Network error: curl error: HTTP response code said error: The requested URL returned error: 404
W20260630 12:20:33.545107 27085 instance_detector.cc:116] could not retrieve OpenStack instance metadata: Network error: curl error: HTTP response code said error: The requested URL returned error: 404
I20260630 12:20:33.546751 26380 server_base.cc:1061] running on GCE node
I20260630 12:20:33.547894 26380 hybrid_clock.cc:584] initializing the hybrid clock with 'system_unsync' time source
W20260630 12:20:33.548154 26380 system_unsync_time.cc:38] NTP support is disabled. Clock error bounds will not be accurate. This configuration is not suitable for distributed clusters.
I20260630 12:20:33.548364 26380 hybrid_clock.cc:648] HybridClock initialized: now 1782822033548347 us; error 0 us; skew 500 ppm
I20260630 12:20:33.548851 27078 heartbeater.cc:344] Connected to a master server at 127.25.195.62:43291
I20260630 12:20:33.548931 26380 server_base.cc:861] Flag tcmalloc_max_total_thread_cache_bytes is not working since tcmalloc is not enabled.
I20260630 12:20:33.549273 27078 heartbeater.cc:461] Registering TS with master...
I20260630 12:20:33.550089 27078 heartbeater.cc:507] Master 127.25.195.62:43291 requested a full tablet report, sending...
I20260630 12:20:33.552323 26380 webserver.cc:533] Webserver started at http://127.25.195.2:36927/ using document root <none> and password file <none>
I20260630 12:20:33.552464 26951 ts_manager.cc:194] Registered new tserver with Master: 5d042696b5a84d3a8858c0c0de09f242 (127.25.195.1:37343)
I20260630 12:20:33.552917 26380 fs_manager.cc:362] Metadata directory not provided
I20260630 12:20:33.553162 26380 fs_manager.cc:368] Using write-ahead log directory (fs_wal_dir) as metadata directory
I20260630 12:20:33.553435 26380 server_base.cc:909] This appears to be a new deployment of Kudu; creating new FS layout
I20260630 12:20:33.554382 26951 master_service.cc:502] Signed X509 certificate for tserver {username='slave'} at 127.0.0.1:36578
I20260630 12:20:33.554455 26380 fs_manager.cc:1068] Generated new instance metadata in path /tmp/dist-test-tasky1OFwd/test-tmp/auto_rebalancer-test.0.AutoRebalancerTest.AutoRebalancingTurnOffAndOn.1782822022541313-26380-0/minicluster-data/ts-1-root/instance:
uuid: "ea16b056751c4add927ac20561988166"
format_stamp: "Formatted at 2026-06-30 12:20:33 on dist-test-slave-1v8t"
I20260630 12:20:33.559623 26380 fs_manager.cc:696] Time spent creating directory manager: real 0.004s	user 0.003s	sys 0.004s
I20260630 12:20:33.564139 27090 log_block_manager.cc:4031] Time spent loading block containers with low live blocks: real 0.000s	user 0.000s	sys 0.000s
I20260630 12:20:33.565398 26380 fs_manager.cc:730] Time spent opening block manager: real 0.003s	user 0.003s	sys 0.000s
I20260630 12:20:33.565864 26380 fs_manager.cc:647] Opened local filesystem: /tmp/dist-test-tasky1OFwd/test-tmp/auto_rebalancer-test.0.AutoRebalancerTest.AutoRebalancingTurnOffAndOn.1782822022541313-26380-0/minicluster-data/ts-1-root
uuid: "ea16b056751c4add927ac20561988166"
format_stamp: "Formatted at 2026-06-30 12:20:33 on dist-test-slave-1v8t"
I20260630 12:20:33.566196 26380 fs_report.cc:389] FS layout report
--------------------
wal directory: /tmp/dist-test-tasky1OFwd/test-tmp/auto_rebalancer-test.0.AutoRebalancerTest.AutoRebalancingTurnOffAndOn.1782822022541313-26380-0/minicluster-data/ts-1-root
metadata directory: /tmp/dist-test-tasky1OFwd/test-tmp/auto_rebalancer-test.0.AutoRebalancerTest.AutoRebalancingTurnOffAndOn.1782822022541313-26380-0/minicluster-data/ts-1-root
1 data directories: /tmp/dist-test-tasky1OFwd/test-tmp/auto_rebalancer-test.0.AutoRebalancerTest.AutoRebalancingTurnOffAndOn.1782822022541313-26380-0/minicluster-data/ts-1-root/data
Total live blocks: 0
Total live bytes: 0
Total live bytes (after alignment): 0
Total number of LBM containers: 0 (0 full)
Did not check for missing blocks
Did not check for orphaned blocks
Total full LBM containers with extra space: 0 (0 repaired)
Total full LBM container extra space in bytes: 0 (0 repaired)
Total incomplete LBM containers: 0 (0 repaired)
Total LBM partial records: 0 (0 repaired)
Total corrupted LBM metadata records in RocksDB: 0 (0 repaired)
I20260630 12:20:33.578692 26380 rpc_server.cc:225] running with OpenSSL 1.1.1  11 Sep 2018
I20260630 12:20:33.579824 26380 kserver.cc:163] Server-wide thread pool size limit: 3276
I20260630 12:20:33.581358 26380 txn_system_client.cc:432] TxnSystemClient initialization is disabled...
I20260630 12:20:33.583487 26380 ts_tablet_manager.cc:585] Loaded tablet metadata (0 total tablets, 0 live tablets)
I20260630 12:20:33.583709 26380 ts_tablet_manager.cc:531] Time spent load tablet metadata: real 0.000s	user 0.000s	sys 0.000s
I20260630 12:20:33.583952 26380 ts_tablet_manager.cc:616] Registered 0 tablets
I20260630 12:20:33.584123 26380 ts_tablet_manager.cc:595] Time spent register tablets: real 0.000s	user 0.000s	sys 0.000s
I20260630 12:20:33.627895 26380 rpc_server.cc:307] RPC server started. Bound to: 127.25.195.2:38895
I20260630 12:20:33.628098 27152 acceptor_pool.cc:272] collecting diagnostics on the listening RPC socket 127.25.195.2:38895 every 8 connection(s)
I20260630 12:20:33.632604 26380 file_cache.cc:492] Constructed file cache file cache with capacity 419430
W20260630 12:20:33.640587 27157 instance_detector.cc:116] could not retrieve Azure instance metadata: Network error: curl error: HTTP response code said error: The requested URL returned error: 404
W20260630 12:20:33.641034 27156 instance_detector.cc:116] could not retrieve AWS instance metadata: Network error: curl error: HTTP response code said error: The requested URL returned error: 404
W20260630 12:20:33.643661 27160 instance_detector.cc:116] could not retrieve OpenStack instance metadata: Network error: curl error: HTTP response code said error: The requested URL returned error: 404
I20260630 12:20:33.645506 27153 heartbeater.cc:344] Connected to a master server at 127.25.195.62:43291
I20260630 12:20:33.645954 27153 heartbeater.cc:461] Registering TS with master...
I20260630 12:20:33.646843 27153 heartbeater.cc:507] Master 127.25.195.62:43291 requested a full tablet report, sending...
I20260630 12:20:33.647688 26380 server_base.cc:1061] running on GCE node
I20260630 12:20:33.648820 26380 hybrid_clock.cc:584] initializing the hybrid clock with 'system_unsync' time source
W20260630 12:20:33.649066 26380 system_unsync_time.cc:38] NTP support is disabled. Clock error bounds will not be accurate. This configuration is not suitable for distributed clusters.
I20260630 12:20:33.649253 26380 hybrid_clock.cc:648] HybridClock initialized: now 1782822033649240 us; error 0 us; skew 500 ppm
I20260630 12:20:33.649441 26951 ts_manager.cc:194] Registered new tserver with Master: ea16b056751c4add927ac20561988166 (127.25.195.2:38895)
I20260630 12:20:33.649827 26380 server_base.cc:861] Flag tcmalloc_max_total_thread_cache_bytes is not working since tcmalloc is not enabled.
I20260630 12:20:33.651077 26951 master_service.cc:502] Signed X509 certificate for tserver {username='slave'} at 127.0.0.1:36586
I20260630 12:20:33.653311 26380 webserver.cc:533] Webserver started at http://127.25.195.3:41473/ using document root <none> and password file <none>
I20260630 12:20:33.653873 26380 fs_manager.cc:362] Metadata directory not provided
I20260630 12:20:33.654104 26380 fs_manager.cc:368] Using write-ahead log directory (fs_wal_dir) as metadata directory
I20260630 12:20:33.654423 26380 server_base.cc:909] This appears to be a new deployment of Kudu; creating new FS layout
I20260630 12:20:33.655745 26380 fs_manager.cc:1068] Generated new instance metadata in path /tmp/dist-test-tasky1OFwd/test-tmp/auto_rebalancer-test.0.AutoRebalancerTest.AutoRebalancingTurnOffAndOn.1782822022541313-26380-0/minicluster-data/ts-2-root/instance:
uuid: "eb574a0de1674d4b82ae85b4b2d89310"
format_stamp: "Formatted at 2026-06-30 12:20:33 on dist-test-slave-1v8t"
I20260630 12:20:33.660986 26380 fs_manager.cc:696] Time spent creating directory manager: real 0.004s	user 0.004s	sys 0.000s
I20260630 12:20:33.665174 27164 log_block_manager.cc:4031] Time spent loading block containers with low live blocks: real 0.000s	user 0.000s	sys 0.000s
I20260630 12:20:33.665974 26380 fs_manager.cc:730] Time spent opening block manager: real 0.003s	user 0.003s	sys 0.001s
I20260630 12:20:33.666283 26380 fs_manager.cc:647] Opened local filesystem: /tmp/dist-test-tasky1OFwd/test-tmp/auto_rebalancer-test.0.AutoRebalancerTest.AutoRebalancingTurnOffAndOn.1782822022541313-26380-0/minicluster-data/ts-2-root
uuid: "eb574a0de1674d4b82ae85b4b2d89310"
format_stamp: "Formatted at 2026-06-30 12:20:33 on dist-test-slave-1v8t"
I20260630 12:20:33.666541 26380 fs_report.cc:389] FS layout report
--------------------
wal directory: /tmp/dist-test-tasky1OFwd/test-tmp/auto_rebalancer-test.0.AutoRebalancerTest.AutoRebalancingTurnOffAndOn.1782822022541313-26380-0/minicluster-data/ts-2-root
metadata directory: /tmp/dist-test-tasky1OFwd/test-tmp/auto_rebalancer-test.0.AutoRebalancerTest.AutoRebalancingTurnOffAndOn.1782822022541313-26380-0/minicluster-data/ts-2-root
1 data directories: /tmp/dist-test-tasky1OFwd/test-tmp/auto_rebalancer-test.0.AutoRebalancerTest.AutoRebalancingTurnOffAndOn.1782822022541313-26380-0/minicluster-data/ts-2-root/data
Total live blocks: 0
Total live bytes: 0
Total live bytes (after alignment): 0
Total number of LBM containers: 0 (0 full)
Did not check for missing blocks
Did not check for orphaned blocks
Total full LBM containers with extra space: 0 (0 repaired)
Total full LBM container extra space in bytes: 0 (0 repaired)
Total incomplete LBM containers: 0 (0 repaired)
Total LBM partial records: 0 (0 repaired)
Total corrupted LBM metadata records in RocksDB: 0 (0 repaired)
I20260630 12:20:33.679426 26380 rpc_server.cc:225] running with OpenSSL 1.1.1  11 Sep 2018
I20260630 12:20:33.680775 26380 kserver.cc:163] Server-wide thread pool size limit: 3276
I20260630 12:20:33.682516 26380 txn_system_client.cc:432] TxnSystemClient initialization is disabled...
I20260630 12:20:33.686378 26380 ts_tablet_manager.cc:585] Loaded tablet metadata (0 total tablets, 0 live tablets)
I20260630 12:20:33.686661 26380 ts_tablet_manager.cc:531] Time spent load tablet metadata: real 0.000s	user 0.000s	sys 0.000s
I20260630 12:20:33.686962 26380 ts_tablet_manager.cc:616] Registered 0 tablets
I20260630 12:20:33.687182 26380 ts_tablet_manager.cc:595] Time spent register tablets: real 0.000s	user 0.000s	sys 0.000s
I20260630 12:20:33.732571 26380 rpc_server.cc:307] RPC server started. Bound to: 127.25.195.3:36729
I20260630 12:20:33.732671 27226 acceptor_pool.cc:272] collecting diagnostics on the listening RPC socket 127.25.195.3:36729 every 8 connection(s)
I20260630 12:20:33.747445 27227 heartbeater.cc:344] Connected to a master server at 127.25.195.62:43291
I20260630 12:20:33.747781 27227 heartbeater.cc:461] Registering TS with master...
I20260630 12:20:33.748565 27227 heartbeater.cc:507] Master 127.25.195.62:43291 requested a full tablet report, sending...
I20260630 12:20:33.750562 26951 ts_manager.cc:194] Registered new tserver with Master: eb574a0de1674d4b82ae85b4b2d89310 (127.25.195.3:36729)
I20260630 12:20:33.751622 26380 internal_mini_cluster.cc:371] 3 TS(s) registered with all masters after 0.015909513s
I20260630 12:20:33.752074 26951 master_service.cc:502] Signed X509 certificate for tserver {username='slave'} at 127.0.0.1:36598
I20260630 12:20:34.557425 27078 heartbeater.cc:499] Master 127.25.195.62:43291 was elected leader, sending a full tablet report...
I20260630 12:20:34.654285 27153 heartbeater.cc:499] Master 127.25.195.62:43291 was elected leader, sending a full tablet report...
I20260630 12:20:34.755025 27227 heartbeater.cc:499] Master 127.25.195.62:43291 was elected leader, sending a full tablet report...
I20260630 12:20:34.809425 26951 catalog_manager.cc:2283] Servicing CreateTable request from {username='slave'} at 127.0.0.1:36612:
name: "test-workload"
schema {
  columns {
    name: "key"
    type: INT32
    is_key: true
    is_nullable: false
    encoding: AUTO_ENCODING
    compression: DEFAULT_COMPRESSION
    cfile_block_size: 0
    immutable: false
  }
  columns {
    name: "int_val"
    type: INT32
    is_key: false
    is_nullable: false
    encoding: AUTO_ENCODING
    compression: DEFAULT_COMPRESSION
    cfile_block_size: 0
    immutable: false
  }
  columns {
    name: "string_val"
    type: STRING
    is_key: false
    is_nullable: true
    encoding: AUTO_ENCODING
    compression: DEFAULT_COMPRESSION
    cfile_block_size: 0
    immutable: false
  }
}
num_replicas: 3
split_rows_range_bounds {
  rows: "\004\001\000\377\377\377\017\004\001\000\376\377\377\037\004\001\000\375\377\377/\004\001\000\374\377\377?\004\001\000\373\377\377O\004\001\000\372\377\377_\004\001\000\371\377\377o""\004\001\000\377\377\377\017\004\001\000\376\377\377\037\004\001\000\375\377\377/\004\001\000\374\377\377?\004\001\000\373\377\377O\004\001\000\372\377\377_\004\001\000\371\377\377o"
  indirect_data: """"
}
partition_schema {
  range_schema {
    columns {
      name: "key"
    }
  }
}
W20260630 12:20:34.812192 26951 catalog_manager.cc:7077] The number of live tablet servers is not enough to re-replicate a tablet replica of the newly created table test-workload in case of a server failure: 4 tablet servers would be needed, 3 are available. Consider bringing up more tablet servers.
I20260630 12:20:34.887964 27043 tablet_service.cc:1511] Processing CreateTablet for tablet 5c4fde4cebd44ca083a03e01900903b3 (DEFAULT_TABLE table=test-workload [id=728a6d09da894fd3a04bb9c1fb1dafc9]), partition=RANGE (key) PARTITION VALUES < 268435455
I20260630 12:20:34.889492 27039 tablet_service.cc:1511] Processing CreateTablet for tablet 909de5a7c542461f96db7ba101e5dc4d (DEFAULT_TABLE table=test-workload [id=728a6d09da894fd3a04bb9c1fb1dafc9]), partition=RANGE (key) PARTITION 1073741820 <= VALUES < 1342177275
I20260630 12:20:34.889982 27038 tablet_service.cc:1511] Processing CreateTablet for tablet 6f15f761f8414d8cb7c5364566f36061 (DEFAULT_TABLE table=test-workload [id=728a6d09da894fd3a04bb9c1fb1dafc9]), partition=RANGE (key) PARTITION 1342177275 <= VALUES < 1610612730
I20260630 12:20:34.889492 27043 data_dirs.cc:400] Could only allocate 1 dirs of requested 3 for tablet 5c4fde4cebd44ca083a03e01900903b3. 1 dirs total, 0 dirs full, 0 dirs failed
I20260630 12:20:34.890622 27042 tablet_service.cc:1511] Processing CreateTablet for tablet 8d3b619c39c2494591994103a76d53f5 (DEFAULT_TABLE table=test-workload [id=728a6d09da894fd3a04bb9c1fb1dafc9]), partition=RANGE (key) PARTITION 268435455 <= VALUES < 536870910
I20260630 12:20:34.891963 27042 data_dirs.cc:400] Could only allocate 1 dirs of requested 3 for tablet 8d3b619c39c2494591994103a76d53f5. 1 dirs total, 0 dirs full, 0 dirs failed
I20260630 12:20:34.892612 27039 data_dirs.cc:400] Could only allocate 1 dirs of requested 3 for tablet 909de5a7c542461f96db7ba101e5dc4d. 1 dirs total, 0 dirs full, 0 dirs failed
I20260630 12:20:34.892326 27040 tablet_service.cc:1511] Processing CreateTablet for tablet 3442fd6c4297419f842796d0a6b39861 (DEFAULT_TABLE table=test-workload [id=728a6d09da894fd3a04bb9c1fb1dafc9]), partition=RANGE (key) PARTITION 805306365 <= VALUES < 1073741820
I20260630 12:20:34.893662 27040 data_dirs.cc:400] Could only allocate 1 dirs of requested 3 for tablet 3442fd6c4297419f842796d0a6b39861. 1 dirs total, 0 dirs full, 0 dirs failed
I20260630 12:20:34.894585 27038 data_dirs.cc:400] Could only allocate 1 dirs of requested 3 for tablet 6f15f761f8414d8cb7c5364566f36061. 1 dirs total, 0 dirs full, 0 dirs failed
I20260630 12:20:34.894243 27041 tablet_service.cc:1511] Processing CreateTablet for tablet e3a111f0184b4f0f91832e052784a812 (DEFAULT_TABLE table=test-workload [id=728a6d09da894fd3a04bb9c1fb1dafc9]), partition=RANGE (key) PARTITION 536870910 <= VALUES < 805306365
I20260630 12:20:34.895545 27041 data_dirs.cc:400] Could only allocate 1 dirs of requested 3 for tablet e3a111f0184b4f0f91832e052784a812. 1 dirs total, 0 dirs full, 0 dirs failed
I20260630 12:20:34.903146 27118 tablet_service.cc:1511] Processing CreateTablet for tablet 5c4fde4cebd44ca083a03e01900903b3 (DEFAULT_TABLE table=test-workload [id=728a6d09da894fd3a04bb9c1fb1dafc9]), partition=RANGE (key) PARTITION VALUES < 268435455
I20260630 12:20:34.909024 27117 tablet_service.cc:1511] Processing CreateTablet for tablet 8d3b619c39c2494591994103a76d53f5 (DEFAULT_TABLE table=test-workload [id=728a6d09da894fd3a04bb9c1fb1dafc9]), partition=RANGE (key) PARTITION 268435455 <= VALUES < 536870910
I20260630 12:20:34.911000 27116 tablet_service.cc:1511] Processing CreateTablet for tablet e3a111f0184b4f0f91832e052784a812 (DEFAULT_TABLE table=test-workload [id=728a6d09da894fd3a04bb9c1fb1dafc9]), partition=RANGE (key) PARTITION 536870910 <= VALUES < 805306365
I20260630 12:20:34.912971 27115 tablet_service.cc:1511] Processing CreateTablet for tablet 3442fd6c4297419f842796d0a6b39861 (DEFAULT_TABLE table=test-workload [id=728a6d09da894fd3a04bb9c1fb1dafc9]), partition=RANGE (key) PARTITION 805306365 <= VALUES < 1073741820
I20260630 12:20:34.914884 27114 tablet_service.cc:1511] Processing CreateTablet for tablet 909de5a7c542461f96db7ba101e5dc4d (DEFAULT_TABLE table=test-workload [id=728a6d09da894fd3a04bb9c1fb1dafc9]), partition=RANGE (key) PARTITION 1073741820 <= VALUES < 1342177275
I20260630 12:20:34.916827 27117 data_dirs.cc:400] Could only allocate 1 dirs of requested 3 for tablet 8d3b619c39c2494591994103a76d53f5. 1 dirs total, 0 dirs full, 0 dirs failed
I20260630 12:20:34.921177 27115 data_dirs.cc:400] Could only allocate 1 dirs of requested 3 for tablet 3442fd6c4297419f842796d0a6b39861. 1 dirs total, 0 dirs full, 0 dirs failed
I20260630 12:20:34.924924 27116 data_dirs.cc:400] Could only allocate 1 dirs of requested 3 for tablet e3a111f0184b4f0f91832e052784a812. 1 dirs total, 0 dirs full, 0 dirs failed
I20260630 12:20:34.925647 27246 tablet_bootstrap.cc:492] T e3a111f0184b4f0f91832e052784a812 P 5d042696b5a84d3a8858c0c0de09f242: Bootstrap starting.
I20260630 12:20:34.926797 27192 tablet_service.cc:1511] Processing CreateTablet for tablet 5c4fde4cebd44ca083a03e01900903b3 (DEFAULT_TABLE table=test-workload [id=728a6d09da894fd3a04bb9c1fb1dafc9]), partition=RANGE (key) PARTITION VALUES < 268435455
I20260630 12:20:34.928117 27192 data_dirs.cc:400] Could only allocate 1 dirs of requested 3 for tablet 5c4fde4cebd44ca083a03e01900903b3. 1 dirs total, 0 dirs full, 0 dirs failed
I20260630 12:20:34.928944 27114 data_dirs.cc:400] Could only allocate 1 dirs of requested 3 for tablet 909de5a7c542461f96db7ba101e5dc4d. 1 dirs total, 0 dirs full, 0 dirs failed
I20260630 12:20:34.934114 27246 tablet_bootstrap.cc:654] T e3a111f0184b4f0f91832e052784a812 P 5d042696b5a84d3a8858c0c0de09f242: Neither blocks nor log segments found. Creating new log.
I20260630 12:20:34.938431 27191 tablet_service.cc:1511] Processing CreateTablet for tablet 8d3b619c39c2494591994103a76d53f5 (DEFAULT_TABLE table=test-workload [id=728a6d09da894fd3a04bb9c1fb1dafc9]), partition=RANGE (key) PARTITION 268435455 <= VALUES < 536870910
I20260630 12:20:34.939056 27190 tablet_service.cc:1511] Processing CreateTablet for tablet e3a111f0184b4f0f91832e052784a812 (DEFAULT_TABLE table=test-workload [id=728a6d09da894fd3a04bb9c1fb1dafc9]), partition=RANGE (key) PARTITION 536870910 <= VALUES < 805306365
I20260630 12:20:34.940485 27191 data_dirs.cc:400] Could only allocate 1 dirs of requested 3 for tablet 8d3b619c39c2494591994103a76d53f5. 1 dirs total, 0 dirs full, 0 dirs failed
I20260630 12:20:34.940052 27188 tablet_service.cc:1511] Processing CreateTablet for tablet 909de5a7c542461f96db7ba101e5dc4d (DEFAULT_TABLE table=test-workload [id=728a6d09da894fd3a04bb9c1fb1dafc9]), partition=RANGE (key) PARTITION 1073741820 <= VALUES < 1342177275
I20260630 12:20:34.941670 27188 data_dirs.cc:400] Could only allocate 1 dirs of requested 3 for tablet 909de5a7c542461f96db7ba101e5dc4d. 1 dirs total, 0 dirs full, 0 dirs failed
I20260630 12:20:34.941589 27189 tablet_service.cc:1511] Processing CreateTablet for tablet 3442fd6c4297419f842796d0a6b39861 (DEFAULT_TABLE table=test-workload [id=728a6d09da894fd3a04bb9c1fb1dafc9]), partition=RANGE (key) PARTITION 805306365 <= VALUES < 1073741820
I20260630 12:20:34.943133 27189 data_dirs.cc:400] Could only allocate 1 dirs of requested 3 for tablet 3442fd6c4297419f842796d0a6b39861. 1 dirs total, 0 dirs full, 0 dirs failed
I20260630 12:20:34.944981 27190 data_dirs.cc:400] Could only allocate 1 dirs of requested 3 for tablet e3a111f0184b4f0f91832e052784a812. 1 dirs total, 0 dirs full, 0 dirs failed
I20260630 12:20:34.954985 27248 tablet_bootstrap.cc:492] T 5c4fde4cebd44ca083a03e01900903b3 P eb574a0de1674d4b82ae85b4b2d89310: Bootstrap starting.
I20260630 12:20:34.954751 27113 tablet_service.cc:1511] Processing CreateTablet for tablet 6f15f761f8414d8cb7c5364566f36061 (DEFAULT_TABLE table=test-workload [id=728a6d09da894fd3a04bb9c1fb1dafc9]), partition=RANGE (key) PARTITION 1342177275 <= VALUES < 1610612730
I20260630 12:20:34.956182 27187 tablet_service.cc:1511] Processing CreateTablet for tablet 6f15f761f8414d8cb7c5364566f36061 (DEFAULT_TABLE table=test-workload [id=728a6d09da894fd3a04bb9c1fb1dafc9]), partition=RANGE (key) PARTITION 1342177275 <= VALUES < 1610612730
I20260630 12:20:34.956197 27113 data_dirs.cc:400] Could only allocate 1 dirs of requested 3 for tablet 6f15f761f8414d8cb7c5364566f36061. 1 dirs total, 0 dirs full, 0 dirs failed
I20260630 12:20:34.958731 27112 tablet_service.cc:1511] Processing CreateTablet for tablet 5beeadac8fd34517aab64e30dc2ef277 (DEFAULT_TABLE table=test-workload [id=728a6d09da894fd3a04bb9c1fb1dafc9]), partition=RANGE (key) PARTITION 1610612730 <= VALUES < 1879048185
I20260630 12:20:34.960053 27112 data_dirs.cc:400] Could only allocate 1 dirs of requested 3 for tablet 5beeadac8fd34517aab64e30dc2ef277. 1 dirs total, 0 dirs full, 0 dirs failed
I20260630 12:20:34.960760 27118 data_dirs.cc:400] Could only allocate 1 dirs of requested 3 for tablet 5c4fde4cebd44ca083a03e01900903b3. 1 dirs total, 0 dirs full, 0 dirs failed
I20260630 12:20:34.964640 27187 data_dirs.cc:400] Could only allocate 1 dirs of requested 3 for tablet 6f15f761f8414d8cb7c5364566f36061. 1 dirs total, 0 dirs full, 0 dirs failed
I20260630 12:20:34.972579 27111 tablet_service.cc:1511] Processing CreateTablet for tablet 54993af73bf84f15854750c107487046 (DEFAULT_TABLE table=test-workload [id=728a6d09da894fd3a04bb9c1fb1dafc9]), partition=RANGE (key) PARTITION 1879048185 <= VALUES
I20260630 12:20:34.974011 27111 data_dirs.cc:400] Could only allocate 1 dirs of requested 3 for tablet 54993af73bf84f15854750c107487046. 1 dirs total, 0 dirs full, 0 dirs failed
I20260630 12:20:34.976573 27038 tablet_service.cc:1511] Processing CreateTablet for tablet 54993af73bf84f15854750c107487046 (DEFAULT_TABLE table=test-workload [id=728a6d09da894fd3a04bb9c1fb1dafc9]), partition=RANGE (key) PARTITION 1879048185 <= VALUES
I20260630 12:20:34.977818 27038 data_dirs.cc:400] Could only allocate 1 dirs of requested 3 for tablet 54993af73bf84f15854750c107487046. 1 dirs total, 0 dirs full, 0 dirs failed
I20260630 12:20:34.983940 27186 tablet_service.cc:1511] Processing CreateTablet for tablet 5beeadac8fd34517aab64e30dc2ef277 (DEFAULT_TABLE table=test-workload [id=728a6d09da894fd3a04bb9c1fb1dafc9]), partition=RANGE (key) PARTITION 1610612730 <= VALUES < 1879048185
I20260630 12:20:34.986475 27186 data_dirs.cc:400] Could only allocate 1 dirs of requested 3 for tablet 5beeadac8fd34517aab64e30dc2ef277. 1 dirs total, 0 dirs full, 0 dirs failed
I20260630 12:20:34.989815 27192 tablet_service.cc:1511] Processing CreateTablet for tablet 54993af73bf84f15854750c107487046 (DEFAULT_TABLE table=test-workload [id=728a6d09da894fd3a04bb9c1fb1dafc9]), partition=RANGE (key) PARTITION 1879048185 <= VALUES
I20260630 12:20:34.991210 27192 data_dirs.cc:400] Could only allocate 1 dirs of requested 3 for tablet 54993af73bf84f15854750c107487046. 1 dirs total, 0 dirs full, 0 dirs failed
I20260630 12:20:35.017436 27042 tablet_service.cc:1511] Processing CreateTablet for tablet 5beeadac8fd34517aab64e30dc2ef277 (DEFAULT_TABLE table=test-workload [id=728a6d09da894fd3a04bb9c1fb1dafc9]), partition=RANGE (key) PARTITION 1610612730 <= VALUES < 1879048185
I20260630 12:20:35.018069 27246 tablet_bootstrap.cc:492] T e3a111f0184b4f0f91832e052784a812 P 5d042696b5a84d3a8858c0c0de09f242: No bootstrap required, opened a new log
I20260630 12:20:35.018653 27246 ts_tablet_manager.cc:1403] T e3a111f0184b4f0f91832e052784a812 P 5d042696b5a84d3a8858c0c0de09f242: Time spent bootstrapping tablet: real 0.095s	user 0.023s	sys 0.023s
I20260630 12:20:35.020393 27042 data_dirs.cc:400] Could only allocate 1 dirs of requested 3 for tablet 5beeadac8fd34517aab64e30dc2ef277. 1 dirs total, 0 dirs full, 0 dirs failed
I20260630 12:20:35.021843 27246 raft_consensus.cc:359] T e3a111f0184b4f0f91832e052784a812 P 5d042696b5a84d3a8858c0c0de09f242 [term 0 FOLLOWER]: Replica starting. Triggering 0 pending ops. Active config: opid_index: -1 OBSOLETE_local: false peers { permanent_uuid: "5d042696b5a84d3a8858c0c0de09f242" member_type: VOTER last_known_addr { host: "127.25.195.1" port: 37343 } } peers { permanent_uuid: "ea16b056751c4add927ac20561988166" member_type: VOTER last_known_addr { host: "127.25.195.2" port: 38895 } } peers { permanent_uuid: "eb574a0de1674d4b82ae85b4b2d89310" member_type: VOTER last_known_addr { host: "127.25.195.3" port: 36729 } }
I20260630 12:20:35.029382 27246 raft_consensus.cc:385] T e3a111f0184b4f0f91832e052784a812 P 5d042696b5a84d3a8858c0c0de09f242 [term 0 FOLLOWER]: Consensus starting up: Expiring failure detector timer to make a prompt election more likely
I20260630 12:20:35.029721 27246 raft_consensus.cc:740] T e3a111f0184b4f0f91832e052784a812 P 5d042696b5a84d3a8858c0c0de09f242 [term 0 FOLLOWER]: Becoming Follower/Learner. State: Replica: 5d042696b5a84d3a8858c0c0de09f242, State: Initialized, Role: FOLLOWER
I20260630 12:20:35.030601 27246 consensus_queue.cc:260] T e3a111f0184b4f0f91832e052784a812 P 5d042696b5a84d3a8858c0c0de09f242 [NON_LEADER]: Queue going to NON_LEADER mode. State: All replicated index: 0, Majority replicated index: 0, Committed index: 0, Last appended: 0.0, Last appended by leader: 0, Current term: 0, Majority size: -1, State: 0, Mode: NON_LEADER, active raft config: opid_index: -1 OBSOLETE_local: false peers { permanent_uuid: "5d042696b5a84d3a8858c0c0de09f242" member_type: VOTER last_known_addr { host: "127.25.195.1" port: 37343 } } peers { permanent_uuid: "ea16b056751c4add927ac20561988166" member_type: VOTER last_known_addr { host: "127.25.195.2" port: 38895 } } peers { permanent_uuid: "eb574a0de1674d4b82ae85b4b2d89310" member_type: VOTER last_known_addr { host: "127.25.195.3" port: 36729 } }
I20260630 12:20:35.040202 27249 tablet_bootstrap.cc:492] T 3442fd6c4297419f842796d0a6b39861 P ea16b056751c4add927ac20561988166: Bootstrap starting.
I20260630 12:20:35.056151 27246 ts_tablet_manager.cc:1434] T e3a111f0184b4f0f91832e052784a812 P 5d042696b5a84d3a8858c0c0de09f242: Time spent starting tablet: real 0.037s	user 0.005s	sys 0.017s
I20260630 12:20:35.057413 27246 tablet_bootstrap.cc:492] T 8d3b619c39c2494591994103a76d53f5 P 5d042696b5a84d3a8858c0c0de09f242: Bootstrap starting.
I20260630 12:20:35.063740 27246 tablet_bootstrap.cc:654] T 8d3b619c39c2494591994103a76d53f5 P 5d042696b5a84d3a8858c0c0de09f242: Neither blocks nor log segments found. Creating new log.
I20260630 12:20:35.071787 27248 tablet_bootstrap.cc:654] T 5c4fde4cebd44ca083a03e01900903b3 P eb574a0de1674d4b82ae85b4b2d89310: Neither blocks nor log segments found. Creating new log.
I20260630 12:20:35.077818 27249 tablet_bootstrap.cc:654] T 3442fd6c4297419f842796d0a6b39861 P ea16b056751c4add927ac20561988166: Neither blocks nor log segments found. Creating new log.
I20260630 12:20:35.081594 27250 raft_consensus.cc:493] T e3a111f0184b4f0f91832e052784a812 P 5d042696b5a84d3a8858c0c0de09f242 [term 0 FOLLOWER]: Starting pre-election (no leader contacted us within the election timeout)
I20260630 12:20:35.082093 27250 raft_consensus.cc:515] T e3a111f0184b4f0f91832e052784a812 P 5d042696b5a84d3a8858c0c0de09f242 [term 0 FOLLOWER]: Starting pre-election with config: opid_index: -1 OBSOLETE_local: false peers { permanent_uuid: "5d042696b5a84d3a8858c0c0de09f242" member_type: VOTER last_known_addr { host: "127.25.195.1" port: 37343 } } peers { permanent_uuid: "ea16b056751c4add927ac20561988166" member_type: VOTER last_known_addr { host: "127.25.195.2" port: 38895 } } peers { permanent_uuid: "eb574a0de1674d4b82ae85b4b2d89310" member_type: VOTER last_known_addr { host: "127.25.195.3" port: 36729 } }
I20260630 12:20:35.082769 27246 tablet_bootstrap.cc:492] T 8d3b619c39c2494591994103a76d53f5 P 5d042696b5a84d3a8858c0c0de09f242: No bootstrap required, opened a new log
I20260630 12:20:35.083324 27246 ts_tablet_manager.cc:1403] T 8d3b619c39c2494591994103a76d53f5 P 5d042696b5a84d3a8858c0c0de09f242: Time spent bootstrapping tablet: real 0.026s	user 0.010s	sys 0.000s
I20260630 12:20:35.095218 27250 leader_election.cc:290] T e3a111f0184b4f0f91832e052784a812 P 5d042696b5a84d3a8858c0c0de09f242 [CANDIDATE]: Term 1 pre-election: Requested pre-vote from peers ea16b056751c4add927ac20561988166 (127.25.195.2:38895), eb574a0de1674d4b82ae85b4b2d89310 (127.25.195.3:36729)
I20260630 12:20:35.102116 27248 tablet_bootstrap.cc:492] T 5c4fde4cebd44ca083a03e01900903b3 P eb574a0de1674d4b82ae85b4b2d89310: No bootstrap required, opened a new log
I20260630 12:20:35.102761 27248 ts_tablet_manager.cc:1403] T 5c4fde4cebd44ca083a03e01900903b3 P eb574a0de1674d4b82ae85b4b2d89310: Time spent bootstrapping tablet: real 0.148s	user 0.015s	sys 0.012s
I20260630 12:20:35.103359 27246 raft_consensus.cc:359] T 8d3b619c39c2494591994103a76d53f5 P 5d042696b5a84d3a8858c0c0de09f242 [term 0 FOLLOWER]: Replica starting. Triggering 0 pending ops. Active config: opid_index: -1 OBSOLETE_local: false peers { permanent_uuid: "5d042696b5a84d3a8858c0c0de09f242" member_type: VOTER last_known_addr { host: "127.25.195.1" port: 37343 } } peers { permanent_uuid: "ea16b056751c4add927ac20561988166" member_type: VOTER last_known_addr { host: "127.25.195.2" port: 38895 } } peers { permanent_uuid: "eb574a0de1674d4b82ae85b4b2d89310" member_type: VOTER last_known_addr { host: "127.25.195.3" port: 36729 } }
I20260630 12:20:35.104099 27246 raft_consensus.cc:385] T 8d3b619c39c2494591994103a76d53f5 P 5d042696b5a84d3a8858c0c0de09f242 [term 0 FOLLOWER]: Consensus starting up: Expiring failure detector timer to make a prompt election more likely
I20260630 12:20:35.104417 27246 raft_consensus.cc:740] T 8d3b619c39c2494591994103a76d53f5 P 5d042696b5a84d3a8858c0c0de09f242 [term 0 FOLLOWER]: Becoming Follower/Learner. State: Replica: 5d042696b5a84d3a8858c0c0de09f242, State: Initialized, Role: FOLLOWER
I20260630 12:20:35.106061 27248 raft_consensus.cc:359] T 5c4fde4cebd44ca083a03e01900903b3 P eb574a0de1674d4b82ae85b4b2d89310 [term 0 FOLLOWER]: Replica starting. Triggering 0 pending ops. Active config: opid_index: -1 OBSOLETE_local: false peers { permanent_uuid: "5d042696b5a84d3a8858c0c0de09f242" member_type: VOTER last_known_addr { host: "127.25.195.1" port: 37343 } } peers { permanent_uuid: "eb574a0de1674d4b82ae85b4b2d89310" member_type: VOTER last_known_addr { host: "127.25.195.3" port: 36729 } } peers { permanent_uuid: "ea16b056751c4add927ac20561988166" member_type: VOTER last_known_addr { host: "127.25.195.2" port: 38895 } }
I20260630 12:20:35.106878 27248 raft_consensus.cc:385] T 5c4fde4cebd44ca083a03e01900903b3 P eb574a0de1674d4b82ae85b4b2d89310 [term 0 FOLLOWER]: Consensus starting up: Expiring failure detector timer to make a prompt election more likely
