I20260630 12:21:46.619031 29488 raft_consensus.cc:385] T 83b04fbea11f4c9f85e04b1d6156175c P 4f275dc65f6f4fcbaee48d771fa8dd99 [term 0 FOLLOWER]: Consensus starting up: Expiring failure detector timer to make a prompt election more likely
I20260630 12:21:46.619423 29488 raft_consensus.cc:740] T 83b04fbea11f4c9f85e04b1d6156175c P 4f275dc65f6f4fcbaee48d771fa8dd99 [term 0 FOLLOWER]: Becoming Follower/Learner. State: Replica: 4f275dc65f6f4fcbaee48d771fa8dd99, State: Initialized, Role: FOLLOWER
I20260630 12:21:46.619527 29484 consensus_queue.cc:260] T a259e8aa82ea498fab51d84c22ca7e0d P 8a88db346c34446590070de50e8a7f82 [NON_LEADER]: Queue going to NON_LEADER mode. State: All replicated index: 0, Majority replicated index: 0, Committed index: 0, Last appended: 0.0, Last appended by leader: 0, Current term: 0, Majority size: -1, State: 0, Mode: NON_LEADER, active raft config: opid_index: -1 OBSOLETE_local: false peers { permanent_uuid: "4f275dc65f6f4fcbaee48d771fa8dd99" member_type: VOTER last_known_addr { host: "127.26.2.193" port: 39839 } } peers { permanent_uuid: "47e0cb545e874844a6e44935e423c56e" member_type: VOTER last_known_addr { host: "127.26.2.194" port: 39497 } } peers { permanent_uuid: "8a88db346c34446590070de50e8a7f82" member_type: VOTER last_known_addr { host: "127.26.2.195" port: 37399 } }
I20260630 12:21:46.621719 29484 ts_tablet_manager.cc:1434] T a259e8aa82ea498fab51d84c22ca7e0d P 8a88db346c34446590070de50e8a7f82: Time spent starting tablet: real 0.007s	user 0.005s	sys 0.002s
I20260630 12:21:46.622695 29484 tablet_bootstrap.cc:492] T 41898ee3cec345fb84b09bdd46f63339 P 8a88db346c34446590070de50e8a7f82: Bootstrap starting.
I20260630 12:21:46.623651 29485 tablet_bootstrap.cc:654] T ec9cf323195643ea9a0dd32a27a63426 P 47e0cb545e874844a6e44935e423c56e: Neither blocks nor log segments found. Creating new log.
I20260630 12:21:46.620455 29488 consensus_queue.cc:260] T 83b04fbea11f4c9f85e04b1d6156175c P 4f275dc65f6f4fcbaee48d771fa8dd99 [NON_LEADER]: Queue going to NON_LEADER mode. State: All replicated index: 0, Majority replicated index: 0, Committed index: 0, Last appended: 0.0, Last appended by leader: 0, Current term: 0, Majority size: -1, State: 0, Mode: NON_LEADER, active raft config: opid_index: -1 OBSOLETE_local: false peers { permanent_uuid: "4f275dc65f6f4fcbaee48d771fa8dd99" member_type: VOTER last_known_addr { host: "127.26.2.193" port: 39839 } } peers { permanent_uuid: "47e0cb545e874844a6e44935e423c56e" member_type: VOTER last_known_addr { host: "127.26.2.194" port: 39497 } } peers { permanent_uuid: "8a88db346c34446590070de50e8a7f82" member_type: VOTER last_known_addr { host: "127.26.2.195" port: 37399 } }
W20260630 12:21:46.627480 29465 tablet.cc:2406] T a259e8aa82ea498fab51d84c22ca7e0d P 8a88db346c34446590070de50e8a7f82: Can't schedule compaction. Clean time has not been advanced past its initial value.
I20260630 12:21:46.630486 29484 tablet_bootstrap.cc:654] T 41898ee3cec345fb84b09bdd46f63339 P 8a88db346c34446590070de50e8a7f82: Neither blocks nor log segments found. Creating new log.
I20260630 12:21:46.634469 29488 ts_tablet_manager.cc:1434] T 83b04fbea11f4c9f85e04b1d6156175c P 4f275dc65f6f4fcbaee48d771fa8dd99: Time spent starting tablet: real 0.019s	user 0.004s	sys 0.009s
I20260630 12:21:46.639950 29488 tablet_bootstrap.cc:492] T ec9cf323195643ea9a0dd32a27a63426 P 4f275dc65f6f4fcbaee48d771fa8dd99: Bootstrap starting.
I20260630 12:21:46.640578 29484 tablet_bootstrap.cc:492] T 41898ee3cec345fb84b09bdd46f63339 P 8a88db346c34446590070de50e8a7f82: No bootstrap required, opened a new log
I20260630 12:21:46.641067 29484 ts_tablet_manager.cc:1403] T 41898ee3cec345fb84b09bdd46f63339 P 8a88db346c34446590070de50e8a7f82: Time spent bootstrapping tablet: real 0.019s	user 0.009s	sys 0.007s
I20260630 12:21:46.643963 29484 raft_consensus.cc:359] T 41898ee3cec345fb84b09bdd46f63339 P 8a88db346c34446590070de50e8a7f82 [term 0 FOLLOWER]: Replica starting. Triggering 0 pending ops. Active config: opid_index: -1 OBSOLETE_local: false peers { permanent_uuid: "4f275dc65f6f4fcbaee48d771fa8dd99" member_type: VOTER last_known_addr { host: "127.26.2.193" port: 39839 } } peers { permanent_uuid: "47e0cb545e874844a6e44935e423c56e" member_type: VOTER last_known_addr { host: "127.26.2.194" port: 39497 } } peers { permanent_uuid: "8a88db346c34446590070de50e8a7f82" member_type: VOTER last_known_addr { host: "127.26.2.195" port: 37399 } }
I20260630 12:21:46.644740 29484 raft_consensus.cc:385] T 41898ee3cec345fb84b09bdd46f63339 P 8a88db346c34446590070de50e8a7f82 [term 0 FOLLOWER]: Consensus starting up: Expiring failure detector timer to make a prompt election more likely
I20260630 12:21:46.645046 29484 raft_consensus.cc:740] T 41898ee3cec345fb84b09bdd46f63339 P 8a88db346c34446590070de50e8a7f82 [term 0 FOLLOWER]: Becoming Follower/Learner. State: Replica: 8a88db346c34446590070de50e8a7f82, State: Initialized, Role: FOLLOWER
I20260630 12:21:46.645780 29484 consensus_queue.cc:260] T 41898ee3cec345fb84b09bdd46f63339 P 8a88db346c34446590070de50e8a7f82 [NON_LEADER]: Queue going to NON_LEADER mode. State: All replicated index: 0, Majority replicated index: 0, Committed index: 0, Last appended: 0.0, Last appended by leader: 0, Current term: 0, Majority size: -1, State: 0, Mode: NON_LEADER, active raft config: opid_index: -1 OBSOLETE_local: false peers { permanent_uuid: "4f275dc65f6f4fcbaee48d771fa8dd99" member_type: VOTER last_known_addr { host: "127.26.2.193" port: 39839 } } peers { permanent_uuid: "47e0cb545e874844a6e44935e423c56e" member_type: VOTER last_known_addr { host: "127.26.2.194" port: 39497 } } peers { permanent_uuid: "8a88db346c34446590070de50e8a7f82" member_type: VOTER last_known_addr { host: "127.26.2.195" port: 37399 } }
I20260630 12:21:46.649173 29485 tablet_bootstrap.cc:492] T ec9cf323195643ea9a0dd32a27a63426 P 47e0cb545e874844a6e44935e423c56e: No bootstrap required, opened a new log
I20260630 12:21:46.647919 29484 ts_tablet_manager.cc:1434] T 41898ee3cec345fb84b09bdd46f63339 P 8a88db346c34446590070de50e8a7f82: Time spent starting tablet: real 0.007s	user 0.005s	sys 0.000s
I20260630 12:21:46.647419 29488 tablet_bootstrap.cc:654] T ec9cf323195643ea9a0dd32a27a63426 P 4f275dc65f6f4fcbaee48d771fa8dd99: Neither blocks nor log segments found. Creating new log.
I20260630 12:21:46.651715 29485 ts_tablet_manager.cc:1403] T ec9cf323195643ea9a0dd32a27a63426 P 47e0cb545e874844a6e44935e423c56e: Time spent bootstrapping tablet: real 0.036s	user 0.026s	sys 0.007s
I20260630 12:21:46.652316 29484 tablet_bootstrap.cc:492] T 83b04fbea11f4c9f85e04b1d6156175c P 8a88db346c34446590070de50e8a7f82: Bootstrap starting.
I20260630 12:21:46.654704 29485 raft_consensus.cc:359] T ec9cf323195643ea9a0dd32a27a63426 P 47e0cb545e874844a6e44935e423c56e [term 0 FOLLOWER]: Replica starting. Triggering 0 pending ops. Active config: opid_index: -1 OBSOLETE_local: false peers { permanent_uuid: "8a88db346c34446590070de50e8a7f82" member_type: VOTER last_known_addr { host: "127.26.2.195" port: 37399 } } peers { permanent_uuid: "47e0cb545e874844a6e44935e423c56e" member_type: VOTER last_known_addr { host: "127.26.2.194" port: 39497 } } peers { permanent_uuid: "4f275dc65f6f4fcbaee48d771fa8dd99" member_type: VOTER last_known_addr { host: "127.26.2.193" port: 39839 } }
I20260630 12:21:46.655479 29485 raft_consensus.cc:385] T ec9cf323195643ea9a0dd32a27a63426 P 47e0cb545e874844a6e44935e423c56e [term 0 FOLLOWER]: Consensus starting up: Expiring failure detector timer to make a prompt election more likely
I20260630 12:21:46.655829 29485 raft_consensus.cc:740] T ec9cf323195643ea9a0dd32a27a63426 P 47e0cb545e874844a6e44935e423c56e [term 0 FOLLOWER]: Becoming Follower/Learner. State: Replica: 47e0cb545e874844a6e44935e423c56e, State: Initialized, Role: FOLLOWER
I20260630 12:21:46.656670 29485 consensus_queue.cc:260] T ec9cf323195643ea9a0dd32a27a63426 P 47e0cb545e874844a6e44935e423c56e [NON_LEADER]: Queue going to NON_LEADER mode. State: All replicated index: 0, Majority replicated index: 0, Committed index: 0, Last appended: 0.0, Last appended by leader: 0, Current term: 0, Majority size: -1, State: 0, Mode: NON_LEADER, active raft config: opid_index: -1 OBSOLETE_local: false peers { permanent_uuid: "8a88db346c34446590070de50e8a7f82" member_type: VOTER last_known_addr { host: "127.26.2.195" port: 37399 } } peers { permanent_uuid: "47e0cb545e874844a6e44935e423c56e" member_type: VOTER last_known_addr { host: "127.26.2.194" port: 39497 } } peers { permanent_uuid: "4f275dc65f6f4fcbaee48d771fa8dd99" member_type: VOTER last_known_addr { host: "127.26.2.193" port: 39839 } }
I20260630 12:21:46.660133 29484 tablet_bootstrap.cc:654] T 83b04fbea11f4c9f85e04b1d6156175c P 8a88db346c34446590070de50e8a7f82: Neither blocks nor log segments found. Creating new log.
I20260630 12:21:46.660820 29485 ts_tablet_manager.cc:1434] T ec9cf323195643ea9a0dd32a27a63426 P 47e0cb545e874844a6e44935e423c56e: Time spent starting tablet: real 0.009s	user 0.005s	sys 0.000s
I20260630 12:21:46.661226 29488 tablet_bootstrap.cc:492] T ec9cf323195643ea9a0dd32a27a63426 P 4f275dc65f6f4fcbaee48d771fa8dd99: No bootstrap required, opened a new log
I20260630 12:21:46.661746 29488 ts_tablet_manager.cc:1403] T ec9cf323195643ea9a0dd32a27a63426 P 4f275dc65f6f4fcbaee48d771fa8dd99: Time spent bootstrapping tablet: real 0.022s	user 0.006s	sys 0.010s
I20260630 12:21:46.661841 29485 tablet_bootstrap.cc:492] T 41898ee3cec345fb84b09bdd46f63339 P 47e0cb545e874844a6e44935e423c56e: Bootstrap starting.
I20260630 12:21:46.664708 29488 raft_consensus.cc:359] T ec9cf323195643ea9a0dd32a27a63426 P 4f275dc65f6f4fcbaee48d771fa8dd99 [term 0 FOLLOWER]: Replica starting. Triggering 0 pending ops. Active config: opid_index: -1 OBSOLETE_local: false peers { permanent_uuid: "8a88db346c34446590070de50e8a7f82" member_type: VOTER last_known_addr { host: "127.26.2.195" port: 37399 } } peers { permanent_uuid: "47e0cb545e874844a6e44935e423c56e" member_type: VOTER last_known_addr { host: "127.26.2.194" port: 39497 } } peers { permanent_uuid: "4f275dc65f6f4fcbaee48d771fa8dd99" member_type: VOTER last_known_addr { host: "127.26.2.193" port: 39839 } }
I20260630 12:21:46.665477 29488 raft_consensus.cc:385] T ec9cf323195643ea9a0dd32a27a63426 P 4f275dc65f6f4fcbaee48d771fa8dd99 [term 0 FOLLOWER]: Consensus starting up: Expiring failure detector timer to make a prompt election more likely
I20260630 12:21:46.665844 29488 raft_consensus.cc:740] T ec9cf323195643ea9a0dd32a27a63426 P 4f275dc65f6f4fcbaee48d771fa8dd99 [term 0 FOLLOWER]: Becoming Follower/Learner. State: Replica: 4f275dc65f6f4fcbaee48d771fa8dd99, State: Initialized, Role: FOLLOWER
I20260630 12:21:46.666622 29488 consensus_queue.cc:260] T ec9cf323195643ea9a0dd32a27a63426 P 4f275dc65f6f4fcbaee48d771fa8dd99 [NON_LEADER]: Queue going to NON_LEADER mode. State: All replicated index: 0, Majority replicated index: 0, Committed index: 0, Last appended: 0.0, Last appended by leader: 0, Current term: 0, Majority size: -1, State: 0, Mode: NON_LEADER, active raft config: opid_index: -1 OBSOLETE_local: false peers { permanent_uuid: "8a88db346c34446590070de50e8a7f82" member_type: VOTER last_known_addr { host: "127.26.2.195" port: 37399 } } peers { permanent_uuid: "47e0cb545e874844a6e44935e423c56e" member_type: VOTER last_known_addr { host: "127.26.2.194" port: 39497 } } peers { permanent_uuid: "4f275dc65f6f4fcbaee48d771fa8dd99" member_type: VOTER last_known_addr { host: "127.26.2.193" port: 39839 } }
I20260630 12:21:46.668396 29485 tablet_bootstrap.cc:654] T 41898ee3cec345fb84b09bdd46f63339 P 47e0cb545e874844a6e44935e423c56e: Neither blocks nor log segments found. Creating new log.
I20260630 12:21:46.668780 29488 ts_tablet_manager.cc:1434] T ec9cf323195643ea9a0dd32a27a63426 P 4f275dc65f6f4fcbaee48d771fa8dd99: Time spent starting tablet: real 0.007s	user 0.003s	sys 0.002s
I20260630 12:21:46.669780 29488 tablet_bootstrap.cc:492] T 41898ee3cec345fb84b09bdd46f63339 P 4f275dc65f6f4fcbaee48d771fa8dd99: Bootstrap starting.
I20260630 12:21:46.677062 29488 tablet_bootstrap.cc:654] T 41898ee3cec345fb84b09bdd46f63339 P 4f275dc65f6f4fcbaee48d771fa8dd99: Neither blocks nor log segments found. Creating new log.
I20260630 12:21:46.679913 29485 tablet_bootstrap.cc:492] T 41898ee3cec345fb84b09bdd46f63339 P 47e0cb545e874844a6e44935e423c56e: No bootstrap required, opened a new log
I20260630 12:21:46.680542 29485 ts_tablet_manager.cc:1403] T 41898ee3cec345fb84b09bdd46f63339 P 47e0cb545e874844a6e44935e423c56e: Time spent bootstrapping tablet: real 0.019s	user 0.013s	sys 0.004s
I20260630 12:21:46.684111 29485 raft_consensus.cc:359] T 41898ee3cec345fb84b09bdd46f63339 P 47e0cb545e874844a6e44935e423c56e [term 0 FOLLOWER]: Replica starting. Triggering 0 pending ops. Active config: opid_index: -1 OBSOLETE_local: false peers { permanent_uuid: "4f275dc65f6f4fcbaee48d771fa8dd99" member_type: VOTER last_known_addr { host: "127.26.2.193" port: 39839 } } peers { permanent_uuid: "47e0cb545e874844a6e44935e423c56e" member_type: VOTER last_known_addr { host: "127.26.2.194" port: 39497 } } peers { permanent_uuid: "8a88db346c34446590070de50e8a7f82" member_type: VOTER last_known_addr { host: "127.26.2.195" port: 37399 } }
I20260630 12:21:46.685050 29485 raft_consensus.cc:385] T 41898ee3cec345fb84b09bdd46f63339 P 47e0cb545e874844a6e44935e423c56e [term 0 FOLLOWER]: Consensus starting up: Expiring failure detector timer to make a prompt election more likely
I20260630 12:21:46.685453 29485 raft_consensus.cc:740] T 41898ee3cec345fb84b09bdd46f63339 P 47e0cb545e874844a6e44935e423c56e [term 0 FOLLOWER]: Becoming Follower/Learner. State: Replica: 47e0cb545e874844a6e44935e423c56e, State: Initialized, Role: FOLLOWER
I20260630 12:21:46.686614 29485 consensus_queue.cc:260] T 41898ee3cec345fb84b09bdd46f63339 P 47e0cb545e874844a6e44935e423c56e [NON_LEADER]: Queue going to NON_LEADER mode. State: All replicated index: 0, Majority replicated index: 0, Committed index: 0, Last appended: 0.0, Last appended by leader: 0, Current term: 0, Majority size: -1, State: 0, Mode: NON_LEADER, active raft config: opid_index: -1 OBSOLETE_local: false peers { permanent_uuid: "4f275dc65f6f4fcbaee48d771fa8dd99" member_type: VOTER last_known_addr { host: "127.26.2.193" port: 39839 } } peers { permanent_uuid: "47e0cb545e874844a6e44935e423c56e" member_type: VOTER last_known_addr { host: "127.26.2.194" port: 39497 } } peers { permanent_uuid: "8a88db346c34446590070de50e8a7f82" member_type: VOTER last_known_addr { host: "127.26.2.195" port: 37399 } }
I20260630 12:21:46.689790 29485 ts_tablet_manager.cc:1434] T 41898ee3cec345fb84b09bdd46f63339 P 47e0cb545e874844a6e44935e423c56e: Time spent starting tablet: real 0.009s	user 0.006s	sys 0.000s
I20260630 12:21:46.691075 29485 tablet_bootstrap.cc:492] T 83b04fbea11f4c9f85e04b1d6156175c P 47e0cb545e874844a6e44935e423c56e: Bootstrap starting.
I20260630 12:21:46.696453 29488 tablet_bootstrap.cc:492] T 41898ee3cec345fb84b09bdd46f63339 P 4f275dc65f6f4fcbaee48d771fa8dd99: No bootstrap required, opened a new log
I20260630 12:21:46.696995 29488 ts_tablet_manager.cc:1403] T 41898ee3cec345fb84b09bdd46f63339 P 4f275dc65f6f4fcbaee48d771fa8dd99: Time spent bootstrapping tablet: real 0.027s	user 0.003s	sys 0.023s
I20260630 12:21:46.699005 29485 tablet_bootstrap.cc:654] T 83b04fbea11f4c9f85e04b1d6156175c P 47e0cb545e874844a6e44935e423c56e: Neither blocks nor log segments found. Creating new log.
I20260630 12:21:46.699995 29488 raft_consensus.cc:359] T 41898ee3cec345fb84b09bdd46f63339 P 4f275dc65f6f4fcbaee48d771fa8dd99 [term 0 FOLLOWER]: Replica starting. Triggering 0 pending ops. Active config: opid_index: -1 OBSOLETE_local: false peers { permanent_uuid: "4f275dc65f6f4fcbaee48d771fa8dd99" member_type: VOTER last_known_addr { host: "127.26.2.193" port: 39839 } } peers { permanent_uuid: "47e0cb545e874844a6e44935e423c56e" member_type: VOTER last_known_addr { host: "127.26.2.194" port: 39497 } } peers { permanent_uuid: "8a88db346c34446590070de50e8a7f82" member_type: VOTER last_known_addr { host: "127.26.2.195" port: 37399 } }
I20260630 12:21:46.700822 29488 raft_consensus.cc:385] T 41898ee3cec345fb84b09bdd46f63339 P 4f275dc65f6f4fcbaee48d771fa8dd99 [term 0 FOLLOWER]: Consensus starting up: Expiring failure detector timer to make a prompt election more likely
I20260630 12:21:46.701161 29488 raft_consensus.cc:740] T 41898ee3cec345fb84b09bdd46f63339 P 4f275dc65f6f4fcbaee48d771fa8dd99 [term 0 FOLLOWER]: Becoming Follower/Learner. State: Replica: 4f275dc65f6f4fcbaee48d771fa8dd99, State: Initialized, Role: FOLLOWER
I20260630 12:21:46.702314 29488 consensus_queue.cc:260] T 41898ee3cec345fb84b09bdd46f63339 P 4f275dc65f6f4fcbaee48d771fa8dd99 [NON_LEADER]: Queue going to NON_LEADER mode. State: All replicated index: 0, Majority replicated index: 0, Committed index: 0, Last appended: 0.0, Last appended by leader: 0, Current term: 0, Majority size: -1, State: 0, Mode: NON_LEADER, active raft config: opid_index: -1 OBSOLETE_local: false peers { permanent_uuid: "4f275dc65f6f4fcbaee48d771fa8dd99" member_type: VOTER last_known_addr { host: "127.26.2.193" port: 39839 } } peers { permanent_uuid: "47e0cb545e874844a6e44935e423c56e" member_type: VOTER last_known_addr { host: "127.26.2.194" port: 39497 } } peers { permanent_uuid: "8a88db346c34446590070de50e8a7f82" member_type: VOTER last_known_addr { host: "127.26.2.195" port: 37399 } }
I20260630 12:21:46.705080 29488 ts_tablet_manager.cc:1434] T 41898ee3cec345fb84b09bdd46f63339 P 4f275dc65f6f4fcbaee48d771fa8dd99: Time spent starting tablet: real 0.008s	user 0.005s	sys 0.001s
I20260630 12:21:46.706386 29488 tablet_bootstrap.cc:492] T a259e8aa82ea498fab51d84c22ca7e0d P 4f275dc65f6f4fcbaee48d771fa8dd99: Bootstrap starting.
I20260630 12:21:46.710456 29485 tablet_bootstrap.cc:492] T 83b04fbea11f4c9f85e04b1d6156175c P 47e0cb545e874844a6e44935e423c56e: No bootstrap required, opened a new log
I20260630 12:21:46.711025 29485 ts_tablet_manager.cc:1403] T 83b04fbea11f4c9f85e04b1d6156175c P 47e0cb545e874844a6e44935e423c56e: Time spent bootstrapping tablet: real 0.020s	user 0.011s	sys 0.007s
I20260630 12:21:46.712878 29488 tablet_bootstrap.cc:654] T a259e8aa82ea498fab51d84c22ca7e0d P 4f275dc65f6f4fcbaee48d771fa8dd99: Neither blocks nor log segments found. Creating new log.
I20260630 12:21:46.714030 29485 raft_consensus.cc:359] T 83b04fbea11f4c9f85e04b1d6156175c P 47e0cb545e874844a6e44935e423c56e [term 0 FOLLOWER]: Replica starting. Triggering 0 pending ops. Active config: opid_index: -1 OBSOLETE_local: false peers { permanent_uuid: "4f275dc65f6f4fcbaee48d771fa8dd99" member_type: VOTER last_known_addr { host: "127.26.2.193" port: 39839 } } peers { permanent_uuid: "47e0cb545e874844a6e44935e423c56e" member_type: VOTER last_known_addr { host: "127.26.2.194" port: 39497 } } peers { permanent_uuid: "8a88db346c34446590070de50e8a7f82" member_type: VOTER last_known_addr { host: "127.26.2.195" port: 37399 } }
I20260630 12:21:46.714841 29485 raft_consensus.cc:385] T 83b04fbea11f4c9f85e04b1d6156175c P 47e0cb545e874844a6e44935e423c56e [term 0 FOLLOWER]: Consensus starting up: Expiring failure detector timer to make a prompt election more likely
I20260630 12:21:46.715201 29485 raft_consensus.cc:740] T 83b04fbea11f4c9f85e04b1d6156175c P 47e0cb545e874844a6e44935e423c56e [term 0 FOLLOWER]: Becoming Follower/Learner. State: Replica: 47e0cb545e874844a6e44935e423c56e, State: Initialized, Role: FOLLOWER
I20260630 12:21:46.716210 29485 consensus_queue.cc:260] T 83b04fbea11f4c9f85e04b1d6156175c P 47e0cb545e874844a6e44935e423c56e [NON_LEADER]: Queue going to NON_LEADER mode. State: All replicated index: 0, Majority replicated index: 0, Committed index: 0, Last appended: 0.0, Last appended by leader: 0, Current term: 0, Majority size: -1, State: 0, Mode: NON_LEADER, active raft config: opid_index: -1 OBSOLETE_local: false peers { permanent_uuid: "4f275dc65f6f4fcbaee48d771fa8dd99" member_type: VOTER last_known_addr { host: "127.26.2.193" port: 39839 } } peers { permanent_uuid: "47e0cb545e874844a6e44935e423c56e" member_type: VOTER last_known_addr { host: "127.26.2.194" port: 39497 } } peers { permanent_uuid: "8a88db346c34446590070de50e8a7f82" member_type: VOTER last_known_addr { host: "127.26.2.195" port: 37399 } }
I20260630 12:21:46.721165 29485 ts_tablet_manager.cc:1434] T 83b04fbea11f4c9f85e04b1d6156175c P 47e0cb545e874844a6e44935e423c56e: Time spent starting tablet: real 0.010s	user 0.006s	sys 0.000s
I20260630 12:21:46.724262 29488 tablet_bootstrap.cc:492] T a259e8aa82ea498fab51d84c22ca7e0d P 4f275dc65f6f4fcbaee48d771fa8dd99: No bootstrap required, opened a new log
I20260630 12:21:46.724756 29488 ts_tablet_manager.cc:1403] T a259e8aa82ea498fab51d84c22ca7e0d P 4f275dc65f6f4fcbaee48d771fa8dd99: Time spent bootstrapping tablet: real 0.019s	user 0.011s	sys 0.006s
I20260630 12:21:46.727025 29488 raft_consensus.cc:359] T a259e8aa82ea498fab51d84c22ca7e0d P 4f275dc65f6f4fcbaee48d771fa8dd99 [term 0 FOLLOWER]: Replica starting. Triggering 0 pending ops. Active config: opid_index: -1 OBSOLETE_local: false peers { permanent_uuid: "4f275dc65f6f4fcbaee48d771fa8dd99" member_type: VOTER last_known_addr { host: "127.26.2.193" port: 39839 } } peers { permanent_uuid: "47e0cb545e874844a6e44935e423c56e" member_type: VOTER last_known_addr { host: "127.26.2.194" port: 39497 } } peers { permanent_uuid: "8a88db346c34446590070de50e8a7f82" member_type: VOTER last_known_addr { host: "127.26.2.195" port: 37399 } }
I20260630 12:21:46.727800 29488 raft_consensus.cc:385] T a259e8aa82ea498fab51d84c22ca7e0d P 4f275dc65f6f4fcbaee48d771fa8dd99 [term 0 FOLLOWER]: Consensus starting up: Expiring failure detector timer to make a prompt election more likely
I20260630 12:21:46.728176 29488 raft_consensus.cc:740] T a259e8aa82ea498fab51d84c22ca7e0d P 4f275dc65f6f4fcbaee48d771fa8dd99 [term 0 FOLLOWER]: Becoming Follower/Learner. State: Replica: 4f275dc65f6f4fcbaee48d771fa8dd99, State: Initialized, Role: FOLLOWER
I20260630 12:21:46.728946 29488 consensus_queue.cc:260] T a259e8aa82ea498fab51d84c22ca7e0d P 4f275dc65f6f4fcbaee48d771fa8dd99 [NON_LEADER]: Queue going to NON_LEADER mode. State: All replicated index: 0, Majority replicated index: 0, Committed index: 0, Last appended: 0.0, Last appended by leader: 0, Current term: 0, Majority size: -1, State: 0, Mode: NON_LEADER, active raft config: opid_index: -1 OBSOLETE_local: false peers { permanent_uuid: "4f275dc65f6f4fcbaee48d771fa8dd99" member_type: VOTER last_known_addr { host: "127.26.2.193" port: 39839 } } peers { permanent_uuid: "47e0cb545e874844a6e44935e423c56e" member_type: VOTER last_known_addr { host: "127.26.2.194" port: 39497 } } peers { permanent_uuid: "8a88db346c34446590070de50e8a7f82" member_type: VOTER last_known_addr { host: "127.26.2.195" port: 37399 } }
I20260630 12:21:46.730230 29484 tablet_bootstrap.cc:492] T 83b04fbea11f4c9f85e04b1d6156175c P 8a88db346c34446590070de50e8a7f82: No bootstrap required, opened a new log
I20260630 12:21:46.730701 29488 ts_tablet_manager.cc:1434] T a259e8aa82ea498fab51d84c22ca7e0d P 4f275dc65f6f4fcbaee48d771fa8dd99: Time spent starting tablet: real 0.006s	user 0.005s	sys 0.000s
I20260630 12:21:46.730684 29484 ts_tablet_manager.cc:1403] T 83b04fbea11f4c9f85e04b1d6156175c P 8a88db346c34446590070de50e8a7f82: Time spent bootstrapping tablet: real 0.079s	user 0.033s	sys 0.044s
I20260630 12:21:46.733714 29484 raft_consensus.cc:359] T 83b04fbea11f4c9f85e04b1d6156175c P 8a88db346c34446590070de50e8a7f82 [term 0 FOLLOWER]: Replica starting. Triggering 0 pending ops. Active config: opid_index: -1 OBSOLETE_local: false peers { permanent_uuid: "4f275dc65f6f4fcbaee48d771fa8dd99" member_type: VOTER last_known_addr { host: "127.26.2.193" port: 39839 } } peers { permanent_uuid: "47e0cb545e874844a6e44935e423c56e" member_type: VOTER last_known_addr { host: "127.26.2.194" port: 39497 } } peers { permanent_uuid: "8a88db346c34446590070de50e8a7f82" member_type: VOTER last_known_addr { host: "127.26.2.195" port: 37399 } }
I20260630 12:21:46.734282 29484 raft_consensus.cc:385] T 83b04fbea11f4c9f85e04b1d6156175c P 8a88db346c34446590070de50e8a7f82 [term 0 FOLLOWER]: Consensus starting up: Expiring failure detector timer to make a prompt election more likely
I20260630 12:21:46.734527 29484 raft_consensus.cc:740] T 83b04fbea11f4c9f85e04b1d6156175c P 8a88db346c34446590070de50e8a7f82 [term 0 FOLLOWER]: Becoming Follower/Learner. State: Replica: 8a88db346c34446590070de50e8a7f82, State: Initialized, Role: FOLLOWER
I20260630 12:21:46.735227 29484 consensus_queue.cc:260] T 83b04fbea11f4c9f85e04b1d6156175c P 8a88db346c34446590070de50e8a7f82 [NON_LEADER]: Queue going to NON_LEADER mode. State: All replicated index: 0, Majority replicated index: 0, Committed index: 0, Last appended: 0.0, Last appended by leader: 0, Current term: 0, Majority size: -1, State: 0, Mode: NON_LEADER, active raft config: opid_index: -1 OBSOLETE_local: false peers { permanent_uuid: "4f275dc65f6f4fcbaee48d771fa8dd99" member_type: VOTER last_known_addr { host: "127.26.2.193" port: 39839 } } peers { permanent_uuid: "47e0cb545e874844a6e44935e423c56e" member_type: VOTER last_known_addr { host: "127.26.2.194" port: 39497 } } peers { permanent_uuid: "8a88db346c34446590070de50e8a7f82" member_type: VOTER last_known_addr { host: "127.26.2.195" port: 37399 } }
I20260630 12:21:46.737353 29484 ts_tablet_manager.cc:1434] T 83b04fbea11f4c9f85e04b1d6156175c P 8a88db346c34446590070de50e8a7f82: Time spent starting tablet: real 0.006s	user 0.003s	sys 0.000s
I20260630 12:21:46.740278 29489 raft_consensus.cc:493] T 83b04fbea11f4c9f85e04b1d6156175c P 8a88db346c34446590070de50e8a7f82 [term 0 FOLLOWER]: Starting pre-election (no leader contacted us within the election timeout)
I20260630 12:21:46.740674 29489 raft_consensus.cc:515] T 83b04fbea11f4c9f85e04b1d6156175c P 8a88db346c34446590070de50e8a7f82 [term 0 FOLLOWER]: Starting pre-election with config: opid_index: -1 OBSOLETE_local: false peers { permanent_uuid: "4f275dc65f6f4fcbaee48d771fa8dd99" member_type: VOTER last_known_addr { host: "127.26.2.193" port: 39839 } } peers { permanent_uuid: "47e0cb545e874844a6e44935e423c56e" member_type: VOTER last_known_addr { host: "127.26.2.194" port: 39497 } } peers { permanent_uuid: "8a88db346c34446590070de50e8a7f82" member_type: VOTER last_known_addr { host: "127.26.2.195" port: 37399 } }
I20260630 12:21:46.745939 29489 leader_election.cc:290] T 83b04fbea11f4c9f85e04b1d6156175c P 8a88db346c34446590070de50e8a7f82 [CANDIDATE]: Term 1 pre-election: Requested pre-vote from peers 4f275dc65f6f4fcbaee48d771fa8dd99 (127.26.2.193:39839), 47e0cb545e874844a6e44935e423c56e (127.26.2.194:39497)
I20260630 12:21:46.754036 29290 tablet_service.cc:1917] Received RequestConsensusVote() RPC: tablet_id: "83b04fbea11f4c9f85e04b1d6156175c" candidate_uuid: "8a88db346c34446590070de50e8a7f82" candidate_term: 1 candidate_status { last_received { term: 0 index: 0 } } ignore_live_leader: false dest_uuid: "4f275dc65f6f4fcbaee48d771fa8dd99" is_pre_election: true
I20260630 12:21:46.754674 29290 raft_consensus.cc:2468] T 83b04fbea11f4c9f85e04b1d6156175c P 4f275dc65f6f4fcbaee48d771fa8dd99 [term 0 FOLLOWER]: Leader pre-election vote request: Granting yes vote for candidate 8a88db346c34446590070de50e8a7f82 in term 0.
I20260630 12:21:46.755926 29404 leader_election.cc:304] T 83b04fbea11f4c9f85e04b1d6156175c P 8a88db346c34446590070de50e8a7f82 [CANDIDATE]: Term 1 pre-election: Election decided. Result: candidate won. Election summary: received 2 responses out of 3 voters: 2 yes votes; 0 no votes. yes voters: 4f275dc65f6f4fcbaee48d771fa8dd99, 8a88db346c34446590070de50e8a7f82; no voters: 
I20260630 12:21:46.756727 29489 raft_consensus.cc:2804] T 83b04fbea11f4c9f85e04b1d6156175c P 8a88db346c34446590070de50e8a7f82 [term 0 FOLLOWER]: Leader pre-election won for term 1
I20260630 12:21:46.757042 29489 raft_consensus.cc:493] T 83b04fbea11f4c9f85e04b1d6156175c P 8a88db346c34446590070de50e8a7f82 [term 0 FOLLOWER]: Starting leader election (no leader contacted us within the election timeout)
I20260630 12:21:46.757328 29489 raft_consensus.cc:3060] T 83b04fbea11f4c9f85e04b1d6156175c P 8a88db346c34446590070de50e8a7f82 [term 0 FOLLOWER]: Advancing to term 1
I20260630 12:21:46.759686 29365 tablet_service.cc:1917] Received RequestConsensusVote() RPC: tablet_id: "83b04fbea11f4c9f85e04b1d6156175c" candidate_uuid: "8a88db346c34446590070de50e8a7f82" candidate_term: 1 candidate_status { last_received { term: 0 index: 0 } } ignore_live_leader: false dest_uuid: "47e0cb545e874844a6e44935e423c56e" is_pre_election: true
I20260630 12:21:46.760350 29365 raft_consensus.cc:2468] T 83b04fbea11f4c9f85e04b1d6156175c P 47e0cb545e874844a6e44935e423c56e [term 0 FOLLOWER]: Leader pre-election vote request: Granting yes vote for candidate 8a88db346c34446590070de50e8a7f82 in term 0.
I20260630 12:21:46.763473 29489 raft_consensus.cc:515] T 83b04fbea11f4c9f85e04b1d6156175c P 8a88db346c34446590070de50e8a7f82 [term 1 FOLLOWER]: Starting leader election with config: opid_index: -1 OBSOLETE_local: false peers { permanent_uuid: "4f275dc65f6f4fcbaee48d771fa8dd99" member_type: VOTER last_known_addr { host: "127.26.2.193" port: 39839 } } peers { permanent_uuid: "47e0cb545e874844a6e44935e423c56e" member_type: VOTER last_known_addr { host: "127.26.2.194" port: 39497 } } peers { permanent_uuid: "8a88db346c34446590070de50e8a7f82" member_type: VOTER last_known_addr { host: "127.26.2.195" port: 37399 } }
I20260630 12:21:46.764505 29493 raft_consensus.cc:493] T 41898ee3cec345fb84b09bdd46f63339 P 4f275dc65f6f4fcbaee48d771fa8dd99 [term 0 FOLLOWER]: Starting pre-election (no leader contacted us within the election timeout)
I20260630 12:21:46.765054 29489 leader_election.cc:290] T 83b04fbea11f4c9f85e04b1d6156175c P 8a88db346c34446590070de50e8a7f82 [CANDIDATE]: Term 1 election: Requested vote from peers 4f275dc65f6f4fcbaee48d771fa8dd99 (127.26.2.193:39839), 47e0cb545e874844a6e44935e423c56e (127.26.2.194:39497)
I20260630 12:21:46.764912 29493 raft_consensus.cc:515] T 41898ee3cec345fb84b09bdd46f63339 P 4f275dc65f6f4fcbaee48d771fa8dd99 [term 0 FOLLOWER]: Starting pre-election with config: opid_index: -1 OBSOLETE_local: false peers { permanent_uuid: "4f275dc65f6f4fcbaee48d771fa8dd99" member_type: VOTER last_known_addr { host: "127.26.2.193" port: 39839 } } peers { permanent_uuid: "47e0cb545e874844a6e44935e423c56e" member_type: VOTER last_known_addr { host: "127.26.2.194" port: 39497 } } peers { permanent_uuid: "8a88db346c34446590070de50e8a7f82" member_type: VOTER last_known_addr { host: "127.26.2.195" port: 37399 } }
I20260630 12:21:46.765823 29290 tablet_service.cc:1917] Received RequestConsensusVote() RPC: tablet_id: "83b04fbea11f4c9f85e04b1d6156175c" candidate_uuid: "8a88db346c34446590070de50e8a7f82" candidate_term: 1 candidate_status { last_received { term: 0 index: 0 } } ignore_live_leader: false dest_uuid: "4f275dc65f6f4fcbaee48d771fa8dd99"
I20260630 12:21:46.766010 29365 tablet_service.cc:1917] Received RequestConsensusVote() RPC: tablet_id: "83b04fbea11f4c9f85e04b1d6156175c" candidate_uuid: "8a88db346c34446590070de50e8a7f82" candidate_term: 1 candidate_status { last_received { term: 0 index: 0 } } ignore_live_leader: false dest_uuid: "47e0cb545e874844a6e44935e423c56e"
I20260630 12:21:46.766400 29290 raft_consensus.cc:3060] T 83b04fbea11f4c9f85e04b1d6156175c P 4f275dc65f6f4fcbaee48d771fa8dd99 [term 0 FOLLOWER]: Advancing to term 1
I20260630 12:21:46.767565 29493 leader_election.cc:290] T 41898ee3cec345fb84b09bdd46f63339 P 4f275dc65f6f4fcbaee48d771fa8dd99 [CANDIDATE]: Term 1 pre-election: Requested pre-vote from peers 47e0cb545e874844a6e44935e423c56e (127.26.2.194:39497), 8a88db346c34446590070de50e8a7f82 (127.26.2.195:37399)
I20260630 12:21:46.766458 29365 raft_consensus.cc:3060] T 83b04fbea11f4c9f85e04b1d6156175c P 47e0cb545e874844a6e44935e423c56e [term 0 FOLLOWER]: Advancing to term 1
I20260630 12:21:46.773099 29489 raft_consensus.cc:493] T a259e8aa82ea498fab51d84c22ca7e0d P 8a88db346c34446590070de50e8a7f82 [term 0 FOLLOWER]: Starting pre-election (no leader contacted us within the election timeout)
I20260630 12:21:46.773406 29489 raft_consensus.cc:515] T a259e8aa82ea498fab51d84c22ca7e0d P 8a88db346c34446590070de50e8a7f82 [term 0 FOLLOWER]: Starting pre-election with config: opid_index: -1 OBSOLETE_local: false peers { permanent_uuid: "4f275dc65f6f4fcbaee48d771fa8dd99" member_type: VOTER last_known_addr { host: "127.26.2.193" port: 39839 } } peers { permanent_uuid: "47e0cb545e874844a6e44935e423c56e" member_type: VOTER last_known_addr { host: "127.26.2.194" port: 39497 } } peers { permanent_uuid: "8a88db346c34446590070de50e8a7f82" member_type: VOTER last_known_addr { host: "127.26.2.195" port: 37399 } }
I20260630 12:21:46.776978 29364 tablet_service.cc:1917] Received RequestConsensusVote() RPC: tablet_id: "a259e8aa82ea498fab51d84c22ca7e0d" candidate_uuid: "8a88db346c34446590070de50e8a7f82" candidate_term: 1 candidate_status { last_received { term: 0 index: 0 } } ignore_live_leader: false dest_uuid: "47e0cb545e874844a6e44935e423c56e" is_pre_election: true
I20260630 12:21:46.777770 29364 raft_consensus.cc:2468] T a259e8aa82ea498fab51d84c22ca7e0d P 47e0cb545e874844a6e44935e423c56e [term 0 FOLLOWER]: Leader pre-election vote request: Granting yes vote for candidate 8a88db346c34446590070de50e8a7f82 in term 0.
I20260630 12:21:46.779500 29403 leader_election.cc:304] T a259e8aa82ea498fab51d84c22ca7e0d P 8a88db346c34446590070de50e8a7f82 [CANDIDATE]: Term 1 pre-election: Election decided. Result: candidate won. Election summary: received 2 responses out of 3 voters: 2 yes votes; 0 no votes. yes voters: 47e0cb545e874844a6e44935e423c56e, 8a88db346c34446590070de50e8a7f82; no voters: 
I20260630 12:21:46.781021 29489 leader_election.cc:290] T a259e8aa82ea498fab51d84c22ca7e0d P 8a88db346c34446590070de50e8a7f82 [CANDIDATE]: Term 1 pre-election: Requested pre-vote from peers 4f275dc65f6f4fcbaee48d771fa8dd99 (127.26.2.193:39839), 47e0cb545e874844a6e44935e423c56e (127.26.2.194:39497)
I20260630 12:21:46.781756 29489 raft_consensus.cc:2804] T a259e8aa82ea498fab51d84c22ca7e0d P 8a88db346c34446590070de50e8a7f82 [term 0 FOLLOWER]: Leader pre-election won for term 1
I20260630 12:21:46.782650 29489 raft_consensus.cc:493] T a259e8aa82ea498fab51d84c22ca7e0d P 8a88db346c34446590070de50e8a7f82 [term 0 FOLLOWER]: Starting leader election (no leader contacted us within the election timeout)
I20260630 12:21:46.783524 29489 raft_consensus.cc:3060] T a259e8aa82ea498fab51d84c22ca7e0d P 8a88db346c34446590070de50e8a7f82 [term 0 FOLLOWER]: Advancing to term 1
I20260630 12:21:46.779609 29290 raft_consensus.cc:2468] T 83b04fbea11f4c9f85e04b1d6156175c P 4f275dc65f6f4fcbaee48d771fa8dd99 [term 1 FOLLOWER]: Leader election vote request: Granting yes vote for candidate 8a88db346c34446590070de50e8a7f82 in term 1.
I20260630 12:21:46.784690 29365 raft_consensus.cc:2468] T 83b04fbea11f4c9f85e04b1d6156175c P 47e0cb545e874844a6e44935e423c56e [term 1 FOLLOWER]: Leader election vote request: Granting yes vote for candidate 8a88db346c34446590070de50e8a7f82 in term 1.
I20260630 12:21:46.785269 29404 leader_election.cc:304] T 83b04fbea11f4c9f85e04b1d6156175c P 8a88db346c34446590070de50e8a7f82 [CANDIDATE]: Term 1 election: Election decided. Result: candidate won. Election summary: received 2 responses out of 3 voters: 2 yes votes; 0 no votes. yes voters: 4f275dc65f6f4fcbaee48d771fa8dd99, 8a88db346c34446590070de50e8a7f82; no voters: 
I20260630 12:21:46.786325 29506 raft_consensus.cc:2804] T 83b04fbea11f4c9f85e04b1d6156175c P 8a88db346c34446590070de50e8a7f82 [term 1 FOLLOWER]: Leader election won for term 1
I20260630 12:21:46.788609 29290 tablet_service.cc:1917] Received RequestConsensusVote() RPC: tablet_id: "a259e8aa82ea498fab51d84c22ca7e0d" candidate_uuid: "8a88db346c34446590070de50e8a7f82" candidate_term: 1 candidate_status { last_received { term: 0 index: 0 } } ignore_live_leader: false dest_uuid: "4f275dc65f6f4fcbaee48d771fa8dd99" is_pre_election: true
I20260630 12:21:46.789218 29290 raft_consensus.cc:2468] T a259e8aa82ea498fab51d84c22ca7e0d P 4f275dc65f6f4fcbaee48d771fa8dd99 [term 0 FOLLOWER]: Leader pre-election vote request: Granting yes vote for candidate 8a88db346c34446590070de50e8a7f82 in term 0.
I20260630 12:21:46.790597 29493 raft_consensus.cc:493] T ec9cf323195643ea9a0dd32a27a63426 P 4f275dc65f6f4fcbaee48d771fa8dd99 [term 0 FOLLOWER]: Starting pre-election (no leader contacted us within the election timeout)
I20260630 12:21:46.791030 29493 raft_consensus.cc:515] T ec9cf323195643ea9a0dd32a27a63426 P 4f275dc65f6f4fcbaee48d771fa8dd99 [term 0 FOLLOWER]: Starting pre-election with config: opid_index: -1 OBSOLETE_local: false peers { permanent_uuid: "8a88db346c34446590070de50e8a7f82" member_type: VOTER last_known_addr { host: "127.26.2.195" port: 37399 } } peers { permanent_uuid: "47e0cb545e874844a6e44935e423c56e" member_type: VOTER last_known_addr { host: "127.26.2.194" port: 39497 } } peers { permanent_uuid: "4f275dc65f6f4fcbaee48d771fa8dd99" member_type: VOTER last_known_addr { host: "127.26.2.193" port: 39839 } }
I20260630 12:21:46.792833 29493 leader_election.cc:290] T ec9cf323195643ea9a0dd32a27a63426 P 4f275dc65f6f4fcbaee48d771fa8dd99 [CANDIDATE]: Term 1 pre-election: Requested pre-vote from peers 8a88db346c34446590070de50e8a7f82 (127.26.2.195:37399), 47e0cb545e874844a6e44935e423c56e (127.26.2.194:39497)
I20260630 12:21:46.793119 29489 raft_consensus.cc:515] T a259e8aa82ea498fab51d84c22ca7e0d P 8a88db346c34446590070de50e8a7f82 [term 1 FOLLOWER]: Starting leader election with config: opid_index: -1 OBSOLETE_local: false peers { permanent_uuid: "4f275dc65f6f4fcbaee48d771fa8dd99" member_type: VOTER last_known_addr { host: "127.26.2.193" port: 39839 } } peers { permanent_uuid: "47e0cb545e874844a6e44935e423c56e" member_type: VOTER last_known_addr { host: "127.26.2.194" port: 39497 } } peers { permanent_uuid: "8a88db346c34446590070de50e8a7f82" member_type: VOTER last_known_addr { host: "127.26.2.195" port: 37399 } }
I20260630 12:21:46.796424 29439 tablet_service.cc:1917] Received RequestConsensusVote() RPC: tablet_id: "41898ee3cec345fb84b09bdd46f63339" candidate_uuid: "4f275dc65f6f4fcbaee48d771fa8dd99" candidate_term: 1 candidate_status { last_received { term: 0 index: 0 } } ignore_live_leader: false dest_uuid: "8a88db346c34446590070de50e8a7f82" is_pre_election: true
I20260630 12:21:46.797247 29439 raft_consensus.cc:2468] T 41898ee3cec345fb84b09bdd46f63339 P 8a88db346c34446590070de50e8a7f82 [term 0 FOLLOWER]: Leader pre-election vote request: Granting yes vote for candidate 4f275dc65f6f4fcbaee48d771fa8dd99 in term 0.
I20260630 12:21:46.797837 29290 tablet_service.cc:1917] Received RequestConsensusVote() RPC: tablet_id: "a259e8aa82ea498fab51d84c22ca7e0d" candidate_uuid: "8a88db346c34446590070de50e8a7f82" candidate_term: 1 candidate_status { last_received { term: 0 index: 0 } } ignore_live_leader: false dest_uuid: "4f275dc65f6f4fcbaee48d771fa8dd99"
I20260630 12:21:46.798273 29438 tablet_service.cc:1917] Received RequestConsensusVote() RPC: tablet_id: "ec9cf323195643ea9a0dd32a27a63426" candidate_uuid: "4f275dc65f6f4fcbaee48d771fa8dd99" candidate_term: 1 candidate_status { last_received { term: 0 index: 0 } } ignore_live_leader: false dest_uuid: "8a88db346c34446590070de50e8a7f82" is_pre_election: true
I20260630 12:21:46.797336 29506 raft_consensus.cc:697] T 83b04fbea11f4c9f85e04b1d6156175c P 8a88db346c34446590070de50e8a7f82 [term 1 LEADER]: Becoming Leader. State: Replica: 8a88db346c34446590070de50e8a7f82, State: Running, Role: LEADER
I20260630 12:21:46.798422 29290 raft_consensus.cc:3060] T a259e8aa82ea498fab51d84c22ca7e0d P 4f275dc65f6f4fcbaee48d771fa8dd99 [term 0 FOLLOWER]: Advancing to term 1
I20260630 12:21:46.798811 29255 leader_election.cc:304] T 41898ee3cec345fb84b09bdd46f63339 P 4f275dc65f6f4fcbaee48d771fa8dd99 [CANDIDATE]: Term 1 pre-election: Election decided. Result: candidate won. Election summary: received 2 responses out of 3 voters: 2 yes votes; 0 no votes. yes voters: 4f275dc65f6f4fcbaee48d771fa8dd99, 8a88db346c34446590070de50e8a7f82; no voters: 
I20260630 12:21:46.798926 29438 raft_consensus.cc:2468] T ec9cf323195643ea9a0dd32a27a63426 P 8a88db346c34446590070de50e8a7f82 [term 0 FOLLOWER]: Leader pre-election vote request: Granting yes vote for candidate 4f275dc65f6f4fcbaee48d771fa8dd99 in term 0.
I20260630 12:21:46.799635 29493 raft_consensus.cc:2804] T 41898ee3cec345fb84b09bdd46f63339 P 4f275dc65f6f4fcbaee48d771fa8dd99 [term 0 FOLLOWER]: Leader pre-election won for term 1
I20260630 12:21:46.799954 29493 raft_consensus.cc:493] T 41898ee3cec345fb84b09bdd46f63339 P 4f275dc65f6f4fcbaee48d771fa8dd99 [term 0 FOLLOWER]: Starting leader election (no leader contacted us within the election timeout)
I20260630 12:21:46.800240 29493 raft_consensus.cc:3060] T 41898ee3cec345fb84b09bdd46f63339 P 4f275dc65f6f4fcbaee48d771fa8dd99 [term 0 FOLLOWER]: Advancing to term 1
I20260630 12:21:46.800123 29489 leader_election.cc:290] T a259e8aa82ea498fab51d84c22ca7e0d P 8a88db346c34446590070de50e8a7f82 [CANDIDATE]: Term 1 election: Requested vote from peers 4f275dc65f6f4fcbaee48d771fa8dd99 (127.26.2.193:39839), 47e0cb545e874844a6e44935e423c56e (127.26.2.194:39497)
I20260630 12:21:46.801120 29365 tablet_service.cc:1917] Received RequestConsensusVote() RPC: tablet_id: "a259e8aa82ea498fab51d84c22ca7e0d" candidate_uuid: "8a88db346c34446590070de50e8a7f82" candidate_term: 1 candidate_status { last_received { term: 0 index: 0 } } ignore_live_leader: false dest_uuid: "47e0cb545e874844a6e44935e423c56e"
I20260630 12:21:46.801486 29365 raft_consensus.cc:3060] T a259e8aa82ea498fab51d84c22ca7e0d P 47e0cb545e874844a6e44935e423c56e [term 0 FOLLOWER]: Advancing to term 1
I20260630 12:21:46.800123 29255 leader_election.cc:304] T ec9cf323195643ea9a0dd32a27a63426 P 4f275dc65f6f4fcbaee48d771fa8dd99 [CANDIDATE]: Term 1 pre-election: Election decided. Result: candidate won. Election summary: received 2 responses out of 3 voters: 2 yes votes; 0 no votes. yes voters: 4f275dc65f6f4fcbaee48d771fa8dd99, 8a88db346c34446590070de50e8a7f82; no voters: 
I20260630 12:21:46.804296 29508 raft_consensus.cc:2804] T ec9cf323195643ea9a0dd32a27a63426 P 4f275dc65f6f4fcbaee48d771fa8dd99 [term 0 FOLLOWER]: Leader pre-election won for term 1
I20260630 12:21:46.804684 29508 raft_consensus.cc:493] T ec9cf323195643ea9a0dd32a27a63426 P 4f275dc65f6f4fcbaee48d771fa8dd99 [term 0 FOLLOWER]: Starting leader election (no leader contacted us within the election timeout)
I20260630 12:21:46.805019 29508 raft_consensus.cc:3060] T ec9cf323195643ea9a0dd32a27a63426 P 4f275dc65f6f4fcbaee48d771fa8dd99 [term 0 FOLLOWER]: Advancing to term 1
I20260630 12:21:46.807057 29493 raft_consensus.cc:515] T 41898ee3cec345fb84b09bdd46f63339 P 4f275dc65f6f4fcbaee48d771fa8dd99 [term 1 FOLLOWER]: Starting leader election with config: opid_index: -1 OBSOLETE_local: false peers { permanent_uuid: "4f275dc65f6f4fcbaee48d771fa8dd99" member_type: VOTER last_known_addr { host: "127.26.2.193" port: 39839 } } peers { permanent_uuid: "47e0cb545e874844a6e44935e423c56e" member_type: VOTER last_known_addr { host: "127.26.2.194" port: 39497 } } peers { permanent_uuid: "8a88db346c34446590070de50e8a7f82" member_type: VOTER last_known_addr { host: "127.26.2.195" port: 37399 } }
I20260630 12:21:46.807502 29365 raft_consensus.cc:2468] T a259e8aa82ea498fab51d84c22ca7e0d P 47e0cb545e874844a6e44935e423c56e [term 1 FOLLOWER]: Leader election vote request: Granting yes vote for candidate 8a88db346c34446590070de50e8a7f82 in term 1.
I20260630 12:21:46.809283 29290 raft_consensus.cc:2468] T a259e8aa82ea498fab51d84c22ca7e0d P 4f275dc65f6f4fcbaee48d771fa8dd99 [term 1 FOLLOWER]: Leader election vote request: Granting yes vote for candidate 8a88db346c34446590070de50e8a7f82 in term 1.
I20260630 12:21:46.809412 29364 tablet_service.cc:1917] Received RequestConsensusVote() RPC: tablet_id: "41898ee3cec345fb84b09bdd46f63339" candidate_uuid: "4f275dc65f6f4fcbaee48d771fa8dd99" candidate_term: 1 candidate_status { last_received { term: 0 index: 0 } } ignore_live_leader: false dest_uuid: "47e0cb545e874844a6e44935e423c56e" is_pre_election: true
I20260630 12:21:46.811411 29364 raft_consensus.cc:2468] T 41898ee3cec345fb84b09bdd46f63339 P 47e0cb545e874844a6e44935e423c56e [term 0 FOLLOWER]: Leader pre-election vote request: Granting yes vote for candidate 4f275dc65f6f4fcbaee48d771fa8dd99 in term 0.
I20260630 12:21:46.810026 29438 tablet_service.cc:1917] Received RequestConsensusVote() RPC: tablet_id: "41898ee3cec345fb84b09bdd46f63339" candidate_uuid: "4f275dc65f6f4fcbaee48d771fa8dd99" candidate_term: 1 candidate_status { last_received { term: 0 index: 0 } } ignore_live_leader: false dest_uuid: "8a88db346c34446590070de50e8a7f82"
I20260630 12:21:46.811697 29404 leader_election.cc:304] T a259e8aa82ea498fab51d84c22ca7e0d P 8a88db346c34446590070de50e8a7f82 [CANDIDATE]: Term 1 election: Election decided. Result: candidate won. Election summary: received 2 responses out of 3 voters: 2 yes votes; 0 no votes. yes voters: 4f275dc65f6f4fcbaee48d771fa8dd99, 8a88db346c34446590070de50e8a7f82; no voters: 
I20260630 12:21:46.812170 29438 raft_consensus.cc:3060] T 41898ee3cec345fb84b09bdd46f63339 P 8a88db346c34446590070de50e8a7f82 [term 0 FOLLOWER]: Advancing to term 1
I20260630 12:21:46.810293 29363 tablet_service.cc:1917] Received RequestConsensusVote() RPC: tablet_id: "ec9cf323195643ea9a0dd32a27a63426" candidate_uuid: "4f275dc65f6f4fcbaee48d771fa8dd99" candidate_term: 1 candidate_status { last_received { term: 0 index: 0 } } ignore_live_leader: false dest_uuid: "47e0cb545e874844a6e44935e423c56e" is_pre_election: true
I20260630 12:21:46.812557 29489 raft_consensus.cc:2804] T a259e8aa82ea498fab51d84c22ca7e0d P 8a88db346c34446590070de50e8a7f82 [term 1 FOLLOWER]: Leader election won for term 1
I20260630 12:21:46.812808 29363 raft_consensus.cc:2468] T ec9cf323195643ea9a0dd32a27a63426 P 47e0cb545e874844a6e44935e423c56e [term 0 FOLLOWER]: Leader pre-election vote request: Granting yes vote for candidate 4f275dc65f6f4fcbaee48d771fa8dd99 in term 0.
I20260630 12:21:46.813023 29489 raft_consensus.cc:697] T a259e8aa82ea498fab51d84c22ca7e0d P 8a88db346c34446590070de50e8a7f82 [term 1 LEADER]: Becoming Leader. State: Replica: 8a88db346c34446590070de50e8a7f82, State: Running, Role: LEADER
I20260630 12:21:46.813256 29365 tablet_service.cc:1917] Received RequestConsensusVote() RPC: tablet_id: "41898ee3cec345fb84b09bdd46f63339" candidate_uuid: "4f275dc65f6f4fcbaee48d771fa8dd99" candidate_term: 1 candidate_status { last_received { term: 0 index: 0 } } ignore_live_leader: false dest_uuid: "47e0cb545e874844a6e44935e423c56e"
I20260630 12:21:46.814049 29365 raft_consensus.cc:3060] T 41898ee3cec345fb84b09bdd46f63339 P 47e0cb545e874844a6e44935e423c56e [term 0 FOLLOWER]: Advancing to term 1
I20260630 12:21:46.813846 29489 consensus_queue.cc:237] T a259e8aa82ea498fab51d84c22ca7e0d P 8a88db346c34446590070de50e8a7f82 [LEADER]: Queue going to LEADER mode. State: All replicated index: 0, Majority replicated index: 0, Committed index: 0, Last appended: 0.0, Last appended by leader: 0, Current term: 1, Majority size: 2, State: 0, Mode: LEADER, active raft config: opid_index: -1 OBSOLETE_local: false peers { permanent_uuid: "4f275dc65f6f4fcbaee48d771fa8dd99" member_type: VOTER last_known_addr { host: "127.26.2.193" port: 39839 } } peers { permanent_uuid: "47e0cb545e874844a6e44935e423c56e" member_type: VOTER last_known_addr { host: "127.26.2.194" port: 39497 } } peers { permanent_uuid: "8a88db346c34446590070de50e8a7f82" member_type: VOTER last_known_addr { host: "127.26.2.195" port: 37399 } }
I20260630 12:21:46.810123 29506 consensus_queue.cc:237] T 83b04fbea11f4c9f85e04b1d6156175c P 8a88db346c34446590070de50e8a7f82 [LEADER]: Queue going to LEADER mode. State: All replicated index: 0, Majority replicated index: 0, Committed index: 0, Last appended: 0.0, Last appended by leader: 0, Current term: 1, Majority size: 2, State: 0, Mode: LEADER, active raft config: opid_index: -1 OBSOLETE_local: false peers { permanent_uuid: "4f275dc65f6f4fcbaee48d771fa8dd99" member_type: VOTER last_known_addr { host: "127.26.2.193" port: 39839 } } peers { permanent_uuid: "47e0cb545e874844a6e44935e423c56e" member_type: VOTER last_known_addr { host: "127.26.2.194" port: 39497 } } peers { permanent_uuid: "8a88db346c34446590070de50e8a7f82" member_type: VOTER last_known_addr { host: "127.26.2.195" port: 37399 } }
I20260630 12:21:46.810597 29493 leader_election.cc:290] T 41898ee3cec345fb84b09bdd46f63339 P 4f275dc65f6f4fcbaee48d771fa8dd99 [CANDIDATE]: Term 1 election: Requested vote from peers 47e0cb545e874844a6e44935e423c56e (127.26.2.194:39497), 8a88db346c34446590070de50e8a7f82 (127.26.2.195:37399)
I20260630 12:21:46.818765 29438 raft_consensus.cc:2468] T 41898ee3cec345fb84b09bdd46f63339 P 8a88db346c34446590070de50e8a7f82 [term 1 FOLLOWER]: Leader election vote request: Granting yes vote for candidate 4f275dc65f6f4fcbaee48d771fa8dd99 in term 1.
I20260630 12:21:46.811779 29508 raft_consensus.cc:515] T ec9cf323195643ea9a0dd32a27a63426 P 4f275dc65f6f4fcbaee48d771fa8dd99 [term 1 FOLLOWER]: Starting leader election with config: opid_index: -1 OBSOLETE_local: false peers { permanent_uuid: "8a88db346c34446590070de50e8a7f82" member_type: VOTER last_known_addr { host: "127.26.2.195" port: 37399 } } peers { permanent_uuid: "47e0cb545e874844a6e44935e423c56e" member_type: VOTER last_known_addr { host: "127.26.2.194" port: 39497 } } peers { permanent_uuid: "4f275dc65f6f4fcbaee48d771fa8dd99" member_type: VOTER last_known_addr { host: "127.26.2.193" port: 39839 } }
I20260630 12:21:46.819787 29255 leader_election.cc:304] T 41898ee3cec345fb84b09bdd46f63339 P 4f275dc65f6f4fcbaee48d771fa8dd99 [CANDIDATE]: Term 1 election: Election decided. Result: candidate won. Election summary: received 2 responses out of 3 voters: 2 yes votes; 0 no votes. yes voters: 4f275dc65f6f4fcbaee48d771fa8dd99, 8a88db346c34446590070de50e8a7f82; no voters: 
I20260630 12:21:46.820627 29493 raft_consensus.cc:2804] T 41898ee3cec345fb84b09bdd46f63339 P 4f275dc65f6f4fcbaee48d771fa8dd99 [term 1 FOLLOWER]: Leader election won for term 1
