I20260630 12:21:50.892132 29717 tablet_service.cc:1917] Received RequestConsensusVote() RPC: tablet_id: "798a9ea7cf8b40d5b1d872b307bd15d6" candidate_uuid: "3e10890e374443adb541f9bbb1ad2a3d" candidate_term: 1 candidate_status { last_received { term: 0 index: 0 } } ignore_live_leader: false dest_uuid: "ce12971f4c0f41218fb09016bf6493c1"
I20260630 12:21:50.892823 29717 raft_consensus.cc:3060] T 798a9ea7cf8b40d5b1d872b307bd15d6 P ce12971f4c0f41218fb09016bf6493c1 [term 0 FOLLOWER]: Advancing to term 1
I20260630 12:21:50.898617 29995 tablet_bootstrap.cc:654] T 8ed1138c452847b19f6a452f363cf9fc P 6995bc2e5f224849b7b4e4f82b9d4c58: Neither blocks nor log segments found. Creating new log.
I20260630 12:21:50.899291 29717 raft_consensus.cc:2468] T 798a9ea7cf8b40d5b1d872b307bd15d6 P ce12971f4c0f41218fb09016bf6493c1 [term 1 FOLLOWER]: Leader election vote request: Granting yes vote for candidate 3e10890e374443adb541f9bbb1ad2a3d in term 1.
I20260630 12:21:50.900451 30013 leader_election.cc:290] T 798a9ea7cf8b40d5b1d872b307bd15d6 P 3e10890e374443adb541f9bbb1ad2a3d [CANDIDATE]: Term 1 election: Requested vote from peers ce12971f4c0f41218fb09016bf6493c1 (127.26.2.194:42533), 6995bc2e5f224849b7b4e4f82b9d4c58 (127.26.2.196:34345)
I20260630 12:21:50.900509 29754 leader_election.cc:304] T 798a9ea7cf8b40d5b1d872b307bd15d6 P 3e10890e374443adb541f9bbb1ad2a3d [CANDIDATE]: Term 1 election: Election decided. Result: candidate won. Election summary: received 2 responses out of 3 voters: 2 yes votes; 0 no votes. yes voters: 3e10890e374443adb541f9bbb1ad2a3d, ce12971f4c0f41218fb09016bf6493c1; no voters: 
I20260630 12:21:50.901433 30013 raft_consensus.cc:2804] T 798a9ea7cf8b40d5b1d872b307bd15d6 P 3e10890e374443adb541f9bbb1ad2a3d [term 1 FOLLOWER]: Leader election won for term 1
I20260630 12:21:50.900792 29538 catalog_manager.cc:5697] T f62841356f8541e197dcddde7fd90a0c P ce12971f4c0f41218fb09016bf6493c1 reported cstate change: term changed from 0 to 1, leader changed from <none> to ce12971f4c0f41218fb09016bf6493c1 (127.26.2.194). New cstate: current_term: 1 leader_uuid: "ce12971f4c0f41218fb09016bf6493c1" committed_config { opid_index: -1 OBSOLETE_local: false peers { permanent_uuid: "6995bc2e5f224849b7b4e4f82b9d4c58" member_type: VOTER last_known_addr { host: "127.26.2.196" port: 34345 } health_report { overall_health: UNKNOWN } } peers { permanent_uuid: "196660f911cb42d8b384d4927e0889f9" member_type: VOTER last_known_addr { host: "127.26.2.193" port: 36197 } health_report { overall_health: UNKNOWN } } peers { permanent_uuid: "ce12971f4c0f41218fb09016bf6493c1" member_type: VOTER last_known_addr { host: "127.26.2.194" port: 42533 } health_report { overall_health: HEALTHY } } }
I20260630 12:21:50.901935 30013 raft_consensus.cc:697] T 798a9ea7cf8b40d5b1d872b307bd15d6 P 3e10890e374443adb541f9bbb1ad2a3d [term 1 LEADER]: Becoming Leader. State: Replica: 3e10890e374443adb541f9bbb1ad2a3d, State: Running, Role: LEADER
I20260630 12:21:50.902709 30013 consensus_queue.cc:237] T 798a9ea7cf8b40d5b1d872b307bd15d6 P 3e10890e374443adb541f9bbb1ad2a3d [LEADER]: Queue going to LEADER mode. State: All replicated index: 0, Majority replicated index: 0, Committed index: 0, Last appended: 0.0, Last appended by leader: 0, Current term: 1, Majority size: 2, State: 0, Mode: LEADER, active raft config: opid_index: -1 OBSOLETE_local: false peers { permanent_uuid: "ce12971f4c0f41218fb09016bf6493c1" member_type: VOTER last_known_addr { host: "127.26.2.194" port: 42533 } } peers { permanent_uuid: "3e10890e374443adb541f9bbb1ad2a3d" member_type: VOTER last_known_addr { host: "127.26.2.195" port: 45453 } } peers { permanent_uuid: "6995bc2e5f224849b7b4e4f82b9d4c58" member_type: VOTER last_known_addr { host: "127.26.2.196" port: 34345 } }
I20260630 12:21:50.904140 29949 tablet_service.cc:1917] Received RequestConsensusVote() RPC: tablet_id: "798a9ea7cf8b40d5b1d872b307bd15d6" candidate_uuid: "3e10890e374443adb541f9bbb1ad2a3d" candidate_term: 1 candidate_status { last_received { term: 0 index: 0 } } ignore_live_leader: false dest_uuid: "6995bc2e5f224849b7b4e4f82b9d4c58"
I20260630 12:21:50.904675 29949 raft_consensus.cc:3060] T 798a9ea7cf8b40d5b1d872b307bd15d6 P 6995bc2e5f224849b7b4e4f82b9d4c58 [term 0 FOLLOWER]: Advancing to term 1
I20260630 12:21:50.906987 29865 consensus_queue.cc:1048] T c2ccd3f6f4d44fcd8ecfefec69c60827 P 3e10890e374443adb541f9bbb1ad2a3d [LEADER]: Connected to new peer: Peer: permanent_uuid: "196660f911cb42d8b384d4927e0889f9" member_type: VOTER last_known_addr { host: "127.26.2.193" port: 36197 }, Status: LMP_MISMATCH, Last received: 0.0, Next index: 1, Last known committed idx: 0, Time since last communication: 0.000s
I20260630 12:21:50.916489 29949 raft_consensus.cc:2468] T 798a9ea7cf8b40d5b1d872b307bd15d6 P 6995bc2e5f224849b7b4e4f82b9d4c58 [term 1 FOLLOWER]: Leader election vote request: Granting yes vote for candidate 3e10890e374443adb541f9bbb1ad2a3d in term 1.
I20260630 12:21:50.919044 29995 tablet_bootstrap.cc:492] T 8ed1138c452847b19f6a452f363cf9fc P 6995bc2e5f224849b7b4e4f82b9d4c58: No bootstrap required, opened a new log
I20260630 12:21:50.919525 29995 ts_tablet_manager.cc:1403] T 8ed1138c452847b19f6a452f363cf9fc P 6995bc2e5f224849b7b4e4f82b9d4c58: Time spent bootstrapping tablet: real 0.028s	user 0.013s	sys 0.006s
I20260630 12:21:50.918659 29538 catalog_manager.cc:5697] T 798a9ea7cf8b40d5b1d872b307bd15d6 P 3e10890e374443adb541f9bbb1ad2a3d reported cstate change: term changed from 0 to 1, leader changed from <none> to 3e10890e374443adb541f9bbb1ad2a3d (127.26.2.195). New cstate: current_term: 1 leader_uuid: "3e10890e374443adb541f9bbb1ad2a3d" committed_config { opid_index: -1 OBSOLETE_local: false peers { permanent_uuid: "ce12971f4c0f41218fb09016bf6493c1" member_type: VOTER last_known_addr { host: "127.26.2.194" port: 42533 } health_report { overall_health: UNKNOWN } } peers { permanent_uuid: "3e10890e374443adb541f9bbb1ad2a3d" member_type: VOTER last_known_addr { host: "127.26.2.195" port: 45453 } health_report { overall_health: HEALTHY } } peers { permanent_uuid: "6995bc2e5f224849b7b4e4f82b9d4c58" member_type: VOTER last_known_addr { host: "127.26.2.196" port: 34345 } health_report { overall_health: UNKNOWN } } }
I20260630 12:21:50.922483 29995 raft_consensus.cc:359] T 8ed1138c452847b19f6a452f363cf9fc P 6995bc2e5f224849b7b4e4f82b9d4c58 [term 0 FOLLOWER]: Replica starting. Triggering 0 pending ops. Active config: opid_index: -1 OBSOLETE_local: false peers { permanent_uuid: "3e10890e374443adb541f9bbb1ad2a3d" member_type: VOTER last_known_addr { host: "127.26.2.195" port: 45453 } } peers { permanent_uuid: "6995bc2e5f224849b7b4e4f82b9d4c58" member_type: VOTER last_known_addr { host: "127.26.2.196" port: 34345 } } peers { permanent_uuid: "196660f911cb42d8b384d4927e0889f9" member_type: VOTER last_known_addr { host: "127.26.2.193" port: 36197 } }
I20260630 12:21:50.923267 29995 raft_consensus.cc:385] T 8ed1138c452847b19f6a452f363cf9fc P 6995bc2e5f224849b7b4e4f82b9d4c58 [term 0 FOLLOWER]: Consensus starting up: Expiring failure detector timer to make a prompt election more likely
I20260630 12:21:50.925415 29995 raft_consensus.cc:740] T 8ed1138c452847b19f6a452f363cf9fc P 6995bc2e5f224849b7b4e4f82b9d4c58 [term 0 FOLLOWER]: Becoming Follower/Learner. State: Replica: 6995bc2e5f224849b7b4e4f82b9d4c58, State: Initialized, Role: FOLLOWER
I20260630 12:21:50.926139 29995 consensus_queue.cc:260] T 8ed1138c452847b19f6a452f363cf9fc P 6995bc2e5f224849b7b4e4f82b9d4c58 [NON_LEADER]: Queue going to NON_LEADER mode. State: All replicated index: 0, Majority replicated index: 0, Committed index: 0, Last appended: 0.0, Last appended by leader: 0, Current term: 0, Majority size: -1, State: 0, Mode: NON_LEADER, active raft config: opid_index: -1 OBSOLETE_local: false peers { permanent_uuid: "3e10890e374443adb541f9bbb1ad2a3d" member_type: VOTER last_known_addr { host: "127.26.2.195" port: 45453 } } peers { permanent_uuid: "6995bc2e5f224849b7b4e4f82b9d4c58" member_type: VOTER last_known_addr { host: "127.26.2.196" port: 34345 } } peers { permanent_uuid: "196660f911cb42d8b384d4927e0889f9" member_type: VOTER last_known_addr { host: "127.26.2.193" port: 36197 } }
I20260630 12:21:50.928272 29995 ts_tablet_manager.cc:1434] T 8ed1138c452847b19f6a452f363cf9fc P 6995bc2e5f224849b7b4e4f82b9d4c58: Time spent starting tablet: real 0.008s	user 0.003s	sys 0.003s
I20260630 12:21:50.929140 29995 tablet_bootstrap.cc:492] T 538b2249bc104b42941bcd7a34381e28 P 6995bc2e5f224849b7b4e4f82b9d4c58: Bootstrap starting.
I20260630 12:21:50.934499 29995 tablet_bootstrap.cc:654] T 538b2249bc104b42941bcd7a34381e28 P 6995bc2e5f224849b7b4e4f82b9d4c58: Neither blocks nor log segments found. Creating new log.
I20260630 12:21:50.935343 29949 raft_consensus.cc:3060] T c2ccd3f6f4d44fcd8ecfefec69c60827 P 6995bc2e5f224849b7b4e4f82b9d4c58 [term 0 FOLLOWER]: Advancing to term 1
I20260630 12:21:50.941437 29995 tablet_bootstrap.cc:492] T 538b2249bc104b42941bcd7a34381e28 P 6995bc2e5f224849b7b4e4f82b9d4c58: No bootstrap required, opened a new log
I20260630 12:21:50.941861 29995 ts_tablet_manager.cc:1403] T 538b2249bc104b42941bcd7a34381e28 P 6995bc2e5f224849b7b4e4f82b9d4c58: Time spent bootstrapping tablet: real 0.013s	user 0.011s	sys 0.000s
I20260630 12:21:50.941924 29858 raft_consensus.cc:493] T e9984b3d2fa14baa90261124368715f0 P ce12971f4c0f41218fb09016bf6493c1 [term 0 FOLLOWER]: Starting pre-election (no leader contacted us within the election timeout)
I20260630 12:21:50.942433 29858 raft_consensus.cc:515] T e9984b3d2fa14baa90261124368715f0 P ce12971f4c0f41218fb09016bf6493c1 [term 0 FOLLOWER]: Starting pre-election with config: opid_index: -1 OBSOLETE_local: false peers { permanent_uuid: "196660f911cb42d8b384d4927e0889f9" member_type: VOTER last_known_addr { host: "127.26.2.193" port: 36197 } } peers { permanent_uuid: "ce12971f4c0f41218fb09016bf6493c1" member_type: VOTER last_known_addr { host: "127.26.2.194" port: 42533 } } peers { permanent_uuid: "6995bc2e5f224849b7b4e4f82b9d4c58" member_type: VOTER last_known_addr { host: "127.26.2.196" port: 34345 } }
I20260630 12:21:50.944223 29858 leader_election.cc:290] T e9984b3d2fa14baa90261124368715f0 P ce12971f4c0f41218fb09016bf6493c1 [CANDIDATE]: Term 1 pre-election: Requested pre-vote from peers 196660f911cb42d8b384d4927e0889f9 (127.26.2.193:36197), 6995bc2e5f224849b7b4e4f82b9d4c58 (127.26.2.196:34345)
I20260630 12:21:50.944363 29995 raft_consensus.cc:359] T 538b2249bc104b42941bcd7a34381e28 P 6995bc2e5f224849b7b4e4f82b9d4c58 [term 0 FOLLOWER]: Replica starting. Triggering 0 pending ops. Active config: opid_index: -1 OBSOLETE_local: false peers { permanent_uuid: "3e10890e374443adb541f9bbb1ad2a3d" member_type: VOTER last_known_addr { host: "127.26.2.195" port: 45453 } } peers { permanent_uuid: "196660f911cb42d8b384d4927e0889f9" member_type: VOTER last_known_addr { host: "127.26.2.193" port: 36197 } } peers { permanent_uuid: "6995bc2e5f224849b7b4e4f82b9d4c58" member_type: VOTER last_known_addr { host: "127.26.2.196" port: 34345 } }
I20260630 12:21:50.944942 29995 raft_consensus.cc:385] T 538b2249bc104b42941bcd7a34381e28 P 6995bc2e5f224849b7b4e4f82b9d4c58 [term 0 FOLLOWER]: Consensus starting up: Expiring failure detector timer to make a prompt election more likely
I20260630 12:21:50.945169 29995 raft_consensus.cc:740] T 538b2249bc104b42941bcd7a34381e28 P 6995bc2e5f224849b7b4e4f82b9d4c58 [term 0 FOLLOWER]: Becoming Follower/Learner. State: Replica: 6995bc2e5f224849b7b4e4f82b9d4c58, State: Initialized, Role: FOLLOWER
I20260630 12:21:50.945739 29995 consensus_queue.cc:260] T 538b2249bc104b42941bcd7a34381e28 P 6995bc2e5f224849b7b4e4f82b9d4c58 [NON_LEADER]: Queue going to NON_LEADER mode. State: All replicated index: 0, Majority replicated index: 0, Committed index: 0, Last appended: 0.0, Last appended by leader: 0, Current term: 0, Majority size: -1, State: 0, Mode: NON_LEADER, active raft config: opid_index: -1 OBSOLETE_local: false peers { permanent_uuid: "3e10890e374443adb541f9bbb1ad2a3d" member_type: VOTER last_known_addr { host: "127.26.2.195" port: 45453 } } peers { permanent_uuid: "196660f911cb42d8b384d4927e0889f9" member_type: VOTER last_known_addr { host: "127.26.2.193" port: 36197 } } peers { permanent_uuid: "6995bc2e5f224849b7b4e4f82b9d4c58" member_type: VOTER last_known_addr { host: "127.26.2.196" port: 34345 } }
I20260630 12:21:50.946015 29948 tablet_service.cc:1917] Received RequestConsensusVote() RPC: tablet_id: "e9984b3d2fa14baa90261124368715f0" candidate_uuid: "ce12971f4c0f41218fb09016bf6493c1" candidate_term: 1 candidate_status { last_received { term: 0 index: 0 } } ignore_live_leader: false dest_uuid: "6995bc2e5f224849b7b4e4f82b9d4c58" is_pre_election: true
I20260630 12:21:50.946353 29642 tablet_service.cc:1917] Received RequestConsensusVote() RPC: tablet_id: "e9984b3d2fa14baa90261124368715f0" candidate_uuid: "ce12971f4c0f41218fb09016bf6493c1" candidate_term: 1 candidate_status { last_received { term: 0 index: 0 } } ignore_live_leader: false dest_uuid: "196660f911cb42d8b384d4927e0889f9" is_pre_election: true
I20260630 12:21:50.946600 29948 raft_consensus.cc:2468] T e9984b3d2fa14baa90261124368715f0 P 6995bc2e5f224849b7b4e4f82b9d4c58 [term 0 FOLLOWER]: Leader pre-election vote request: Granting yes vote for candidate ce12971f4c0f41218fb09016bf6493c1 in term 0.
I20260630 12:21:50.946928 29642 raft_consensus.cc:2468] T e9984b3d2fa14baa90261124368715f0 P 196660f911cb42d8b384d4927e0889f9 [term 0 FOLLOWER]: Leader pre-election vote request: Granting yes vote for candidate ce12971f4c0f41218fb09016bf6493c1 in term 0.
I20260630 12:21:50.947386 29995 ts_tablet_manager.cc:1434] T 538b2249bc104b42941bcd7a34381e28 P 6995bc2e5f224849b7b4e4f82b9d4c58: Time spent starting tablet: real 0.005s	user 0.003s	sys 0.001s
I20260630 12:21:50.947693 29681 leader_election.cc:304] T e9984b3d2fa14baa90261124368715f0 P ce12971f4c0f41218fb09016bf6493c1 [CANDIDATE]: Term 1 pre-election: Election decided. Result: candidate won. Election summary: received 2 responses out of 3 voters: 2 yes votes; 0 no votes. yes voters: 6995bc2e5f224849b7b4e4f82b9d4c58, ce12971f4c0f41218fb09016bf6493c1; no voters: 
I20260630 12:21:50.948401 29865 consensus_queue.cc:1048] T c2ccd3f6f4d44fcd8ecfefec69c60827 P 3e10890e374443adb541f9bbb1ad2a3d [LEADER]: Connected to new peer: Peer: permanent_uuid: "6995bc2e5f224849b7b4e4f82b9d4c58" member_type: VOTER last_known_addr { host: "127.26.2.196" port: 34345 }, Status: LMP_MISMATCH, Last received: 0.0, Next index: 1, Last known committed idx: 0, Time since last communication: 0.000s
I20260630 12:21:50.948879 29858 raft_consensus.cc:2804] T e9984b3d2fa14baa90261124368715f0 P ce12971f4c0f41218fb09016bf6493c1 [term 0 FOLLOWER]: Leader pre-election won for term 1
I20260630 12:21:50.949230 29858 raft_consensus.cc:493] T e9984b3d2fa14baa90261124368715f0 P ce12971f4c0f41218fb09016bf6493c1 [term 0 FOLLOWER]: Starting leader election (no leader contacted us within the election timeout)
I20260630 12:21:50.949589 29858 raft_consensus.cc:3060] T e9984b3d2fa14baa90261124368715f0 P ce12971f4c0f41218fb09016bf6493c1 [term 0 FOLLOWER]: Advancing to term 1
I20260630 12:21:50.961705 29858 raft_consensus.cc:515] T e9984b3d2fa14baa90261124368715f0 P ce12971f4c0f41218fb09016bf6493c1 [term 1 FOLLOWER]: Starting leader election with config: opid_index: -1 OBSOLETE_local: false peers { permanent_uuid: "196660f911cb42d8b384d4927e0889f9" member_type: VOTER last_known_addr { host: "127.26.2.193" port: 36197 } } peers { permanent_uuid: "ce12971f4c0f41218fb09016bf6493c1" member_type: VOTER last_known_addr { host: "127.26.2.194" port: 42533 } } peers { permanent_uuid: "6995bc2e5f224849b7b4e4f82b9d4c58" member_type: VOTER last_known_addr { host: "127.26.2.196" port: 34345 } }
I20260630 12:21:50.964342 29858 leader_election.cc:290] T e9984b3d2fa14baa90261124368715f0 P ce12971f4c0f41218fb09016bf6493c1 [CANDIDATE]: Term 1 election: Requested vote from peers 196660f911cb42d8b384d4927e0889f9 (127.26.2.193:36197), 6995bc2e5f224849b7b4e4f82b9d4c58 (127.26.2.196:34345)
I20260630 12:21:50.965785 29948 tablet_service.cc:1917] Received RequestConsensusVote() RPC: tablet_id: "e9984b3d2fa14baa90261124368715f0" candidate_uuid: "ce12971f4c0f41218fb09016bf6493c1" candidate_term: 1 candidate_status { last_received { term: 0 index: 0 } } ignore_live_leader: false dest_uuid: "6995bc2e5f224849b7b4e4f82b9d4c58"
I20260630 12:21:50.965689 29642 tablet_service.cc:1917] Received RequestConsensusVote() RPC: tablet_id: "e9984b3d2fa14baa90261124368715f0" candidate_uuid: "ce12971f4c0f41218fb09016bf6493c1" candidate_term: 1 candidate_status { last_received { term: 0 index: 0 } } ignore_live_leader: false dest_uuid: "196660f911cb42d8b384d4927e0889f9"
I20260630 12:21:50.966770 29642 raft_consensus.cc:3060] T e9984b3d2fa14baa90261124368715f0 P 196660f911cb42d8b384d4927e0889f9 [term 0 FOLLOWER]: Advancing to term 1
I20260630 12:21:50.966770 29948 raft_consensus.cc:3060] T e9984b3d2fa14baa90261124368715f0 P 6995bc2e5f224849b7b4e4f82b9d4c58 [term 0 FOLLOWER]: Advancing to term 1
I20260630 12:21:50.973400 29642 raft_consensus.cc:2468] T e9984b3d2fa14baa90261124368715f0 P 196660f911cb42d8b384d4927e0889f9 [term 1 FOLLOWER]: Leader election vote request: Granting yes vote for candidate ce12971f4c0f41218fb09016bf6493c1 in term 1.
I20260630 12:21:50.974763 29681 leader_election.cc:304] T e9984b3d2fa14baa90261124368715f0 P ce12971f4c0f41218fb09016bf6493c1 [CANDIDATE]: Term 1 election: Election decided. Result: candidate won. Election summary: received 2 responses out of 3 voters: 2 yes votes; 0 no votes. yes voters: 196660f911cb42d8b384d4927e0889f9, ce12971f4c0f41218fb09016bf6493c1; no voters: 
I20260630 12:21:50.975449 29948 raft_consensus.cc:2468] T e9984b3d2fa14baa90261124368715f0 P 6995bc2e5f224849b7b4e4f82b9d4c58 [term 1 FOLLOWER]: Leader election vote request: Granting yes vote for candidate ce12971f4c0f41218fb09016bf6493c1 in term 1.
I20260630 12:21:50.976152 29858 raft_consensus.cc:2804] T e9984b3d2fa14baa90261124368715f0 P ce12971f4c0f41218fb09016bf6493c1 [term 1 FOLLOWER]: Leader election won for term 1
I20260630 12:21:50.977396 29858 raft_consensus.cc:697] T e9984b3d2fa14baa90261124368715f0 P ce12971f4c0f41218fb09016bf6493c1 [term 1 LEADER]: Becoming Leader. State: Replica: ce12971f4c0f41218fb09016bf6493c1, State: Running, Role: LEADER
I20260630 12:21:50.978260 29858 consensus_queue.cc:237] T e9984b3d2fa14baa90261124368715f0 P ce12971f4c0f41218fb09016bf6493c1 [LEADER]: Queue going to LEADER mode. State: All replicated index: 0, Majority replicated index: 0, Committed index: 0, Last appended: 0.0, Last appended by leader: 0, Current term: 1, Majority size: 2, State: 0, Mode: LEADER, active raft config: opid_index: -1 OBSOLETE_local: false peers { permanent_uuid: "196660f911cb42d8b384d4927e0889f9" member_type: VOTER last_known_addr { host: "127.26.2.193" port: 36197 } } peers { permanent_uuid: "ce12971f4c0f41218fb09016bf6493c1" member_type: VOTER last_known_addr { host: "127.26.2.194" port: 42533 } } peers { permanent_uuid: "6995bc2e5f224849b7b4e4f82b9d4c58" member_type: VOTER last_known_addr { host: "127.26.2.196" port: 34345 } }
I20260630 12:21:50.987248 29536 catalog_manager.cc:5697] T e9984b3d2fa14baa90261124368715f0 P ce12971f4c0f41218fb09016bf6493c1 reported cstate change: term changed from 0 to 1, leader changed from <none> to ce12971f4c0f41218fb09016bf6493c1 (127.26.2.194). New cstate: current_term: 1 leader_uuid: "ce12971f4c0f41218fb09016bf6493c1" committed_config { opid_index: -1 OBSOLETE_local: false peers { permanent_uuid: "196660f911cb42d8b384d4927e0889f9" member_type: VOTER last_known_addr { host: "127.26.2.193" port: 36197 } health_report { overall_health: UNKNOWN } } peers { permanent_uuid: "ce12971f4c0f41218fb09016bf6493c1" member_type: VOTER last_known_addr { host: "127.26.2.194" port: 42533 } health_report { overall_health: HEALTHY } } peers { permanent_uuid: "6995bc2e5f224849b7b4e4f82b9d4c58" member_type: VOTER last_known_addr { host: "127.26.2.196" port: 34345 } health_report { overall_health: UNKNOWN } } }
W20260630 12:21:51.149847 29525 catalog_manager.cc:4810] Async tablet task AlterTable RPC for tablet 538b2249bc104b42941bcd7a34381e28 (table range_aware_rebalance_new_range [id=4008cd418e584b54a37877e206142cf3], current schema version=0) failed: Not found: failed to reset TS proxy: No leader found: Tablet 538b2249bc104b42941bcd7a34381e28 consensus state has no leader
I20260630 12:21:51.161360 29948 raft_consensus.cc:3060] T a81b8555988a426ba492b7405ca85e5b P 6995bc2e5f224849b7b4e4f82b9d4c58 [term 0 FOLLOWER]: Advancing to term 1
I20260630 12:21:51.162982 29867 consensus_queue.cc:1048] T 889af05469f4414581e20898cb59f8ae P 196660f911cb42d8b384d4927e0889f9 [LEADER]: Connected to new peer: Peer: permanent_uuid: "6995bc2e5f224849b7b4e4f82b9d4c58" member_type: VOTER last_known_addr { host: "127.26.2.196" port: 34345 }, Status: LMP_MISMATCH, Last received: 0.0, Next index: 1, Last known committed idx: 0, Time since last communication: 0.000s
I20260630 12:21:51.167732 30001 raft_consensus.cc:493] T a81b8555988a426ba492b7405ca85e5b P 6995bc2e5f224849b7b4e4f82b9d4c58 [term 1 FOLLOWER]: Starting pre-election (no leader contacted us within the election timeout)
I20260630 12:21:51.168257 30001 raft_consensus.cc:515] T a81b8555988a426ba492b7405ca85e5b P 6995bc2e5f224849b7b4e4f82b9d4c58 [term 1 FOLLOWER]: Starting pre-election with config: opid_index: -1 OBSOLETE_local: false peers { permanent_uuid: "ce12971f4c0f41218fb09016bf6493c1" member_type: VOTER last_known_addr { host: "127.26.2.194" port: 42533 } } peers { permanent_uuid: "6995bc2e5f224849b7b4e4f82b9d4c58" member_type: VOTER last_known_addr { host: "127.26.2.196" port: 34345 } } peers { permanent_uuid: "3e10890e374443adb541f9bbb1ad2a3d" member_type: VOTER last_known_addr { host: "127.26.2.195" port: 45453 } }
I20260630 12:21:51.169231 29858 consensus_queue.cc:1048] T a81b8555988a426ba492b7405ca85e5b P ce12971f4c0f41218fb09016bf6493c1 [LEADER]: Connected to new peer: Peer: permanent_uuid: "6995bc2e5f224849b7b4e4f82b9d4c58" member_type: VOTER last_known_addr { host: "127.26.2.196" port: 34345 }, Status: LMP_MISMATCH, Last received: 0.0, Next index: 1, Last known committed idx: 0, Time since last communication: 0.000s
I20260630 12:21:51.173600 29717 tablet_service.cc:1917] Received RequestConsensusVote() RPC: tablet_id: "a81b8555988a426ba492b7405ca85e5b" candidate_uuid: "6995bc2e5f224849b7b4e4f82b9d4c58" candidate_term: 2 candidate_status { last_received { term: 0 index: 0 } } ignore_live_leader: false dest_uuid: "ce12971f4c0f41218fb09016bf6493c1" is_pre_election: true
I20260630 12:21:51.177346 29867 consensus_queue.cc:1048] T 889af05469f4414581e20898cb59f8ae P 196660f911cb42d8b384d4927e0889f9 [LEADER]: Connected to new peer: Peer: permanent_uuid: "ce12971f4c0f41218fb09016bf6493c1" member_type: VOTER last_known_addr { host: "127.26.2.194" port: 42533 }, Status: LMP_MISMATCH, Last received: 0.0, Next index: 1, Last known committed idx: 0, Time since last communication: 0.000s
I20260630 12:21:51.181809 30001 leader_election.cc:290] T a81b8555988a426ba492b7405ca85e5b P 6995bc2e5f224849b7b4e4f82b9d4c58 [CANDIDATE]: Term 2 pre-election: Requested pre-vote from peers ce12971f4c0f41218fb09016bf6493c1 (127.26.2.194:42533), 3e10890e374443adb541f9bbb1ad2a3d (127.26.2.195:45453)
I20260630 12:21:51.210615 29790 tablet_service.cc:1917] Received RequestConsensusVote() RPC: tablet_id: "a81b8555988a426ba492b7405ca85e5b" candidate_uuid: "6995bc2e5f224849b7b4e4f82b9d4c58" candidate_term: 2 candidate_status { last_received { term: 0 index: 0 } } ignore_live_leader: false dest_uuid: "3e10890e374443adb541f9bbb1ad2a3d" is_pre_election: true
I20260630 12:21:51.211261 29790 raft_consensus.cc:2468] T a81b8555988a426ba492b7405ca85e5b P 3e10890e374443adb541f9bbb1ad2a3d [term 1 FOLLOWER]: Leader pre-election vote request: Granting yes vote for candidate 6995bc2e5f224849b7b4e4f82b9d4c58 in term 1.
I20260630 12:21:51.211545 29858 consensus_queue.cc:1048] T a81b8555988a426ba492b7405ca85e5b P ce12971f4c0f41218fb09016bf6493c1 [LEADER]: Connected to new peer: Peer: permanent_uuid: "3e10890e374443adb541f9bbb1ad2a3d" member_type: VOTER last_known_addr { host: "127.26.2.195" port: 45453 }, Status: LMP_MISMATCH, Last received: 0.0, Next index: 1, Last known committed idx: 0, Time since last communication: 0.000s
I20260630 12:21:51.212304 29901 leader_election.cc:304] T a81b8555988a426ba492b7405ca85e5b P 6995bc2e5f224849b7b4e4f82b9d4c58 [CANDIDATE]: Term 2 pre-election: Election decided. Result: candidate won. Election summary: received 3 responses out of 3 voters: 2 yes votes; 1 no votes. yes voters: 3e10890e374443adb541f9bbb1ad2a3d, 6995bc2e5f224849b7b4e4f82b9d4c58; no voters: ce12971f4c0f41218fb09016bf6493c1
I20260630 12:21:51.213426 30001 raft_consensus.cc:2804] T a81b8555988a426ba492b7405ca85e5b P 6995bc2e5f224849b7b4e4f82b9d4c58 [term 1 FOLLOWER]: Leader pre-election won for term 2
I20260630 12:21:51.213783 30001 raft_consensus.cc:493] T a81b8555988a426ba492b7405ca85e5b P 6995bc2e5f224849b7b4e4f82b9d4c58 [term 1 FOLLOWER]: Starting leader election (detected failure of leader ce12971f4c0f41218fb09016bf6493c1)
I20260630 12:21:51.214134 30001 raft_consensus.cc:3060] T a81b8555988a426ba492b7405ca85e5b P 6995bc2e5f224849b7b4e4f82b9d4c58 [term 1 FOLLOWER]: Advancing to term 2
I20260630 12:21:51.222695 30001 raft_consensus.cc:515] T a81b8555988a426ba492b7405ca85e5b P 6995bc2e5f224849b7b4e4f82b9d4c58 [term 2 FOLLOWER]: Starting leader election with config: opid_index: -1 OBSOLETE_local: false peers { permanent_uuid: "ce12971f4c0f41218fb09016bf6493c1" member_type: VOTER last_known_addr { host: "127.26.2.194" port: 42533 } } peers { permanent_uuid: "6995bc2e5f224849b7b4e4f82b9d4c58" member_type: VOTER last_known_addr { host: "127.26.2.196" port: 34345 } } peers { permanent_uuid: "3e10890e374443adb541f9bbb1ad2a3d" member_type: VOTER last_known_addr { host: "127.26.2.195" port: 45453 } }
I20260630 12:21:51.225059 30001 leader_election.cc:290] T a81b8555988a426ba492b7405ca85e5b P 6995bc2e5f224849b7b4e4f82b9d4c58 [CANDIDATE]: Term 2 election: Requested vote from peers ce12971f4c0f41218fb09016bf6493c1 (127.26.2.194:42533), 3e10890e374443adb541f9bbb1ad2a3d (127.26.2.195:45453)
I20260630 12:21:51.225111 29717 tablet_service.cc:1917] Received RequestConsensusVote() RPC: tablet_id: "a81b8555988a426ba492b7405ca85e5b" candidate_uuid: "6995bc2e5f224849b7b4e4f82b9d4c58" candidate_term: 2 candidate_status { last_received { term: 1 index: 1 } } ignore_live_leader: false dest_uuid: "ce12971f4c0f41218fb09016bf6493c1"
I20260630 12:21:51.226111 29790 tablet_service.cc:1917] Received RequestConsensusVote() RPC: tablet_id: "a81b8555988a426ba492b7405ca85e5b" candidate_uuid: "6995bc2e5f224849b7b4e4f82b9d4c58" candidate_term: 2 candidate_status { last_received { term: 1 index: 1 } } ignore_live_leader: false dest_uuid: "3e10890e374443adb541f9bbb1ad2a3d"
I20260630 12:21:51.227766 29899 leader_election.cc:304] T a81b8555988a426ba492b7405ca85e5b P 6995bc2e5f224849b7b4e4f82b9d4c58 [CANDIDATE]: Term 2 election: Election decided. Result: candidate lost. Election summary: received 3 responses out of 3 voters: 1 yes votes; 2 no votes. yes voters: 6995bc2e5f224849b7b4e4f82b9d4c58; no voters: 3e10890e374443adb541f9bbb1ad2a3d, ce12971f4c0f41218fb09016bf6493c1
I20260630 12:21:51.228457 30001 raft_consensus.cc:2749] T a81b8555988a426ba492b7405ca85e5b P 6995bc2e5f224849b7b4e4f82b9d4c58 [term 2 FOLLOWER]: Leader election lost for term 2. Reason: could not achieve majority
I20260630 12:21:51.265748 29593 auto_leader_rebalancer.cc:141] leader rebalance for table range_aware_rebalance_new_range
I20260630 12:21:51.266094 30001 raft_consensus.cc:493] T 8ed1138c452847b19f6a452f363cf9fc P 6995bc2e5f224849b7b4e4f82b9d4c58 [term 0 FOLLOWER]: Starting pre-election (no leader contacted us within the election timeout)
I20260630 12:21:51.266477 30046 raft_consensus.cc:493] T 538b2249bc104b42941bcd7a34381e28 P 6995bc2e5f224849b7b4e4f82b9d4c58 [term 0 FOLLOWER]: Starting pre-election (no leader contacted us within the election timeout)
I20260630 12:21:51.266547 30001 raft_consensus.cc:515] T 8ed1138c452847b19f6a452f363cf9fc P 6995bc2e5f224849b7b4e4f82b9d4c58 [term 0 FOLLOWER]: Starting pre-election with config: opid_index: -1 OBSOLETE_local: false peers { permanent_uuid: "3e10890e374443adb541f9bbb1ad2a3d" member_type: VOTER last_known_addr { host: "127.26.2.195" port: 45453 } } peers { permanent_uuid: "6995bc2e5f224849b7b4e4f82b9d4c58" member_type: VOTER last_known_addr { host: "127.26.2.196" port: 34345 } } peers { permanent_uuid: "196660f911cb42d8b384d4927e0889f9" member_type: VOTER last_known_addr { host: "127.26.2.193" port: 36197 } }
I20260630 12:21:51.267041 30046 raft_consensus.cc:515] T 538b2249bc104b42941bcd7a34381e28 P 6995bc2e5f224849b7b4e4f82b9d4c58 [term 0 FOLLOWER]: Starting pre-election with config: opid_index: -1 OBSOLETE_local: false peers { permanent_uuid: "3e10890e374443adb541f9bbb1ad2a3d" member_type: VOTER last_known_addr { host: "127.26.2.195" port: 45453 } } peers { permanent_uuid: "196660f911cb42d8b384d4927e0889f9" member_type: VOTER last_known_addr { host: "127.26.2.193" port: 36197 } } peers { permanent_uuid: "6995bc2e5f224849b7b4e4f82b9d4c58" member_type: VOTER last_known_addr { host: "127.26.2.196" port: 34345 } }
I20260630 12:21:51.268745 30046 leader_election.cc:290] T 538b2249bc104b42941bcd7a34381e28 P 6995bc2e5f224849b7b4e4f82b9d4c58 [CANDIDATE]: Term 1 pre-election: Requested pre-vote from peers 3e10890e374443adb541f9bbb1ad2a3d (127.26.2.195:45453), 196660f911cb42d8b384d4927e0889f9 (127.26.2.193:36197)
I20260630 12:21:51.269275 30001 leader_election.cc:290] T 8ed1138c452847b19f6a452f363cf9fc P 6995bc2e5f224849b7b4e4f82b9d4c58 [CANDIDATE]: Term 1 pre-election: Requested pre-vote from peers 3e10890e374443adb541f9bbb1ad2a3d (127.26.2.195:45453), 196660f911cb42d8b384d4927e0889f9 (127.26.2.193:36197)
I20260630 12:21:51.269701 29642 tablet_service.cc:1917] Received RequestConsensusVote() RPC: tablet_id: "8ed1138c452847b19f6a452f363cf9fc" candidate_uuid: "6995bc2e5f224849b7b4e4f82b9d4c58" candidate_term: 1 candidate_status { last_received { term: 0 index: 0 } } ignore_live_leader: false dest_uuid: "196660f911cb42d8b384d4927e0889f9" is_pre_election: true
I20260630 12:21:51.270077 29790 tablet_service.cc:1917] Received RequestConsensusVote() RPC: tablet_id: "8ed1138c452847b19f6a452f363cf9fc" candidate_uuid: "6995bc2e5f224849b7b4e4f82b9d4c58" candidate_term: 1 candidate_status { last_received { term: 0 index: 0 } } ignore_live_leader: false dest_uuid: "3e10890e374443adb541f9bbb1ad2a3d" is_pre_election: true
I20260630 12:21:51.270089 29640 tablet_service.cc:1917] Received RequestConsensusVote() RPC: tablet_id: "538b2249bc104b42941bcd7a34381e28" candidate_uuid: "6995bc2e5f224849b7b4e4f82b9d4c58" candidate_term: 1 candidate_status { last_received { term: 0 index: 0 } } ignore_live_leader: false dest_uuid: "196660f911cb42d8b384d4927e0889f9" is_pre_election: true
I20260630 12:21:51.270440 29642 raft_consensus.cc:2393] T 8ed1138c452847b19f6a452f363cf9fc P 196660f911cb42d8b384d4927e0889f9 [term 1 FOLLOWER]: Leader pre-election vote request: Denying vote to candidate 6995bc2e5f224849b7b4e4f82b9d4c58 in current term 1: Already voted for candidate 3e10890e374443adb541f9bbb1ad2a3d in this term.
I20260630 12:21:51.270392 29789 tablet_service.cc:1917] Received RequestConsensusVote() RPC: tablet_id: "538b2249bc104b42941bcd7a34381e28" candidate_uuid: "6995bc2e5f224849b7b4e4f82b9d4c58" candidate_term: 1 candidate_status { last_received { term: 0 index: 0 } } ignore_live_leader: false dest_uuid: "3e10890e374443adb541f9bbb1ad2a3d" is_pre_election: true
I20260630 12:21:51.270996 29640 raft_consensus.cc:2468] T 538b2249bc104b42941bcd7a34381e28 P 196660f911cb42d8b384d4927e0889f9 [term 0 FOLLOWER]: Leader pre-election vote request: Granting yes vote for candidate 6995bc2e5f224849b7b4e4f82b9d4c58 in term 0.
I20260630 12:21:51.271214 29789 raft_consensus.cc:2468] T 538b2249bc104b42941bcd7a34381e28 P 3e10890e374443adb541f9bbb1ad2a3d [term 0 FOLLOWER]: Leader pre-election vote request: Granting yes vote for candidate 6995bc2e5f224849b7b4e4f82b9d4c58 in term 0.
I20260630 12:21:51.272174 29900 leader_election.cc:304] T 8ed1138c452847b19f6a452f363cf9fc P 6995bc2e5f224849b7b4e4f82b9d4c58 [CANDIDATE]: Term 1 pre-election: Election decided. Result: candidate lost. Election summary: received 3 responses out of 3 voters: 1 yes votes; 2 no votes. yes voters: 6995bc2e5f224849b7b4e4f82b9d4c58; no voters: 196660f911cb42d8b384d4927e0889f9, 3e10890e374443adb541f9bbb1ad2a3d
I20260630 12:21:51.272311 29901 leader_election.cc:304] T 538b2249bc104b42941bcd7a34381e28 P 6995bc2e5f224849b7b4e4f82b9d4c58 [CANDIDATE]: Term 1 pre-election: Election decided. Result: candidate won. Election summary: received 2 responses out of 3 voters: 2 yes votes; 0 no votes. yes voters: 3e10890e374443adb541f9bbb1ad2a3d, 6995bc2e5f224849b7b4e4f82b9d4c58; no voters: 
I20260630 12:21:51.273132 30046 raft_consensus.cc:3060] T 8ed1138c452847b19f6a452f363cf9fc P 6995bc2e5f224849b7b4e4f82b9d4c58 [term 0 FOLLOWER]: Advancing to term 1
I20260630 12:21:51.273705 30001 raft_consensus.cc:2804] T 538b2249bc104b42941bcd7a34381e28 P 6995bc2e5f224849b7b4e4f82b9d4c58 [term 0 FOLLOWER]: Leader pre-election won for term 1
I20260630 12:21:51.274081 30001 raft_consensus.cc:493] T 538b2249bc104b42941bcd7a34381e28 P 6995bc2e5f224849b7b4e4f82b9d4c58 [term 0 FOLLOWER]: Starting leader election (no leader contacted us within the election timeout)
I20260630 12:21:51.274398 30001 raft_consensus.cc:3060] T 538b2249bc104b42941bcd7a34381e28 P 6995bc2e5f224849b7b4e4f82b9d4c58 [term 0 FOLLOWER]: Advancing to term 1
I20260630 12:21:51.281237 30001 raft_consensus.cc:515] T 538b2249bc104b42941bcd7a34381e28 P 6995bc2e5f224849b7b4e4f82b9d4c58 [term 1 FOLLOWER]: Starting leader election with config: opid_index: -1 OBSOLETE_local: false peers { permanent_uuid: "3e10890e374443adb541f9bbb1ad2a3d" member_type: VOTER last_known_addr { host: "127.26.2.195" port: 45453 } } peers { permanent_uuid: "196660f911cb42d8b384d4927e0889f9" member_type: VOTER last_known_addr { host: "127.26.2.193" port: 36197 } } peers { permanent_uuid: "6995bc2e5f224849b7b4e4f82b9d4c58" member_type: VOTER last_known_addr { host: "127.26.2.196" port: 34345 } }
I20260630 12:21:51.283993 30001 leader_election.cc:290] T 538b2249bc104b42941bcd7a34381e28 P 6995bc2e5f224849b7b4e4f82b9d4c58 [CANDIDATE]: Term 1 election: Requested vote from peers 3e10890e374443adb541f9bbb1ad2a3d (127.26.2.195:45453), 196660f911cb42d8b384d4927e0889f9 (127.26.2.193:36197)
I20260630 12:21:51.284017 29865 consensus_queue.cc:1048] T 8ed1138c452847b19f6a452f363cf9fc P 3e10890e374443adb541f9bbb1ad2a3d [LEADER]: Connected to new peer: Peer: permanent_uuid: "196660f911cb42d8b384d4927e0889f9" member_type: VOTER last_known_addr { host: "127.26.2.193" port: 36197 }, Status: LMP_MISMATCH, Last received: 0.0, Next index: 1, Last known committed idx: 0, Time since last communication: 0.000s
I20260630 12:21:51.285089 30046 raft_consensus.cc:2749] T 8ed1138c452847b19f6a452f363cf9fc P 6995bc2e5f224849b7b4e4f82b9d4c58 [term 1 FOLLOWER]: Leader pre-election lost for term 1. Reason: could not achieve majority
I20260630 12:21:51.285383 29789 tablet_service.cc:1917] Received RequestConsensusVote() RPC: tablet_id: "538b2249bc104b42941bcd7a34381e28" candidate_uuid: "6995bc2e5f224849b7b4e4f82b9d4c58" candidate_term: 1 candidate_status { last_received { term: 0 index: 0 } } ignore_live_leader: false dest_uuid: "3e10890e374443adb541f9bbb1ad2a3d"
I20260630 12:21:51.285955 29789 raft_consensus.cc:3060] T 538b2249bc104b42941bcd7a34381e28 P 3e10890e374443adb541f9bbb1ad2a3d [term 0 FOLLOWER]: Advancing to term 1
I20260630 12:21:51.289018 29640 tablet_service.cc:1917] Received RequestConsensusVote() RPC: tablet_id: "538b2249bc104b42941bcd7a34381e28" candidate_uuid: "6995bc2e5f224849b7b4e4f82b9d4c58" candidate_term: 1 candidate_status { last_received { term: 0 index: 0 } } ignore_live_leader: false dest_uuid: "196660f911cb42d8b384d4927e0889f9"
I20260630 12:21:51.289603 29640 raft_consensus.cc:3060] T 538b2249bc104b42941bcd7a34381e28 P 196660f911cb42d8b384d4927e0889f9 [term 0 FOLLOWER]: Advancing to term 1
W20260630 12:21:51.292392 29593 auto_leader_rebalancer.cc:524] the master instance isn't leader: Service unavailable: Tablet not running
I20260630 12:21:51.292949 29789 raft_consensus.cc:2468] T 538b2249bc104b42941bcd7a34381e28 P 3e10890e374443adb541f9bbb1ad2a3d [term 1 FOLLOWER]: Leader election vote request: Granting yes vote for candidate 6995bc2e5f224849b7b4e4f82b9d4c58 in term 1.
I20260630 12:21:51.295549 29858 consensus_queue.cc:1048] T f62841356f8541e197dcddde7fd90a0c P ce12971f4c0f41218fb09016bf6493c1 [LEADER]: Connected to new peer: Peer: permanent_uuid: "196660f911cb42d8b384d4927e0889f9" member_type: VOTER last_known_addr { host: "127.26.2.193" port: 36197 }, Status: LMP_MISMATCH, Last received: 0.0, Next index: 1, Last known committed idx: 0, Time since last communication: 0.000s
I20260630 12:21:51.296603 29901 leader_election.cc:304] T 538b2249bc104b42941bcd7a34381e28 P 6995bc2e5f224849b7b4e4f82b9d4c58 [CANDIDATE]: Term 1 election: Election decided. Result: candidate won. Election summary: received 2 responses out of 3 voters: 2 yes votes; 0 no votes. yes voters: 3e10890e374443adb541f9bbb1ad2a3d, 6995bc2e5f224849b7b4e4f82b9d4c58; no voters: 
I20260630 12:21:51.297483 30046 raft_consensus.cc:2804] T 538b2249bc104b42941bcd7a34381e28 P 6995bc2e5f224849b7b4e4f82b9d4c58 [term 1 FOLLOWER]: Leader election won for term 1
I20260630 12:21:51.298041 30046 raft_consensus.cc:697] T 538b2249bc104b42941bcd7a34381e28 P 6995bc2e5f224849b7b4e4f82b9d4c58 [term 1 LEADER]: Becoming Leader. State: Replica: 6995bc2e5f224849b7b4e4f82b9d4c58, State: Running, Role: LEADER
I20260630 12:21:51.298125 29640 raft_consensus.cc:2468] T 538b2249bc104b42941bcd7a34381e28 P 196660f911cb42d8b384d4927e0889f9 [term 1 FOLLOWER]: Leader election vote request: Granting yes vote for candidate 6995bc2e5f224849b7b4e4f82b9d4c58 in term 1.
I20260630 12:21:51.298832 30046 consensus_queue.cc:237] T 538b2249bc104b42941bcd7a34381e28 P 6995bc2e5f224849b7b4e4f82b9d4c58 [LEADER]: Queue going to LEADER mode. State: All replicated index: 0, Majority replicated index: 0, Committed index: 0, Last appended: 0.0, Last appended by leader: 0, Current term: 1, Majority size: 2, State: 0, Mode: LEADER, active raft config: opid_index: -1 OBSOLETE_local: false peers { permanent_uuid: "3e10890e374443adb541f9bbb1ad2a3d" member_type: VOTER last_known_addr { host: "127.26.2.195" port: 45453 } } peers { permanent_uuid: "196660f911cb42d8b384d4927e0889f9" member_type: VOTER last_known_addr { host: "127.26.2.193" port: 36197 } } peers { permanent_uuid: "6995bc2e5f224849b7b4e4f82b9d4c58" member_type: VOTER last_known_addr { host: "127.26.2.196" port: 34345 } }
W20260630 12:21:51.295332 29588 auto_rebalancer.cc:298] Could not retrieve cluster info: Service unavailable: Tablet not running
I20260630 12:21:51.310680 30033 consensus_queue.cc:1048] T f62841356f8541e197dcddde7fd90a0c P ce12971f4c0f41218fb09016bf6493c1 [LEADER]: Connected to new peer: Peer: permanent_uuid: "6995bc2e5f224849b7b4e4f82b9d4c58" member_type: VOTER last_known_addr { host: "127.26.2.196" port: 34345 }, Status: LMP_MISMATCH, Last received: 0.0, Next index: 1, Last known committed idx: 0, Time since last communication: 0.001s
I20260630 12:21:51.310828 29538 catalog_manager.cc:5697] T 538b2249bc104b42941bcd7a34381e28 P 6995bc2e5f224849b7b4e4f82b9d4c58 reported cstate change: term changed from 0 to 1, leader changed from <none> to 6995bc2e5f224849b7b4e4f82b9d4c58 (127.26.2.196). New cstate: current_term: 1 leader_uuid: "6995bc2e5f224849b7b4e4f82b9d4c58" committed_config { opid_index: -1 OBSOLETE_local: false peers { permanent_uuid: "3e10890e374443adb541f9bbb1ad2a3d" member_type: VOTER last_known_addr { host: "127.26.2.195" port: 45453 } health_report { overall_health: UNKNOWN } } peers { permanent_uuid: "196660f911cb42d8b384d4927e0889f9" member_type: VOTER last_known_addr { host: "127.26.2.193" port: 36197 } health_report { overall_health: UNKNOWN } } peers { permanent_uuid: "6995bc2e5f224849b7b4e4f82b9d4c58" member_type: VOTER last_known_addr { host: "127.26.2.196" port: 34345 } health_report { overall_health: HEALTHY } } }
I20260630 12:21:51.318660 29866 consensus_queue.cc:1048] T 8ed1138c452847b19f6a452f363cf9fc P 3e10890e374443adb541f9bbb1ad2a3d [LEADER]: Connected to new peer: Peer: permanent_uuid: "6995bc2e5f224849b7b4e4f82b9d4c58" member_type: VOTER last_known_addr { host: "127.26.2.196" port: 34345 }, Status: LMP_MISMATCH, Last received: 0.0, Next index: 1, Last known committed idx: 0, Time since last communication: 0.000s
I20260630 12:21:51.335356 29866 consensus_queue.cc:1048] T 798a9ea7cf8b40d5b1d872b307bd15d6 P 3e10890e374443adb541f9bbb1ad2a3d [LEADER]: Connected to new peer: Peer: permanent_uuid: "6995bc2e5f224849b7b4e4f82b9d4c58" member_type: VOTER last_known_addr { host: "127.26.2.196" port: 34345 }, Status: LMP_MISMATCH, Last received: 0.0, Next index: 1, Last known committed idx: 0, Time since last communication: 0.000s
I20260630 12:21:51.345610 29866 consensus_queue.cc:1048] T 798a9ea7cf8b40d5b1d872b307bd15d6 P 3e10890e374443adb541f9bbb1ad2a3d [LEADER]: Connected to new peer: Peer: permanent_uuid: "ce12971f4c0f41218fb09016bf6493c1" member_type: VOTER last_known_addr { host: "127.26.2.194" port: 42533 }, Status: LMP_MISMATCH, Last received: 0.0, Next index: 1, Last known committed idx: 0, Time since last communication: 0.000s
I20260630 12:21:51.402848 30033 consensus_queue.cc:1048] T e9984b3d2fa14baa90261124368715f0 P ce12971f4c0f41218fb09016bf6493c1 [LEADER]: Connected to new peer: Peer: permanent_uuid: "196660f911cb42d8b384d4927e0889f9" member_type: VOTER last_known_addr { host: "127.26.2.193" port: 36197 }, Status: LMP_MISMATCH, Last received: 0.0, Next index: 1, Last known committed idx: 0, Time since last communication: 0.000s
I20260630 12:21:51.411972 30033 consensus_queue.cc:1048] T e9984b3d2fa14baa90261124368715f0 P ce12971f4c0f41218fb09016bf6493c1 [LEADER]: Connected to new peer: Peer: permanent_uuid: "6995bc2e5f224849b7b4e4f82b9d4c58" member_type: VOTER last_known_addr { host: "127.26.2.196" port: 34345 }, Status: LMP_MISMATCH, Last received: 0.0, Next index: 1, Last known committed idx: 0, Time since last communication: 0.000s
I20260630 12:21:51.753293 29948 raft_consensus.cc:1240] T a81b8555988a426ba492b7405ca85e5b P 6995bc2e5f224849b7b4e4f82b9d4c58 [term 2 FOLLOWER]: Rejecting Update request from peer ce12971f4c0f41218fb09016bf6493c1 for earlier term 1. Current term is 2. Ops: []
I20260630 12:21:51.754773 30033 consensus_queue.cc:1059] T a81b8555988a426ba492b7405ca85e5b P ce12971f4c0f41218fb09016bf6493c1 [LEADER]: Peer responded invalid term: Peer: permanent_uuid: "6995bc2e5f224849b7b4e4f82b9d4c58" member_type: VOTER last_known_addr { host: "127.26.2.196" port: 34345 }, Status: INVALID_TERM, Last received: 1.1, Next index: 2, Last known committed idx: 1, Time since last communication: 0.000s
I20260630 12:21:51.755824 29858 raft_consensus.cc:3055] T a81b8555988a426ba492b7405ca85e5b P ce12971f4c0f41218fb09016bf6493c1 [term 1 LEADER]: Stepping down as leader of term 1
I20260630 12:21:51.756210 29858 raft_consensus.cc:740] T a81b8555988a426ba492b7405ca85e5b P ce12971f4c0f41218fb09016bf6493c1 [term 1 LEADER]: Becoming Follower/Learner. State: Replica: ce12971f4c0f41218fb09016bf6493c1, State: Running, Role: LEADER
I20260630 12:21:51.756964 29858 consensus_queue.cc:260] T a81b8555988a426ba492b7405ca85e5b P ce12971f4c0f41218fb09016bf6493c1 [NON_LEADER]: Queue going to NON_LEADER mode. State: All replicated index: 0, Majority replicated index: 1, Committed index: 1, Last appended: 1.1, Last appended by leader: 1, Current term: 1, Majority size: -1, State: 0, Mode: NON_LEADER, active raft config: opid_index: -1 OBSOLETE_local: false peers { permanent_uuid: "ce12971f4c0f41218fb09016bf6493c1" member_type: VOTER last_known_addr { host: "127.26.2.194" port: 42533 } } peers { permanent_uuid: "6995bc2e5f224849b7b4e4f82b9d4c58" member_type: VOTER last_known_addr { host: "127.26.2.196" port: 34345 } } peers { permanent_uuid: "3e10890e374443adb541f9bbb1ad2a3d" member_type: VOTER last_known_addr { host: "127.26.2.195" port: 45453 } }
I20260630 12:21:51.758131 29858 raft_consensus.cc:3060] T a81b8555988a426ba492b7405ca85e5b P ce12971f4c0f41218fb09016bf6493c1 [term 1 FOLLOWER]: Advancing to term 2
I20260630 12:21:51.814513 30046 consensus_queue.cc:1048] T 538b2249bc104b42941bcd7a34381e28 P 6995bc2e5f224849b7b4e4f82b9d4c58 [LEADER]: Connected to new peer: Peer: permanent_uuid: "196660f911cb42d8b384d4927e0889f9" member_type: VOTER last_known_addr { host: "127.26.2.193" port: 36197 }, Status: LMP_MISMATCH, Last received: 0.0, Next index: 1, Last known committed idx: 0, Time since last communication: 0.000s
I20260630 12:21:51.826479 30001 consensus_queue.cc:1048] T 538b2249bc104b42941bcd7a34381e28 P 6995bc2e5f224849b7b4e4f82b9d4c58 [LEADER]: Connected to new peer: Peer: permanent_uuid: "3e10890e374443adb541f9bbb1ad2a3d" member_type: VOTER last_known_addr { host: "127.26.2.195" port: 45453 }, Status: LMP_MISMATCH, Last received: 0.0, Next index: 1, Last known committed idx: 0, Time since last communication: 0.000s
I20260630 12:21:52.344278 29790 consensus_queue.cc:237] T ad27ab14fed94f59bb403e939c139a6d P 3e10890e374443adb541f9bbb1ad2a3d [LEADER]: Queue going to LEADER mode. State: All replicated index: 0, Majority replicated index: 1, Committed index: 1, Last appended: 1.1, Last appended by leader: 0, Current term: 1, Majority size: 2, State: 0, Mode: LEADER, active raft config: opid_index: 2 OBSOLETE_local: false peers { permanent_uuid: "ce12971f4c0f41218fb09016bf6493c1" member_type: VOTER last_known_addr { host: "127.26.2.194" port: 42533 } } peers { permanent_uuid: "196660f911cb42d8b384d4927e0889f9" member_type: VOTER last_known_addr { host: "127.26.2.193" port: 36197 } attrs { replace: true } } peers { permanent_uuid: "3e10890e374443adb541f9bbb1ad2a3d" member_type: VOTER last_known_addr { host: "127.26.2.195" port: 45453 } } peers { permanent_uuid: "6995bc2e5f224849b7b4e4f82b9d4c58" member_type: NON_VOTER last_known_addr { host: "127.26.2.196" port: 34345 } attrs { promote: true } }
I20260630 12:21:52.349972 29642 raft_consensus.cc:1275] T ad27ab14fed94f59bb403e939c139a6d P 196660f911cb42d8b384d4927e0889f9 [term 1 FOLLOWER]: Refusing update from remote peer 3e10890e374443adb541f9bbb1ad2a3d: Log matching property violated. Preceding OpId in replica: term: 1 index: 1. Preceding OpId from leader: term: 1 index: 2. (index mismatch)
W20260630 12:21:52.350087 29755 consensus_peers.cc:597] T ad27ab14fed94f59bb403e939c139a6d P 3e10890e374443adb541f9bbb1ad2a3d -> Peer 6995bc2e5f224849b7b4e4f82b9d4c58 (127.26.2.196:34345): Couldn't send request to peer 6995bc2e5f224849b7b4e4f82b9d4c58. Error code: TABLET_NOT_FOUND (6). Status: Not found: Tablet not found: ad27ab14fed94f59bb403e939c139a6d. This is attempt 1: this message will repeat every 5th retry.
I20260630 12:21:52.350190 29717 raft_consensus.cc:1275] T ad27ab14fed94f59bb403e939c139a6d P ce12971f4c0f41218fb09016bf6493c1 [term 1 FOLLOWER]: Refusing update from remote peer 3e10890e374443adb541f9bbb1ad2a3d: Log matching property violated. Preceding OpId in replica: term: 1 index: 1. Preceding OpId from leader: term: 1 index: 2. (index mismatch)
I20260630 12:21:52.351274 29866 consensus_queue.cc:1048] T ad27ab14fed94f59bb403e939c139a6d P 3e10890e374443adb541f9bbb1ad2a3d [LEADER]: Connected to new peer: Peer: permanent_uuid: "196660f911cb42d8b384d4927e0889f9" member_type: VOTER last_known_addr { host: "127.26.2.193" port: 36197 } attrs { replace: true }, Status: LMP_MISMATCH, Last received: 0.0, Next index: 2, Last known committed idx: 1, Time since last communication: 0.000s
I20260630 12:21:52.352048 30013 consensus_queue.cc:1048] T ad27ab14fed94f59bb403e939c139a6d P 3e10890e374443adb541f9bbb1ad2a3d [LEADER]: Connected to new peer: Peer: permanent_uuid: "ce12971f4c0f41218fb09016bf6493c1" member_type: VOTER last_known_addr { host: "127.26.2.194" port: 42533 }, Status: LMP_MISMATCH, Last received: 0.0, Next index: 2, Last known committed idx: 1, Time since last communication: 0.000s
I20260630 12:21:52.359325 29866 raft_consensus.cc:2955] T ad27ab14fed94f59bb403e939c139a6d P 3e10890e374443adb541f9bbb1ad2a3d [term 1 LEADER]: Committing config change with OpId 1.2: config changed from index -1 to 2, NON_VOTER 6995bc2e5f224849b7b4e4f82b9d4c58 (127.26.2.196) added. New config: { opid_index: 2 OBSOLETE_local: false peers { permanent_uuid: "ce12971f4c0f41218fb09016bf6493c1" member_type: VOTER last_known_addr { host: "127.26.2.194" port: 42533 } } peers { permanent_uuid: "196660f911cb42d8b384d4927e0889f9" member_type: VOTER last_known_addr { host: "127.26.2.193" port: 36197 } attrs { replace: true } } peers { permanent_uuid: "3e10890e374443adb541f9bbb1ad2a3d" member_type: VOTER last_known_addr { host: "127.26.2.195" port: 45453 } } peers { permanent_uuid: "6995bc2e5f224849b7b4e4f82b9d4c58" member_type: NON_VOTER last_known_addr { host: "127.26.2.196" port: 34345 } attrs { promote: true } } }
