I20260630 12:21:49.298756 29845 raft_consensus.cc:515] T 9097f83eae5b44e59388240af54e2b30 P 3e10890e374443adb541f9bbb1ad2a3d [term 1 FOLLOWER]: Starting leader election with config: opid_index: -1 OBSOLETE_local: false peers { permanent_uuid: "ce12971f4c0f41218fb09016bf6493c1" member_type: VOTER last_known_addr { host: "127.26.2.194" port: 42533 } } peers { permanent_uuid: "196660f911cb42d8b384d4927e0889f9" member_type: VOTER last_known_addr { host: "127.26.2.193" port: 36197 } } peers { permanent_uuid: "3e10890e374443adb541f9bbb1ad2a3d" member_type: VOTER last_known_addr { host: "127.26.2.195" port: 45453 } }
I20260630 12:21:49.302187 29839 tablet_bootstrap.cc:654] T 0d5406212ecc4950910154a020418b9d P ce12971f4c0f41218fb09016bf6493c1: Neither blocks nor log segments found. Creating new log.
I20260630 12:21:49.304561 29717 tablet_service.cc:1917] Received RequestConsensusVote() RPC: tablet_id: "9097f83eae5b44e59388240af54e2b30" candidate_uuid: "3e10890e374443adb541f9bbb1ad2a3d" candidate_term: 1 candidate_status { last_received { term: 0 index: 0 } } ignore_live_leader: false dest_uuid: "ce12971f4c0f41218fb09016bf6493c1"
I20260630 12:21:49.305280 29717 raft_consensus.cc:3060] T 9097f83eae5b44e59388240af54e2b30 P ce12971f4c0f41218fb09016bf6493c1 [term 0 FOLLOWER]: Advancing to term 1
I20260630 12:21:49.313236 29845 leader_election.cc:290] T 9097f83eae5b44e59388240af54e2b30 P 3e10890e374443adb541f9bbb1ad2a3d [CANDIDATE]: Term 1 election: Requested vote from peers ce12971f4c0f41218fb09016bf6493c1 (127.26.2.194:42533), 196660f911cb42d8b384d4927e0889f9 (127.26.2.193:36197)
I20260630 12:21:49.313632 29839 tablet_bootstrap.cc:492] T 0d5406212ecc4950910154a020418b9d P ce12971f4c0f41218fb09016bf6493c1: No bootstrap required, opened a new log
I20260630 12:21:49.314098 29839 ts_tablet_manager.cc:1403] T 0d5406212ecc4950910154a020418b9d P ce12971f4c0f41218fb09016bf6493c1: Time spent bootstrapping tablet: real 0.018s	user 0.010s	sys 0.007s
I20260630 12:21:49.314396 29642 tablet_service.cc:1917] Received RequestConsensusVote() RPC: tablet_id: "9097f83eae5b44e59388240af54e2b30" candidate_uuid: "3e10890e374443adb541f9bbb1ad2a3d" candidate_term: 1 candidate_status { last_received { term: 0 index: 0 } } ignore_live_leader: false dest_uuid: "196660f911cb42d8b384d4927e0889f9"
I20260630 12:21:49.314851 29836 tablet_bootstrap.cc:492] T 0d5406212ecc4950910154a020418b9d P 196660f911cb42d8b384d4927e0889f9: No bootstrap required, opened a new log
I20260630 12:21:49.314970 29642 raft_consensus.cc:3060] T 9097f83eae5b44e59388240af54e2b30 P 196660f911cb42d8b384d4927e0889f9 [term 0 FOLLOWER]: Advancing to term 1
I20260630 12:21:49.315348 29836 ts_tablet_manager.cc:1403] T 0d5406212ecc4950910154a020418b9d P 196660f911cb42d8b384d4927e0889f9: Time spent bootstrapping tablet: real 0.020s	user 0.012s	sys 0.004s
I20260630 12:21:49.316509 29839 raft_consensus.cc:359] T 0d5406212ecc4950910154a020418b9d P ce12971f4c0f41218fb09016bf6493c1 [term 0 FOLLOWER]: Replica starting. Triggering 0 pending ops. Active config: opid_index: -1 OBSOLETE_local: false peers { permanent_uuid: "196660f911cb42d8b384d4927e0889f9" member_type: VOTER last_known_addr { host: "127.26.2.193" port: 36197 } } peers { permanent_uuid: "ce12971f4c0f41218fb09016bf6493c1" member_type: VOTER last_known_addr { host: "127.26.2.194" port: 42533 } } peers { permanent_uuid: "3e10890e374443adb541f9bbb1ad2a3d" member_type: VOTER last_known_addr { host: "127.26.2.195" port: 45453 } }
I20260630 12:21:49.317019 29839 raft_consensus.cc:385] T 0d5406212ecc4950910154a020418b9d P ce12971f4c0f41218fb09016bf6493c1 [term 0 FOLLOWER]: Consensus starting up: Expiring failure detector timer to make a prompt election more likely
I20260630 12:21:49.317266 29839 raft_consensus.cc:740] T 0d5406212ecc4950910154a020418b9d P ce12971f4c0f41218fb09016bf6493c1 [term 0 FOLLOWER]: Becoming Follower/Learner. State: Replica: ce12971f4c0f41218fb09016bf6493c1, State: Initialized, Role: FOLLOWER
I20260630 12:21:49.317817 29836 raft_consensus.cc:359] T 0d5406212ecc4950910154a020418b9d P 196660f911cb42d8b384d4927e0889f9 [term 0 FOLLOWER]: Replica starting. Triggering 0 pending ops. Active config: opid_index: -1 OBSOLETE_local: false peers { permanent_uuid: "196660f911cb42d8b384d4927e0889f9" member_type: VOTER last_known_addr { host: "127.26.2.193" port: 36197 } } peers { permanent_uuid: "ce12971f4c0f41218fb09016bf6493c1" member_type: VOTER last_known_addr { host: "127.26.2.194" port: 42533 } } peers { permanent_uuid: "3e10890e374443adb541f9bbb1ad2a3d" member_type: VOTER last_known_addr { host: "127.26.2.195" port: 45453 } }
I20260630 12:21:49.317952 29839 consensus_queue.cc:260] T 0d5406212ecc4950910154a020418b9d P ce12971f4c0f41218fb09016bf6493c1 [NON_LEADER]: Queue going to NON_LEADER mode. State: All replicated index: 0, Majority replicated index: 0, Committed index: 0, Last appended: 0.0, Last appended by leader: 0, Current term: 0, Majority size: -1, State: 0, Mode: NON_LEADER, active raft config: opid_index: -1 OBSOLETE_local: false peers { permanent_uuid: "196660f911cb42d8b384d4927e0889f9" member_type: VOTER last_known_addr { host: "127.26.2.193" port: 36197 } } peers { permanent_uuid: "ce12971f4c0f41218fb09016bf6493c1" member_type: VOTER last_known_addr { host: "127.26.2.194" port: 42533 } } peers { permanent_uuid: "3e10890e374443adb541f9bbb1ad2a3d" member_type: VOTER last_known_addr { host: "127.26.2.195" port: 45453 } }
I20260630 12:21:49.318529 29836 raft_consensus.cc:385] T 0d5406212ecc4950910154a020418b9d P 196660f911cb42d8b384d4927e0889f9 [term 0 FOLLOWER]: Consensus starting up: Expiring failure detector timer to make a prompt election more likely
I20260630 12:21:49.318832 29836 raft_consensus.cc:740] T 0d5406212ecc4950910154a020418b9d P 196660f911cb42d8b384d4927e0889f9 [term 0 FOLLOWER]: Becoming Follower/Learner. State: Replica: 196660f911cb42d8b384d4927e0889f9, State: Initialized, Role: FOLLOWER
I20260630 12:21:49.319466 29836 consensus_queue.cc:260] T 0d5406212ecc4950910154a020418b9d P 196660f911cb42d8b384d4927e0889f9 [NON_LEADER]: Queue going to NON_LEADER mode. State: All replicated index: 0, Majority replicated index: 0, Committed index: 0, Last appended: 0.0, Last appended by leader: 0, Current term: 0, Majority size: -1, State: 0, Mode: NON_LEADER, active raft config: opid_index: -1 OBSOLETE_local: false peers { permanent_uuid: "196660f911cb42d8b384d4927e0889f9" member_type: VOTER last_known_addr { host: "127.26.2.193" port: 36197 } } peers { permanent_uuid: "ce12971f4c0f41218fb09016bf6493c1" member_type: VOTER last_known_addr { host: "127.26.2.194" port: 42533 } } peers { permanent_uuid: "3e10890e374443adb541f9bbb1ad2a3d" member_type: VOTER last_known_addr { host: "127.26.2.195" port: 45453 } }
I20260630 12:21:49.320478 29839 ts_tablet_manager.cc:1434] T 0d5406212ecc4950910154a020418b9d P ce12971f4c0f41218fb09016bf6493c1: Time spent starting tablet: real 0.006s	user 0.001s	sys 0.004s
I20260630 12:21:49.320748 29838 consensus_queue.cc:260] T 8be3ccae00d54949935aa9272e128b49 P 3e10890e374443adb541f9bbb1ad2a3d [NON_LEADER]: Queue going to NON_LEADER mode. State: All replicated index: 0, Majority replicated index: 0, Committed index: 0, Last appended: 0.0, Last appended by leader: 0, Current term: 0, Majority size: -1, State: 0, Mode: NON_LEADER, active raft config: opid_index: -1 OBSOLETE_local: false peers { permanent_uuid: "ce12971f4c0f41218fb09016bf6493c1" member_type: VOTER last_known_addr { host: "127.26.2.194" port: 42533 } } peers { permanent_uuid: "196660f911cb42d8b384d4927e0889f9" member_type: VOTER last_known_addr { host: "127.26.2.193" port: 36197 } } peers { permanent_uuid: "3e10890e374443adb541f9bbb1ad2a3d" member_type: VOTER last_known_addr { host: "127.26.2.195" port: 45453 } }
I20260630 12:21:49.321365 29836 ts_tablet_manager.cc:1434] T 0d5406212ecc4950910154a020418b9d P 196660f911cb42d8b384d4927e0889f9: Time spent starting tablet: real 0.006s	user 0.004s	sys 0.000s
I20260630 12:21:49.321470 29839 tablet_bootstrap.cc:492] T 6a778f675a5e4b9f897534464c040669 P ce12971f4c0f41218fb09016bf6493c1: Bootstrap starting.
I20260630 12:21:49.322693 29838 ts_tablet_manager.cc:1434] T 8be3ccae00d54949935aa9272e128b49 P 3e10890e374443adb541f9bbb1ad2a3d: Time spent starting tablet: real 0.028s	user 0.005s	sys 0.001s
I20260630 12:21:49.323479 29838 tablet_bootstrap.cc:492] T 0d5406212ecc4950910154a020418b9d P 3e10890e374443adb541f9bbb1ad2a3d: Bootstrap starting.
I20260630 12:21:49.328008 29839 tablet_bootstrap.cc:654] T 6a778f675a5e4b9f897534464c040669 P ce12971f4c0f41218fb09016bf6493c1: Neither blocks nor log segments found. Creating new log.
I20260630 12:21:49.328787 29642 raft_consensus.cc:2468] T 9097f83eae5b44e59388240af54e2b30 P 196660f911cb42d8b384d4927e0889f9 [term 1 FOLLOWER]: Leader election vote request: Granting yes vote for candidate 3e10890e374443adb541f9bbb1ad2a3d in term 1.
I20260630 12:21:49.330217 29838 tablet_bootstrap.cc:654] T 0d5406212ecc4950910154a020418b9d P 3e10890e374443adb541f9bbb1ad2a3d: Neither blocks nor log segments found. Creating new log.
I20260630 12:21:49.320498 29717 raft_consensus.cc:2468] T 9097f83eae5b44e59388240af54e2b30 P ce12971f4c0f41218fb09016bf6493c1 [term 1 FOLLOWER]: Leader election vote request: Granting yes vote for candidate 3e10890e374443adb541f9bbb1ad2a3d in term 1.
I20260630 12:21:49.329948 29755 leader_election.cc:304] T 9097f83eae5b44e59388240af54e2b30 P 3e10890e374443adb541f9bbb1ad2a3d [CANDIDATE]: Term 1 election: Election decided. Result: candidate won. Election summary: received 2 responses out of 3 voters: 2 yes votes; 0 no votes. yes voters: 196660f911cb42d8b384d4927e0889f9, 3e10890e374443adb541f9bbb1ad2a3d; no voters: 
I20260630 12:21:49.337589 29845 raft_consensus.cc:2804] T 9097f83eae5b44e59388240af54e2b30 P 3e10890e374443adb541f9bbb1ad2a3d [term 1 FOLLOWER]: Leader election won for term 1
I20260630 12:21:49.338924 29845 raft_consensus.cc:697] T 9097f83eae5b44e59388240af54e2b30 P 3e10890e374443adb541f9bbb1ad2a3d [term 1 LEADER]: Becoming Leader. State: Replica: 3e10890e374443adb541f9bbb1ad2a3d, State: Running, Role: LEADER
I20260630 12:21:49.340126 29839 tablet_bootstrap.cc:492] T 6a778f675a5e4b9f897534464c040669 P ce12971f4c0f41218fb09016bf6493c1: No bootstrap required, opened a new log
I20260630 12:21:49.340646 29839 ts_tablet_manager.cc:1403] T 6a778f675a5e4b9f897534464c040669 P ce12971f4c0f41218fb09016bf6493c1: Time spent bootstrapping tablet: real 0.019s	user 0.012s	sys 0.004s
I20260630 12:21:49.340009 29845 consensus_queue.cc:237] T 9097f83eae5b44e59388240af54e2b30 P 3e10890e374443adb541f9bbb1ad2a3d [LEADER]: Queue going to LEADER mode. State: All replicated index: 0, Majority replicated index: 0, Committed index: 0, Last appended: 0.0, Last appended by leader: 0, Current term: 1, Majority size: 2, State: 0, Mode: LEADER, active raft config: opid_index: -1 OBSOLETE_local: false peers { permanent_uuid: "ce12971f4c0f41218fb09016bf6493c1" member_type: VOTER last_known_addr { host: "127.26.2.194" port: 42533 } } peers { permanent_uuid: "196660f911cb42d8b384d4927e0889f9" member_type: VOTER last_known_addr { host: "127.26.2.193" port: 36197 } } peers { permanent_uuid: "3e10890e374443adb541f9bbb1ad2a3d" member_type: VOTER last_known_addr { host: "127.26.2.195" port: 45453 } }
I20260630 12:21:49.343573 29839 raft_consensus.cc:359] T 6a778f675a5e4b9f897534464c040669 P ce12971f4c0f41218fb09016bf6493c1 [term 0 FOLLOWER]: Replica starting. Triggering 0 pending ops. Active config: opid_index: -1 OBSOLETE_local: false peers { permanent_uuid: "196660f911cb42d8b384d4927e0889f9" member_type: VOTER last_known_addr { host: "127.26.2.193" port: 36197 } } peers { permanent_uuid: "ce12971f4c0f41218fb09016bf6493c1" member_type: VOTER last_known_addr { host: "127.26.2.194" port: 42533 } } peers { permanent_uuid: "3e10890e374443adb541f9bbb1ad2a3d" member_type: VOTER last_known_addr { host: "127.26.2.195" port: 45453 } }
I20260630 12:21:49.344277 29839 raft_consensus.cc:385] T 6a778f675a5e4b9f897534464c040669 P ce12971f4c0f41218fb09016bf6493c1 [term 0 FOLLOWER]: Consensus starting up: Expiring failure detector timer to make a prompt election more likely
I20260630 12:21:49.344566 29839 raft_consensus.cc:740] T 6a778f675a5e4b9f897534464c040669 P ce12971f4c0f41218fb09016bf6493c1 [term 0 FOLLOWER]: Becoming Follower/Learner. State: Replica: ce12971f4c0f41218fb09016bf6493c1, State: Initialized, Role: FOLLOWER
I20260630 12:21:49.345479 29839 consensus_queue.cc:260] T 6a778f675a5e4b9f897534464c040669 P ce12971f4c0f41218fb09016bf6493c1 [NON_LEADER]: Queue going to NON_LEADER mode. State: All replicated index: 0, Majority replicated index: 0, Committed index: 0, Last appended: 0.0, Last appended by leader: 0, Current term: 0, Majority size: -1, State: 0, Mode: NON_LEADER, active raft config: opid_index: -1 OBSOLETE_local: false peers { permanent_uuid: "196660f911cb42d8b384d4927e0889f9" member_type: VOTER last_known_addr { host: "127.26.2.193" port: 36197 } } peers { permanent_uuid: "ce12971f4c0f41218fb09016bf6493c1" member_type: VOTER last_known_addr { host: "127.26.2.194" port: 42533 } } peers { permanent_uuid: "3e10890e374443adb541f9bbb1ad2a3d" member_type: VOTER last_known_addr { host: "127.26.2.195" port: 45453 } }
I20260630 12:21:49.347919 29839 ts_tablet_manager.cc:1434] T 6a778f675a5e4b9f897534464c040669 P ce12971f4c0f41218fb09016bf6493c1: Time spent starting tablet: real 0.007s	user 0.007s	sys 0.000s
I20260630 12:21:49.348865 29839 tablet_bootstrap.cc:492] T ad27ab14fed94f59bb403e939c139a6d P ce12971f4c0f41218fb09016bf6493c1: Bootstrap starting.
I20260630 12:21:49.354669 29839 tablet_bootstrap.cc:654] T ad27ab14fed94f59bb403e939c139a6d P ce12971f4c0f41218fb09016bf6493c1: Neither blocks nor log segments found. Creating new log.
I20260630 12:21:49.363874 29839 tablet_bootstrap.cc:492] T ad27ab14fed94f59bb403e939c139a6d P ce12971f4c0f41218fb09016bf6493c1: No bootstrap required, opened a new log
I20260630 12:21:49.364373 29839 ts_tablet_manager.cc:1403] T ad27ab14fed94f59bb403e939c139a6d P ce12971f4c0f41218fb09016bf6493c1: Time spent bootstrapping tablet: real 0.016s	user 0.014s	sys 0.000s
I20260630 12:21:49.363759 29540 catalog_manager.cc:5697] T ad27ab14fed94f59bb403e939c139a6d P 3e10890e374443adb541f9bbb1ad2a3d reported cstate change: term changed from 0 to 1, leader changed from <none> to 3e10890e374443adb541f9bbb1ad2a3d (127.26.2.195). New cstate: current_term: 1 leader_uuid: "3e10890e374443adb541f9bbb1ad2a3d" committed_config { opid_index: -1 OBSOLETE_local: false peers { permanent_uuid: "ce12971f4c0f41218fb09016bf6493c1" member_type: VOTER last_known_addr { host: "127.26.2.194" port: 42533 } health_report { overall_health: UNKNOWN } } peers { permanent_uuid: "196660f911cb42d8b384d4927e0889f9" member_type: VOTER last_known_addr { host: "127.26.2.193" port: 36197 } health_report { overall_health: UNKNOWN } } peers { permanent_uuid: "3e10890e374443adb541f9bbb1ad2a3d" member_type: VOTER last_known_addr { host: "127.26.2.195" port: 45453 } health_report { overall_health: HEALTHY } } }
I20260630 12:21:49.366582 29839 raft_consensus.cc:359] T ad27ab14fed94f59bb403e939c139a6d P ce12971f4c0f41218fb09016bf6493c1 [term 0 FOLLOWER]: Replica starting. Triggering 0 pending ops. Active config: opid_index: -1 OBSOLETE_local: false peers { permanent_uuid: "ce12971f4c0f41218fb09016bf6493c1" member_type: VOTER last_known_addr { host: "127.26.2.194" port: 42533 } } peers { permanent_uuid: "196660f911cb42d8b384d4927e0889f9" member_type: VOTER last_known_addr { host: "127.26.2.193" port: 36197 } } peers { permanent_uuid: "3e10890e374443adb541f9bbb1ad2a3d" member_type: VOTER last_known_addr { host: "127.26.2.195" port: 45453 } }
I20260630 12:21:49.367197 29839 raft_consensus.cc:385] T ad27ab14fed94f59bb403e939c139a6d P ce12971f4c0f41218fb09016bf6493c1 [term 0 FOLLOWER]: Consensus starting up: Expiring failure detector timer to make a prompt election more likely
I20260630 12:21:49.367436 29839 raft_consensus.cc:740] T ad27ab14fed94f59bb403e939c139a6d P ce12971f4c0f41218fb09016bf6493c1 [term 0 FOLLOWER]: Becoming Follower/Learner. State: Replica: ce12971f4c0f41218fb09016bf6493c1, State: Initialized, Role: FOLLOWER
I20260630 12:21:49.368131 29839 consensus_queue.cc:260] T ad27ab14fed94f59bb403e939c139a6d P ce12971f4c0f41218fb09016bf6493c1 [NON_LEADER]: Queue going to NON_LEADER mode. State: All replicated index: 0, Majority replicated index: 0, Committed index: 0, Last appended: 0.0, Last appended by leader: 0, Current term: 0, Majority size: -1, State: 0, Mode: NON_LEADER, active raft config: opid_index: -1 OBSOLETE_local: false peers { permanent_uuid: "ce12971f4c0f41218fb09016bf6493c1" member_type: VOTER last_known_addr { host: "127.26.2.194" port: 42533 } } peers { permanent_uuid: "196660f911cb42d8b384d4927e0889f9" member_type: VOTER last_known_addr { host: "127.26.2.193" port: 36197 } } peers { permanent_uuid: "3e10890e374443adb541f9bbb1ad2a3d" member_type: VOTER last_known_addr { host: "127.26.2.195" port: 45453 } }
I20260630 12:21:49.367745 29540 catalog_manager.cc:5697] T 9097f83eae5b44e59388240af54e2b30 P 3e10890e374443adb541f9bbb1ad2a3d reported cstate change: term changed from 0 to 1, leader changed from <none> to 3e10890e374443adb541f9bbb1ad2a3d (127.26.2.195). New cstate: current_term: 1 leader_uuid: "3e10890e374443adb541f9bbb1ad2a3d" committed_config { opid_index: -1 OBSOLETE_local: false peers { permanent_uuid: "ce12971f4c0f41218fb09016bf6493c1" member_type: VOTER last_known_addr { host: "127.26.2.194" port: 42533 } health_report { overall_health: UNKNOWN } } peers { permanent_uuid: "196660f911cb42d8b384d4927e0889f9" member_type: VOTER last_known_addr { host: "127.26.2.193" port: 36197 } health_report { overall_health: UNKNOWN } } peers { permanent_uuid: "3e10890e374443adb541f9bbb1ad2a3d" member_type: VOTER last_known_addr { host: "127.26.2.195" port: 45453 } health_report { overall_health: HEALTHY } } }
I20260630 12:21:49.370333 29839 ts_tablet_manager.cc:1434] T ad27ab14fed94f59bb403e939c139a6d P ce12971f4c0f41218fb09016bf6493c1: Time spent starting tablet: real 0.006s	user 0.007s	sys 0.000s
I20260630 12:21:49.374331 29838 tablet_bootstrap.cc:492] T 0d5406212ecc4950910154a020418b9d P 3e10890e374443adb541f9bbb1ad2a3d: No bootstrap required, opened a new log
I20260630 12:21:49.374753 29838 ts_tablet_manager.cc:1403] T 0d5406212ecc4950910154a020418b9d P 3e10890e374443adb541f9bbb1ad2a3d: Time spent bootstrapping tablet: real 0.051s	user 0.025s	sys 0.022s
I20260630 12:21:49.377066 29838 raft_consensus.cc:359] T 0d5406212ecc4950910154a020418b9d P 3e10890e374443adb541f9bbb1ad2a3d [term 0 FOLLOWER]: Replica starting. Triggering 0 pending ops. Active config: opid_index: -1 OBSOLETE_local: false peers { permanent_uuid: "196660f911cb42d8b384d4927e0889f9" member_type: VOTER last_known_addr { host: "127.26.2.193" port: 36197 } } peers { permanent_uuid: "ce12971f4c0f41218fb09016bf6493c1" member_type: VOTER last_known_addr { host: "127.26.2.194" port: 42533 } } peers { permanent_uuid: "3e10890e374443adb541f9bbb1ad2a3d" member_type: VOTER last_known_addr { host: "127.26.2.195" port: 45453 } }
I20260630 12:21:49.377709 29838 raft_consensus.cc:385] T 0d5406212ecc4950910154a020418b9d P 3e10890e374443adb541f9bbb1ad2a3d [term 0 FOLLOWER]: Consensus starting up: Expiring failure detector timer to make a prompt election more likely
I20260630 12:21:49.378012 29838 raft_consensus.cc:740] T 0d5406212ecc4950910154a020418b9d P 3e10890e374443adb541f9bbb1ad2a3d [term 0 FOLLOWER]: Becoming Follower/Learner. State: Replica: 3e10890e374443adb541f9bbb1ad2a3d, State: Initialized, Role: FOLLOWER
I20260630 12:21:49.378667 29838 consensus_queue.cc:260] T 0d5406212ecc4950910154a020418b9d P 3e10890e374443adb541f9bbb1ad2a3d [NON_LEADER]: Queue going to NON_LEADER mode. State: All replicated index: 0, Majority replicated index: 0, Committed index: 0, Last appended: 0.0, Last appended by leader: 0, Current term: 0, Majority size: -1, State: 0, Mode: NON_LEADER, active raft config: opid_index: -1 OBSOLETE_local: false peers { permanent_uuid: "196660f911cb42d8b384d4927e0889f9" member_type: VOTER last_known_addr { host: "127.26.2.193" port: 36197 } } peers { permanent_uuid: "ce12971f4c0f41218fb09016bf6493c1" member_type: VOTER last_known_addr { host: "127.26.2.194" port: 42533 } } peers { permanent_uuid: "3e10890e374443adb541f9bbb1ad2a3d" member_type: VOTER last_known_addr { host: "127.26.2.195" port: 45453 } }
I20260630 12:21:49.380923 29838 ts_tablet_manager.cc:1434] T 0d5406212ecc4950910154a020418b9d P 3e10890e374443adb541f9bbb1ad2a3d: Time spent starting tablet: real 0.006s	user 0.006s	sys 0.000s
I20260630 12:21:49.381640 29838 tablet_bootstrap.cc:492] T 186b9c5f78b6447587c9e662be3eaf51 P 3e10890e374443adb541f9bbb1ad2a3d: Bootstrap starting.
I20260630 12:21:49.387424 29838 tablet_bootstrap.cc:654] T 186b9c5f78b6447587c9e662be3eaf51 P 3e10890e374443adb541f9bbb1ad2a3d: Neither blocks nor log segments found. Creating new log.
I20260630 12:21:49.391783 29838 tablet_bootstrap.cc:492] T 186b9c5f78b6447587c9e662be3eaf51 P 3e10890e374443adb541f9bbb1ad2a3d: No bootstrap required, opened a new log
I20260630 12:21:49.392062 29838 ts_tablet_manager.cc:1403] T 186b9c5f78b6447587c9e662be3eaf51 P 3e10890e374443adb541f9bbb1ad2a3d: Time spent bootstrapping tablet: real 0.011s	user 0.009s	sys 0.000s
I20260630 12:21:49.393580 29838 raft_consensus.cc:359] T 186b9c5f78b6447587c9e662be3eaf51 P 3e10890e374443adb541f9bbb1ad2a3d [term 0 FOLLOWER]: Replica starting. Triggering 0 pending ops. Active config: opid_index: -1 OBSOLETE_local: false peers { permanent_uuid: "196660f911cb42d8b384d4927e0889f9" member_type: VOTER last_known_addr { host: "127.26.2.193" port: 36197 } } peers { permanent_uuid: "3e10890e374443adb541f9bbb1ad2a3d" member_type: VOTER last_known_addr { host: "127.26.2.195" port: 45453 } } peers { permanent_uuid: "ce12971f4c0f41218fb09016bf6493c1" member_type: VOTER last_known_addr { host: "127.26.2.194" port: 42533 } }
I20260630 12:21:49.394079 29838 raft_consensus.cc:385] T 186b9c5f78b6447587c9e662be3eaf51 P 3e10890e374443adb541f9bbb1ad2a3d [term 0 FOLLOWER]: Consensus starting up: Expiring failure detector timer to make a prompt election more likely
I20260630 12:21:49.394249 29838 raft_consensus.cc:740] T 186b9c5f78b6447587c9e662be3eaf51 P 3e10890e374443adb541f9bbb1ad2a3d [term 0 FOLLOWER]: Becoming Follower/Learner. State: Replica: 3e10890e374443adb541f9bbb1ad2a3d, State: Initialized, Role: FOLLOWER
I20260630 12:21:49.394670 29838 consensus_queue.cc:260] T 186b9c5f78b6447587c9e662be3eaf51 P 3e10890e374443adb541f9bbb1ad2a3d [NON_LEADER]: Queue going to NON_LEADER mode. State: All replicated index: 0, Majority replicated index: 0, Committed index: 0, Last appended: 0.0, Last appended by leader: 0, Current term: 0, Majority size: -1, State: 0, Mode: NON_LEADER, active raft config: opid_index: -1 OBSOLETE_local: false peers { permanent_uuid: "196660f911cb42d8b384d4927e0889f9" member_type: VOTER last_known_addr { host: "127.26.2.193" port: 36197 } } peers { permanent_uuid: "3e10890e374443adb541f9bbb1ad2a3d" member_type: VOTER last_known_addr { host: "127.26.2.195" port: 45453 } } peers { permanent_uuid: "ce12971f4c0f41218fb09016bf6493c1" member_type: VOTER last_known_addr { host: "127.26.2.194" port: 42533 } }
I20260630 12:21:49.396220 29838 ts_tablet_manager.cc:1434] T 186b9c5f78b6447587c9e662be3eaf51 P 3e10890e374443adb541f9bbb1ad2a3d: Time spent starting tablet: real 0.004s	user 0.003s	sys 0.000s
I20260630 12:21:49.416330 29858 raft_consensus.cc:493] T 186b9c5f78b6447587c9e662be3eaf51 P ce12971f4c0f41218fb09016bf6493c1 [term 0 FOLLOWER]: Starting pre-election (no leader contacted us within the election timeout)
I20260630 12:21:49.416685 29858 raft_consensus.cc:515] T 186b9c5f78b6447587c9e662be3eaf51 P ce12971f4c0f41218fb09016bf6493c1 [term 0 FOLLOWER]: Starting pre-election with config: opid_index: -1 OBSOLETE_local: false peers { permanent_uuid: "196660f911cb42d8b384d4927e0889f9" member_type: VOTER last_known_addr { host: "127.26.2.193" port: 36197 } } peers { permanent_uuid: "3e10890e374443adb541f9bbb1ad2a3d" member_type: VOTER last_known_addr { host: "127.26.2.195" port: 45453 } } peers { permanent_uuid: "ce12971f4c0f41218fb09016bf6493c1" member_type: VOTER last_known_addr { host: "127.26.2.194" port: 42533 } }
I20260630 12:21:49.417903 29840 raft_consensus.cc:493] T 186b9c5f78b6447587c9e662be3eaf51 P 196660f911cb42d8b384d4927e0889f9 [term 0 FOLLOWER]: Starting pre-election (no leader contacted us within the election timeout)
I20260630 12:21:49.418579 29858 leader_election.cc:290] T 186b9c5f78b6447587c9e662be3eaf51 P ce12971f4c0f41218fb09016bf6493c1 [CANDIDATE]: Term 1 pre-election: Requested pre-vote from peers 196660f911cb42d8b384d4927e0889f9 (127.26.2.193:36197), 3e10890e374443adb541f9bbb1ad2a3d (127.26.2.195:45453)
I20260630 12:21:49.418375 29840 raft_consensus.cc:515] T 186b9c5f78b6447587c9e662be3eaf51 P 196660f911cb42d8b384d4927e0889f9 [term 0 FOLLOWER]: Starting pre-election with config: opid_index: -1 OBSOLETE_local: false peers { permanent_uuid: "196660f911cb42d8b384d4927e0889f9" member_type: VOTER last_known_addr { host: "127.26.2.193" port: 36197 } } peers { permanent_uuid: "3e10890e374443adb541f9bbb1ad2a3d" member_type: VOTER last_known_addr { host: "127.26.2.195" port: 45453 } } peers { permanent_uuid: "ce12971f4c0f41218fb09016bf6493c1" member_type: VOTER last_known_addr { host: "127.26.2.194" port: 42533 } }
I20260630 12:21:49.419116 29642 tablet_service.cc:1917] Received RequestConsensusVote() RPC: tablet_id: "186b9c5f78b6447587c9e662be3eaf51" candidate_uuid: "ce12971f4c0f41218fb09016bf6493c1" candidate_term: 1 candidate_status { last_received { term: 0 index: 0 } } ignore_live_leader: false dest_uuid: "196660f911cb42d8b384d4927e0889f9" is_pre_election: true
I20260630 12:21:49.419601 29791 tablet_service.cc:1917] Received RequestConsensusVote() RPC: tablet_id: "186b9c5f78b6447587c9e662be3eaf51" candidate_uuid: "ce12971f4c0f41218fb09016bf6493c1" candidate_term: 1 candidate_status { last_received { term: 0 index: 0 } } ignore_live_leader: false dest_uuid: "3e10890e374443adb541f9bbb1ad2a3d" is_pre_election: true
I20260630 12:21:49.419727 29642 raft_consensus.cc:2468] T 186b9c5f78b6447587c9e662be3eaf51 P 196660f911cb42d8b384d4927e0889f9 [term 0 FOLLOWER]: Leader pre-election vote request: Granting yes vote for candidate ce12971f4c0f41218fb09016bf6493c1 in term 0.
I20260630 12:21:49.420181 29791 raft_consensus.cc:2468] T 186b9c5f78b6447587c9e662be3eaf51 P 3e10890e374443adb541f9bbb1ad2a3d [term 0 FOLLOWER]: Leader pre-election vote request: Granting yes vote for candidate ce12971f4c0f41218fb09016bf6493c1 in term 0.
I20260630 12:21:49.420444 29840 leader_election.cc:290] T 186b9c5f78b6447587c9e662be3eaf51 P 196660f911cb42d8b384d4927e0889f9 [CANDIDATE]: Term 1 pre-election: Requested pre-vote from peers 3e10890e374443adb541f9bbb1ad2a3d (127.26.2.195:45453), ce12971f4c0f41218fb09016bf6493c1 (127.26.2.194:42533)
I20260630 12:21:49.421164 29681 leader_election.cc:304] T 186b9c5f78b6447587c9e662be3eaf51 P ce12971f4c0f41218fb09016bf6493c1 [CANDIDATE]: Term 1 pre-election: Election decided. Result: candidate won. Election summary: received 2 responses out of 3 voters: 2 yes votes; 0 no votes. yes voters: 196660f911cb42d8b384d4927e0889f9, ce12971f4c0f41218fb09016bf6493c1; no voters: 
I20260630 12:21:49.421312 29790 tablet_service.cc:1917] Received RequestConsensusVote() RPC: tablet_id: "186b9c5f78b6447587c9e662be3eaf51" candidate_uuid: "196660f911cb42d8b384d4927e0889f9" candidate_term: 1 candidate_status { last_received { term: 0 index: 0 } } ignore_live_leader: false dest_uuid: "3e10890e374443adb541f9bbb1ad2a3d" is_pre_election: true
I20260630 12:21:49.421733 29840 raft_consensus.cc:493] T 0d5406212ecc4950910154a020418b9d P 196660f911cb42d8b384d4927e0889f9 [term 0 FOLLOWER]: Starting pre-election (no leader contacted us within the election timeout)
I20260630 12:21:49.421932 29790 raft_consensus.cc:2468] T 186b9c5f78b6447587c9e662be3eaf51 P 3e10890e374443adb541f9bbb1ad2a3d [term 0 FOLLOWER]: Leader pre-election vote request: Granting yes vote for candidate 196660f911cb42d8b384d4927e0889f9 in term 0.
I20260630 12:21:49.422245 29858 raft_consensus.cc:2804] T 186b9c5f78b6447587c9e662be3eaf51 P ce12971f4c0f41218fb09016bf6493c1 [term 0 FOLLOWER]: Leader pre-election won for term 1
I20260630 12:21:49.422184 29840 raft_consensus.cc:515] T 0d5406212ecc4950910154a020418b9d P 196660f911cb42d8b384d4927e0889f9 [term 0 FOLLOWER]: Starting pre-election with config: opid_index: -1 OBSOLETE_local: false peers { permanent_uuid: "196660f911cb42d8b384d4927e0889f9" member_type: VOTER last_known_addr { host: "127.26.2.193" port: 36197 } } peers { permanent_uuid: "ce12971f4c0f41218fb09016bf6493c1" member_type: VOTER last_known_addr { host: "127.26.2.194" port: 42533 } } peers { permanent_uuid: "3e10890e374443adb541f9bbb1ad2a3d" member_type: VOTER last_known_addr { host: "127.26.2.195" port: 45453 } }
I20260630 12:21:49.422569 29717 tablet_service.cc:1917] Received RequestConsensusVote() RPC: tablet_id: "186b9c5f78b6447587c9e662be3eaf51" candidate_uuid: "196660f911cb42d8b384d4927e0889f9" candidate_term: 1 candidate_status { last_received { term: 0 index: 0 } } ignore_live_leader: false dest_uuid: "ce12971f4c0f41218fb09016bf6493c1" is_pre_election: true
I20260630 12:21:49.422796 29858 raft_consensus.cc:493] T 186b9c5f78b6447587c9e662be3eaf51 P ce12971f4c0f41218fb09016bf6493c1 [term 0 FOLLOWER]: Starting leader election (no leader contacted us within the election timeout)
I20260630 12:21:49.423321 29858 raft_consensus.cc:3060] T 186b9c5f78b6447587c9e662be3eaf51 P ce12971f4c0f41218fb09016bf6493c1 [term 0 FOLLOWER]: Advancing to term 1
I20260630 12:21:49.423247 29607 leader_election.cc:304] T 186b9c5f78b6447587c9e662be3eaf51 P 196660f911cb42d8b384d4927e0889f9 [CANDIDATE]: Term 1 pre-election: Election decided. Result: candidate won. Election summary: received 2 responses out of 3 voters: 2 yes votes; 0 no votes. yes voters: 196660f911cb42d8b384d4927e0889f9, 3e10890e374443adb541f9bbb1ad2a3d; no voters: 
I20260630 12:21:49.424243 29871 raft_consensus.cc:2804] T 186b9c5f78b6447587c9e662be3eaf51 P 196660f911cb42d8b384d4927e0889f9 [term 0 FOLLOWER]: Leader pre-election won for term 1
I20260630 12:21:49.424407 29840 leader_election.cc:290] T 0d5406212ecc4950910154a020418b9d P 196660f911cb42d8b384d4927e0889f9 [CANDIDATE]: Term 1 pre-election: Requested pre-vote from peers ce12971f4c0f41218fb09016bf6493c1 (127.26.2.194:42533), 3e10890e374443adb541f9bbb1ad2a3d (127.26.2.195:45453)
I20260630 12:21:49.424647 29871 raft_consensus.cc:493] T 186b9c5f78b6447587c9e662be3eaf51 P 196660f911cb42d8b384d4927e0889f9 [term 0 FOLLOWER]: Starting leader election (no leader contacted us within the election timeout)
I20260630 12:21:49.425021 29871 raft_consensus.cc:3060] T 186b9c5f78b6447587c9e662be3eaf51 P 196660f911cb42d8b384d4927e0889f9 [term 0 FOLLOWER]: Advancing to term 1
I20260630 12:21:49.425021 29716 tablet_service.cc:1917] Received RequestConsensusVote() RPC: tablet_id: "0d5406212ecc4950910154a020418b9d" candidate_uuid: "196660f911cb42d8b384d4927e0889f9" candidate_term: 1 candidate_status { last_received { term: 0 index: 0 } } ignore_live_leader: false dest_uuid: "ce12971f4c0f41218fb09016bf6493c1" is_pre_election: true
I20260630 12:21:49.425783 29716 raft_consensus.cc:2468] T 0d5406212ecc4950910154a020418b9d P ce12971f4c0f41218fb09016bf6493c1 [term 0 FOLLOWER]: Leader pre-election vote request: Granting yes vote for candidate 196660f911cb42d8b384d4927e0889f9 in term 0.
I20260630 12:21:49.426970 29605 leader_election.cc:304] T 0d5406212ecc4950910154a020418b9d P 196660f911cb42d8b384d4927e0889f9 [CANDIDATE]: Term 1 pre-election: Election decided. Result: candidate won. Election summary: received 2 responses out of 3 voters: 2 yes votes; 0 no votes. yes voters: 196660f911cb42d8b384d4927e0889f9, ce12971f4c0f41218fb09016bf6493c1; no voters: 
I20260630 12:21:49.427718 29840 raft_consensus.cc:2804] T 0d5406212ecc4950910154a020418b9d P 196660f911cb42d8b384d4927e0889f9 [term 0 FOLLOWER]: Leader pre-election won for term 1
I20260630 12:21:49.428026 29840 raft_consensus.cc:493] T 0d5406212ecc4950910154a020418b9d P 196660f911cb42d8b384d4927e0889f9 [term 0 FOLLOWER]: Starting leader election (no leader contacted us within the election timeout)
I20260630 12:21:49.428328 29840 raft_consensus.cc:3060] T 0d5406212ecc4950910154a020418b9d P 196660f911cb42d8b384d4927e0889f9 [term 0 FOLLOWER]: Advancing to term 1
I20260630 12:21:49.429834 29790 tablet_service.cc:1917] Received RequestConsensusVote() RPC: tablet_id: "0d5406212ecc4950910154a020418b9d" candidate_uuid: "196660f911cb42d8b384d4927e0889f9" candidate_term: 1 candidate_status { last_received { term: 0 index: 0 } } ignore_live_leader: false dest_uuid: "3e10890e374443adb541f9bbb1ad2a3d" is_pre_election: true
I20260630 12:21:49.430444 29790 raft_consensus.cc:2468] T 0d5406212ecc4950910154a020418b9d P 3e10890e374443adb541f9bbb1ad2a3d [term 0 FOLLOWER]: Leader pre-election vote request: Granting yes vote for candidate 196660f911cb42d8b384d4927e0889f9 in term 0.
I20260630 12:21:49.430729 29858 raft_consensus.cc:515] T 186b9c5f78b6447587c9e662be3eaf51 P ce12971f4c0f41218fb09016bf6493c1 [term 1 FOLLOWER]: Starting leader election with config: opid_index: -1 OBSOLETE_local: false peers { permanent_uuid: "196660f911cb42d8b384d4927e0889f9" member_type: VOTER last_known_addr { host: "127.26.2.193" port: 36197 } } peers { permanent_uuid: "3e10890e374443adb541f9bbb1ad2a3d" member_type: VOTER last_known_addr { host: "127.26.2.195" port: 45453 } } peers { permanent_uuid: "ce12971f4c0f41218fb09016bf6493c1" member_type: VOTER last_known_addr { host: "127.26.2.194" port: 42533 } }
I20260630 12:21:49.431833 29717 raft_consensus.cc:2393] T 186b9c5f78b6447587c9e662be3eaf51 P ce12971f4c0f41218fb09016bf6493c1 [term 1 FOLLOWER]: Leader pre-election vote request: Denying vote to candidate 196660f911cb42d8b384d4927e0889f9 in current term 1: Already voted for candidate ce12971f4c0f41218fb09016bf6493c1 in this term.
I20260630 12:21:49.431947 29871 raft_consensus.cc:515] T 186b9c5f78b6447587c9e662be3eaf51 P 196660f911cb42d8b384d4927e0889f9 [term 1 FOLLOWER]: Starting leader election with config: opid_index: -1 OBSOLETE_local: false peers { permanent_uuid: "196660f911cb42d8b384d4927e0889f9" member_type: VOTER last_known_addr { host: "127.26.2.193" port: 36197 } } peers { permanent_uuid: "3e10890e374443adb541f9bbb1ad2a3d" member_type: VOTER last_known_addr { host: "127.26.2.195" port: 45453 } } peers { permanent_uuid: "ce12971f4c0f41218fb09016bf6493c1" member_type: VOTER last_known_addr { host: "127.26.2.194" port: 42533 } }
I20260630 12:21:49.433389 29858 leader_election.cc:290] T 186b9c5f78b6447587c9e662be3eaf51 P ce12971f4c0f41218fb09016bf6493c1 [CANDIDATE]: Term 1 election: Requested vote from peers 196660f911cb42d8b384d4927e0889f9 (127.26.2.193:36197), 3e10890e374443adb541f9bbb1ad2a3d (127.26.2.195:45453)
I20260630 12:21:49.434069 29642 tablet_service.cc:1917] Received RequestConsensusVote() RPC: tablet_id: "186b9c5f78b6447587c9e662be3eaf51" candidate_uuid: "ce12971f4c0f41218fb09016bf6493c1" candidate_term: 1 candidate_status { last_received { term: 0 index: 0 } } ignore_live_leader: false dest_uuid: "196660f911cb42d8b384d4927e0889f9"
I20260630 12:21:49.434819 29642 raft_consensus.cc:2393] T 186b9c5f78b6447587c9e662be3eaf51 P 196660f911cb42d8b384d4927e0889f9 [term 1 FOLLOWER]: Leader election vote request: Denying vote to candidate ce12971f4c0f41218fb09016bf6493c1 in current term 1: Already voted for candidate 196660f911cb42d8b384d4927e0889f9 in this term.
I20260630 12:21:49.434937 29790 tablet_service.cc:1917] Received RequestConsensusVote() RPC: tablet_id: "186b9c5f78b6447587c9e662be3eaf51" candidate_uuid: "196660f911cb42d8b384d4927e0889f9" candidate_term: 1 candidate_status { last_received { term: 0 index: 0 } } ignore_live_leader: false dest_uuid: "3e10890e374443adb541f9bbb1ad2a3d"
I20260630 12:21:49.435546 29790 raft_consensus.cc:3060] T 186b9c5f78b6447587c9e662be3eaf51 P 3e10890e374443adb541f9bbb1ad2a3d [term 0 FOLLOWER]: Advancing to term 1
I20260630 12:21:49.436137 29840 raft_consensus.cc:515] T 0d5406212ecc4950910154a020418b9d P 196660f911cb42d8b384d4927e0889f9 [term 1 FOLLOWER]: Starting leader election with config: opid_index: -1 OBSOLETE_local: false peers { permanent_uuid: "196660f911cb42d8b384d4927e0889f9" member_type: VOTER last_known_addr { host: "127.26.2.193" port: 36197 } } peers { permanent_uuid: "ce12971f4c0f41218fb09016bf6493c1" member_type: VOTER last_known_addr { host: "127.26.2.194" port: 42533 } } peers { permanent_uuid: "3e10890e374443adb541f9bbb1ad2a3d" member_type: VOTER last_known_addr { host: "127.26.2.195" port: 45453 } }
I20260630 12:21:49.438038 29840 leader_election.cc:290] T 0d5406212ecc4950910154a020418b9d P 196660f911cb42d8b384d4927e0889f9 [CANDIDATE]: Term 1 election: Requested vote from peers ce12971f4c0f41218fb09016bf6493c1 (127.26.2.194:42533), 3e10890e374443adb541f9bbb1ad2a3d (127.26.2.195:45453)
I20260630 12:21:49.438723 29717 tablet_service.cc:1917] Received RequestConsensusVote() RPC: tablet_id: "0d5406212ecc4950910154a020418b9d" candidate_uuid: "196660f911cb42d8b384d4927e0889f9" candidate_term: 1 candidate_status { last_received { term: 0 index: 0 } } ignore_live_leader: false dest_uuid: "ce12971f4c0f41218fb09016bf6493c1"
I20260630 12:21:49.438990 29791 tablet_service.cc:1917] Received RequestConsensusVote() RPC: tablet_id: "186b9c5f78b6447587c9e662be3eaf51" candidate_uuid: "ce12971f4c0f41218fb09016bf6493c1" candidate_term: 1 candidate_status { last_received { term: 0 index: 0 } } ignore_live_leader: false dest_uuid: "3e10890e374443adb541f9bbb1ad2a3d"
I20260630 12:21:49.439332 29789 tablet_service.cc:1917] Received RequestConsensusVote() RPC: tablet_id: "0d5406212ecc4950910154a020418b9d" candidate_uuid: "196660f911cb42d8b384d4927e0889f9" candidate_term: 1 candidate_status { last_received { term: 0 index: 0 } } ignore_live_leader: false dest_uuid: "3e10890e374443adb541f9bbb1ad2a3d"
I20260630 12:21:49.439013 29871 leader_election.cc:290] T 186b9c5f78b6447587c9e662be3eaf51 P 196660f911cb42d8b384d4927e0889f9 [CANDIDATE]: Term 1 election: Requested vote from peers 3e10890e374443adb541f9bbb1ad2a3d (127.26.2.195:45453), ce12971f4c0f41218fb09016bf6493c1 (127.26.2.194:42533)
I20260630 12:21:49.439975 29789 raft_consensus.cc:3060] T 0d5406212ecc4950910154a020418b9d P 3e10890e374443adb541f9bbb1ad2a3d [term 0 FOLLOWER]: Advancing to term 1
I20260630 12:21:49.440066 29717 raft_consensus.cc:3060] T 0d5406212ecc4950910154a020418b9d P ce12971f4c0f41218fb09016bf6493c1 [term 0 FOLLOWER]: Advancing to term 1
I20260630 12:21:49.439990 29716 tablet_service.cc:1917] Received RequestConsensusVote() RPC: tablet_id: "186b9c5f78b6447587c9e662be3eaf51" candidate_uuid: "196660f911cb42d8b384d4927e0889f9" candidate_term: 1 candidate_status { last_received { term: 0 index: 0 } } ignore_live_leader: false dest_uuid: "ce12971f4c0f41218fb09016bf6493c1"
I20260630 12:21:49.440729 29682 leader_election.cc:304] T 186b9c5f78b6447587c9e662be3eaf51 P ce12971f4c0f41218fb09016bf6493c1 [CANDIDATE]: Term 1 election: Election decided. Result: candidate lost. Election summary: received 3 responses out of 3 voters: 1 yes votes; 2 no votes. yes voters: ce12971f4c0f41218fb09016bf6493c1; no voters: 196660f911cb42d8b384d4927e0889f9, 3e10890e374443adb541f9bbb1ad2a3d
I20260630 12:21:49.441169 29716 raft_consensus.cc:2393] T 186b9c5f78b6447587c9e662be3eaf51 P ce12971f4c0f41218fb09016bf6493c1 [term 1 FOLLOWER]: Leader election vote request: Denying vote to candidate 196660f911cb42d8b384d4927e0889f9 in current term 1: Already voted for candidate ce12971f4c0f41218fb09016bf6493c1 in this term.
I20260630 12:21:49.441754 29858 raft_consensus.cc:2749] T 186b9c5f78b6447587c9e662be3eaf51 P ce12971f4c0f41218fb09016bf6493c1 [term 1 FOLLOWER]: Leader election lost for term 1. Reason: could not achieve majority
I20260630 12:21:49.446081 29717 raft_consensus.cc:2468] T 0d5406212ecc4950910154a020418b9d P ce12971f4c0f41218fb09016bf6493c1 [term 1 FOLLOWER]: Leader election vote request: Granting yes vote for candidate 196660f911cb42d8b384d4927e0889f9 in term 1.
I20260630 12:21:49.446945 29605 leader_election.cc:304] T 0d5406212ecc4950910154a020418b9d P 196660f911cb42d8b384d4927e0889f9 [CANDIDATE]: Term 1 election: Election decided. Result: candidate won. Election summary: received 2 responses out of 3 voters: 2 yes votes; 0 no votes. yes voters: 196660f911cb42d8b384d4927e0889f9, ce12971f4c0f41218fb09016bf6493c1; no voters: 
I20260630 12:21:49.447576 29871 raft_consensus.cc:2804] T 0d5406212ecc4950910154a020418b9d P 196660f911cb42d8b384d4927e0889f9 [term 1 FOLLOWER]: Leader election won for term 1
I20260630 12:21:49.447986 29871 raft_consensus.cc:697] T 0d5406212ecc4950910154a020418b9d P 196660f911cb42d8b384d4927e0889f9 [term 1 LEADER]: Becoming Leader. State: Replica: 196660f911cb42d8b384d4927e0889f9, State: Running, Role: LEADER
I20260630 12:21:49.448145 29790 raft_consensus.cc:2468] T 186b9c5f78b6447587c9e662be3eaf51 P 3e10890e374443adb541f9bbb1ad2a3d [term 1 FOLLOWER]: Leader election vote request: Granting yes vote for candidate 196660f911cb42d8b384d4927e0889f9 in term 1.
I20260630 12:21:49.448791 29789 raft_consensus.cc:2468] T 0d5406212ecc4950910154a020418b9d P 3e10890e374443adb541f9bbb1ad2a3d [term 1 FOLLOWER]: Leader election vote request: Granting yes vote for candidate 196660f911cb42d8b384d4927e0889f9 in term 1.
I20260630 12:21:49.448736 29871 consensus_queue.cc:237] T 0d5406212ecc4950910154a020418b9d P 196660f911cb42d8b384d4927e0889f9 [LEADER]: Queue going to LEADER mode. State: All replicated index: 0, Majority replicated index: 0, Committed index: 0, Last appended: 0.0, Last appended by leader: 0, Current term: 1, Majority size: 2, State: 0, Mode: LEADER, active raft config: opid_index: -1 OBSOLETE_local: false peers { permanent_uuid: "196660f911cb42d8b384d4927e0889f9" member_type: VOTER last_known_addr { host: "127.26.2.193" port: 36197 } } peers { permanent_uuid: "ce12971f4c0f41218fb09016bf6493c1" member_type: VOTER last_known_addr { host: "127.26.2.194" port: 42533 } } peers { permanent_uuid: "3e10890e374443adb541f9bbb1ad2a3d" member_type: VOTER last_known_addr { host: "127.26.2.195" port: 45453 } }
I20260630 12:21:49.449191 29607 leader_election.cc:304] T 186b9c5f78b6447587c9e662be3eaf51 P 196660f911cb42d8b384d4927e0889f9 [CANDIDATE]: Term 1 election: Election decided. Result: candidate won. Election summary: received 3 responses out of 3 voters: 2 yes votes; 1 no votes. yes voters: 196660f911cb42d8b384d4927e0889f9, 3e10890e374443adb541f9bbb1ad2a3d; no voters: ce12971f4c0f41218fb09016bf6493c1
I20260630 12:21:49.449962 29840 raft_consensus.cc:2804] T 186b9c5f78b6447587c9e662be3eaf51 P 196660f911cb42d8b384d4927e0889f9 [term 1 FOLLOWER]: Leader election won for term 1
I20260630 12:21:49.450412 29840 raft_consensus.cc:697] T 186b9c5f78b6447587c9e662be3eaf51 P 196660f911cb42d8b384d4927e0889f9 [term 1 LEADER]: Becoming Leader. State: Replica: 196660f911cb42d8b384d4927e0889f9, State: Running, Role: LEADER
I20260630 12:21:49.451187 29840 consensus_queue.cc:237] T 186b9c5f78b6447587c9e662be3eaf51 P 196660f911cb42d8b384d4927e0889f9 [LEADER]: Queue going to LEADER mode. State: All replicated index: 0, Majority replicated index: 0, Committed index: 0, Last appended: 0.0, Last appended by leader: 0, Current term: 1, Majority size: 2, State: 0, Mode: LEADER, active raft config: opid_index: -1 OBSOLETE_local: false peers { permanent_uuid: "196660f911cb42d8b384d4927e0889f9" member_type: VOTER last_known_addr { host: "127.26.2.193" port: 36197 } } peers { permanent_uuid: "3e10890e374443adb541f9bbb1ad2a3d" member_type: VOTER last_known_addr { host: "127.26.2.195" port: 45453 } } peers { permanent_uuid: "ce12971f4c0f41218fb09016bf6493c1" member_type: VOTER last_known_addr { host: "127.26.2.194" port: 42533 } }
I20260630 12:21:49.456784 29538 catalog_manager.cc:5697] T 0d5406212ecc4950910154a020418b9d P 196660f911cb42d8b384d4927e0889f9 reported cstate change: term changed from 0 to 1, leader changed from <none> to 196660f911cb42d8b384d4927e0889f9 (127.26.2.193). New cstate: current_term: 1 leader_uuid: "196660f911cb42d8b384d4927e0889f9" committed_config { opid_index: -1 OBSOLETE_local: false peers { permanent_uuid: "196660f911cb42d8b384d4927e0889f9" member_type: VOTER last_known_addr { host: "127.26.2.193" port: 36197 } health_report { overall_health: HEALTHY } } peers { permanent_uuid: "ce12971f4c0f41218fb09016bf6493c1" member_type: VOTER last_known_addr { host: "127.26.2.194" port: 42533 } health_report { overall_health: UNKNOWN } } peers { permanent_uuid: "3e10890e374443adb541f9bbb1ad2a3d" member_type: VOTER last_known_addr { host: "127.26.2.195" port: 45453 } health_report { overall_health: UNKNOWN } } }
I20260630 12:21:49.467566 29538 catalog_manager.cc:5697] T 186b9c5f78b6447587c9e662be3eaf51 P 196660f911cb42d8b384d4927e0889f9 reported cstate change: term changed from 0 to 1, leader changed from <none> to 196660f911cb42d8b384d4927e0889f9 (127.26.2.193). New cstate: current_term: 1 leader_uuid: "196660f911cb42d8b384d4927e0889f9" committed_config { opid_index: -1 OBSOLETE_local: false peers { permanent_uuid: "196660f911cb42d8b384d4927e0889f9" member_type: VOTER last_known_addr { host: "127.26.2.193" port: 36197 } health_report { overall_health: HEALTHY } } peers { permanent_uuid: "3e10890e374443adb541f9bbb1ad2a3d" member_type: VOTER last_known_addr { host: "127.26.2.195" port: 45453 } health_report { overall_health: UNKNOWN } } peers { permanent_uuid: "ce12971f4c0f41218fb09016bf6493c1" member_type: VOTER last_known_addr { host: "127.26.2.194" port: 42533 } health_report { overall_health: UNKNOWN } } }
I20260630 12:21:49.492300 29845 raft_consensus.cc:493] T 8be3ccae00d54949935aa9272e128b49 P 3e10890e374443adb541f9bbb1ad2a3d [term 0 FOLLOWER]: Starting pre-election (no leader contacted us within the election timeout)
I20260630 12:21:49.492671 29845 raft_consensus.cc:515] T 8be3ccae00d54949935aa9272e128b49 P 3e10890e374443adb541f9bbb1ad2a3d [term 0 FOLLOWER]: Starting pre-election with config: opid_index: -1 OBSOLETE_local: false peers { permanent_uuid: "ce12971f4c0f41218fb09016bf6493c1" member_type: VOTER last_known_addr { host: "127.26.2.194" port: 42533 } } peers { permanent_uuid: "196660f911cb42d8b384d4927e0889f9" member_type: VOTER last_known_addr { host: "127.26.2.193" port: 36197 } } peers { permanent_uuid: "3e10890e374443adb541f9bbb1ad2a3d" member_type: VOTER last_known_addr { host: "127.26.2.195" port: 45453 } }
I20260630 12:21:49.494168 29845 leader_election.cc:290] T 8be3ccae00d54949935aa9272e128b49 P 3e10890e374443adb541f9bbb1ad2a3d [CANDIDATE]: Term 1 pre-election: Requested pre-vote from peers ce12971f4c0f41218fb09016bf6493c1 (127.26.2.194:42533), 196660f911cb42d8b384d4927e0889f9 (127.26.2.193:36197)
I20260630 12:21:49.494917 29717 tablet_service.cc:1917] Received RequestConsensusVote() RPC: tablet_id: "8be3ccae00d54949935aa9272e128b49" candidate_uuid: "3e10890e374443adb541f9bbb1ad2a3d" candidate_term: 1 candidate_status { last_received { term: 0 index: 0 } } ignore_live_leader: false dest_uuid: "ce12971f4c0f41218fb09016bf6493c1" is_pre_election: true
I20260630 12:21:49.495131 29642 tablet_service.cc:1917] Received RequestConsensusVote() RPC: tablet_id: "8be3ccae00d54949935aa9272e128b49" candidate_uuid: "3e10890e374443adb541f9bbb1ad2a3d" candidate_term: 1 candidate_status { last_received { term: 0 index: 0 } } ignore_live_leader: false dest_uuid: "196660f911cb42d8b384d4927e0889f9" is_pre_election: true
I20260630 12:21:49.495467 29717 raft_consensus.cc:2468] T 8be3ccae00d54949935aa9272e128b49 P ce12971f4c0f41218fb09016bf6493c1 [term 0 FOLLOWER]: Leader pre-election vote request: Granting yes vote for candidate 3e10890e374443adb541f9bbb1ad2a3d in term 0.
I20260630 12:21:49.495705 29642 raft_consensus.cc:2468] T 8be3ccae00d54949935aa9272e128b49 P 196660f911cb42d8b384d4927e0889f9 [term 0 FOLLOWER]: Leader pre-election vote request: Granting yes vote for candidate 3e10890e374443adb541f9bbb1ad2a3d in term 0.
I20260630 12:21:49.496441 29754 leader_election.cc:304] T 8be3ccae00d54949935aa9272e128b49 P 3e10890e374443adb541f9bbb1ad2a3d [CANDIDATE]: Term 1 pre-election: Election decided. Result: candidate won. Election summary: received 2 responses out of 3 voters: 2 yes votes; 0 no votes. yes voters: 3e10890e374443adb541f9bbb1ad2a3d, ce12971f4c0f41218fb09016bf6493c1; no voters: 
I20260630 12:21:49.497049 29845 raft_consensus.cc:2804] T 8be3ccae00d54949935aa9272e128b49 P 3e10890e374443adb541f9bbb1ad2a3d [term 0 FOLLOWER]: Leader pre-election won for term 1
I20260630 12:21:49.497365 29845 raft_consensus.cc:493] T 8be3ccae00d54949935aa9272e128b49 P 3e10890e374443adb541f9bbb1ad2a3d [term 0 FOLLOWER]: Starting leader election (no leader contacted us within the election timeout)
I20260630 12:21:49.497568 29845 raft_consensus.cc:3060] T 8be3ccae00d54949935aa9272e128b49 P 3e10890e374443adb541f9bbb1ad2a3d [term 0 FOLLOWER]: Advancing to term 1
I20260630 12:21:49.501762 29845 raft_consensus.cc:515] T 8be3ccae00d54949935aa9272e128b49 P 3e10890e374443adb541f9bbb1ad2a3d [term 1 FOLLOWER]: Starting leader election with config: opid_index: -1 OBSOLETE_local: false peers { permanent_uuid: "ce12971f4c0f41218fb09016bf6493c1" member_type: VOTER last_known_addr { host: "127.26.2.194" port: 42533 } } peers { permanent_uuid: "196660f911cb42d8b384d4927e0889f9" member_type: VOTER last_known_addr { host: "127.26.2.193" port: 36197 } } peers { permanent_uuid: "3e10890e374443adb541f9bbb1ad2a3d" member_type: VOTER last_known_addr { host: "127.26.2.195" port: 45453 } }
I20260630 12:21:49.503121 29845 leader_election.cc:290] T 8be3ccae00d54949935aa9272e128b49 P 3e10890e374443adb541f9bbb1ad2a3d [CANDIDATE]: Term 1 election: Requested vote from peers ce12971f4c0f41218fb09016bf6493c1 (127.26.2.194:42533), 196660f911cb42d8b384d4927e0889f9 (127.26.2.193:36197)
