I20260630 12:21:42.970331 29840 ts_tablet_manager.cc:1434] T 9a40b83dd55845af99e03cfd54e39da4 P 353224a4bbdb4c90b637528fdb640b9c: Time spent starting tablet: real 0.009s	user 0.006s	sys 0.000s
I20260630 12:21:42.971218 29842 tablet_bootstrap.cc:654] T 216a82e2bd98431c85e908b49f71266e P f12cb7b4f0a842cabe1d1925aa7bf1f6: Neither blocks nor log segments found. Creating new log.
I20260630 12:21:42.974579 29646 tablet_service.cc:1917] Received RequestConsensusVote() RPC: tablet_id: "9a40b83dd55845af99e03cfd54e39da4" candidate_uuid: "9d4b289b4cff451ca81edd31fe69411d" candidate_term: 1 candidate_status { last_received { term: 0 index: 0 } } ignore_live_leader: false dest_uuid: "f12cb7b4f0a842cabe1d1925aa7bf1f6" is_pre_election: true
I20260630 12:21:42.977834 29646 raft_consensus.cc:2468] T 9a40b83dd55845af99e03cfd54e39da4 P f12cb7b4f0a842cabe1d1925aa7bf1f6 [term 0 FOLLOWER]: Leader pre-election vote request: Granting yes vote for candidate 9d4b289b4cff451ca81edd31fe69411d in term 0.
I20260630 12:21:42.975445 29795 tablet_service.cc:1917] Received RequestConsensusVote() RPC: tablet_id: "9a40b83dd55845af99e03cfd54e39da4" candidate_uuid: "9d4b289b4cff451ca81edd31fe69411d" candidate_term: 1 candidate_status { last_received { term: 0 index: 0 } } ignore_live_leader: false dest_uuid: "353224a4bbdb4c90b637528fdb640b9c" is_pre_election: true
I20260630 12:21:42.978811 29795 raft_consensus.cc:2468] T 9a40b83dd55845af99e03cfd54e39da4 P 353224a4bbdb4c90b637528fdb640b9c [term 0 FOLLOWER]: Leader pre-election vote request: Granting yes vote for candidate 9d4b289b4cff451ca81edd31fe69411d in term 0.
I20260630 12:21:42.976446 29794 tablet_service.cc:1917] Received RequestConsensusVote() RPC: tablet_id: "45ae5befaafc483d827ba79eb1781dc7" candidate_uuid: "9d4b289b4cff451ca81edd31fe69411d" candidate_term: 1 candidate_status { last_received { term: 0 index: 0 } } ignore_live_leader: false dest_uuid: "353224a4bbdb4c90b637528fdb640b9c" is_pre_election: true
I20260630 12:21:42.976529 29848 raft_consensus.cc:493] T 53fa8b45c3e84211857558dedeb9cab0 P f12cb7b4f0a842cabe1d1925aa7bf1f6 [term 0 FOLLOWER]: Starting pre-election (no leader contacted us within the election timeout)
I20260630 12:21:42.980774 29848 raft_consensus.cc:515] T 53fa8b45c3e84211857558dedeb9cab0 P f12cb7b4f0a842cabe1d1925aa7bf1f6 [term 0 FOLLOWER]: Starting pre-election with config: opid_index: -1 OBSOLETE_local: false peers { permanent_uuid: "f12cb7b4f0a842cabe1d1925aa7bf1f6" member_type: VOTER last_known_addr { host: "127.26.16.65" port: 32985 } } peers { permanent_uuid: "9d4b289b4cff451ca81edd31fe69411d" member_type: VOTER last_known_addr { host: "127.26.16.66" port: 45233 } } peers { permanent_uuid: "353224a4bbdb4c90b637528fdb640b9c" member_type: VOTER last_known_addr { host: "127.26.16.67" port: 35695 } }
I20260630 12:21:42.971488 29840 tablet_bootstrap.cc:492] T 3bc78a5575814bd5bfac8aa19e6eb471 P 353224a4bbdb4c90b637528fdb640b9c: Bootstrap starting.
I20260630 12:21:42.983588 29848 leader_election.cc:290] T 53fa8b45c3e84211857558dedeb9cab0 P f12cb7b4f0a842cabe1d1925aa7bf1f6 [CANDIDATE]: Term 1 pre-election: Requested pre-vote from peers 9d4b289b4cff451ca81edd31fe69411d (127.26.16.66:45233), 353224a4bbdb4c90b637528fdb640b9c (127.26.16.67:35695)
I20260630 12:21:42.977155 29645 tablet_service.cc:1917] Received RequestConsensusVote() RPC: tablet_id: "45ae5befaafc483d827ba79eb1781dc7" candidate_uuid: "9d4b289b4cff451ca81edd31fe69411d" candidate_term: 1 candidate_status { last_received { term: 0 index: 0 } } ignore_live_leader: false dest_uuid: "f12cb7b4f0a842cabe1d1925aa7bf1f6" is_pre_election: true
I20260630 12:21:42.984226 29794 tablet_service.cc:1917] Received RequestConsensusVote() RPC: tablet_id: "53fa8b45c3e84211857558dedeb9cab0" candidate_uuid: "f12cb7b4f0a842cabe1d1925aa7bf1f6" candidate_term: 1 candidate_status { last_received { term: 0 index: 0 } } ignore_live_leader: false dest_uuid: "353224a4bbdb4c90b637528fdb640b9c" is_pre_election: true
I20260630 12:21:42.984583 29645 raft_consensus.cc:2468] T 45ae5befaafc483d827ba79eb1781dc7 P f12cb7b4f0a842cabe1d1925aa7bf1f6 [term 0 FOLLOWER]: Leader pre-election vote request: Granting yes vote for candidate 9d4b289b4cff451ca81edd31fe69411d in term 0.
I20260630 12:21:42.986024 29684 leader_election.cc:304] T 9a40b83dd55845af99e03cfd54e39da4 P 9d4b289b4cff451ca81edd31fe69411d [CANDIDATE]: Term 1 pre-election: Election decided. Result: candidate won. Election summary: received 2 responses out of 3 voters: 2 yes votes; 0 no votes. yes voters: 9d4b289b4cff451ca81edd31fe69411d, f12cb7b4f0a842cabe1d1925aa7bf1f6; no voters: 
I20260630 12:21:42.987007 29684 leader_election.cc:304] T 45ae5befaafc483d827ba79eb1781dc7 P 9d4b289b4cff451ca81edd31fe69411d [CANDIDATE]: Term 1 pre-election: Election decided. Result: candidate won. Election summary: received 2 responses out of 3 voters: 2 yes votes; 0 no votes. yes voters: 9d4b289b4cff451ca81edd31fe69411d, f12cb7b4f0a842cabe1d1925aa7bf1f6; no voters: 
I20260630 12:21:42.984858 29794 raft_consensus.cc:2468] T 53fa8b45c3e84211857558dedeb9cab0 P 353224a4bbdb4c90b637528fdb640b9c [term 0 FOLLOWER]: Leader pre-election vote request: Granting yes vote for candidate f12cb7b4f0a842cabe1d1925aa7bf1f6 in term 0.
I20260630 12:21:42.988735 29847 raft_consensus.cc:2804] T 9a40b83dd55845af99e03cfd54e39da4 P 9d4b289b4cff451ca81edd31fe69411d [term 0 FOLLOWER]: Leader pre-election won for term 1
I20260630 12:21:42.989121 29847 raft_consensus.cc:493] T 9a40b83dd55845af99e03cfd54e39da4 P 9d4b289b4cff451ca81edd31fe69411d [term 0 FOLLOWER]: Starting leader election (no leader contacted us within the election timeout)
I20260630 12:21:42.989465 29847 raft_consensus.cc:3060] T 9a40b83dd55845af99e03cfd54e39da4 P 9d4b289b4cff451ca81edd31fe69411d [term 0 FOLLOWER]: Advancing to term 1
I20260630 12:21:42.993388 29871 raft_consensus.cc:2804] T 45ae5befaafc483d827ba79eb1781dc7 P 9d4b289b4cff451ca81edd31fe69411d [term 0 FOLLOWER]: Leader pre-election won for term 1
I20260630 12:21:42.993849 29871 raft_consensus.cc:493] T 45ae5befaafc483d827ba79eb1781dc7 P 9d4b289b4cff451ca81edd31fe69411d [term 0 FOLLOWER]: Starting leader election (no leader contacted us within the election timeout)
I20260630 12:21:42.994218 29871 raft_consensus.cc:3060] T 45ae5befaafc483d827ba79eb1781dc7 P 9d4b289b4cff451ca81edd31fe69411d [term 0 FOLLOWER]: Advancing to term 1
I20260630 12:21:42.996268 29840 tablet_bootstrap.cc:654] T 3bc78a5575814bd5bfac8aa19e6eb471 P 353224a4bbdb4c90b637528fdb640b9c: Neither blocks nor log segments found. Creating new log.
I20260630 12:21:42.996722 29842 tablet_bootstrap.cc:492] T 216a82e2bd98431c85e908b49f71266e P f12cb7b4f0a842cabe1d1925aa7bf1f6: No bootstrap required, opened a new log
I20260630 12:21:42.996928 29609 leader_election.cc:304] T 53fa8b45c3e84211857558dedeb9cab0 P f12cb7b4f0a842cabe1d1925aa7bf1f6 [CANDIDATE]: Term 1 pre-election: Election decided. Result: candidate won. Election summary: received 2 responses out of 3 voters: 2 yes votes; 0 no votes. yes voters: 353224a4bbdb4c90b637528fdb640b9c, f12cb7b4f0a842cabe1d1925aa7bf1f6; no voters: 
I20260630 12:21:42.997354 29842 ts_tablet_manager.cc:1403] T 216a82e2bd98431c85e908b49f71266e P f12cb7b4f0a842cabe1d1925aa7bf1f6: Time spent bootstrapping tablet: real 0.040s	user 0.026s	sys 0.008s
I20260630 12:21:42.998540 29853 raft_consensus.cc:493] T 216a82e2bd98431c85e908b49f71266e P 353224a4bbdb4c90b637528fdb640b9c [term 0 FOLLOWER]: Starting pre-election (no leader contacted us within the election timeout)
I20260630 12:21:42.999010 29853 raft_consensus.cc:515] T 216a82e2bd98431c85e908b49f71266e P 353224a4bbdb4c90b637528fdb640b9c [term 0 FOLLOWER]: Starting pre-election with config: opid_index: -1 OBSOLETE_local: false peers { permanent_uuid: "f12cb7b4f0a842cabe1d1925aa7bf1f6" member_type: VOTER last_known_addr { host: "127.26.16.65" port: 32985 } } peers { permanent_uuid: "9d4b289b4cff451ca81edd31fe69411d" member_type: VOTER last_known_addr { host: "127.26.16.66" port: 45233 } } peers { permanent_uuid: "353224a4bbdb4c90b637528fdb640b9c" member_type: VOTER last_known_addr { host: "127.26.16.67" port: 35695 } }
I20260630 12:21:43.000583 29842 raft_consensus.cc:359] T 216a82e2bd98431c85e908b49f71266e P f12cb7b4f0a842cabe1d1925aa7bf1f6 [term 0 FOLLOWER]: Replica starting. Triggering 0 pending ops. Active config: opid_index: -1 OBSOLETE_local: false peers { permanent_uuid: "f12cb7b4f0a842cabe1d1925aa7bf1f6" member_type: VOTER last_known_addr { host: "127.26.16.65" port: 32985 } } peers { permanent_uuid: "9d4b289b4cff451ca81edd31fe69411d" member_type: VOTER last_known_addr { host: "127.26.16.66" port: 45233 } } peers { permanent_uuid: "353224a4bbdb4c90b637528fdb640b9c" member_type: VOTER last_known_addr { host: "127.26.16.67" port: 35695 } }
I20260630 12:21:43.001245 29853 leader_election.cc:290] T 216a82e2bd98431c85e908b49f71266e P 353224a4bbdb4c90b637528fdb640b9c [CANDIDATE]: Term 1 pre-election: Requested pre-vote from peers f12cb7b4f0a842cabe1d1925aa7bf1f6 (127.26.16.65:32985), 9d4b289b4cff451ca81edd31fe69411d (127.26.16.66:45233)
I20260630 12:21:43.001509 29842 raft_consensus.cc:385] T 216a82e2bd98431c85e908b49f71266e P f12cb7b4f0a842cabe1d1925aa7bf1f6 [term 0 FOLLOWER]: Consensus starting up: Expiring failure detector timer to make a prompt election more likely
I20260630 12:21:43.001940 29842 raft_consensus.cc:740] T 216a82e2bd98431c85e908b49f71266e P f12cb7b4f0a842cabe1d1925aa7bf1f6 [term 0 FOLLOWER]: Becoming Follower/Learner. State: Replica: f12cb7b4f0a842cabe1d1925aa7bf1f6, State: Initialized, Role: FOLLOWER
I20260630 12:21:43.002086 29645 tablet_service.cc:1917] Received RequestConsensusVote() RPC: tablet_id: "216a82e2bd98431c85e908b49f71266e" candidate_uuid: "353224a4bbdb4c90b637528fdb640b9c" candidate_term: 1 candidate_status { last_received { term: 0 index: 0 } } ignore_live_leader: false dest_uuid: "f12cb7b4f0a842cabe1d1925aa7bf1f6" is_pre_election: true
I20260630 12:21:43.000566 29848 raft_consensus.cc:2804] T 53fa8b45c3e84211857558dedeb9cab0 P f12cb7b4f0a842cabe1d1925aa7bf1f6 [term 0 FOLLOWER]: Leader pre-election won for term 1
W20260630 12:21:42.999397 29684 leader_election.cc:343] T 45ae5befaafc483d827ba79eb1781dc7 P 9d4b289b4cff451ca81edd31fe69411d [CANDIDATE]: Term 1 pre-election: Tablet error from VoteRequest() call to peer 353224a4bbdb4c90b637528fdb640b9c (127.26.16.67:35695): Illegal state: must be running to vote when last-logged opid is not known
I20260630 12:21:43.003118 29848 raft_consensus.cc:493] T 53fa8b45c3e84211857558dedeb9cab0 P f12cb7b4f0a842cabe1d1925aa7bf1f6 [term 0 FOLLOWER]: Starting leader election (no leader contacted us within the election timeout)
I20260630 12:21:43.003928 29848 raft_consensus.cc:3060] T 53fa8b45c3e84211857558dedeb9cab0 P f12cb7b4f0a842cabe1d1925aa7bf1f6 [term 0 FOLLOWER]: Advancing to term 1
I20260630 12:21:43.003857 29847 raft_consensus.cc:515] T 9a40b83dd55845af99e03cfd54e39da4 P 9d4b289b4cff451ca81edd31fe69411d [term 1 FOLLOWER]: Starting leader election with config: opid_index: -1 OBSOLETE_local: false peers { permanent_uuid: "f12cb7b4f0a842cabe1d1925aa7bf1f6" member_type: VOTER last_known_addr { host: "127.26.16.65" port: 32985 } } peers { permanent_uuid: "9d4b289b4cff451ca81edd31fe69411d" member_type: VOTER last_known_addr { host: "127.26.16.66" port: 45233 } } peers { permanent_uuid: "353224a4bbdb4c90b637528fdb640b9c" member_type: VOTER last_known_addr { host: "127.26.16.67" port: 35695 } }
W20260630 12:21:43.005932 29592 auto_rebalancer.cc:298] Could not retrieve cluster info: Service unavailable: Tablet not running
I20260630 12:21:43.003141 29842 consensus_queue.cc:260] T 216a82e2bd98431c85e908b49f71266e P f12cb7b4f0a842cabe1d1925aa7bf1f6 [NON_LEADER]: Queue going to NON_LEADER mode. State: All replicated index: 0, Majority replicated index: 0, Committed index: 0, Last appended: 0.0, Last appended by leader: 0, Current term: 0, Majority size: -1, State: 0, Mode: NON_LEADER, active raft config: opid_index: -1 OBSOLETE_local: false peers { permanent_uuid: "f12cb7b4f0a842cabe1d1925aa7bf1f6" member_type: VOTER last_known_addr { host: "127.26.16.65" port: 32985 } } peers { permanent_uuid: "9d4b289b4cff451ca81edd31fe69411d" member_type: VOTER last_known_addr { host: "127.26.16.66" port: 45233 } } peers { permanent_uuid: "353224a4bbdb4c90b637528fdb640b9c" member_type: VOTER last_known_addr { host: "127.26.16.67" port: 35695 } }
I20260630 12:21:43.007107 29847 leader_election.cc:290] T 9a40b83dd55845af99e03cfd54e39da4 P 9d4b289b4cff451ca81edd31fe69411d [CANDIDATE]: Term 1 election: Requested vote from peers f12cb7b4f0a842cabe1d1925aa7bf1f6 (127.26.16.65:32985), 353224a4bbdb4c90b637528fdb640b9c (127.26.16.67:35695)
I20260630 12:21:43.007455 29645 raft_consensus.cc:2468] T 216a82e2bd98431c85e908b49f71266e P f12cb7b4f0a842cabe1d1925aa7bf1f6 [term 0 FOLLOWER]: Leader pre-election vote request: Granting yes vote for candidate 353224a4bbdb4c90b637528fdb640b9c in term 0.
I20260630 12:21:43.008666 29597 auto_leader_rebalancer.cc:141] leader rebalance for table range_aware_rebalance_new_range
W20260630 12:21:43.010253 29597 auto_leader_rebalancer.cc:524] the master instance isn't leader: Service unavailable: Tablet not running
I20260630 12:21:43.012457 29646 tablet_service.cc:1917] Received RequestConsensusVote() RPC: tablet_id: "9a40b83dd55845af99e03cfd54e39da4" candidate_uuid: "9d4b289b4cff451ca81edd31fe69411d" candidate_term: 1 candidate_status { last_received { term: 0 index: 0 } } ignore_live_leader: false dest_uuid: "f12cb7b4f0a842cabe1d1925aa7bf1f6"
I20260630 12:21:43.013029 29646 raft_consensus.cc:3060] T 9a40b83dd55845af99e03cfd54e39da4 P f12cb7b4f0a842cabe1d1925aa7bf1f6 [term 0 FOLLOWER]: Advancing to term 1
I20260630 12:21:43.013900 29871 raft_consensus.cc:515] T 45ae5befaafc483d827ba79eb1781dc7 P 9d4b289b4cff451ca81edd31fe69411d [term 1 FOLLOWER]: Starting leader election with config: opid_index: -1 OBSOLETE_local: false peers { permanent_uuid: "f12cb7b4f0a842cabe1d1925aa7bf1f6" member_type: VOTER last_known_addr { host: "127.26.16.65" port: 32985 } } peers { permanent_uuid: "9d4b289b4cff451ca81edd31fe69411d" member_type: VOTER last_known_addr { host: "127.26.16.66" port: 45233 } } peers { permanent_uuid: "353224a4bbdb4c90b637528fdb640b9c" member_type: VOTER last_known_addr { host: "127.26.16.67" port: 35695 } }
I20260630 12:21:43.015992 29871 leader_election.cc:290] T 45ae5befaafc483d827ba79eb1781dc7 P 9d4b289b4cff451ca81edd31fe69411d [CANDIDATE]: Term 1 election: Requested vote from peers f12cb7b4f0a842cabe1d1925aa7bf1f6 (127.26.16.65:32985), 353224a4bbdb4c90b637528fdb640b9c (127.26.16.67:35695)
I20260630 12:21:43.017472 29758 leader_election.cc:304] T 216a82e2bd98431c85e908b49f71266e P 353224a4bbdb4c90b637528fdb640b9c [CANDIDATE]: Term 1 pre-election: Election decided. Result: candidate won. Election summary: received 2 responses out of 3 voters: 2 yes votes; 0 no votes. yes voters: 353224a4bbdb4c90b637528fdb640b9c, f12cb7b4f0a842cabe1d1925aa7bf1f6; no voters: 
I20260630 12:21:43.018397 29853 raft_consensus.cc:2804] T 216a82e2bd98431c85e908b49f71266e P 353224a4bbdb4c90b637528fdb640b9c [term 0 FOLLOWER]: Leader pre-election won for term 1
I20260630 12:21:43.018180 29848 raft_consensus.cc:515] T 53fa8b45c3e84211857558dedeb9cab0 P f12cb7b4f0a842cabe1d1925aa7bf1f6 [term 1 FOLLOWER]: Starting leader election with config: opid_index: -1 OBSOLETE_local: false peers { permanent_uuid: "f12cb7b4f0a842cabe1d1925aa7bf1f6" member_type: VOTER last_known_addr { host: "127.26.16.65" port: 32985 } } peers { permanent_uuid: "9d4b289b4cff451ca81edd31fe69411d" member_type: VOTER last_known_addr { host: "127.26.16.66" port: 45233 } } peers { permanent_uuid: "353224a4bbdb4c90b637528fdb640b9c" member_type: VOTER last_known_addr { host: "127.26.16.67" port: 35695 } }
I20260630 12:21:43.018749 29853 raft_consensus.cc:493] T 216a82e2bd98431c85e908b49f71266e P 353224a4bbdb4c90b637528fdb640b9c [term 0 FOLLOWER]: Starting leader election (no leader contacted us within the election timeout)
I20260630 12:21:43.019105 29853 raft_consensus.cc:3060] T 216a82e2bd98431c85e908b49f71266e P 353224a4bbdb4c90b637528fdb640b9c [term 0 FOLLOWER]: Advancing to term 1
I20260630 12:21:43.021399 29794 tablet_service.cc:1917] Received RequestConsensusVote() RPC: tablet_id: "9a40b83dd55845af99e03cfd54e39da4" candidate_uuid: "9d4b289b4cff451ca81edd31fe69411d" candidate_term: 1 candidate_status { last_received { term: 0 index: 0 } } ignore_live_leader: false dest_uuid: "353224a4bbdb4c90b637528fdb640b9c"
I20260630 12:21:43.022042 29794 raft_consensus.cc:3060] T 9a40b83dd55845af99e03cfd54e39da4 P 353224a4bbdb4c90b637528fdb640b9c [term 0 FOLLOWER]: Advancing to term 1
I20260630 12:21:43.026629 29646 raft_consensus.cc:2468] T 9a40b83dd55845af99e03cfd54e39da4 P f12cb7b4f0a842cabe1d1925aa7bf1f6 [term 1 FOLLOWER]: Leader election vote request: Granting yes vote for candidate 9d4b289b4cff451ca81edd31fe69411d in term 1.
I20260630 12:21:43.026786 29721 tablet_service.cc:1917] Received RequestConsensusVote() RPC: tablet_id: "9a40b83dd55845af99e03cfd54e39da4" candidate_uuid: "f12cb7b4f0a842cabe1d1925aa7bf1f6" candidate_term: 1 candidate_status { last_received { term: 0 index: 0 } } ignore_live_leader: false dest_uuid: "9d4b289b4cff451ca81edd31fe69411d" is_pre_election: true
I20260630 12:21:43.027349 29720 tablet_service.cc:1917] Received RequestConsensusVote() RPC: tablet_id: "53fa8b45c3e84211857558dedeb9cab0" candidate_uuid: "f12cb7b4f0a842cabe1d1925aa7bf1f6" candidate_term: 1 candidate_status { last_received { term: 0 index: 0 } } ignore_live_leader: false dest_uuid: "9d4b289b4cff451ca81edd31fe69411d" is_pre_election: true
I20260630 12:21:43.028061 29721 raft_consensus.cc:2393] T 9a40b83dd55845af99e03cfd54e39da4 P 9d4b289b4cff451ca81edd31fe69411d [term 1 FOLLOWER]: Leader pre-election vote request: Denying vote to candidate f12cb7b4f0a842cabe1d1925aa7bf1f6 in current term 1: Already voted for candidate 9d4b289b4cff451ca81edd31fe69411d in this term.
I20260630 12:21:43.028025 29720 raft_consensus.cc:2468] T 53fa8b45c3e84211857558dedeb9cab0 P 9d4b289b4cff451ca81edd31fe69411d [term 0 FOLLOWER]: Leader pre-election vote request: Granting yes vote for candidate f12cb7b4f0a842cabe1d1925aa7bf1f6 in term 0.
I20260630 12:21:43.029893 29719 tablet_service.cc:1917] Received RequestConsensusVote() RPC: tablet_id: "53fa8b45c3e84211857558dedeb9cab0" candidate_uuid: "f12cb7b4f0a842cabe1d1925aa7bf1f6" candidate_term: 1 candidate_status { last_received { term: 0 index: 0 } } ignore_live_leader: false dest_uuid: "9d4b289b4cff451ca81edd31fe69411d"
I20260630 12:21:43.030792 29719 raft_consensus.cc:3060] T 53fa8b45c3e84211857558dedeb9cab0 P 9d4b289b4cff451ca81edd31fe69411d [term 0 FOLLOWER]: Advancing to term 1
I20260630 12:21:43.031184 29720 tablet_service.cc:1917] Received RequestConsensusVote() RPC: tablet_id: "216a82e2bd98431c85e908b49f71266e" candidate_uuid: "353224a4bbdb4c90b637528fdb640b9c" candidate_term: 1 candidate_status { last_received { term: 0 index: 0 } } ignore_live_leader: false dest_uuid: "9d4b289b4cff451ca81edd31fe69411d" is_pre_election: true
I20260630 12:21:43.032296 29871 raft_consensus.cc:493] T 77b5e4b32a42448ca8e0e07a8a129873 P 9d4b289b4cff451ca81edd31fe69411d [term 0 FOLLOWER]: Starting pre-election (no leader contacted us within the election timeout)
I20260630 12:21:43.032756 29871 raft_consensus.cc:515] T 77b5e4b32a42448ca8e0e07a8a129873 P 9d4b289b4cff451ca81edd31fe69411d [term 0 FOLLOWER]: Starting pre-election with config: opid_index: -1 OBSOLETE_local: false peers { permanent_uuid: "f12cb7b4f0a842cabe1d1925aa7bf1f6" member_type: VOTER last_known_addr { host: "127.26.16.65" port: 32985 } } peers { permanent_uuid: "9d4b289b4cff451ca81edd31fe69411d" member_type: VOTER last_known_addr { host: "127.26.16.66" port: 45233 } } peers { permanent_uuid: "353224a4bbdb4c90b637528fdb640b9c" member_type: VOTER last_known_addr { host: "127.26.16.67" port: 35695 } }
I20260630 12:21:43.034289 29840 tablet_bootstrap.cc:492] T 3bc78a5575814bd5bfac8aa19e6eb471 P 353224a4bbdb4c90b637528fdb640b9c: No bootstrap required, opened a new log
I20260630 12:21:43.034698 29871 leader_election.cc:290] T 77b5e4b32a42448ca8e0e07a8a129873 P 9d4b289b4cff451ca81edd31fe69411d [CANDIDATE]: Term 1 pre-election: Requested pre-vote from peers f12cb7b4f0a842cabe1d1925aa7bf1f6 (127.26.16.65:32985), 353224a4bbdb4c90b637528fdb640b9c (127.26.16.67:35695)
I20260630 12:21:43.034790 29840 ts_tablet_manager.cc:1403] T 3bc78a5575814bd5bfac8aa19e6eb471 P 353224a4bbdb4c90b637528fdb640b9c: Time spent bootstrapping tablet: real 0.064s	user 0.010s	sys 0.009s
I20260630 12:21:43.035588 29848 leader_election.cc:290] T 53fa8b45c3e84211857558dedeb9cab0 P f12cb7b4f0a842cabe1d1925aa7bf1f6 [CANDIDATE]: Term 1 election: Requested vote from peers 9d4b289b4cff451ca81edd31fe69411d (127.26.16.66:45233), 353224a4bbdb4c90b637528fdb640b9c (127.26.16.67:35695)
I20260630 12:21:43.037252 29795 tablet_service.cc:1917] Received RequestConsensusVote() RPC: tablet_id: "53fa8b45c3e84211857558dedeb9cab0" candidate_uuid: "f12cb7b4f0a842cabe1d1925aa7bf1f6" candidate_term: 1 candidate_status { last_received { term: 0 index: 0 } } ignore_live_leader: false dest_uuid: "353224a4bbdb4c90b637528fdb640b9c"
I20260630 12:21:43.037550 29840 raft_consensus.cc:359] T 3bc78a5575814bd5bfac8aa19e6eb471 P 353224a4bbdb4c90b637528fdb640b9c [term 0 FOLLOWER]: Replica starting. Triggering 0 pending ops. Active config: opid_index: -1 OBSOLETE_local: false peers { permanent_uuid: "9d4b289b4cff451ca81edd31fe69411d" member_type: VOTER last_known_addr { host: "127.26.16.66" port: 45233 } } peers { permanent_uuid: "f12cb7b4f0a842cabe1d1925aa7bf1f6" member_type: VOTER last_known_addr { host: "127.26.16.65" port: 32985 } } peers { permanent_uuid: "353224a4bbdb4c90b637528fdb640b9c" member_type: VOTER last_known_addr { host: "127.26.16.67" port: 35695 } }
I20260630 12:21:43.038321 29795 raft_consensus.cc:3060] T 53fa8b45c3e84211857558dedeb9cab0 P 353224a4bbdb4c90b637528fdb640b9c [term 0 FOLLOWER]: Advancing to term 1
I20260630 12:21:43.032021 29794 raft_consensus.cc:2468] T 9a40b83dd55845af99e03cfd54e39da4 P 353224a4bbdb4c90b637528fdb640b9c [term 1 FOLLOWER]: Leader election vote request: Granting yes vote for candidate 9d4b289b4cff451ca81edd31fe69411d in term 1.
I20260630 12:21:43.042019 29793 tablet_service.cc:1917] Received RequestConsensusVote() RPC: tablet_id: "45ae5befaafc483d827ba79eb1781dc7" candidate_uuid: "9d4b289b4cff451ca81edd31fe69411d" candidate_term: 1 candidate_status { last_received { term: 0 index: 0 } } ignore_live_leader: false dest_uuid: "353224a4bbdb4c90b637528fdb640b9c"
I20260630 12:21:43.043875 29646 tablet_service.cc:1917] Received RequestConsensusVote() RPC: tablet_id: "45ae5befaafc483d827ba79eb1781dc7" candidate_uuid: "9d4b289b4cff451ca81edd31fe69411d" candidate_term: 1 candidate_status { last_received { term: 0 index: 0 } } ignore_live_leader: false dest_uuid: "f12cb7b4f0a842cabe1d1925aa7bf1f6"
I20260630 12:21:43.044541 29646 raft_consensus.cc:3060] T 45ae5befaafc483d827ba79eb1781dc7 P f12cb7b4f0a842cabe1d1925aa7bf1f6 [term 0 FOLLOWER]: Advancing to term 1
I20260630 12:21:43.038482 29840 raft_consensus.cc:385] T 3bc78a5575814bd5bfac8aa19e6eb471 P 353224a4bbdb4c90b637528fdb640b9c [term 0 FOLLOWER]: Consensus starting up: Expiring failure detector timer to make a prompt election more likely
I20260630 12:21:43.045279 29840 raft_consensus.cc:740] T 3bc78a5575814bd5bfac8aa19e6eb471 P 353224a4bbdb4c90b637528fdb640b9c [term 0 FOLLOWER]: Becoming Follower/Learner. State: Replica: 353224a4bbdb4c90b637528fdb640b9c, State: Initialized, Role: FOLLOWER
I20260630 12:21:43.045665 29610 leader_election.cc:304] T 9a40b83dd55845af99e03cfd54e39da4 P f12cb7b4f0a842cabe1d1925aa7bf1f6 [CANDIDATE]: Term 1 pre-election: Election decided. Result: candidate lost. Election summary: received 3 responses out of 3 voters: 1 yes votes; 2 no votes. yes voters: f12cb7b4f0a842cabe1d1925aa7bf1f6; no voters: 353224a4bbdb4c90b637528fdb640b9c, 9d4b289b4cff451ca81edd31fe69411d
I20260630 12:21:43.046088 29840 consensus_queue.cc:260] T 3bc78a5575814bd5bfac8aa19e6eb471 P 353224a4bbdb4c90b637528fdb640b9c [NON_LEADER]: Queue going to NON_LEADER mode. State: All replicated index: 0, Majority replicated index: 0, Committed index: 0, Last appended: 0.0, Last appended by leader: 0, Current term: 0, Majority size: -1, State: 0, Mode: NON_LEADER, active raft config: opid_index: -1 OBSOLETE_local: false peers { permanent_uuid: "9d4b289b4cff451ca81edd31fe69411d" member_type: VOTER last_known_addr { host: "127.26.16.66" port: 45233 } } peers { permanent_uuid: "f12cb7b4f0a842cabe1d1925aa7bf1f6" member_type: VOTER last_known_addr { host: "127.26.16.65" port: 32985 } } peers { permanent_uuid: "353224a4bbdb4c90b637528fdb640b9c" member_type: VOTER last_known_addr { host: "127.26.16.67" port: 35695 } }
I20260630 12:21:43.047027 29848 raft_consensus.cc:2749] T 9a40b83dd55845af99e03cfd54e39da4 P f12cb7b4f0a842cabe1d1925aa7bf1f6 [term 1 FOLLOWER]: Leader pre-election lost for term 1. Reason: could not achieve majority
I20260630 12:21:43.049387 29841 tablet_bootstrap.cc:492] T 2a187f2da91f40e2a40bb3eb0921a89f P 9d4b289b4cff451ca81edd31fe69411d: No bootstrap required, opened a new log
I20260630 12:21:43.049893 29841 ts_tablet_manager.cc:1403] T 2a187f2da91f40e2a40bb3eb0921a89f P 9d4b289b4cff451ca81edd31fe69411d: Time spent bootstrapping tablet: real 0.104s	user 0.013s	sys 0.008s
I20260630 12:21:43.050328 29840 ts_tablet_manager.cc:1434] T 3bc78a5575814bd5bfac8aa19e6eb471 P 353224a4bbdb4c90b637528fdb640b9c: Time spent starting tablet: real 0.015s	user 0.001s	sys 0.005s
I20260630 12:21:43.051307 29840 tablet_bootstrap.cc:492] T 45ae5befaafc483d827ba79eb1781dc7 P 353224a4bbdb4c90b637528fdb640b9c: Bootstrap starting.
I20260630 12:21:43.052467 29646 raft_consensus.cc:2468] T 45ae5befaafc483d827ba79eb1781dc7 P f12cb7b4f0a842cabe1d1925aa7bf1f6 [term 1 FOLLOWER]: Leader election vote request: Granting yes vote for candidate 9d4b289b4cff451ca81edd31fe69411d in term 1.
I20260630 12:21:43.055191 29684 leader_election.cc:304] T 9a40b83dd55845af99e03cfd54e39da4 P 9d4b289b4cff451ca81edd31fe69411d [CANDIDATE]: Term 1 election: Election decided. Result: candidate won. Election summary: received 2 responses out of 3 voters: 2 yes votes; 0 no votes. yes voters: 9d4b289b4cff451ca81edd31fe69411d, f12cb7b4f0a842cabe1d1925aa7bf1f6; no voters: 
I20260630 12:21:43.056051 29871 raft_consensus.cc:2804] T 9a40b83dd55845af99e03cfd54e39da4 P 9d4b289b4cff451ca81edd31fe69411d [term 1 FOLLOWER]: Leader election won for term 1
I20260630 12:21:43.056176 29684 leader_election.cc:304] T 45ae5befaafc483d827ba79eb1781dc7 P 9d4b289b4cff451ca81edd31fe69411d [CANDIDATE]: Term 1 election: Election decided. Result: candidate won. Election summary: received 2 responses out of 3 voters: 2 yes votes; 0 no votes. yes voters: 9d4b289b4cff451ca81edd31fe69411d, f12cb7b4f0a842cabe1d1925aa7bf1f6; no voters: 
I20260630 12:21:43.057049 29871 raft_consensus.cc:697] T 9a40b83dd55845af99e03cfd54e39da4 P 9d4b289b4cff451ca81edd31fe69411d [term 1 LEADER]: Becoming Leader. State: Replica: 9d4b289b4cff451ca81edd31fe69411d, State: Running, Role: LEADER
I20260630 12:21:43.058120 29840 tablet_bootstrap.cc:654] T 45ae5befaafc483d827ba79eb1781dc7 P 353224a4bbdb4c90b637528fdb640b9c: Neither blocks nor log segments found. Creating new log.
I20260630 12:21:43.058861 29847 raft_consensus.cc:2804] T 45ae5befaafc483d827ba79eb1781dc7 P 9d4b289b4cff451ca81edd31fe69411d [term 1 FOLLOWER]: Leader election won for term 1
I20260630 12:21:43.059264 29842 ts_tablet_manager.cc:1434] T 216a82e2bd98431c85e908b49f71266e P f12cb7b4f0a842cabe1d1925aa7bf1f6: Time spent starting tablet: real 0.061s	user 0.022s	sys 0.018s
I20260630 12:21:43.059302 29841 raft_consensus.cc:359] T 2a187f2da91f40e2a40bb3eb0921a89f P 9d4b289b4cff451ca81edd31fe69411d [term 0 FOLLOWER]: Replica starting. Triggering 0 pending ops. Active config: opid_index: -1 OBSOLETE_local: false peers { permanent_uuid: "353224a4bbdb4c90b637528fdb640b9c" member_type: VOTER last_known_addr { host: "127.26.16.67" port: 35695 } } peers { permanent_uuid: "f12cb7b4f0a842cabe1d1925aa7bf1f6" member_type: VOTER last_known_addr { host: "127.26.16.65" port: 32985 } } peers { permanent_uuid: "9d4b289b4cff451ca81edd31fe69411d" member_type: VOTER last_known_addr { host: "127.26.16.66" port: 45233 } }
I20260630 12:21:43.060247 29841 raft_consensus.cc:385] T 2a187f2da91f40e2a40bb3eb0921a89f P 9d4b289b4cff451ca81edd31fe69411d [term 0 FOLLOWER]: Consensus starting up: Expiring failure detector timer to make a prompt election more likely
I20260630 12:21:43.060539 29841 raft_consensus.cc:740] T 2a187f2da91f40e2a40bb3eb0921a89f P 9d4b289b4cff451ca81edd31fe69411d [term 0 FOLLOWER]: Becoming Follower/Learner. State: Replica: 9d4b289b4cff451ca81edd31fe69411d, State: Initialized, Role: FOLLOWER
I20260630 12:21:43.059358 29847 raft_consensus.cc:697] T 45ae5befaafc483d827ba79eb1781dc7 P 9d4b289b4cff451ca81edd31fe69411d [term 1 LEADER]: Becoming Leader. State: Replica: 9d4b289b4cff451ca81edd31fe69411d, State: Running, Role: LEADER
I20260630 12:21:43.061336 29841 consensus_queue.cc:260] T 2a187f2da91f40e2a40bb3eb0921a89f P 9d4b289b4cff451ca81edd31fe69411d [NON_LEADER]: Queue going to NON_LEADER mode. State: All replicated index: 0, Majority replicated index: 0, Committed index: 0, Last appended: 0.0, Last appended by leader: 0, Current term: 0, Majority size: -1, State: 0, Mode: NON_LEADER, active raft config: opid_index: -1 OBSOLETE_local: false peers { permanent_uuid: "353224a4bbdb4c90b637528fdb640b9c" member_type: VOTER last_known_addr { host: "127.26.16.67" port: 35695 } } peers { permanent_uuid: "f12cb7b4f0a842cabe1d1925aa7bf1f6" member_type: VOTER last_known_addr { host: "127.26.16.65" port: 32985 } } peers { permanent_uuid: "9d4b289b4cff451ca81edd31fe69411d" member_type: VOTER last_known_addr { host: "127.26.16.66" port: 45233 } }
I20260630 12:21:43.065915 29856 raft_consensus.cc:493] T b95d408202ae4b9c89b55eececf77d11 P 353224a4bbdb4c90b637528fdb640b9c [term 0 FOLLOWER]: Starting pre-election (no leader contacted us within the election timeout)
I20260630 12:21:43.058012 29871 consensus_queue.cc:237] T 9a40b83dd55845af99e03cfd54e39da4 P 9d4b289b4cff451ca81edd31fe69411d [LEADER]: Queue going to LEADER mode. State: All replicated index: 0, Majority replicated index: 0, Committed index: 0, Last appended: 0.0, Last appended by leader: 0, Current term: 1, Majority size: 2, State: 0, Mode: LEADER, active raft config: opid_index: -1 OBSOLETE_local: false peers { permanent_uuid: "f12cb7b4f0a842cabe1d1925aa7bf1f6" member_type: VOTER last_known_addr { host: "127.26.16.65" port: 32985 } } peers { permanent_uuid: "9d4b289b4cff451ca81edd31fe69411d" member_type: VOTER last_known_addr { host: "127.26.16.66" port: 45233 } } peers { permanent_uuid: "353224a4bbdb4c90b637528fdb640b9c" member_type: VOTER last_known_addr { host: "127.26.16.67" port: 35695 } }
I20260630 12:21:43.066413 29856 raft_consensus.cc:515] T b95d408202ae4b9c89b55eececf77d11 P 353224a4bbdb4c90b637528fdb640b9c [term 0 FOLLOWER]: Starting pre-election with config: opid_index: -1 OBSOLETE_local: false peers { permanent_uuid: "9d4b289b4cff451ca81edd31fe69411d" member_type: VOTER last_known_addr { host: "127.26.16.66" port: 45233 } } peers { permanent_uuid: "f12cb7b4f0a842cabe1d1925aa7bf1f6" member_type: VOTER last_known_addr { host: "127.26.16.65" port: 32985 } } peers { permanent_uuid: "353224a4bbdb4c90b637528fdb640b9c" member_type: VOTER last_known_addr { host: "127.26.16.67" port: 35695 } }
I20260630 12:21:43.063293 29847 consensus_queue.cc:237] T 45ae5befaafc483d827ba79eb1781dc7 P 9d4b289b4cff451ca81edd31fe69411d [LEADER]: Queue going to LEADER mode. State: All replicated index: 0, Majority replicated index: 0, Committed index: 0, Last appended: 0.0, Last appended by leader: 0, Current term: 1, Majority size: 2, State: 0, Mode: LEADER, active raft config: opid_index: -1 OBSOLETE_local: false peers { permanent_uuid: "f12cb7b4f0a842cabe1d1925aa7bf1f6" member_type: VOTER last_known_addr { host: "127.26.16.65" port: 32985 } } peers { permanent_uuid: "9d4b289b4cff451ca81edd31fe69411d" member_type: VOTER last_known_addr { host: "127.26.16.66" port: 45233 } } peers { permanent_uuid: "353224a4bbdb4c90b637528fdb640b9c" member_type: VOTER last_known_addr { host: "127.26.16.67" port: 35695 } }
I20260630 12:21:43.070397 29856 leader_election.cc:290] T b95d408202ae4b9c89b55eececf77d11 P 353224a4bbdb4c90b637528fdb640b9c [CANDIDATE]: Term 1 pre-election: Requested pre-vote from peers 9d4b289b4cff451ca81edd31fe69411d (127.26.16.66:45233), f12cb7b4f0a842cabe1d1925aa7bf1f6 (127.26.16.65:32985)
I20260630 12:21:43.071023 29856 raft_consensus.cc:493] T 2a187f2da91f40e2a40bb3eb0921a89f P 353224a4bbdb4c90b637528fdb640b9c [term 0 FOLLOWER]: Starting pre-election (no leader contacted us within the election timeout)
I20260630 12:21:43.071183 29646 tablet_service.cc:1917] Received RequestConsensusVote() RPC: tablet_id: "b95d408202ae4b9c89b55eececf77d11" candidate_uuid: "353224a4bbdb4c90b637528fdb640b9c" candidate_term: 1 candidate_status { last_received { term: 0 index: 0 } } ignore_live_leader: false dest_uuid: "f12cb7b4f0a842cabe1d1925aa7bf1f6" is_pre_election: true
I20260630 12:21:43.071484 29856 raft_consensus.cc:515] T 2a187f2da91f40e2a40bb3eb0921a89f P 353224a4bbdb4c90b637528fdb640b9c [term 0 FOLLOWER]: Starting pre-election with config: opid_index: -1 OBSOLETE_local: false peers { permanent_uuid: "353224a4bbdb4c90b637528fdb640b9c" member_type: VOTER last_known_addr { host: "127.26.16.67" port: 35695 } } peers { permanent_uuid: "f12cb7b4f0a842cabe1d1925aa7bf1f6" member_type: VOTER last_known_addr { host: "127.26.16.65" port: 32985 } } peers { permanent_uuid: "9d4b289b4cff451ca81edd31fe69411d" member_type: VOTER last_known_addr { host: "127.26.16.66" port: 45233 } }
I20260630 12:21:43.072091 29646 raft_consensus.cc:2468] T b95d408202ae4b9c89b55eececf77d11 P f12cb7b4f0a842cabe1d1925aa7bf1f6 [term 0 FOLLOWER]: Leader pre-election vote request: Granting yes vote for candidate 353224a4bbdb4c90b637528fdb640b9c in term 0.
I20260630 12:21:43.072510 29719 raft_consensus.cc:2468] T 53fa8b45c3e84211857558dedeb9cab0 P 9d4b289b4cff451ca81edd31fe69411d [term 1 FOLLOWER]: Leader election vote request: Granting yes vote for candidate f12cb7b4f0a842cabe1d1925aa7bf1f6 in term 1.
I20260630 12:21:43.074221 29758 leader_election.cc:304] T b95d408202ae4b9c89b55eececf77d11 P 353224a4bbdb4c90b637528fdb640b9c [CANDIDATE]: Term 1 pre-election: Election decided. Result: candidate won. Election summary: received 2 responses out of 3 voters: 2 yes votes; 0 no votes. yes voters: 353224a4bbdb4c90b637528fdb640b9c, f12cb7b4f0a842cabe1d1925aa7bf1f6; no voters: 
I20260630 12:21:43.074901 29646 tablet_service.cc:1917] Received RequestConsensusVote() RPC: tablet_id: "2a187f2da91f40e2a40bb3eb0921a89f" candidate_uuid: "353224a4bbdb4c90b637528fdb640b9c" candidate_term: 1 candidate_status { last_received { term: 0 index: 0 } } ignore_live_leader: false dest_uuid: "f12cb7b4f0a842cabe1d1925aa7bf1f6" is_pre_election: true
I20260630 12:21:43.074216 29856 leader_election.cc:290] T 2a187f2da91f40e2a40bb3eb0921a89f P 353224a4bbdb4c90b637528fdb640b9c [CANDIDATE]: Term 1 pre-election: Requested pre-vote from peers f12cb7b4f0a842cabe1d1925aa7bf1f6 (127.26.16.65:32985), 9d4b289b4cff451ca81edd31fe69411d (127.26.16.66:45233)
I20260630 12:21:43.075119 29846 raft_consensus.cc:2804] T b95d408202ae4b9c89b55eececf77d11 P 353224a4bbdb4c90b637528fdb640b9c [term 0 FOLLOWER]: Leader pre-election won for term 1
I20260630 12:21:43.076071 29846 raft_consensus.cc:493] T b95d408202ae4b9c89b55eececf77d11 P 353224a4bbdb4c90b637528fdb640b9c [term 0 FOLLOWER]: Starting leader election (no leader contacted us within the election timeout)
I20260630 12:21:43.064623 29853 raft_consensus.cc:515] T 216a82e2bd98431c85e908b49f71266e P 353224a4bbdb4c90b637528fdb640b9c [term 1 FOLLOWER]: Starting leader election with config: opid_index: -1 OBSOLETE_local: false peers { permanent_uuid: "f12cb7b4f0a842cabe1d1925aa7bf1f6" member_type: VOTER last_known_addr { host: "127.26.16.65" port: 32985 } } peers { permanent_uuid: "9d4b289b4cff451ca81edd31fe69411d" member_type: VOTER last_known_addr { host: "127.26.16.66" port: 45233 } } peers { permanent_uuid: "353224a4bbdb4c90b637528fdb640b9c" member_type: VOTER last_known_addr { host: "127.26.16.67" port: 35695 } }
I20260630 12:21:43.076448 29846 raft_consensus.cc:3060] T b95d408202ae4b9c89b55eececf77d11 P 353224a4bbdb4c90b637528fdb640b9c [term 0 FOLLOWER]: Advancing to term 1
I20260630 12:21:43.077368 29842 tablet_bootstrap.cc:492] T 2a187f2da91f40e2a40bb3eb0921a89f P f12cb7b4f0a842cabe1d1925aa7bf1f6: Bootstrap starting.
I20260630 12:21:43.067767 29795 raft_consensus.cc:2468] T 53fa8b45c3e84211857558dedeb9cab0 P 353224a4bbdb4c90b637528fdb640b9c [term 1 FOLLOWER]: Leader election vote request: Granting yes vote for candidate f12cb7b4f0a842cabe1d1925aa7bf1f6 in term 1.
I20260630 12:21:43.079660 29609 leader_election.cc:304] T 53fa8b45c3e84211857558dedeb9cab0 P f12cb7b4f0a842cabe1d1925aa7bf1f6 [CANDIDATE]: Term 1 election: Election decided. Result: candidate won. Election summary: received 2 responses out of 3 voters: 2 yes votes; 0 no votes. yes voters: 353224a4bbdb4c90b637528fdb640b9c, f12cb7b4f0a842cabe1d1925aa7bf1f6; no voters: 
I20260630 12:21:43.080214 29853 leader_election.cc:290] T 216a82e2bd98431c85e908b49f71266e P 353224a4bbdb4c90b637528fdb640b9c [CANDIDATE]: Term 1 election: Requested vote from peers f12cb7b4f0a842cabe1d1925aa7bf1f6 (127.26.16.65:32985), 9d4b289b4cff451ca81edd31fe69411d (127.26.16.66:45233)
I20260630 12:21:43.081295 29877 raft_consensus.cc:2804] T 53fa8b45c3e84211857558dedeb9cab0 P f12cb7b4f0a842cabe1d1925aa7bf1f6 [term 1 FOLLOWER]: Leader election won for term 1
W20260630 12:21:43.081749 29758 leader_election.cc:343] T 2a187f2da91f40e2a40bb3eb0921a89f P 353224a4bbdb4c90b637528fdb640b9c [CANDIDATE]: Term 1 pre-election: Tablet error from VoteRequest() call to peer f12cb7b4f0a842cabe1d1925aa7bf1f6 (127.26.16.65:32985): Illegal state: must be running to vote when last-logged opid is not known
I20260630 12:21:43.082706 29877 raft_consensus.cc:697] T 53fa8b45c3e84211857558dedeb9cab0 P f12cb7b4f0a842cabe1d1925aa7bf1f6 [term 1 LEADER]: Becoming Leader. State: Replica: f12cb7b4f0a842cabe1d1925aa7bf1f6, State: Running, Role: LEADER
I20260630 12:21:43.083076 29646 tablet_service.cc:1917] Received RequestConsensusVote() RPC: tablet_id: "216a82e2bd98431c85e908b49f71266e" candidate_uuid: "353224a4bbdb4c90b637528fdb640b9c" candidate_term: 1 candidate_status { last_received { term: 0 index: 0 } } ignore_live_leader: false dest_uuid: "f12cb7b4f0a842cabe1d1925aa7bf1f6"
I20260630 12:21:43.083683 29646 raft_consensus.cc:3060] T 216a82e2bd98431c85e908b49f71266e P f12cb7b4f0a842cabe1d1925aa7bf1f6 [term 0 FOLLOWER]: Advancing to term 1
I20260630 12:21:43.083925 29877 consensus_queue.cc:237] T 53fa8b45c3e84211857558dedeb9cab0 P f12cb7b4f0a842cabe1d1925aa7bf1f6 [LEADER]: Queue going to LEADER mode. State: All replicated index: 0, Majority replicated index: 0, Committed index: 0, Last appended: 0.0, Last appended by leader: 0, Current term: 1, Majority size: 2, State: 0, Mode: LEADER, active raft config: opid_index: -1 OBSOLETE_local: false peers { permanent_uuid: "f12cb7b4f0a842cabe1d1925aa7bf1f6" member_type: VOTER last_known_addr { host: "127.26.16.65" port: 32985 } } peers { permanent_uuid: "9d4b289b4cff451ca81edd31fe69411d" member_type: VOTER last_known_addr { host: "127.26.16.66" port: 45233 } } peers { permanent_uuid: "353224a4bbdb4c90b637528fdb640b9c" member_type: VOTER last_known_addr { host: "127.26.16.67" port: 35695 } }
I20260630 12:21:43.087221 29842 tablet_bootstrap.cc:654] T 2a187f2da91f40e2a40bb3eb0921a89f P f12cb7b4f0a842cabe1d1925aa7bf1f6: Neither blocks nor log segments found. Creating new log.
I20260630 12:21:43.093837 29848 raft_consensus.cc:493] T 3bc78a5575814bd5bfac8aa19e6eb471 P f12cb7b4f0a842cabe1d1925aa7bf1f6 [term 0 FOLLOWER]: Starting pre-election (no leader contacted us within the election timeout)
I20260630 12:21:43.094393 29848 raft_consensus.cc:515] T 3bc78a5575814bd5bfac8aa19e6eb471 P f12cb7b4f0a842cabe1d1925aa7bf1f6 [term 0 FOLLOWER]: Starting pre-election with config: opid_index: -1 OBSOLETE_local: false peers { permanent_uuid: "9d4b289b4cff451ca81edd31fe69411d" member_type: VOTER last_known_addr { host: "127.26.16.66" port: 45233 } } peers { permanent_uuid: "f12cb7b4f0a842cabe1d1925aa7bf1f6" member_type: VOTER last_known_addr { host: "127.26.16.65" port: 32985 } } peers { permanent_uuid: "353224a4bbdb4c90b637528fdb640b9c" member_type: VOTER last_known_addr { host: "127.26.16.67" port: 35695 } }
I20260630 12:21:43.096591 29848 leader_election.cc:290] T 3bc78a5575814bd5bfac8aa19e6eb471 P f12cb7b4f0a842cabe1d1925aa7bf1f6 [CANDIDATE]: Term 1 pre-election: Requested pre-vote from peers 9d4b289b4cff451ca81edd31fe69411d (127.26.16.66:45233), 353224a4bbdb4c90b637528fdb640b9c (127.26.16.67:35695)
I20260630 12:21:43.097746 29795 tablet_service.cc:1917] Received RequestConsensusVote() RPC: tablet_id: "3bc78a5575814bd5bfac8aa19e6eb471" candidate_uuid: "f12cb7b4f0a842cabe1d1925aa7bf1f6" candidate_term: 1 candidate_status { last_received { term: 0 index: 0 } } ignore_live_leader: false dest_uuid: "353224a4bbdb4c90b637528fdb640b9c" is_pre_election: true
I20260630 12:21:43.098104 29840 tablet_bootstrap.cc:492] T 45ae5befaafc483d827ba79eb1781dc7 P 353224a4bbdb4c90b637528fdb640b9c: No bootstrap required, opened a new log
I20260630 12:21:43.098393 29795 raft_consensus.cc:2468] T 3bc78a5575814bd5bfac8aa19e6eb471 P 353224a4bbdb4c90b637528fdb640b9c [term 0 FOLLOWER]: Leader pre-election vote request: Granting yes vote for candidate f12cb7b4f0a842cabe1d1925aa7bf1f6 in term 0.
I20260630 12:21:43.098549 29840 ts_tablet_manager.cc:1403] T 45ae5befaafc483d827ba79eb1781dc7 P 353224a4bbdb4c90b637528fdb640b9c: Time spent bootstrapping tablet: real 0.047s	user 0.008s	sys 0.007s
I20260630 12:21:43.099792 29609 leader_election.cc:304] T 3bc78a5575814bd5bfac8aa19e6eb471 P f12cb7b4f0a842cabe1d1925aa7bf1f6 [CANDIDATE]: Term 1 pre-election: Election decided. Result: candidate won. Election summary: received 2 responses out of 3 voters: 2 yes votes; 0 no votes. yes voters: 353224a4bbdb4c90b637528fdb640b9c, f12cb7b4f0a842cabe1d1925aa7bf1f6; no voters: 
I20260630 12:21:43.101544 29542 catalog_manager.cc:5697] T 53fa8b45c3e84211857558dedeb9cab0 P f12cb7b4f0a842cabe1d1925aa7bf1f6 reported cstate change: term changed from 0 to 1, leader changed from <none> to f12cb7b4f0a842cabe1d1925aa7bf1f6 (127.26.16.65). New cstate: current_term: 1 leader_uuid: "f12cb7b4f0a842cabe1d1925aa7bf1f6" committed_config { opid_index: -1 OBSOLETE_local: false peers { permanent_uuid: "f12cb7b4f0a842cabe1d1925aa7bf1f6" member_type: VOTER last_known_addr { host: "127.26.16.65" port: 32985 } health_report { overall_health: HEALTHY } } peers { permanent_uuid: "9d4b289b4cff451ca81edd31fe69411d" member_type: VOTER last_known_addr { host: "127.26.16.66" port: 45233 } health_report { overall_health: UNKNOWN } } peers { permanent_uuid: "353224a4bbdb4c90b637528fdb640b9c" member_type: VOTER last_known_addr { host: "127.26.16.67" port: 35695 } health_report { overall_health: UNKNOWN } } }
I20260630 12:21:43.103340 29840 raft_consensus.cc:359] T 45ae5befaafc483d827ba79eb1781dc7 P 353224a4bbdb4c90b637528fdb640b9c [term 0 FOLLOWER]: Replica starting. Triggering 0 pending ops. Active config: opid_index: -1 OBSOLETE_local: false peers { permanent_uuid: "f12cb7b4f0a842cabe1d1925aa7bf1f6" member_type: VOTER last_known_addr { host: "127.26.16.65" port: 32985 } } peers { permanent_uuid: "9d4b289b4cff451ca81edd31fe69411d" member_type: VOTER last_known_addr { host: "127.26.16.66" port: 45233 } } peers { permanent_uuid: "353224a4bbdb4c90b637528fdb640b9c" member_type: VOTER last_known_addr { host: "127.26.16.67" port: 35695 } }
I20260630 12:21:43.103994 29840 raft_consensus.cc:385] T 45ae5befaafc483d827ba79eb1781dc7 P 353224a4bbdb4c90b637528fdb640b9c [term 0 FOLLOWER]: Consensus starting up: Expiring failure detector timer to make a prompt election more likely
I20260630 12:21:43.104252 29840 raft_consensus.cc:740] T 45ae5befaafc483d827ba79eb1781dc7 P 353224a4bbdb4c90b637528fdb640b9c [term 0 FOLLOWER]: Becoming Follower/Learner. State: Replica: 353224a4bbdb4c90b637528fdb640b9c, State: Initialized, Role: FOLLOWER
I20260630 12:21:43.102336 29846 raft_consensus.cc:515] T b95d408202ae4b9c89b55eececf77d11 P 353224a4bbdb4c90b637528fdb640b9c [term 1 FOLLOWER]: Starting leader election with config: opid_index: -1 OBSOLETE_local: false peers { permanent_uuid: "9d4b289b4cff451ca81edd31fe69411d" member_type: VOTER last_known_addr { host: "127.26.16.66" port: 45233 } } peers { permanent_uuid: "f12cb7b4f0a842cabe1d1925aa7bf1f6" member_type: VOTER last_known_addr { host: "127.26.16.65" port: 32985 } } peers { permanent_uuid: "353224a4bbdb4c90b637528fdb640b9c" member_type: VOTER last_known_addr { host: "127.26.16.67" port: 35695 } }
I20260630 12:21:43.102895 29848 raft_consensus.cc:2804] T 3bc78a5575814bd5bfac8aa19e6eb471 P f12cb7b4f0a842cabe1d1925aa7bf1f6 [term 0 FOLLOWER]: Leader pre-election won for term 1
I20260630 12:21:43.105042 29848 raft_consensus.cc:493] T 3bc78a5575814bd5bfac8aa19e6eb471 P f12cb7b4f0a842cabe1d1925aa7bf1f6 [term 0 FOLLOWER]: Starting leader election (no leader contacted us within the election timeout)
I20260630 12:21:43.105463 29848 raft_consensus.cc:3060] T 3bc78a5575814bd5bfac8aa19e6eb471 P f12cb7b4f0a842cabe1d1925aa7bf1f6 [term 0 FOLLOWER]: Advancing to term 1
I20260630 12:21:43.115651 29846 leader_election.cc:290] T b95d408202ae4b9c89b55eececf77d11 P 353224a4bbdb4c90b637528fdb640b9c [CANDIDATE]: Term 1 election: Requested vote from peers 9d4b289b4cff451ca81edd31fe69411d (127.26.16.66:45233), f12cb7b4f0a842cabe1d1925aa7bf1f6 (127.26.16.65:32985)
I20260630 12:21:43.116317 29645 tablet_service.cc:1917] Received RequestConsensusVote() RPC: tablet_id: "b95d408202ae4b9c89b55eececf77d11" candidate_uuid: "353224a4bbdb4c90b637528fdb640b9c" candidate_term: 1 candidate_status { last_received { term: 0 index: 0 } } ignore_live_leader: false dest_uuid: "f12cb7b4f0a842cabe1d1925aa7bf1f6"
I20260630 12:21:43.116938 29645 raft_consensus.cc:3060] T b95d408202ae4b9c89b55eececf77d11 P f12cb7b4f0a842cabe1d1925aa7bf1f6 [term 0 FOLLOWER]: Advancing to term 1
I20260630 12:21:43.117503 29646 raft_consensus.cc:2468] T 216a82e2bd98431c85e908b49f71266e P f12cb7b4f0a842cabe1d1925aa7bf1f6 [term 1 FOLLOWER]: Leader election vote request: Granting yes vote for candidate 353224a4bbdb4c90b637528fdb640b9c in term 1.
I20260630 12:21:43.112684 29848 raft_consensus.cc:515] T 3bc78a5575814bd5bfac8aa19e6eb471 P f12cb7b4f0a842cabe1d1925aa7bf1f6 [term 1 FOLLOWER]: Starting leader election with config: opid_index: -1 OBSOLETE_local: false peers { permanent_uuid: "9d4b289b4cff451ca81edd31fe69411d" member_type: VOTER last_known_addr { host: "127.26.16.66" port: 45233 } } peers { permanent_uuid: "f12cb7b4f0a842cabe1d1925aa7bf1f6" member_type: VOTER last_known_addr { host: "127.26.16.65" port: 32985 } } peers { permanent_uuid: "353224a4bbdb4c90b637528fdb640b9c" member_type: VOTER last_known_addr { host: "127.26.16.67" port: 35695 } }
I20260630 12:21:43.121006 29840 consensus_queue.cc:260] T 45ae5befaafc483d827ba79eb1781dc7 P 353224a4bbdb4c90b637528fdb640b9c [NON_LEADER]: Queue going to NON_LEADER mode. State: All replicated index: 0, Majority replicated index: 0, Committed index: 0, Last appended: 0.0, Last appended by leader: 0, Current term: 0, Majority size: -1, State: 0, Mode: NON_LEADER, active raft config: opid_index: -1 OBSOLETE_local: false peers { permanent_uuid: "f12cb7b4f0a842cabe1d1925aa7bf1f6" member_type: VOTER last_known_addr { host: "127.26.16.65" port: 32985 } } peers { permanent_uuid: "9d4b289b4cff451ca81edd31fe69411d" member_type: VOTER last_known_addr { host: "127.26.16.66" port: 45233 } } peers { permanent_uuid: "353224a4bbdb4c90b637528fdb640b9c" member_type: VOTER last_known_addr { host: "127.26.16.67" port: 35695 } }
I20260630 12:21:43.123502 29840 ts_tablet_manager.cc:1434] T 45ae5befaafc483d827ba79eb1781dc7 P 353224a4bbdb4c90b637528fdb640b9c: Time spent starting tablet: real 0.025s	user 0.001s	sys 0.006s
I20260630 12:21:43.124146 29846 raft_consensus.cc:493] T 45ae5befaafc483d827ba79eb1781dc7 P 353224a4bbdb4c90b637528fdb640b9c [term 0 FOLLOWER]: Starting pre-election (no leader contacted us within the election timeout)
I20260630 12:21:43.124608 29846 raft_consensus.cc:515] T 45ae5befaafc483d827ba79eb1781dc7 P 353224a4bbdb4c90b637528fdb640b9c [term 0 FOLLOWER]: Starting pre-election with config: opid_index: -1 OBSOLETE_local: false peers { permanent_uuid: "f12cb7b4f0a842cabe1d1925aa7bf1f6" member_type: VOTER last_known_addr { host: "127.26.16.65" port: 32985 } } peers { permanent_uuid: "9d4b289b4cff451ca81edd31fe69411d" member_type: VOTER last_known_addr { host: "127.26.16.66" port: 45233 } } peers { permanent_uuid: "353224a4bbdb4c90b637528fdb640b9c" member_type: VOTER last_known_addr { host: "127.26.16.67" port: 35695 } }
I20260630 12:21:43.127449 29758 leader_election.cc:304] T 216a82e2bd98431c85e908b49f71266e P 353224a4bbdb4c90b637528fdb640b9c [CANDIDATE]: Term 1 election: Election decided. Result: candidate won. Election summary: received 2 responses out of 3 voters: 2 yes votes; 0 no votes. yes voters: 353224a4bbdb4c90b637528fdb640b9c, f12cb7b4f0a842cabe1d1925aa7bf1f6; no voters: 
I20260630 12:21:43.128496 29853 raft_consensus.cc:2804] T 216a82e2bd98431c85e908b49f71266e P 353224a4bbdb4c90b637528fdb640b9c [term 1 FOLLOWER]: Leader election won for term 1
I20260630 12:21:43.129122 29853 raft_consensus.cc:697] T 216a82e2bd98431c85e908b49f71266e P 353224a4bbdb4c90b637528fdb640b9c [term 1 LEADER]: Becoming Leader. State: Replica: 353224a4bbdb4c90b637528fdb640b9c, State: Running, Role: LEADER
