I20260630 12:21:48.788611 29648 tablet_service.cc:1511] Processing CreateTablet for tablet 8b2104f8bd05489dbabb1b648c15cc71 (DEFAULT_TABLE table=range_aware_rebalance_new_range [id=2b12b0764cf8462b929b380135c849ce]), partition=HASH (key) PARTITION 7, RANGE (key) PARTITION 0 <= VALUES < 10
I20260630 12:21:48.790031 29648 data_dirs.cc:400] Could only allocate 1 dirs of requested 3 for tablet 8b2104f8bd05489dbabb1b648c15cc71. 1 dirs total, 0 dirs full, 0 dirs failed
I20260630 12:21:48.790571 29703 tablet_bootstrap.cc:654] T 90ebca9efe9e4d60a9b6594d2c4ee7c0 P 99f18945b779490b9f15883a668b013e: Neither blocks nor log segments found. Creating new log.
I20260630 12:21:48.792845 29567 data_dirs.cc:400] Could only allocate 1 dirs of requested 3 for tablet 8b2104f8bd05489dbabb1b648c15cc71. 1 dirs total, 0 dirs full, 0 dirs failed
I20260630 12:21:48.728570 29704 tablet_bootstrap.cc:492] T 90ebca9efe9e4d60a9b6594d2c4ee7c0 P 1a3cba08b40f46f0a561d00b08f612d9: Bootstrap starting.
I20260630 12:21:48.824390 29704 tablet_bootstrap.cc:654] T 90ebca9efe9e4d60a9b6594d2c4ee7c0 P 1a3cba08b40f46f0a561d00b08f612d9: Neither blocks nor log segments found. Creating new log.
I20260630 12:21:48.843614 29704 tablet_bootstrap.cc:492] T 90ebca9efe9e4d60a9b6594d2c4ee7c0 P 1a3cba08b40f46f0a561d00b08f612d9: No bootstrap required, opened a new log
I20260630 12:21:48.844249 29704 ts_tablet_manager.cc:1403] T 90ebca9efe9e4d60a9b6594d2c4ee7c0 P 1a3cba08b40f46f0a561d00b08f612d9: Time spent bootstrapping tablet: real 0.116s	user 0.007s	sys 0.011s
I20260630 12:21:48.845242 29705 tablet_bootstrap.cc:492] T d869c3a43f854b0a802c9513a3579fb9 P 7b6921f65d5a412cbfd3725cc2829835: Bootstrap starting.
I20260630 12:21:48.856755 29705 tablet_bootstrap.cc:654] T d869c3a43f854b0a802c9513a3579fb9 P 7b6921f65d5a412cbfd3725cc2829835: Neither blocks nor log segments found. Creating new log.
I20260630 12:21:48.852283 29704 raft_consensus.cc:359] T 90ebca9efe9e4d60a9b6594d2c4ee7c0 P 1a3cba08b40f46f0a561d00b08f612d9 [term 0 FOLLOWER]: Replica starting. Triggering 0 pending ops. Active config: opid_index: -1 OBSOLETE_local: false peers { permanent_uuid: "99f18945b779490b9f15883a668b013e" member_type: VOTER last_known_addr { host: "127.25.231.65" port: 42345 } } peers { permanent_uuid: "1a3cba08b40f46f0a561d00b08f612d9" member_type: VOTER last_known_addr { host: "127.25.231.67" port: 43011 } } peers { permanent_uuid: "7b6921f65d5a412cbfd3725cc2829835" member_type: VOTER last_known_addr { host: "127.25.231.66" port: 44459 } }
I20260630 12:21:48.857438 29704 raft_consensus.cc:385] T 90ebca9efe9e4d60a9b6594d2c4ee7c0 P 1a3cba08b40f46f0a561d00b08f612d9 [term 0 FOLLOWER]: Consensus starting up: Expiring failure detector timer to make a prompt election more likely
I20260630 12:21:48.857821 29704 raft_consensus.cc:740] T 90ebca9efe9e4d60a9b6594d2c4ee7c0 P 1a3cba08b40f46f0a561d00b08f612d9 [term 0 FOLLOWER]: Becoming Follower/Learner. State: Replica: 1a3cba08b40f46f0a561d00b08f612d9, State: Initialized, Role: FOLLOWER
I20260630 12:21:48.858726 29704 consensus_queue.cc:260] T 90ebca9efe9e4d60a9b6594d2c4ee7c0 P 1a3cba08b40f46f0a561d00b08f612d9 [NON_LEADER]: Queue going to NON_LEADER mode. State: All replicated index: 0, Majority replicated index: 0, Committed index: 0, Last appended: 0.0, Last appended by leader: 0, Current term: 0, Majority size: -1, State: 0, Mode: NON_LEADER, active raft config: opid_index: -1 OBSOLETE_local: false peers { permanent_uuid: "99f18945b779490b9f15883a668b013e" member_type: VOTER last_known_addr { host: "127.25.231.65" port: 42345 } } peers { permanent_uuid: "1a3cba08b40f46f0a561d00b08f612d9" member_type: VOTER last_known_addr { host: "127.25.231.67" port: 43011 } } peers { permanent_uuid: "7b6921f65d5a412cbfd3725cc2829835" member_type: VOTER last_known_addr { host: "127.25.231.66" port: 44459 } }
I20260630 12:21:48.866950 29703 tablet_bootstrap.cc:492] T 90ebca9efe9e4d60a9b6594d2c4ee7c0 P 99f18945b779490b9f15883a668b013e: No bootstrap required, opened a new log
I20260630 12:21:48.867064 29704 ts_tablet_manager.cc:1434] T 90ebca9efe9e4d60a9b6594d2c4ee7c0 P 1a3cba08b40f46f0a561d00b08f612d9: Time spent starting tablet: real 0.022s	user 0.002s	sys 0.006s
I20260630 12:21:48.867478 29703 ts_tablet_manager.cc:1403] T 90ebca9efe9e4d60a9b6594d2c4ee7c0 P 99f18945b779490b9f15883a668b013e: Time spent bootstrapping tablet: real 0.085s	user 0.015s	sys 0.008s
I20260630 12:21:48.868484 29704 tablet_bootstrap.cc:492] T 428ca32e9e724215affee809d8fb915c P 1a3cba08b40f46f0a561d00b08f612d9: Bootstrap starting.
I20260630 12:21:48.871543 29703 raft_consensus.cc:359] T 90ebca9efe9e4d60a9b6594d2c4ee7c0 P 99f18945b779490b9f15883a668b013e [term 0 FOLLOWER]: Replica starting. Triggering 0 pending ops. Active config: opid_index: -1 OBSOLETE_local: false peers { permanent_uuid: "99f18945b779490b9f15883a668b013e" member_type: VOTER last_known_addr { host: "127.25.231.65" port: 42345 } } peers { permanent_uuid: "1a3cba08b40f46f0a561d00b08f612d9" member_type: VOTER last_known_addr { host: "127.25.231.67" port: 43011 } } peers { permanent_uuid: "7b6921f65d5a412cbfd3725cc2829835" member_type: VOTER last_known_addr { host: "127.25.231.66" port: 44459 } }
I20260630 12:21:48.875401 29703 raft_consensus.cc:385] T 90ebca9efe9e4d60a9b6594d2c4ee7c0 P 99f18945b779490b9f15883a668b013e [term 0 FOLLOWER]: Consensus starting up: Expiring failure detector timer to make a prompt election more likely
I20260630 12:21:48.875988 29703 raft_consensus.cc:740] T 90ebca9efe9e4d60a9b6594d2c4ee7c0 P 99f18945b779490b9f15883a668b013e [term 0 FOLLOWER]: Becoming Follower/Learner. State: Replica: 99f18945b779490b9f15883a668b013e, State: Initialized, Role: FOLLOWER
I20260630 12:21:48.876693 29703 consensus_queue.cc:260] T 90ebca9efe9e4d60a9b6594d2c4ee7c0 P 99f18945b779490b9f15883a668b013e [NON_LEADER]: Queue going to NON_LEADER mode. State: All replicated index: 0, Majority replicated index: 0, Committed index: 0, Last appended: 0.0, Last appended by leader: 0, Current term: 0, Majority size: -1, State: 0, Mode: NON_LEADER, active raft config: opid_index: -1 OBSOLETE_local: false peers { permanent_uuid: "99f18945b779490b9f15883a668b013e" member_type: VOTER last_known_addr { host: "127.25.231.65" port: 42345 } } peers { permanent_uuid: "1a3cba08b40f46f0a561d00b08f612d9" member_type: VOTER last_known_addr { host: "127.25.231.67" port: 43011 } } peers { permanent_uuid: "7b6921f65d5a412cbfd3725cc2829835" member_type: VOTER last_known_addr { host: "127.25.231.66" port: 44459 } }
I20260630 12:21:48.877938 29705 tablet_bootstrap.cc:492] T d869c3a43f854b0a802c9513a3579fb9 P 7b6921f65d5a412cbfd3725cc2829835: No bootstrap required, opened a new log
I20260630 12:21:48.878502 29705 ts_tablet_manager.cc:1403] T d869c3a43f854b0a802c9513a3579fb9 P 7b6921f65d5a412cbfd3725cc2829835: Time spent bootstrapping tablet: real 0.034s	user 0.006s	sys 0.021s
I20260630 12:21:48.881212 29703 ts_tablet_manager.cc:1434] T 90ebca9efe9e4d60a9b6594d2c4ee7c0 P 99f18945b779490b9f15883a668b013e: Time spent starting tablet: real 0.012s	user 0.007s	sys 0.001s
I20260630 12:21:48.881422 29704 tablet_bootstrap.cc:654] T 428ca32e9e724215affee809d8fb915c P 1a3cba08b40f46f0a561d00b08f612d9: Neither blocks nor log segments found. Creating new log.
I20260630 12:21:48.881402 29705 raft_consensus.cc:359] T d869c3a43f854b0a802c9513a3579fb9 P 7b6921f65d5a412cbfd3725cc2829835 [term 0 FOLLOWER]: Replica starting. Triggering 0 pending ops. Active config: opid_index: -1 OBSOLETE_local: false peers { permanent_uuid: "99f18945b779490b9f15883a668b013e" member_type: VOTER last_known_addr { host: "127.25.231.65" port: 42345 } } peers { permanent_uuid: "7b6921f65d5a412cbfd3725cc2829835" member_type: VOTER last_known_addr { host: "127.25.231.66" port: 44459 } } peers { permanent_uuid: "1a3cba08b40f46f0a561d00b08f612d9" member_type: VOTER last_known_addr { host: "127.25.231.67" port: 43011 } }
I20260630 12:21:48.882170 29703 tablet_bootstrap.cc:492] T d61056bf4cfa4659bb4fe8a3e5c0866f P 99f18945b779490b9f15883a668b013e: Bootstrap starting.
I20260630 12:21:48.882480 29705 raft_consensus.cc:385] T d869c3a43f854b0a802c9513a3579fb9 P 7b6921f65d5a412cbfd3725cc2829835 [term 0 FOLLOWER]: Consensus starting up: Expiring failure detector timer to make a prompt election more likely
I20260630 12:21:48.882863 29705 raft_consensus.cc:740] T d869c3a43f854b0a802c9513a3579fb9 P 7b6921f65d5a412cbfd3725cc2829835 [term 0 FOLLOWER]: Becoming Follower/Learner. State: Replica: 7b6921f65d5a412cbfd3725cc2829835, State: Initialized, Role: FOLLOWER
I20260630 12:21:48.883720 29705 consensus_queue.cc:260] T d869c3a43f854b0a802c9513a3579fb9 P 7b6921f65d5a412cbfd3725cc2829835 [NON_LEADER]: Queue going to NON_LEADER mode. State: All replicated index: 0, Majority replicated index: 0, Committed index: 0, Last appended: 0.0, Last appended by leader: 0, Current term: 0, Majority size: -1, State: 0, Mode: NON_LEADER, active raft config: opid_index: -1 OBSOLETE_local: false peers { permanent_uuid: "99f18945b779490b9f15883a668b013e" member_type: VOTER last_known_addr { host: "127.25.231.65" port: 42345 } } peers { permanent_uuid: "7b6921f65d5a412cbfd3725cc2829835" member_type: VOTER last_known_addr { host: "127.25.231.66" port: 44459 } } peers { permanent_uuid: "1a3cba08b40f46f0a561d00b08f612d9" member_type: VOTER last_known_addr { host: "127.25.231.67" port: 43011 } }
I20260630 12:21:48.886693 29705 ts_tablet_manager.cc:1434] T d869c3a43f854b0a802c9513a3579fb9 P 7b6921f65d5a412cbfd3725cc2829835: Time spent starting tablet: real 0.008s	user 0.006s	sys 0.000s
I20260630 12:21:48.887486 29703 tablet_bootstrap.cc:654] T d61056bf4cfa4659bb4fe8a3e5c0866f P 99f18945b779490b9f15883a668b013e: Neither blocks nor log segments found. Creating new log.
I20260630 12:21:48.887653 29705 tablet_bootstrap.cc:492] T e2867370c7dd4c8f99c29235acedc0ee P 7b6921f65d5a412cbfd3725cc2829835: Bootstrap starting.
I20260630 12:21:48.894359 29705 tablet_bootstrap.cc:654] T e2867370c7dd4c8f99c29235acedc0ee P 7b6921f65d5a412cbfd3725cc2829835: Neither blocks nor log segments found. Creating new log.
I20260630 12:21:48.895401 29703 tablet_bootstrap.cc:492] T d61056bf4cfa4659bb4fe8a3e5c0866f P 99f18945b779490b9f15883a668b013e: No bootstrap required, opened a new log
I20260630 12:21:48.895843 29703 ts_tablet_manager.cc:1403] T d61056bf4cfa4659bb4fe8a3e5c0866f P 99f18945b779490b9f15883a668b013e: Time spent bootstrapping tablet: real 0.014s	user 0.008s	sys 0.003s
I20260630 12:21:48.898521 29703 raft_consensus.cc:359] T d61056bf4cfa4659bb4fe8a3e5c0866f P 99f18945b779490b9f15883a668b013e [term 0 FOLLOWER]: Replica starting. Triggering 0 pending ops. Active config: opid_index: -1 OBSOLETE_local: false peers { permanent_uuid: "99f18945b779490b9f15883a668b013e" member_type: VOTER last_known_addr { host: "127.25.231.65" port: 42345 } } peers { permanent_uuid: "7b6921f65d5a412cbfd3725cc2829835" member_type: VOTER last_known_addr { host: "127.25.231.66" port: 44459 } } peers { permanent_uuid: "1a3cba08b40f46f0a561d00b08f612d9" member_type: VOTER last_known_addr { host: "127.25.231.67" port: 43011 } }
I20260630 12:21:48.899489 29703 raft_consensus.cc:385] T d61056bf4cfa4659bb4fe8a3e5c0866f P 99f18945b779490b9f15883a668b013e [term 0 FOLLOWER]: Consensus starting up: Expiring failure detector timer to make a prompt election more likely
I20260630 12:21:48.899883 29703 raft_consensus.cc:740] T d61056bf4cfa4659bb4fe8a3e5c0866f P 99f18945b779490b9f15883a668b013e [term 0 FOLLOWER]: Becoming Follower/Learner. State: Replica: 99f18945b779490b9f15883a668b013e, State: Initialized, Role: FOLLOWER
I20260630 12:21:48.901043 29703 consensus_queue.cc:260] T d61056bf4cfa4659bb4fe8a3e5c0866f P 99f18945b779490b9f15883a668b013e [NON_LEADER]: Queue going to NON_LEADER mode. State: All replicated index: 0, Majority replicated index: 0, Committed index: 0, Last appended: 0.0, Last appended by leader: 0, Current term: 0, Majority size: -1, State: 0, Mode: NON_LEADER, active raft config: opid_index: -1 OBSOLETE_local: false peers { permanent_uuid: "99f18945b779490b9f15883a668b013e" member_type: VOTER last_known_addr { host: "127.25.231.65" port: 42345 } } peers { permanent_uuid: "7b6921f65d5a412cbfd3725cc2829835" member_type: VOTER last_known_addr { host: "127.25.231.66" port: 44459 } } peers { permanent_uuid: "1a3cba08b40f46f0a561d00b08f612d9" member_type: VOTER last_known_addr { host: "127.25.231.67" port: 43011 } }
I20260630 12:21:48.903451 29705 tablet_bootstrap.cc:492] T e2867370c7dd4c8f99c29235acedc0ee P 7b6921f65d5a412cbfd3725cc2829835: No bootstrap required, opened a new log
I20260630 12:21:48.903952 29705 ts_tablet_manager.cc:1403] T e2867370c7dd4c8f99c29235acedc0ee P 7b6921f65d5a412cbfd3725cc2829835: Time spent bootstrapping tablet: real 0.017s	user 0.009s	sys 0.003s
I20260630 12:21:48.904282 29703 ts_tablet_manager.cc:1434] T d61056bf4cfa4659bb4fe8a3e5c0866f P 99f18945b779490b9f15883a668b013e: Time spent starting tablet: real 0.008s	user 0.008s	sys 0.000s
I20260630 12:21:48.905594 29703 tablet_bootstrap.cc:492] T e2867370c7dd4c8f99c29235acedc0ee P 99f18945b779490b9f15883a668b013e: Bootstrap starting.
I20260630 12:21:48.906615 29705 raft_consensus.cc:359] T e2867370c7dd4c8f99c29235acedc0ee P 7b6921f65d5a412cbfd3725cc2829835 [term 0 FOLLOWER]: Replica starting. Triggering 0 pending ops. Active config: opid_index: -1 OBSOLETE_local: false peers { permanent_uuid: "7b6921f65d5a412cbfd3725cc2829835" member_type: VOTER last_known_addr { host: "127.25.231.66" port: 44459 } } peers { permanent_uuid: "99f18945b779490b9f15883a668b013e" member_type: VOTER last_known_addr { host: "127.25.231.65" port: 42345 } } peers { permanent_uuid: "1a3cba08b40f46f0a561d00b08f612d9" member_type: VOTER last_known_addr { host: "127.25.231.67" port: 43011 } }
I20260630 12:21:48.907357 29705 raft_consensus.cc:385] T e2867370c7dd4c8f99c29235acedc0ee P 7b6921f65d5a412cbfd3725cc2829835 [term 0 FOLLOWER]: Consensus starting up: Expiring failure detector timer to make a prompt election more likely
I20260630 12:21:48.907661 29705 raft_consensus.cc:740] T e2867370c7dd4c8f99c29235acedc0ee P 7b6921f65d5a412cbfd3725cc2829835 [term 0 FOLLOWER]: Becoming Follower/Learner. State: Replica: 7b6921f65d5a412cbfd3725cc2829835, State: Initialized, Role: FOLLOWER
I20260630 12:21:48.908499 29705 consensus_queue.cc:260] T e2867370c7dd4c8f99c29235acedc0ee P 7b6921f65d5a412cbfd3725cc2829835 [NON_LEADER]: Queue going to NON_LEADER mode. State: All replicated index: 0, Majority replicated index: 0, Committed index: 0, Last appended: 0.0, Last appended by leader: 0, Current term: 0, Majority size: -1, State: 0, Mode: NON_LEADER, active raft config: opid_index: -1 OBSOLETE_local: false peers { permanent_uuid: "7b6921f65d5a412cbfd3725cc2829835" member_type: VOTER last_known_addr { host: "127.25.231.66" port: 44459 } } peers { permanent_uuid: "99f18945b779490b9f15883a668b013e" member_type: VOTER last_known_addr { host: "127.25.231.65" port: 42345 } } peers { permanent_uuid: "1a3cba08b40f46f0a561d00b08f612d9" member_type: VOTER last_known_addr { host: "127.25.231.67" port: 43011 } }
I20260630 12:21:48.910823 29705 ts_tablet_manager.cc:1434] T e2867370c7dd4c8f99c29235acedc0ee P 7b6921f65d5a412cbfd3725cc2829835: Time spent starting tablet: real 0.007s	user 0.006s	sys 0.000s
I20260630 12:21:48.911785 29705 tablet_bootstrap.cc:492] T 0552ea8d731444f99e99cba23acae6a9 P 7b6921f65d5a412cbfd3725cc2829835: Bootstrap starting.
I20260630 12:21:48.914449 29703 tablet_bootstrap.cc:654] T e2867370c7dd4c8f99c29235acedc0ee P 99f18945b779490b9f15883a668b013e: Neither blocks nor log segments found. Creating new log.
I20260630 12:21:48.915037 29704 tablet_bootstrap.cc:492] T 428ca32e9e724215affee809d8fb915c P 1a3cba08b40f46f0a561d00b08f612d9: No bootstrap required, opened a new log
I20260630 12:21:48.915589 29704 ts_tablet_manager.cc:1403] T 428ca32e9e724215affee809d8fb915c P 1a3cba08b40f46f0a561d00b08f612d9: Time spent bootstrapping tablet: real 0.047s	user 0.020s	sys 0.006s
I20260630 12:21:48.917491 29705 tablet_bootstrap.cc:654] T 0552ea8d731444f99e99cba23acae6a9 P 7b6921f65d5a412cbfd3725cc2829835: Neither blocks nor log segments found. Creating new log.
I20260630 12:21:48.919165 29704 raft_consensus.cc:359] T 428ca32e9e724215affee809d8fb915c P 1a3cba08b40f46f0a561d00b08f612d9 [term 0 FOLLOWER]: Replica starting. Triggering 0 pending ops. Active config: opid_index: -1 OBSOLETE_local: false peers { permanent_uuid: "7b6921f65d5a412cbfd3725cc2829835" member_type: VOTER last_known_addr { host: "127.25.231.66" port: 44459 } } peers { permanent_uuid: "99f18945b779490b9f15883a668b013e" member_type: VOTER last_known_addr { host: "127.25.231.65" port: 42345 } } peers { permanent_uuid: "1a3cba08b40f46f0a561d00b08f612d9" member_type: VOTER last_known_addr { host: "127.25.231.67" port: 43011 } }
I20260630 12:21:48.920207 29704 raft_consensus.cc:385] T 428ca32e9e724215affee809d8fb915c P 1a3cba08b40f46f0a561d00b08f612d9 [term 0 FOLLOWER]: Consensus starting up: Expiring failure detector timer to make a prompt election more likely
I20260630 12:21:48.920677 29704 raft_consensus.cc:740] T 428ca32e9e724215affee809d8fb915c P 1a3cba08b40f46f0a561d00b08f612d9 [term 0 FOLLOWER]: Becoming Follower/Learner. State: Replica: 1a3cba08b40f46f0a561d00b08f612d9, State: Initialized, Role: FOLLOWER
I20260630 12:21:48.921833 29704 consensus_queue.cc:260] T 428ca32e9e724215affee809d8fb915c P 1a3cba08b40f46f0a561d00b08f612d9 [NON_LEADER]: Queue going to NON_LEADER mode. State: All replicated index: 0, Majority replicated index: 0, Committed index: 0, Last appended: 0.0, Last appended by leader: 0, Current term: 0, Majority size: -1, State: 0, Mode: NON_LEADER, active raft config: opid_index: -1 OBSOLETE_local: false peers { permanent_uuid: "7b6921f65d5a412cbfd3725cc2829835" member_type: VOTER last_known_addr { host: "127.25.231.66" port: 44459 } } peers { permanent_uuid: "99f18945b779490b9f15883a668b013e" member_type: VOTER last_known_addr { host: "127.25.231.65" port: 42345 } } peers { permanent_uuid: "1a3cba08b40f46f0a561d00b08f612d9" member_type: VOTER last_known_addr { host: "127.25.231.67" port: 43011 } }
I20260630 12:21:48.924358 29704 ts_tablet_manager.cc:1434] T 428ca32e9e724215affee809d8fb915c P 1a3cba08b40f46f0a561d00b08f612d9: Time spent starting tablet: real 0.008s	user 0.007s	sys 0.000s
I20260630 12:21:48.925313 29704 tablet_bootstrap.cc:492] T e2867370c7dd4c8f99c29235acedc0ee P 1a3cba08b40f46f0a561d00b08f612d9: Bootstrap starting.
I20260630 12:21:48.925541 29703 tablet_bootstrap.cc:492] T e2867370c7dd4c8f99c29235acedc0ee P 99f18945b779490b9f15883a668b013e: No bootstrap required, opened a new log
I20260630 12:21:48.926025 29703 ts_tablet_manager.cc:1403] T e2867370c7dd4c8f99c29235acedc0ee P 99f18945b779490b9f15883a668b013e: Time spent bootstrapping tablet: real 0.021s	user 0.009s	sys 0.008s
I20260630 12:21:48.928596 29703 raft_consensus.cc:359] T e2867370c7dd4c8f99c29235acedc0ee P 99f18945b779490b9f15883a668b013e [term 0 FOLLOWER]: Replica starting. Triggering 0 pending ops. Active config: opid_index: -1 OBSOLETE_local: false peers { permanent_uuid: "7b6921f65d5a412cbfd3725cc2829835" member_type: VOTER last_known_addr { host: "127.25.231.66" port: 44459 } } peers { permanent_uuid: "99f18945b779490b9f15883a668b013e" member_type: VOTER last_known_addr { host: "127.25.231.65" port: 42345 } } peers { permanent_uuid: "1a3cba08b40f46f0a561d00b08f612d9" member_type: VOTER last_known_addr { host: "127.25.231.67" port: 43011 } }
I20260630 12:21:48.929308 29703 raft_consensus.cc:385] T e2867370c7dd4c8f99c29235acedc0ee P 99f18945b779490b9f15883a668b013e [term 0 FOLLOWER]: Consensus starting up: Expiring failure detector timer to make a prompt election more likely
I20260630 12:21:48.929612 29703 raft_consensus.cc:740] T e2867370c7dd4c8f99c29235acedc0ee P 99f18945b779490b9f15883a668b013e [term 0 FOLLOWER]: Becoming Follower/Learner. State: Replica: 99f18945b779490b9f15883a668b013e, State: Initialized, Role: FOLLOWER
I20260630 12:21:48.930557 29703 consensus_queue.cc:260] T e2867370c7dd4c8f99c29235acedc0ee P 99f18945b779490b9f15883a668b013e [NON_LEADER]: Queue going to NON_LEADER mode. State: All replicated index: 0, Majority replicated index: 0, Committed index: 0, Last appended: 0.0, Last appended by leader: 0, Current term: 0, Majority size: -1, State: 0, Mode: NON_LEADER, active raft config: opid_index: -1 OBSOLETE_local: false peers { permanent_uuid: "7b6921f65d5a412cbfd3725cc2829835" member_type: VOTER last_known_addr { host: "127.25.231.66" port: 44459 } } peers { permanent_uuid: "99f18945b779490b9f15883a668b013e" member_type: VOTER last_known_addr { host: "127.25.231.65" port: 42345 } } peers { permanent_uuid: "1a3cba08b40f46f0a561d00b08f612d9" member_type: VOTER last_known_addr { host: "127.25.231.67" port: 43011 } }
I20260630 12:21:48.931983 29704 tablet_bootstrap.cc:654] T e2867370c7dd4c8f99c29235acedc0ee P 1a3cba08b40f46f0a561d00b08f612d9: Neither blocks nor log segments found. Creating new log.
I20260630 12:21:48.932997 29703 ts_tablet_manager.cc:1434] T e2867370c7dd4c8f99c29235acedc0ee P 99f18945b779490b9f15883a668b013e: Time spent starting tablet: real 0.007s	user 0.008s	sys 0.000s
I20260630 12:21:48.934044 29703 tablet_bootstrap.cc:492] T 7db2ce8cd616498e977427443924b28e P 99f18945b779490b9f15883a668b013e: Bootstrap starting.
I20260630 12:21:48.941572 29703 tablet_bootstrap.cc:654] T 7db2ce8cd616498e977427443924b28e P 99f18945b779490b9f15883a668b013e: Neither blocks nor log segments found. Creating new log.
I20260630 12:21:48.942260 29709 raft_consensus.cc:493] T 90ebca9efe9e4d60a9b6594d2c4ee7c0 P 1a3cba08b40f46f0a561d00b08f612d9 [term 0 FOLLOWER]: Starting pre-election (no leader contacted us within the election timeout)
I20260630 12:21:48.942912 29709 raft_consensus.cc:515] T 90ebca9efe9e4d60a9b6594d2c4ee7c0 P 1a3cba08b40f46f0a561d00b08f612d9 [term 0 FOLLOWER]: Starting pre-election with config: opid_index: -1 OBSOLETE_local: false peers { permanent_uuid: "99f18945b779490b9f15883a668b013e" member_type: VOTER last_known_addr { host: "127.25.231.65" port: 42345 } } peers { permanent_uuid: "1a3cba08b40f46f0a561d00b08f612d9" member_type: VOTER last_known_addr { host: "127.25.231.67" port: 43011 } } peers { permanent_uuid: "7b6921f65d5a412cbfd3725cc2829835" member_type: VOTER last_known_addr { host: "127.25.231.66" port: 44459 } }
I20260630 12:21:48.947019 29704 tablet_bootstrap.cc:492] T e2867370c7dd4c8f99c29235acedc0ee P 1a3cba08b40f46f0a561d00b08f612d9: No bootstrap required, opened a new log
I20260630 12:21:48.947793 29704 ts_tablet_manager.cc:1403] T e2867370c7dd4c8f99c29235acedc0ee P 1a3cba08b40f46f0a561d00b08f612d9: Time spent bootstrapping tablet: real 0.023s	user 0.018s	sys 0.003s
I20260630 12:21:48.951710 29704 raft_consensus.cc:359] T e2867370c7dd4c8f99c29235acedc0ee P 1a3cba08b40f46f0a561d00b08f612d9 [term 0 FOLLOWER]: Replica starting. Triggering 0 pending ops. Active config: opid_index: -1 OBSOLETE_local: false peers { permanent_uuid: "7b6921f65d5a412cbfd3725cc2829835" member_type: VOTER last_known_addr { host: "127.25.231.66" port: 44459 } } peers { permanent_uuid: "99f18945b779490b9f15883a668b013e" member_type: VOTER last_known_addr { host: "127.25.231.65" port: 42345 } } peers { permanent_uuid: "1a3cba08b40f46f0a561d00b08f612d9" member_type: VOTER last_known_addr { host: "127.25.231.67" port: 43011 } }
I20260630 12:21:48.952515 29704 raft_consensus.cc:385] T e2867370c7dd4c8f99c29235acedc0ee P 1a3cba08b40f46f0a561d00b08f612d9 [term 0 FOLLOWER]: Consensus starting up: Expiring failure detector timer to make a prompt election more likely
I20260630 12:21:48.952919 29704 raft_consensus.cc:740] T e2867370c7dd4c8f99c29235acedc0ee P 1a3cba08b40f46f0a561d00b08f612d9 [term 0 FOLLOWER]: Becoming Follower/Learner. State: Replica: 1a3cba08b40f46f0a561d00b08f612d9, State: Initialized, Role: FOLLOWER
I20260630 12:21:48.954316 29703 tablet_bootstrap.cc:492] T 7db2ce8cd616498e977427443924b28e P 99f18945b779490b9f15883a668b013e: No bootstrap required, opened a new log
I20260630 12:21:48.953919 29704 consensus_queue.cc:260] T e2867370c7dd4c8f99c29235acedc0ee P 1a3cba08b40f46f0a561d00b08f612d9 [NON_LEADER]: Queue going to NON_LEADER mode. State: All replicated index: 0, Majority replicated index: 0, Committed index: 0, Last appended: 0.0, Last appended by leader: 0, Current term: 0, Majority size: -1, State: 0, Mode: NON_LEADER, active raft config: opid_index: -1 OBSOLETE_local: false peers { permanent_uuid: "7b6921f65d5a412cbfd3725cc2829835" member_type: VOTER last_known_addr { host: "127.25.231.66" port: 44459 } } peers { permanent_uuid: "99f18945b779490b9f15883a668b013e" member_type: VOTER last_known_addr { host: "127.25.231.65" port: 42345 } } peers { permanent_uuid: "1a3cba08b40f46f0a561d00b08f612d9" member_type: VOTER last_known_addr { host: "127.25.231.67" port: 43011 } }
I20260630 12:21:48.954813 29703 ts_tablet_manager.cc:1403] T 7db2ce8cd616498e977427443924b28e P 99f18945b779490b9f15883a668b013e: Time spent bootstrapping tablet: real 0.021s	user 0.012s	sys 0.004s
I20260630 12:21:48.954968 29709 leader_election.cc:290] T 90ebca9efe9e4d60a9b6594d2c4ee7c0 P 1a3cba08b40f46f0a561d00b08f612d9 [CANDIDATE]: Term 1 pre-election: Requested pre-vote from peers 99f18945b779490b9f15883a668b013e (127.25.231.65:42345), 7b6921f65d5a412cbfd3725cc2829835 (127.25.231.66:44459)
I20260630 12:21:48.957949 29703 raft_consensus.cc:359] T 7db2ce8cd616498e977427443924b28e P 99f18945b779490b9f15883a668b013e [term 0 FOLLOWER]: Replica starting. Triggering 0 pending ops. Active config: opid_index: -1 OBSOLETE_local: false peers { permanent_uuid: "99f18945b779490b9f15883a668b013e" member_type: VOTER last_known_addr { host: "127.25.231.65" port: 42345 } } peers { permanent_uuid: "7b6921f65d5a412cbfd3725cc2829835" member_type: VOTER last_known_addr { host: "127.25.231.66" port: 44459 } } peers { permanent_uuid: "1a3cba08b40f46f0a561d00b08f612d9" member_type: VOTER last_known_addr { host: "127.25.231.67" port: 43011 } }
I20260630 12:21:48.958675 29703 raft_consensus.cc:385] T 7db2ce8cd616498e977427443924b28e P 99f18945b779490b9f15883a668b013e [term 0 FOLLOWER]: Consensus starting up: Expiring failure detector timer to make a prompt election more likely
I20260630 12:21:48.959048 29703 raft_consensus.cc:740] T 7db2ce8cd616498e977427443924b28e P 99f18945b779490b9f15883a668b013e [term 0 FOLLOWER]: Becoming Follower/Learner. State: Replica: 99f18945b779490b9f15883a668b013e, State: Initialized, Role: FOLLOWER
I20260630 12:21:48.960290 29703 consensus_queue.cc:260] T 7db2ce8cd616498e977427443924b28e P 99f18945b779490b9f15883a668b013e [NON_LEADER]: Queue going to NON_LEADER mode. State: All replicated index: 0, Majority replicated index: 0, Committed index: 0, Last appended: 0.0, Last appended by leader: 0, Current term: 0, Majority size: -1, State: 0, Mode: NON_LEADER, active raft config: opid_index: -1 OBSOLETE_local: false peers { permanent_uuid: "99f18945b779490b9f15883a668b013e" member_type: VOTER last_known_addr { host: "127.25.231.65" port: 42345 } } peers { permanent_uuid: "7b6921f65d5a412cbfd3725cc2829835" member_type: VOTER last_known_addr { host: "127.25.231.66" port: 44459 } } peers { permanent_uuid: "1a3cba08b40f46f0a561d00b08f612d9" member_type: VOTER last_known_addr { host: "127.25.231.67" port: 43011 } }
I20260630 12:21:48.963591 29703 ts_tablet_manager.cc:1434] T 7db2ce8cd616498e977427443924b28e P 99f18945b779490b9f15883a668b013e: Time spent starting tablet: real 0.008s	user 0.008s	sys 0.000s
I20260630 12:21:48.964766 29703 tablet_bootstrap.cc:492] T 0552ea8d731444f99e99cba23acae6a9 P 99f18945b779490b9f15883a668b013e: Bootstrap starting.
I20260630 12:21:48.965854 29704 ts_tablet_manager.cc:1434] T e2867370c7dd4c8f99c29235acedc0ee P 1a3cba08b40f46f0a561d00b08f612d9: Time spent starting tablet: real 0.018s	user 0.007s	sys 0.007s
I20260630 12:21:48.966897 29704 tablet_bootstrap.cc:492] T d61056bf4cfa4659bb4fe8a3e5c0866f P 1a3cba08b40f46f0a561d00b08f612d9: Bootstrap starting.
I20260630 12:21:48.971161 29703 tablet_bootstrap.cc:654] T 0552ea8d731444f99e99cba23acae6a9 P 99f18945b779490b9f15883a668b013e: Neither blocks nor log segments found. Creating new log.
I20260630 12:21:48.972880 29704 tablet_bootstrap.cc:654] T d61056bf4cfa4659bb4fe8a3e5c0866f P 1a3cba08b40f46f0a561d00b08f612d9: Neither blocks nor log segments found. Creating new log.
I20260630 12:21:48.982841 29703 tablet_bootstrap.cc:492] T 0552ea8d731444f99e99cba23acae6a9 P 99f18945b779490b9f15883a668b013e: No bootstrap required, opened a new log
I20260630 12:21:48.983383 29703 ts_tablet_manager.cc:1403] T 0552ea8d731444f99e99cba23acae6a9 P 99f18945b779490b9f15883a668b013e: Time spent bootstrapping tablet: real 0.019s	user 0.006s	sys 0.009s
I20260630 12:21:48.984607 29704 tablet_bootstrap.cc:492] T d61056bf4cfa4659bb4fe8a3e5c0866f P 1a3cba08b40f46f0a561d00b08f612d9: No bootstrap required, opened a new log
I20260630 12:21:48.985141 29704 ts_tablet_manager.cc:1403] T d61056bf4cfa4659bb4fe8a3e5c0866f P 1a3cba08b40f46f0a561d00b08f612d9: Time spent bootstrapping tablet: real 0.018s	user 0.013s	sys 0.004s
I20260630 12:21:48.985993 29703 raft_consensus.cc:359] T 0552ea8d731444f99e99cba23acae6a9 P 99f18945b779490b9f15883a668b013e [term 0 FOLLOWER]: Replica starting. Triggering 0 pending ops. Active config: opid_index: -1 OBSOLETE_local: false peers { permanent_uuid: "99f18945b779490b9f15883a668b013e" member_type: VOTER last_known_addr { host: "127.25.231.65" port: 42345 } } peers { permanent_uuid: "7b6921f65d5a412cbfd3725cc2829835" member_type: VOTER last_known_addr { host: "127.25.231.66" port: 44459 } } peers { permanent_uuid: "1a3cba08b40f46f0a561d00b08f612d9" member_type: VOTER last_known_addr { host: "127.25.231.67" port: 43011 } }
I20260630 12:21:48.986752 29703 raft_consensus.cc:385] T 0552ea8d731444f99e99cba23acae6a9 P 99f18945b779490b9f15883a668b013e [term 0 FOLLOWER]: Consensus starting up: Expiring failure detector timer to make a prompt election more likely
I20260630 12:21:48.987051 29703 raft_consensus.cc:740] T 0552ea8d731444f99e99cba23acae6a9 P 99f18945b779490b9f15883a668b013e [term 0 FOLLOWER]: Becoming Follower/Learner. State: Replica: 99f18945b779490b9f15883a668b013e, State: Initialized, Role: FOLLOWER
I20260630 12:21:48.988085 29704 raft_consensus.cc:359] T d61056bf4cfa4659bb4fe8a3e5c0866f P 1a3cba08b40f46f0a561d00b08f612d9 [term 0 FOLLOWER]: Replica starting. Triggering 0 pending ops. Active config: opid_index: -1 OBSOLETE_local: false peers { permanent_uuid: "99f18945b779490b9f15883a668b013e" member_type: VOTER last_known_addr { host: "127.25.231.65" port: 42345 } } peers { permanent_uuid: "7b6921f65d5a412cbfd3725cc2829835" member_type: VOTER last_known_addr { host: "127.25.231.66" port: 44459 } } peers { permanent_uuid: "1a3cba08b40f46f0a561d00b08f612d9" member_type: VOTER last_known_addr { host: "127.25.231.67" port: 43011 } }
I20260630 12:21:48.987989 29703 consensus_queue.cc:260] T 0552ea8d731444f99e99cba23acae6a9 P 99f18945b779490b9f15883a668b013e [NON_LEADER]: Queue going to NON_LEADER mode. State: All replicated index: 0, Majority replicated index: 0, Committed index: 0, Last appended: 0.0, Last appended by leader: 0, Current term: 0, Majority size: -1, State: 0, Mode: NON_LEADER, active raft config: opid_index: -1 OBSOLETE_local: false peers { permanent_uuid: "99f18945b779490b9f15883a668b013e" member_type: VOTER last_known_addr { host: "127.25.231.65" port: 42345 } } peers { permanent_uuid: "7b6921f65d5a412cbfd3725cc2829835" member_type: VOTER last_known_addr { host: "127.25.231.66" port: 44459 } } peers { permanent_uuid: "1a3cba08b40f46f0a561d00b08f612d9" member_type: VOTER last_known_addr { host: "127.25.231.67" port: 43011 } }
I20260630 12:21:48.989006 29704 raft_consensus.cc:385] T d61056bf4cfa4659bb4fe8a3e5c0866f P 1a3cba08b40f46f0a561d00b08f612d9 [term 0 FOLLOWER]: Consensus starting up: Expiring failure detector timer to make a prompt election more likely
I20260630 12:21:48.989373 29704 raft_consensus.cc:740] T d61056bf4cfa4659bb4fe8a3e5c0866f P 1a3cba08b40f46f0a561d00b08f612d9 [term 0 FOLLOWER]: Becoming Follower/Learner. State: Replica: 1a3cba08b40f46f0a561d00b08f612d9, State: Initialized, Role: FOLLOWER
I20260630 12:21:48.990145 29704 consensus_queue.cc:260] T d61056bf4cfa4659bb4fe8a3e5c0866f P 1a3cba08b40f46f0a561d00b08f612d9 [NON_LEADER]: Queue going to NON_LEADER mode. State: All replicated index: 0, Majority replicated index: 0, Committed index: 0, Last appended: 0.0, Last appended by leader: 0, Current term: 0, Majority size: -1, State: 0, Mode: NON_LEADER, active raft config: opid_index: -1 OBSOLETE_local: false peers { permanent_uuid: "99f18945b779490b9f15883a668b013e" member_type: VOTER last_known_addr { host: "127.25.231.65" port: 42345 } } peers { permanent_uuid: "7b6921f65d5a412cbfd3725cc2829835" member_type: VOTER last_known_addr { host: "127.25.231.66" port: 44459 } } peers { permanent_uuid: "1a3cba08b40f46f0a561d00b08f612d9" member_type: VOTER last_known_addr { host: "127.25.231.67" port: 43011 } }
I20260630 12:21:48.990778 29703 ts_tablet_manager.cc:1434] T 0552ea8d731444f99e99cba23acae6a9 P 99f18945b779490b9f15883a668b013e: Time spent starting tablet: real 0.007s	user 0.008s	sys 0.000s
I20260630 12:21:48.991775 29703 tablet_bootstrap.cc:492] T d869c3a43f854b0a802c9513a3579fb9 P 99f18945b779490b9f15883a668b013e: Bootstrap starting.
I20260630 12:21:48.992834 29704 ts_tablet_manager.cc:1434] T d61056bf4cfa4659bb4fe8a3e5c0866f P 1a3cba08b40f46f0a561d00b08f612d9: Time spent starting tablet: real 0.007s	user 0.001s	sys 0.005s
I20260630 12:21:48.993891 29704 tablet_bootstrap.cc:492] T 7db2ce8cd616498e977427443924b28e P 1a3cba08b40f46f0a561d00b08f612d9: Bootstrap starting.
I20260630 12:21:48.997617 29703 tablet_bootstrap.cc:654] T d869c3a43f854b0a802c9513a3579fb9 P 99f18945b779490b9f15883a668b013e: Neither blocks nor log segments found. Creating new log.
I20260630 12:21:48.999845 29704 tablet_bootstrap.cc:654] T 7db2ce8cd616498e977427443924b28e P 1a3cba08b40f46f0a561d00b08f612d9: Neither blocks nor log segments found. Creating new log.
I20260630 12:21:49.014300 29703 tablet_bootstrap.cc:492] T d869c3a43f854b0a802c9513a3579fb9 P 99f18945b779490b9f15883a668b013e: No bootstrap required, opened a new log
I20260630 12:21:49.015652 29703 ts_tablet_manager.cc:1403] T d869c3a43f854b0a802c9513a3579fb9 P 99f18945b779490b9f15883a668b013e: Time spent bootstrapping tablet: real 0.024s	user 0.009s	sys 0.008s
I20260630 12:21:49.019490 29703 raft_consensus.cc:359] T d869c3a43f854b0a802c9513a3579fb9 P 99f18945b779490b9f15883a668b013e [term 0 FOLLOWER]: Replica starting. Triggering 0 pending ops. Active config: opid_index: -1 OBSOLETE_local: false peers { permanent_uuid: "99f18945b779490b9f15883a668b013e" member_type: VOTER last_known_addr { host: "127.25.231.65" port: 42345 } } peers { permanent_uuid: "7b6921f65d5a412cbfd3725cc2829835" member_type: VOTER last_known_addr { host: "127.25.231.66" port: 44459 } } peers { permanent_uuid: "1a3cba08b40f46f0a561d00b08f612d9" member_type: VOTER last_known_addr { host: "127.25.231.67" port: 43011 } }
I20260630 12:21:49.020241 29703 raft_consensus.cc:385] T d869c3a43f854b0a802c9513a3579fb9 P 99f18945b779490b9f15883a668b013e [term 0 FOLLOWER]: Consensus starting up: Expiring failure detector timer to make a prompt election more likely
I20260630 12:21:49.020900 29703 raft_consensus.cc:740] T d869c3a43f854b0a802c9513a3579fb9 P 99f18945b779490b9f15883a668b013e [term 0 FOLLOWER]: Becoming Follower/Learner. State: Replica: 99f18945b779490b9f15883a668b013e, State: Initialized, Role: FOLLOWER
I20260630 12:21:49.021802 29703 consensus_queue.cc:260] T d869c3a43f854b0a802c9513a3579fb9 P 99f18945b779490b9f15883a668b013e [NON_LEADER]: Queue going to NON_LEADER mode. State: All replicated index: 0, Majority replicated index: 0, Committed index: 0, Last appended: 0.0, Last appended by leader: 0, Current term: 0, Majority size: -1, State: 0, Mode: NON_LEADER, active raft config: opid_index: -1 OBSOLETE_local: false peers { permanent_uuid: "99f18945b779490b9f15883a668b013e" member_type: VOTER last_known_addr { host: "127.25.231.65" port: 42345 } } peers { permanent_uuid: "7b6921f65d5a412cbfd3725cc2829835" member_type: VOTER last_known_addr { host: "127.25.231.66" port: 44459 } } peers { permanent_uuid: "1a3cba08b40f46f0a561d00b08f612d9" member_type: VOTER last_known_addr { host: "127.25.231.67" port: 43011 } }
I20260630 12:21:49.020116 29704 tablet_bootstrap.cc:492] T 7db2ce8cd616498e977427443924b28e P 1a3cba08b40f46f0a561d00b08f612d9: No bootstrap required, opened a new log
I20260630 12:21:49.025887 29703 ts_tablet_manager.cc:1434] T d869c3a43f854b0a802c9513a3579fb9 P 99f18945b779490b9f15883a668b013e: Time spent starting tablet: real 0.010s	user 0.007s	sys 0.000s
I20260630 12:21:49.026031 29704 ts_tablet_manager.cc:1403] T 7db2ce8cd616498e977427443924b28e P 1a3cba08b40f46f0a561d00b08f612d9: Time spent bootstrapping tablet: real 0.032s	user 0.009s	sys 0.013s
I20260630 12:21:49.026993 29703 tablet_bootstrap.cc:492] T 8b2104f8bd05489dbabb1b648c15cc71 P 99f18945b779490b9f15883a668b013e: Bootstrap starting.
I20260630 12:21:49.032074 29705 tablet_bootstrap.cc:492] T 0552ea8d731444f99e99cba23acae6a9 P 7b6921f65d5a412cbfd3725cc2829835: No bootstrap required, opened a new log
I20260630 12:21:49.032612 29705 ts_tablet_manager.cc:1403] T 0552ea8d731444f99e99cba23acae6a9 P 7b6921f65d5a412cbfd3725cc2829835: Time spent bootstrapping tablet: real 0.121s	user 0.031s	sys 0.078s
I20260630 12:21:49.032681 29704 raft_consensus.cc:359] T 7db2ce8cd616498e977427443924b28e P 1a3cba08b40f46f0a561d00b08f612d9 [term 0 FOLLOWER]: Replica starting. Triggering 0 pending ops. Active config: opid_index: -1 OBSOLETE_local: false peers { permanent_uuid: "99f18945b779490b9f15883a668b013e" member_type: VOTER last_known_addr { host: "127.25.231.65" port: 42345 } } peers { permanent_uuid: "7b6921f65d5a412cbfd3725cc2829835" member_type: VOTER last_known_addr { host: "127.25.231.66" port: 44459 } } peers { permanent_uuid: "1a3cba08b40f46f0a561d00b08f612d9" member_type: VOTER last_known_addr { host: "127.25.231.67" port: 43011 } }
I20260630 12:21:49.033602 29703 tablet_bootstrap.cc:654] T 8b2104f8bd05489dbabb1b648c15cc71 P 99f18945b779490b9f15883a668b013e: Neither blocks nor log segments found. Creating new log.
I20260630 12:21:49.033635 29704 raft_consensus.cc:385] T 7db2ce8cd616498e977427443924b28e P 1a3cba08b40f46f0a561d00b08f612d9 [term 0 FOLLOWER]: Consensus starting up: Expiring failure detector timer to make a prompt election more likely
I20260630 12:21:49.035833 29704 raft_consensus.cc:740] T 7db2ce8cd616498e977427443924b28e P 1a3cba08b40f46f0a561d00b08f612d9 [term 0 FOLLOWER]: Becoming Follower/Learner. State: Replica: 1a3cba08b40f46f0a561d00b08f612d9, State: Initialized, Role: FOLLOWER
I20260630 12:21:49.036864 29704 consensus_queue.cc:260] T 7db2ce8cd616498e977427443924b28e P 1a3cba08b40f46f0a561d00b08f612d9 [NON_LEADER]: Queue going to NON_LEADER mode. State: All replicated index: 0, Majority replicated index: 0, Committed index: 0, Last appended: 0.0, Last appended by leader: 0, Current term: 0, Majority size: -1, State: 0, Mode: NON_LEADER, active raft config: opid_index: -1 OBSOLETE_local: false peers { permanent_uuid: "99f18945b779490b9f15883a668b013e" member_type: VOTER last_known_addr { host: "127.25.231.65" port: 42345 } } peers { permanent_uuid: "7b6921f65d5a412cbfd3725cc2829835" member_type: VOTER last_known_addr { host: "127.25.231.66" port: 44459 } } peers { permanent_uuid: "1a3cba08b40f46f0a561d00b08f612d9" member_type: VOTER last_known_addr { host: "127.25.231.67" port: 43011 } }
I20260630 12:21:49.041320 29710 raft_consensus.cc:493] T e2867370c7dd4c8f99c29235acedc0ee P 99f18945b779490b9f15883a668b013e [term 0 FOLLOWER]: Starting pre-election (no leader contacted us within the election timeout)
I20260630 12:21:49.035408 29705 raft_consensus.cc:359] T 0552ea8d731444f99e99cba23acae6a9 P 7b6921f65d5a412cbfd3725cc2829835 [term 0 FOLLOWER]: Replica starting. Triggering 0 pending ops. Active config: opid_index: -1 OBSOLETE_local: false peers { permanent_uuid: "99f18945b779490b9f15883a668b013e" member_type: VOTER last_known_addr { host: "127.25.231.65" port: 42345 } } peers { permanent_uuid: "7b6921f65d5a412cbfd3725cc2829835" member_type: VOTER last_known_addr { host: "127.25.231.66" port: 44459 } } peers { permanent_uuid: "1a3cba08b40f46f0a561d00b08f612d9" member_type: VOTER last_known_addr { host: "127.25.231.67" port: 43011 } }
I20260630 12:21:49.041465 29509 tablet_service.cc:1917] Received RequestConsensusVote() RPC: tablet_id: "90ebca9efe9e4d60a9b6594d2c4ee7c0" candidate_uuid: "1a3cba08b40f46f0a561d00b08f612d9" candidate_term: 1 candidate_status { last_received { term: 0 index: 0 } } ignore_live_leader: false dest_uuid: "99f18945b779490b9f15883a668b013e" is_pre_election: true
I20260630 12:21:49.042013 29705 raft_consensus.cc:385] T 0552ea8d731444f99e99cba23acae6a9 P 7b6921f65d5a412cbfd3725cc2829835 [term 0 FOLLOWER]: Consensus starting up: Expiring failure detector timer to make a prompt election more likely
I20260630 12:21:49.044560 29705 raft_consensus.cc:740] T 0552ea8d731444f99e99cba23acae6a9 P 7b6921f65d5a412cbfd3725cc2829835 [term 0 FOLLOWER]: Becoming Follower/Learner. State: Replica: 7b6921f65d5a412cbfd3725cc2829835, State: Initialized, Role: FOLLOWER
I20260630 12:21:49.045830 29705 consensus_queue.cc:260] T 0552ea8d731444f99e99cba23acae6a9 P 7b6921f65d5a412cbfd3725cc2829835 [NON_LEADER]: Queue going to NON_LEADER mode. State: All replicated index: 0, Majority replicated index: 0, Committed index: 0, Last appended: 0.0, Last appended by leader: 0, Current term: 0, Majority size: -1, State: 0, Mode: NON_LEADER, active raft config: opid_index: -1 OBSOLETE_local: false peers { permanent_uuid: "99f18945b779490b9f15883a668b013e" member_type: VOTER last_known_addr { host: "127.25.231.65" port: 42345 } } peers { permanent_uuid: "7b6921f65d5a412cbfd3725cc2829835" member_type: VOTER last_known_addr { host: "127.25.231.66" port: 44459 } } peers { permanent_uuid: "1a3cba08b40f46f0a561d00b08f612d9" member_type: VOTER last_known_addr { host: "127.25.231.67" port: 43011 } }
I20260630 12:21:49.047935 29584 tablet_service.cc:1917] Received RequestConsensusVote() RPC: tablet_id: "90ebca9efe9e4d60a9b6594d2c4ee7c0" candidate_uuid: "1a3cba08b40f46f0a561d00b08f612d9" candidate_term: 1 candidate_status { last_received { term: 0 index: 0 } } ignore_live_leader: false dest_uuid: "7b6921f65d5a412cbfd3725cc2829835" is_pre_election: true
I20260630 12:21:49.048533 29705 ts_tablet_manager.cc:1434] T 0552ea8d731444f99e99cba23acae6a9 P 7b6921f65d5a412cbfd3725cc2829835: Time spent starting tablet: real 0.016s	user 0.008s	sys 0.000s
I20260630 12:21:49.049562 29705 tablet_bootstrap.cc:492] T d61056bf4cfa4659bb4fe8a3e5c0866f P 7b6921f65d5a412cbfd3725cc2829835: Bootstrap starting.
W20260630 12:21:49.049690 29621 leader_election.cc:343] T 90ebca9efe9e4d60a9b6594d2c4ee7c0 P 1a3cba08b40f46f0a561d00b08f612d9 [CANDIDATE]: Term 1 pre-election: Tablet error from VoteRequest() call to peer 7b6921f65d5a412cbfd3725cc2829835 (127.25.231.66:44459): Illegal state: must be running to vote when last-logged opid is not known
I20260630 12:21:49.041824 29710 raft_consensus.cc:515] T e2867370c7dd4c8f99c29235acedc0ee P 99f18945b779490b9f15883a668b013e [term 0 FOLLOWER]: Starting pre-election with config: opid_index: -1 OBSOLETE_local: false peers { permanent_uuid: "7b6921f65d5a412cbfd3725cc2829835" member_type: VOTER last_known_addr { host: "127.25.231.66" port: 44459 } } peers { permanent_uuid: "99f18945b779490b9f15883a668b013e" member_type: VOTER last_known_addr { host: "127.25.231.65" port: 42345 } } peers { permanent_uuid: "1a3cba08b40f46f0a561d00b08f612d9" member_type: VOTER last_known_addr { host: "127.25.231.67" port: 43011 } }
I20260630 12:21:49.050491 29703 tablet_bootstrap.cc:492] T 8b2104f8bd05489dbabb1b648c15cc71 P 99f18945b779490b9f15883a668b013e: No bootstrap required, opened a new log
I20260630 12:21:49.050999 29703 ts_tablet_manager.cc:1403] T 8b2104f8bd05489dbabb1b648c15cc71 P 99f18945b779490b9f15883a668b013e: Time spent bootstrapping tablet: real 0.024s	user 0.004s	sys 0.017s
I20260630 12:21:49.052166 29710 leader_election.cc:290] T e2867370c7dd4c8f99c29235acedc0ee P 99f18945b779490b9f15883a668b013e [CANDIDATE]: Term 1 pre-election: Requested pre-vote from peers 7b6921f65d5a412cbfd3725cc2829835 (127.25.231.66:44459), 1a3cba08b40f46f0a561d00b08f612d9 (127.25.231.67:43011)
I20260630 12:21:49.042188 29509 raft_consensus.cc:2468] T 90ebca9efe9e4d60a9b6594d2c4ee7c0 P 99f18945b779490b9f15883a668b013e [term 0 FOLLOWER]: Leader pre-election vote request: Granting yes vote for candidate 1a3cba08b40f46f0a561d00b08f612d9 in term 0.
I20260630 12:21:49.044086 29704 ts_tablet_manager.cc:1434] T 7db2ce8cd616498e977427443924b28e P 1a3cba08b40f46f0a561d00b08f612d9: Time spent starting tablet: real 0.018s	user 0.007s	sys 0.000s
I20260630 12:21:49.054132 29704 tablet_bootstrap.cc:492] T 8b2104f8bd05489dbabb1b648c15cc71 P 1a3cba08b40f46f0a561d00b08f612d9: Bootstrap starting.
I20260630 12:21:49.054068 29703 raft_consensus.cc:359] T 8b2104f8bd05489dbabb1b648c15cc71 P 99f18945b779490b9f15883a668b013e [term 0 FOLLOWER]: Replica starting. Triggering 0 pending ops. Active config: opid_index: -1 OBSOLETE_local: false peers { permanent_uuid: "99f18945b779490b9f15883a668b013e" member_type: VOTER last_known_addr { host: "127.25.231.65" port: 42345 } } peers { permanent_uuid: "7b6921f65d5a412cbfd3725cc2829835" member_type: VOTER last_known_addr { host: "127.25.231.66" port: 44459 } } peers { permanent_uuid: "1a3cba08b40f46f0a561d00b08f612d9" member_type: VOTER last_known_addr { host: "127.25.231.67" port: 43011 } }
I20260630 12:21:49.055027 29703 raft_consensus.cc:385] T 8b2104f8bd05489dbabb1b648c15cc71 P 99f18945b779490b9f15883a668b013e [term 0 FOLLOWER]: Consensus starting up: Expiring failure detector timer to make a prompt election more likely
I20260630 12:21:49.054495 29622 leader_election.cc:304] T 90ebca9efe9e4d60a9b6594d2c4ee7c0 P 1a3cba08b40f46f0a561d00b08f612d9 [CANDIDATE]: Term 1 pre-election: Election decided. Result: candidate won. Election summary: received 3 responses out of 3 voters: 2 yes votes; 1 no votes. yes voters: 1a3cba08b40f46f0a561d00b08f612d9, 99f18945b779490b9f15883a668b013e; no voters: 7b6921f65d5a412cbfd3725cc2829835
I20260630 12:21:49.055370 29703 raft_consensus.cc:740] T 8b2104f8bd05489dbabb1b648c15cc71 P 99f18945b779490b9f15883a668b013e [term 0 FOLLOWER]: Becoming Follower/Learner. State: Replica: 99f18945b779490b9f15883a668b013e, State: Initialized, Role: FOLLOWER
I20260630 12:21:49.056420 29721 raft_consensus.cc:2804] T 90ebca9efe9e4d60a9b6594d2c4ee7c0 P 1a3cba08b40f46f0a561d00b08f612d9 [term 0 FOLLOWER]: Leader pre-election won for term 1
I20260630 12:21:49.056281 29703 consensus_queue.cc:260] T 8b2104f8bd05489dbabb1b648c15cc71 P 99f18945b779490b9f15883a668b013e [NON_LEADER]: Queue going to NON_LEADER mode. State: All replicated index: 0, Majority replicated index: 0, Committed index: 0, Last appended: 0.0, Last appended by leader: 0, Current term: 0, Majority size: -1, State: 0, Mode: NON_LEADER, active raft config: opid_index: -1 OBSOLETE_local: false peers { permanent_uuid: "99f18945b779490b9f15883a668b013e" member_type: VOTER last_known_addr { host: "127.25.231.65" port: 42345 } } peers { permanent_uuid: "7b6921f65d5a412cbfd3725cc2829835" member_type: VOTER last_known_addr { host: "127.25.231.66" port: 44459 } } peers { permanent_uuid: "1a3cba08b40f46f0a561d00b08f612d9" member_type: VOTER last_known_addr { host: "127.25.231.67" port: 43011 } }
I20260630 12:21:49.056866 29721 raft_consensus.cc:493] T 90ebca9efe9e4d60a9b6594d2c4ee7c0 P 1a3cba08b40f46f0a561d00b08f612d9 [term 0 FOLLOWER]: Starting leader election (no leader contacted us within the election timeout)
I20260630 12:21:49.057268 29721 raft_consensus.cc:3060] T 90ebca9efe9e4d60a9b6594d2c4ee7c0 P 1a3cba08b40f46f0a561d00b08f612d9 [term 0 FOLLOWER]: Advancing to term 1
I20260630 12:21:49.057485 29705 tablet_bootstrap.cc:654] T d61056bf4cfa4659bb4fe8a3e5c0866f P 7b6921f65d5a412cbfd3725cc2829835: Neither blocks nor log segments found. Creating new log.
I20260630 12:21:49.058954 29703 ts_tablet_manager.cc:1434] T 8b2104f8bd05489dbabb1b648c15cc71 P 99f18945b779490b9f15883a668b013e: Time spent starting tablet: real 0.008s	user 0.008s	sys 0.000s
I20260630 12:21:49.059979 29703 tablet_bootstrap.cc:492] T 428ca32e9e724215affee809d8fb915c P 99f18945b779490b9f15883a668b013e: Bootstrap starting.
I20260630 12:21:49.067430 29703 tablet_bootstrap.cc:654] T 428ca32e9e724215affee809d8fb915c P 99f18945b779490b9f15883a668b013e: Neither blocks nor log segments found. Creating new log.
I20260630 12:21:49.071297 29721 raft_consensus.cc:515] T 90ebca9efe9e4d60a9b6594d2c4ee7c0 P 1a3cba08b40f46f0a561d00b08f612d9 [term 1 FOLLOWER]: Starting leader election with config: opid_index: -1 OBSOLETE_local: false peers { permanent_uuid: "99f18945b779490b9f15883a668b013e" member_type: VOTER last_known_addr { host: "127.25.231.65" port: 42345 } } peers { permanent_uuid: "1a3cba08b40f46f0a561d00b08f612d9" member_type: VOTER last_known_addr { host: "127.25.231.67" port: 43011 } } peers { permanent_uuid: "7b6921f65d5a412cbfd3725cc2829835" member_type: VOTER last_known_addr { host: "127.25.231.66" port: 44459 } }
I20260630 12:21:49.084406 29721 leader_election.cc:290] T 90ebca9efe9e4d60a9b6594d2c4ee7c0 P 1a3cba08b40f46f0a561d00b08f612d9 [CANDIDATE]: Term 1 election: Requested vote from peers 99f18945b779490b9f15883a668b013e (127.25.231.65:42345), 7b6921f65d5a412cbfd3725cc2829835 (127.25.231.66:44459)
I20260630 12:21:49.085547 29509 tablet_service.cc:1917] Received RequestConsensusVote() RPC: tablet_id: "90ebca9efe9e4d60a9b6594d2c4ee7c0" candidate_uuid: "1a3cba08b40f46f0a561d00b08f612d9" candidate_term: 1 candidate_status { last_received { term: 0 index: 0 } } ignore_live_leader: false dest_uuid: "99f18945b779490b9f15883a668b013e"
