I20260630 12:20:34.420053 31057 consensus_queue.cc:1048] T 8fd0a2d2cf0442579702d6f434c3472c P 5848e55893c046c797c4816052d675a2 [LEADER]: Connected to new peer: Peer: permanent_uuid: "5689e936e9484d678ccf14f9d14e279e" member_type: VOTER last_known_addr { host: "127.29.123.2" port: 33899 }, Status: LMP_MISMATCH, Last received: 0.0, Next index: 2, Last known committed idx: 1, Time since last communication: 0.000s
W20260630 12:20:34.438055 30823 consensus_peers.cc:597] T 8fd0a2d2cf0442579702d6f434c3472c P 5848e55893c046c797c4816052d675a2 -> Peer 801623a9f93e4c50a61bd112fa36f808 (127.29.123.4:41433): Couldn't send request to peer 801623a9f93e4c50a61bd112fa36f808. Error code: TABLET_NOT_FOUND (6). Status: Not found: Tablet not found: 8fd0a2d2cf0442579702d6f434c3472c. This is attempt 1: this message will repeat every 5th retry.
I20260630 12:20:34.440932 31218 raft_consensus.cc:2955] T 8fd0a2d2cf0442579702d6f434c3472c P 5848e55893c046c797c4816052d675a2 [term 1 LEADER]: Committing config change with OpId 1.2: config changed from index -1 to 2, NON_VOTER 801623a9f93e4c50a61bd112fa36f808 (127.29.123.4) added. New config: { opid_index: 2 OBSOLETE_local: false peers { permanent_uuid: "5848e55893c046c797c4816052d675a2" member_type: VOTER last_known_addr { host: "127.29.123.1" port: 38191 } } peers { permanent_uuid: "5689e936e9484d678ccf14f9d14e279e" member_type: VOTER last_known_addr { host: "127.29.123.2" port: 33899 } } peers { permanent_uuid: "f2111e0b900e4d29ac95042a55b039ca" member_type: VOTER last_known_addr { host: "127.29.123.3" port: 32851 } attrs { replace: true } } peers { permanent_uuid: "801623a9f93e4c50a61bd112fa36f808" member_type: NON_VOTER last_known_addr { host: "127.29.123.4" port: 41433 } attrs { promote: true } } }
I20260630 12:20:34.443080 30933 raft_consensus.cc:2955] T 8fd0a2d2cf0442579702d6f434c3472c P 5689e936e9484d678ccf14f9d14e279e [term 1 FOLLOWER]: Committing config change with OpId 1.2: config changed from index -1 to 2, NON_VOTER 801623a9f93e4c50a61bd112fa36f808 (127.29.123.4) added. New config: { opid_index: 2 OBSOLETE_local: false peers { permanent_uuid: "5848e55893c046c797c4816052d675a2" member_type: VOTER last_known_addr { host: "127.29.123.1" port: 38191 } } peers { permanent_uuid: "5689e936e9484d678ccf14f9d14e279e" member_type: VOTER last_known_addr { host: "127.29.123.2" port: 33899 } } peers { permanent_uuid: "f2111e0b900e4d29ac95042a55b039ca" member_type: VOTER last_known_addr { host: "127.29.123.3" port: 32851 } attrs { replace: true } } peers { permanent_uuid: "801623a9f93e4c50a61bd112fa36f808" member_type: NON_VOTER last_known_addr { host: "127.29.123.4" port: 41433 } attrs { promote: true } } }
I20260630 12:20:34.445631 31006 raft_consensus.cc:2955] T 8fd0a2d2cf0442579702d6f434c3472c P f2111e0b900e4d29ac95042a55b039ca [term 1 FOLLOWER]: Committing config change with OpId 1.2: config changed from index -1 to 2, NON_VOTER 801623a9f93e4c50a61bd112fa36f808 (127.29.123.4) added. New config: { opid_index: 2 OBSOLETE_local: false peers { permanent_uuid: "5848e55893c046c797c4816052d675a2" member_type: VOTER last_known_addr { host: "127.29.123.1" port: 38191 } } peers { permanent_uuid: "5689e936e9484d678ccf14f9d14e279e" member_type: VOTER last_known_addr { host: "127.29.123.2" port: 33899 } } peers { permanent_uuid: "f2111e0b900e4d29ac95042a55b039ca" member_type: VOTER last_known_addr { host: "127.29.123.3" port: 32851 } attrs { replace: true } } peers { permanent_uuid: "801623a9f93e4c50a61bd112fa36f808" member_type: NON_VOTER last_known_addr { host: "127.29.123.4" port: 41433 } attrs { promote: true } } }
I20260630 12:20:34.455232 30757 catalog_manager.cc:5697] T 8fd0a2d2cf0442579702d6f434c3472c P 5689e936e9484d678ccf14f9d14e279e reported cstate change: config changed from index -1 to 2, NON_VOTER 801623a9f93e4c50a61bd112fa36f808 (127.29.123.4) added. New cstate: current_term: 1 leader_uuid: "5848e55893c046c797c4816052d675a2" committed_config { opid_index: 2 OBSOLETE_local: false peers { permanent_uuid: "5848e55893c046c797c4816052d675a2" member_type: VOTER last_known_addr { host: "127.29.123.1" port: 38191 } } peers { permanent_uuid: "5689e936e9484d678ccf14f9d14e279e" member_type: VOTER last_known_addr { host: "127.29.123.2" port: 33899 } } peers { permanent_uuid: "f2111e0b900e4d29ac95042a55b039ca" member_type: VOTER last_known_addr { host: "127.29.123.3" port: 32851 } attrs { replace: true } } peers { permanent_uuid: "801623a9f93e4c50a61bd112fa36f808" member_type: NON_VOTER last_known_addr { host: "127.29.123.4" port: 41433 } attrs { promote: true } } }
I20260630 12:20:34.470268 30933 consensus_queue.cc:237] T 6a86590c1fdd4eff8082ec35b609552e P 5689e936e9484d678ccf14f9d14e279e [LEADER]: Queue going to LEADER mode. State: All replicated index: 0, Majority replicated index: 1, Committed index: 1, Last appended: 1.1, Last appended by leader: 0, Current term: 1, Majority size: 2, State: 0, Mode: LEADER, active raft config: opid_index: 2 OBSOLETE_local: false peers { permanent_uuid: "5848e55893c046c797c4816052d675a2" member_type: VOTER last_known_addr { host: "127.29.123.1" port: 38191 } attrs { replace: true } } peers { permanent_uuid: "5689e936e9484d678ccf14f9d14e279e" member_type: VOTER last_known_addr { host: "127.29.123.2" port: 33899 } } peers { permanent_uuid: "f2111e0b900e4d29ac95042a55b039ca" member_type: VOTER last_known_addr { host: "127.29.123.3" port: 32851 } } peers { permanent_uuid: "801623a9f93e4c50a61bd112fa36f808" member_type: NON_VOTER last_known_addr { host: "127.29.123.4" port: 41433 } attrs { promote: true } }
I20260630 12:20:34.485400 31006 raft_consensus.cc:1275] T 6a86590c1fdd4eff8082ec35b609552e P f2111e0b900e4d29ac95042a55b039ca [term 1 FOLLOWER]: Refusing update from remote peer 5689e936e9484d678ccf14f9d14e279e: Log matching property violated. Preceding OpId in replica: term: 1 index: 1. Preceding OpId from leader: term: 1 index: 2. (index mismatch)
I20260630 12:20:34.486545 30859 raft_consensus.cc:1275] T 6a86590c1fdd4eff8082ec35b609552e P 5848e55893c046c797c4816052d675a2 [term 1 FOLLOWER]: Refusing update from remote peer 5689e936e9484d678ccf14f9d14e279e: Log matching property violated. Preceding OpId in replica: term: 1 index: 1. Preceding OpId from leader: term: 1 index: 2. (index mismatch)
I20260630 12:20:34.487079 31230 consensus_queue.cc:1048] T 6a86590c1fdd4eff8082ec35b609552e P 5689e936e9484d678ccf14f9d14e279e [LEADER]: Connected to new peer: Peer: permanent_uuid: "f2111e0b900e4d29ac95042a55b039ca" member_type: VOTER last_known_addr { host: "127.29.123.3" port: 32851 }, Status: LMP_MISMATCH, Last received: 0.0, Next index: 2, Last known committed idx: 1, Time since last communication: 0.001s
I20260630 12:20:34.488149 31210 consensus_queue.cc:1048] T 6a86590c1fdd4eff8082ec35b609552e P 5689e936e9484d678ccf14f9d14e279e [LEADER]: Connected to new peer: Peer: permanent_uuid: "5848e55893c046c797c4816052d675a2" member_type: VOTER last_known_addr { host: "127.29.123.1" port: 38191 } attrs { replace: true }, Status: LMP_MISMATCH, Last received: 0.0, Next index: 2, Last known committed idx: 1, Time since last communication: 0.000s
W20260630 12:20:34.496781 30898 consensus_peers.cc:597] T 6a86590c1fdd4eff8082ec35b609552e P 5689e936e9484d678ccf14f9d14e279e -> Peer 801623a9f93e4c50a61bd112fa36f808 (127.29.123.4:41433): Couldn't send request to peer 801623a9f93e4c50a61bd112fa36f808. Error code: TABLET_NOT_FOUND (6). Status: Not found: Tablet not found: 6a86590c1fdd4eff8082ec35b609552e. This is attempt 1: this message will repeat every 5th retry.
I20260630 12:20:34.497630 31230 raft_consensus.cc:2955] T 6a86590c1fdd4eff8082ec35b609552e P 5689e936e9484d678ccf14f9d14e279e [term 1 LEADER]: Committing config change with OpId 1.2: config changed from index -1 to 2, NON_VOTER 801623a9f93e4c50a61bd112fa36f808 (127.29.123.4) added. New config: { opid_index: 2 OBSOLETE_local: false peers { permanent_uuid: "5848e55893c046c797c4816052d675a2" member_type: VOTER last_known_addr { host: "127.29.123.1" port: 38191 } attrs { replace: true } } peers { permanent_uuid: "5689e936e9484d678ccf14f9d14e279e" member_type: VOTER last_known_addr { host: "127.29.123.2" port: 33899 } } peers { permanent_uuid: "f2111e0b900e4d29ac95042a55b039ca" member_type: VOTER last_known_addr { host: "127.29.123.3" port: 32851 } } peers { permanent_uuid: "801623a9f93e4c50a61bd112fa36f808" member_type: NON_VOTER last_known_addr { host: "127.29.123.4" port: 41433 } attrs { promote: true } } }
I20260630 12:20:34.499404 31006 raft_consensus.cc:2955] T 6a86590c1fdd4eff8082ec35b609552e P f2111e0b900e4d29ac95042a55b039ca [term 1 FOLLOWER]: Committing config change with OpId 1.2: config changed from index -1 to 2, NON_VOTER 801623a9f93e4c50a61bd112fa36f808 (127.29.123.4) added. New config: { opid_index: 2 OBSOLETE_local: false peers { permanent_uuid: "5848e55893c046c797c4816052d675a2" member_type: VOTER last_known_addr { host: "127.29.123.1" port: 38191 } attrs { replace: true } } peers { permanent_uuid: "5689e936e9484d678ccf14f9d14e279e" member_type: VOTER last_known_addr { host: "127.29.123.2" port: 33899 } } peers { permanent_uuid: "f2111e0b900e4d29ac95042a55b039ca" member_type: VOTER last_known_addr { host: "127.29.123.3" port: 32851 } } peers { permanent_uuid: "801623a9f93e4c50a61bd112fa36f808" member_type: NON_VOTER last_known_addr { host: "127.29.123.4" port: 41433 } attrs { promote: true } } }
I20260630 12:20:34.500909 30859 raft_consensus.cc:2955] T 6a86590c1fdd4eff8082ec35b609552e P 5848e55893c046c797c4816052d675a2 [term 1 FOLLOWER]: Committing config change with OpId 1.2: config changed from index -1 to 2, NON_VOTER 801623a9f93e4c50a61bd112fa36f808 (127.29.123.4) added. New config: { opid_index: 2 OBSOLETE_local: false peers { permanent_uuid: "5848e55893c046c797c4816052d675a2" member_type: VOTER last_known_addr { host: "127.29.123.1" port: 38191 } attrs { replace: true } } peers { permanent_uuid: "5689e936e9484d678ccf14f9d14e279e" member_type: VOTER last_known_addr { host: "127.29.123.2" port: 33899 } } peers { permanent_uuid: "f2111e0b900e4d29ac95042a55b039ca" member_type: VOTER last_known_addr { host: "127.29.123.3" port: 32851 } } peers { permanent_uuid: "801623a9f93e4c50a61bd112fa36f808" member_type: NON_VOTER last_known_addr { host: "127.29.123.4" port: 41433 } attrs { promote: true } } }
I20260630 12:20:34.511097 30754 catalog_manager.cc:5697] T 6a86590c1fdd4eff8082ec35b609552e P f2111e0b900e4d29ac95042a55b039ca reported cstate change: config changed from index -1 to 2, NON_VOTER 801623a9f93e4c50a61bd112fa36f808 (127.29.123.4) added. New cstate: current_term: 1 leader_uuid: "5689e936e9484d678ccf14f9d14e279e" committed_config { opid_index: 2 OBSOLETE_local: false peers { permanent_uuid: "5848e55893c046c797c4816052d675a2" member_type: VOTER last_known_addr { host: "127.29.123.1" port: 38191 } attrs { replace: true } } peers { permanent_uuid: "5689e936e9484d678ccf14f9d14e279e" member_type: VOTER last_known_addr { host: "127.29.123.2" port: 33899 } } peers { permanent_uuid: "f2111e0b900e4d29ac95042a55b039ca" member_type: VOTER last_known_addr { host: "127.29.123.3" port: 32851 } } peers { permanent_uuid: "801623a9f93e4c50a61bd112fa36f808" member_type: NON_VOTER last_known_addr { host: "127.29.123.4" port: 41433 } attrs { promote: true } } }
I20260630 12:20:34.514703 30858 consensus_queue.cc:237] T 034d81125ccf4624beed78489094fbea P 5848e55893c046c797c4816052d675a2 [LEADER]: Queue going to LEADER mode. State: All replicated index: 0, Majority replicated index: 1, Committed index: 1, Last appended: 1.1, Last appended by leader: 0, Current term: 1, Majority size: 2, State: 0, Mode: LEADER, active raft config: opid_index: 2 OBSOLETE_local: false peers { permanent_uuid: "5848e55893c046c797c4816052d675a2" member_type: VOTER last_known_addr { host: "127.29.123.1" port: 38191 } } peers { permanent_uuid: "5689e936e9484d678ccf14f9d14e279e" member_type: VOTER last_known_addr { host: "127.29.123.2" port: 33899 } attrs { replace: true } } peers { permanent_uuid: "f2111e0b900e4d29ac95042a55b039ca" member_type: VOTER last_known_addr { host: "127.29.123.3" port: 32851 } } peers { permanent_uuid: "801623a9f93e4c50a61bd112fa36f808" member_type: NON_VOTER last_known_addr { host: "127.29.123.4" port: 41433 } attrs { promote: true } }
W20260630 12:20:34.523900 30823 consensus_peers.cc:597] T 034d81125ccf4624beed78489094fbea P 5848e55893c046c797c4816052d675a2 -> Peer 801623a9f93e4c50a61bd112fa36f808 (127.29.123.4:41433): Couldn't send request to peer 801623a9f93e4c50a61bd112fa36f808. Error code: TABLET_NOT_FOUND (6). Status: Not found: Tablet not found: 034d81125ccf4624beed78489094fbea. This is attempt 1: this message will repeat every 5th retry.
I20260630 12:20:34.524722 31006 raft_consensus.cc:1275] T 034d81125ccf4624beed78489094fbea P f2111e0b900e4d29ac95042a55b039ca [term 1 FOLLOWER]: Refusing update from remote peer 5848e55893c046c797c4816052d675a2: Log matching property violated. Preceding OpId in replica: term: 1 index: 1. Preceding OpId from leader: term: 1 index: 2. (index mismatch)
I20260630 12:20:34.526566 30933 raft_consensus.cc:1275] T 034d81125ccf4624beed78489094fbea P 5689e936e9484d678ccf14f9d14e279e [term 1 FOLLOWER]: Refusing update from remote peer 5848e55893c046c797c4816052d675a2: Log matching property violated. Preceding OpId in replica: term: 1 index: 1. Preceding OpId from leader: term: 1 index: 2. (index mismatch)
I20260630 12:20:34.528098 31221 consensus_queue.cc:1048] T 034d81125ccf4624beed78489094fbea P 5848e55893c046c797c4816052d675a2 [LEADER]: Connected to new peer: Peer: permanent_uuid: "f2111e0b900e4d29ac95042a55b039ca" member_type: VOTER last_known_addr { host: "127.29.123.3" port: 32851 }, Status: LMP_MISMATCH, Last received: 0.0, Next index: 2, Last known committed idx: 1, Time since last communication: 0.001s
I20260630 12:20:34.529201 31218 consensus_queue.cc:1048] T 034d81125ccf4624beed78489094fbea P 5848e55893c046c797c4816052d675a2 [LEADER]: Connected to new peer: Peer: permanent_uuid: "5689e936e9484d678ccf14f9d14e279e" member_type: VOTER last_known_addr { host: "127.29.123.2" port: 33899 } attrs { replace: true }, Status: LMP_MISMATCH, Last received: 0.0, Next index: 2, Last known committed idx: 1, Time since last communication: 0.000s
I20260630 12:20:34.536536 31221 raft_consensus.cc:2955] T 034d81125ccf4624beed78489094fbea P 5848e55893c046c797c4816052d675a2 [term 1 LEADER]: Committing config change with OpId 1.2: config changed from index -1 to 2, NON_VOTER 801623a9f93e4c50a61bd112fa36f808 (127.29.123.4) added. New config: { opid_index: 2 OBSOLETE_local: false peers { permanent_uuid: "5848e55893c046c797c4816052d675a2" member_type: VOTER last_known_addr { host: "127.29.123.1" port: 38191 } } peers { permanent_uuid: "5689e936e9484d678ccf14f9d14e279e" member_type: VOTER last_known_addr { host: "127.29.123.2" port: 33899 } attrs { replace: true } } peers { permanent_uuid: "f2111e0b900e4d29ac95042a55b039ca" member_type: VOTER last_known_addr { host: "127.29.123.3" port: 32851 } } peers { permanent_uuid: "801623a9f93e4c50a61bd112fa36f808" member_type: NON_VOTER last_known_addr { host: "127.29.123.4" port: 41433 } attrs { promote: true } } }
I20260630 12:20:34.538242 30932 raft_consensus.cc:2955] T 034d81125ccf4624beed78489094fbea P 5689e936e9484d678ccf14f9d14e279e [term 1 FOLLOWER]: Committing config change with OpId 1.2: config changed from index -1 to 2, NON_VOTER 801623a9f93e4c50a61bd112fa36f808 (127.29.123.4) added. New config: { opid_index: 2 OBSOLETE_local: false peers { permanent_uuid: "5848e55893c046c797c4816052d675a2" member_type: VOTER last_known_addr { host: "127.29.123.1" port: 38191 } } peers { permanent_uuid: "5689e936e9484d678ccf14f9d14e279e" member_type: VOTER last_known_addr { host: "127.29.123.2" port: 33899 } attrs { replace: true } } peers { permanent_uuid: "f2111e0b900e4d29ac95042a55b039ca" member_type: VOTER last_known_addr { host: "127.29.123.3" port: 32851 } } peers { permanent_uuid: "801623a9f93e4c50a61bd112fa36f808" member_type: NON_VOTER last_known_addr { host: "127.29.123.4" port: 41433 } attrs { promote: true } } }
I20260630 12:20:34.540410 31006 raft_consensus.cc:2955] T 034d81125ccf4624beed78489094fbea P f2111e0b900e4d29ac95042a55b039ca [term 1 FOLLOWER]: Committing config change with OpId 1.2: config changed from index -1 to 2, NON_VOTER 801623a9f93e4c50a61bd112fa36f808 (127.29.123.4) added. New config: { opid_index: 2 OBSOLETE_local: false peers { permanent_uuid: "5848e55893c046c797c4816052d675a2" member_type: VOTER last_known_addr { host: "127.29.123.1" port: 38191 } } peers { permanent_uuid: "5689e936e9484d678ccf14f9d14e279e" member_type: VOTER last_known_addr { host: "127.29.123.2" port: 33899 } attrs { replace: true } } peers { permanent_uuid: "f2111e0b900e4d29ac95042a55b039ca" member_type: VOTER last_known_addr { host: "127.29.123.3" port: 32851 } } peers { permanent_uuid: "801623a9f93e4c50a61bd112fa36f808" member_type: NON_VOTER last_known_addr { host: "127.29.123.4" port: 41433 } attrs { promote: true } } }
I20260630 12:20:34.549528 30858 consensus_queue.cc:237] T dc92353e8dbf44f69671eb482c575b08 P 5848e55893c046c797c4816052d675a2 [LEADER]: Queue going to LEADER mode. State: All replicated index: 0, Majority replicated index: 1, Committed index: 1, Last appended: 1.1, Last appended by leader: 0, Current term: 1, Majority size: 2, State: 0, Mode: LEADER, active raft config: opid_index: 2 OBSOLETE_local: false peers { permanent_uuid: "5848e55893c046c797c4816052d675a2" member_type: VOTER last_known_addr { host: "127.29.123.1" port: 38191 } } peers { permanent_uuid: "5689e936e9484d678ccf14f9d14e279e" member_type: VOTER last_known_addr { host: "127.29.123.2" port: 33899 } attrs { replace: true } } peers { permanent_uuid: "f2111e0b900e4d29ac95042a55b039ca" member_type: VOTER last_known_addr { host: "127.29.123.3" port: 32851 } } peers { permanent_uuid: "801623a9f93e4c50a61bd112fa36f808" member_type: NON_VOTER last_known_addr { host: "127.29.123.4" port: 41433 } attrs { promote: true } }
I20260630 12:20:34.550729 30757 catalog_manager.cc:5697] T 034d81125ccf4624beed78489094fbea P 5689e936e9484d678ccf14f9d14e279e reported cstate change: config changed from index -1 to 2, NON_VOTER 801623a9f93e4c50a61bd112fa36f808 (127.29.123.4) added. New cstate: current_term: 1 leader_uuid: "5848e55893c046c797c4816052d675a2" committed_config { opid_index: 2 OBSOLETE_local: false peers { permanent_uuid: "5848e55893c046c797c4816052d675a2" member_type: VOTER last_known_addr { host: "127.29.123.1" port: 38191 } } peers { permanent_uuid: "5689e936e9484d678ccf14f9d14e279e" member_type: VOTER last_known_addr { host: "127.29.123.2" port: 33899 } attrs { replace: true } } peers { permanent_uuid: "f2111e0b900e4d29ac95042a55b039ca" member_type: VOTER last_known_addr { host: "127.29.123.3" port: 32851 } } peers { permanent_uuid: "801623a9f93e4c50a61bd112fa36f808" member_type: NON_VOTER last_known_addr { host: "127.29.123.4" port: 41433 } attrs { promote: true } } }
W20260630 12:20:34.557430 30823 consensus_peers.cc:597] T dc92353e8dbf44f69671eb482c575b08 P 5848e55893c046c797c4816052d675a2 -> Peer 801623a9f93e4c50a61bd112fa36f808 (127.29.123.4:41433): Couldn't send request to peer 801623a9f93e4c50a61bd112fa36f808. Error code: TABLET_NOT_FOUND (6). Status: Not found: Tablet not found: dc92353e8dbf44f69671eb482c575b08. This is attempt 1: this message will repeat every 5th retry.
I20260630 12:20:34.558945 30932 raft_consensus.cc:1275] T dc92353e8dbf44f69671eb482c575b08 P 5689e936e9484d678ccf14f9d14e279e [term 1 FOLLOWER]: Refusing update from remote peer 5848e55893c046c797c4816052d675a2: Log matching property violated. Preceding OpId in replica: term: 1 index: 1. Preceding OpId from leader: term: 1 index: 2. (index mismatch)
I20260630 12:20:34.560317 31057 consensus_queue.cc:1048] T dc92353e8dbf44f69671eb482c575b08 P 5848e55893c046c797c4816052d675a2 [LEADER]: Connected to new peer: Peer: permanent_uuid: "5689e936e9484d678ccf14f9d14e279e" member_type: VOTER last_known_addr { host: "127.29.123.2" port: 33899 } attrs { replace: true }, Status: LMP_MISMATCH, Last received: 0.0, Next index: 2, Last known committed idx: 1, Time since last communication: 0.000s
I20260630 12:20:34.560572 31006 raft_consensus.cc:1275] T dc92353e8dbf44f69671eb482c575b08 P f2111e0b900e4d29ac95042a55b039ca [term 1 FOLLOWER]: Refusing update from remote peer 5848e55893c046c797c4816052d675a2: Log matching property violated. Preceding OpId in replica: term: 1 index: 1. Preceding OpId from leader: term: 1 index: 2. (index mismatch)
I20260630 12:20:34.561941 31057 consensus_queue.cc:1048] T dc92353e8dbf44f69671eb482c575b08 P 5848e55893c046c797c4816052d675a2 [LEADER]: Connected to new peer: Peer: permanent_uuid: "f2111e0b900e4d29ac95042a55b039ca" member_type: VOTER last_known_addr { host: "127.29.123.3" port: 32851 }, Status: LMP_MISMATCH, Last received: 0.0, Next index: 2, Last known committed idx: 1, Time since last communication: 0.000s
I20260630 12:20:34.569612 31057 raft_consensus.cc:2955] T dc92353e8dbf44f69671eb482c575b08 P 5848e55893c046c797c4816052d675a2 [term 1 LEADER]: Committing config change with OpId 1.2: config changed from index -1 to 2, NON_VOTER 801623a9f93e4c50a61bd112fa36f808 (127.29.123.4) added. New config: { opid_index: 2 OBSOLETE_local: false peers { permanent_uuid: "5848e55893c046c797c4816052d675a2" member_type: VOTER last_known_addr { host: "127.29.123.1" port: 38191 } } peers { permanent_uuid: "5689e936e9484d678ccf14f9d14e279e" member_type: VOTER last_known_addr { host: "127.29.123.2" port: 33899 } attrs { replace: true } } peers { permanent_uuid: "f2111e0b900e4d29ac95042a55b039ca" member_type: VOTER last_known_addr { host: "127.29.123.3" port: 32851 } } peers { permanent_uuid: "801623a9f93e4c50a61bd112fa36f808" member_type: NON_VOTER last_known_addr { host: "127.29.123.4" port: 41433 } attrs { promote: true } } }
I20260630 12:20:34.571491 30932 raft_consensus.cc:2955] T dc92353e8dbf44f69671eb482c575b08 P 5689e936e9484d678ccf14f9d14e279e [term 1 FOLLOWER]: Committing config change with OpId 1.2: config changed from index -1 to 2, NON_VOTER 801623a9f93e4c50a61bd112fa36f808 (127.29.123.4) added. New config: { opid_index: 2 OBSOLETE_local: false peers { permanent_uuid: "5848e55893c046c797c4816052d675a2" member_type: VOTER last_known_addr { host: "127.29.123.1" port: 38191 } } peers { permanent_uuid: "5689e936e9484d678ccf14f9d14e279e" member_type: VOTER last_known_addr { host: "127.29.123.2" port: 33899 } attrs { replace: true } } peers { permanent_uuid: "f2111e0b900e4d29ac95042a55b039ca" member_type: VOTER last_known_addr { host: "127.29.123.3" port: 32851 } } peers { permanent_uuid: "801623a9f93e4c50a61bd112fa36f808" member_type: NON_VOTER last_known_addr { host: "127.29.123.4" port: 41433 } attrs { promote: true } } }
I20260630 12:20:34.574330 31006 raft_consensus.cc:2955] T dc92353e8dbf44f69671eb482c575b08 P f2111e0b900e4d29ac95042a55b039ca [term 1 FOLLOWER]: Committing config change with OpId 1.2: config changed from index -1 to 2, NON_VOTER 801623a9f93e4c50a61bd112fa36f808 (127.29.123.4) added. New config: { opid_index: 2 OBSOLETE_local: false peers { permanent_uuid: "5848e55893c046c797c4816052d675a2" member_type: VOTER last_known_addr { host: "127.29.123.1" port: 38191 } } peers { permanent_uuid: "5689e936e9484d678ccf14f9d14e279e" member_type: VOTER last_known_addr { host: "127.29.123.2" port: 33899 } attrs { replace: true } } peers { permanent_uuid: "f2111e0b900e4d29ac95042a55b039ca" member_type: VOTER last_known_addr { host: "127.29.123.3" port: 32851 } } peers { permanent_uuid: "801623a9f93e4c50a61bd112fa36f808" member_type: NON_VOTER last_known_addr { host: "127.29.123.4" port: 41433 } attrs { promote: true } } }
I20260630 12:20:34.585038 30755 catalog_manager.cc:5697] T dc92353e8dbf44f69671eb482c575b08 P 5689e936e9484d678ccf14f9d14e279e reported cstate change: config changed from index -1 to 2, NON_VOTER 801623a9f93e4c50a61bd112fa36f808 (127.29.123.4) added. New cstate: current_term: 1 leader_uuid: "5848e55893c046c797c4816052d675a2" committed_config { opid_index: 2 OBSOLETE_local: false peers { permanent_uuid: "5848e55893c046c797c4816052d675a2" member_type: VOTER last_known_addr { host: "127.29.123.1" port: 38191 } } peers { permanent_uuid: "5689e936e9484d678ccf14f9d14e279e" member_type: VOTER last_known_addr { host: "127.29.123.2" port: 33899 } attrs { replace: true } } peers { permanent_uuid: "f2111e0b900e4d29ac95042a55b039ca" member_type: VOTER last_known_addr { host: "127.29.123.3" port: 32851 } } peers { permanent_uuid: "801623a9f93e4c50a61bd112fa36f808" member_type: NON_VOTER last_known_addr { host: "127.29.123.4" port: 41433 } attrs { promote: true } } }
I20260630 12:20:34.809748 31241 ts_tablet_manager.cc:933] T 8fd0a2d2cf0442579702d6f434c3472c P 801623a9f93e4c50a61bd112fa36f808: Initiating tablet copy from peer 5848e55893c046c797c4816052d675a2 (127.29.123.1:38191)
I20260630 12:20:34.811832 31241 tablet_copy_client.cc:323] T 8fd0a2d2cf0442579702d6f434c3472c P 801623a9f93e4c50a61bd112fa36f808: tablet copy: Beginning tablet copy session from remote peer at address 127.29.123.1:38191
I20260630 12:20:34.816649 30188 tablet_server.cc:179] TabletServer@127.29.123.1:0 shutting down...
I20260630 12:20:34.853538 30188 ts_tablet_manager.cc:1507] Shutting down tablet manager...
I20260630 12:20:34.854389 30188 tablet_replica.cc:333] T dc92353e8dbf44f69671eb482c575b08 P 5848e55893c046c797c4816052d675a2: stopping tablet replica
I20260630 12:20:34.855414 30188 raft_consensus.cc:2243] T dc92353e8dbf44f69671eb482c575b08 P 5848e55893c046c797c4816052d675a2 [term 1 LEADER]: Raft consensus shutting down.
I20260630 12:20:34.856426 30188 raft_consensus.cc:2272] T dc92353e8dbf44f69671eb482c575b08 P 5848e55893c046c797c4816052d675a2 [term 1 FOLLOWER]: Raft consensus is shut down!
I20260630 12:20:34.859319 30188 tablet_replica.cc:333] T 32c24a59afae41a285fbff6cd8da1892 P 5848e55893c046c797c4816052d675a2: stopping tablet replica
I20260630 12:20:34.859905 30188 raft_consensus.cc:2243] T 32c24a59afae41a285fbff6cd8da1892 P 5848e55893c046c797c4816052d675a2 [term 1 FOLLOWER]: Raft consensus shutting down.
I20260630 12:20:34.860307 30188 raft_consensus.cc:2272] T 32c24a59afae41a285fbff6cd8da1892 P 5848e55893c046c797c4816052d675a2 [term 1 FOLLOWER]: Raft consensus is shut down!
I20260630 12:20:34.862182 30188 tablet_replica.cc:333] T c88c78e1e8ef447aac12e287035e4d5e P 5848e55893c046c797c4816052d675a2: stopping tablet replica
I20260630 12:20:34.862663 30188 raft_consensus.cc:2243] T c88c78e1e8ef447aac12e287035e4d5e P 5848e55893c046c797c4816052d675a2 [term 1 FOLLOWER]: Raft consensus shutting down.
I20260630 12:20:34.863041 30188 raft_consensus.cc:2272] T c88c78e1e8ef447aac12e287035e4d5e P 5848e55893c046c797c4816052d675a2 [term 1 FOLLOWER]: Raft consensus is shut down!
I20260630 12:20:34.865113 30188 tablet_replica.cc:333] T 8fd0a2d2cf0442579702d6f434c3472c P 5848e55893c046c797c4816052d675a2: stopping tablet replica
I20260630 12:20:34.865743 30188 raft_consensus.cc:2243] T 8fd0a2d2cf0442579702d6f434c3472c P 5848e55893c046c797c4816052d675a2 [term 1 LEADER]: Raft consensus shutting down.
I20260630 12:20:34.866516 30188 raft_consensus.cc:2272] T 8fd0a2d2cf0442579702d6f434c3472c P 5848e55893c046c797c4816052d675a2 [term 1 FOLLOWER]: Raft consensus is shut down!
W20260630 12:20:34.866439 30972 proxy.cc:239] Call had error, refreshing address and retrying: Remote error: Service unavailable: service kudu.consensus.ConsensusService not registered on TabletServer
I20260630 12:20:34.869340 30188 tablet_replica.cc:333] T 8fbb3ad869c94439b018de3addad254e P 5848e55893c046c797c4816052d675a2: stopping tablet replica
I20260630 12:20:34.869858 30188 raft_consensus.cc:2243] T 8fbb3ad869c94439b018de3addad254e P 5848e55893c046c797c4816052d675a2 [term 1 FOLLOWER]: Raft consensus shutting down.
I20260630 12:20:34.870270 30188 raft_consensus.cc:2272] T 8fbb3ad869c94439b018de3addad254e P 5848e55893c046c797c4816052d675a2 [term 1 FOLLOWER]: Raft consensus is shut down!
I20260630 12:20:34.872182 30188 tablet_replica.cc:333] T 6a86590c1fdd4eff8082ec35b609552e P 5848e55893c046c797c4816052d675a2: stopping tablet replica
I20260630 12:20:34.872673 30188 raft_consensus.cc:2243] T 6a86590c1fdd4eff8082ec35b609552e P 5848e55893c046c797c4816052d675a2 [term 1 FOLLOWER]: Raft consensus shutting down.
I20260630 12:20:34.873118 30188 raft_consensus.cc:2272] T 6a86590c1fdd4eff8082ec35b609552e P 5848e55893c046c797c4816052d675a2 [term 1 FOLLOWER]: Raft consensus is shut down!
I20260630 12:20:34.875775 30188 tablet_replica.cc:333] T 951c8002d932402aaf1cb19bd419642a P 5848e55893c046c797c4816052d675a2: stopping tablet replica
I20260630 12:20:34.876269 30188 raft_consensus.cc:2243] T 951c8002d932402aaf1cb19bd419642a P 5848e55893c046c797c4816052d675a2 [term 1 FOLLOWER]: Raft consensus shutting down.
I20260630 12:20:34.876665 30188 raft_consensus.cc:2272] T 951c8002d932402aaf1cb19bd419642a P 5848e55893c046c797c4816052d675a2 [term 1 FOLLOWER]: Raft consensus is shut down!
I20260630 12:20:34.878363 30188 tablet_replica.cc:333] T 034d81125ccf4624beed78489094fbea P 5848e55893c046c797c4816052d675a2: stopping tablet replica
I20260630 12:20:34.878974 30188 raft_consensus.cc:2243] T 034d81125ccf4624beed78489094fbea P 5848e55893c046c797c4816052d675a2 [term 1 LEADER]: Raft consensus shutting down.
I20260630 12:20:34.880012 30188 raft_consensus.cc:2272] T 034d81125ccf4624beed78489094fbea P 5848e55893c046c797c4816052d675a2 [term 1 FOLLOWER]: Raft consensus is shut down!
W20260630 12:20:34.880945 30972 consensus_peers.cc:597] T 951c8002d932402aaf1cb19bd419642a P f2111e0b900e4d29ac95042a55b039ca -> Peer 5848e55893c046c797c4816052d675a2 (127.29.123.1:38191): Couldn't send request to peer 5848e55893c046c797c4816052d675a2. Status: Remote error: Service unavailable: service kudu.consensus.ConsensusService not registered on TabletServer. This is attempt 1: this message will repeat every 5th retry.
I20260630 12:20:34.910001 30188 tablet_server.cc:196] TabletServer@127.29.123.1:0 shutdown complete.
I20260630 12:20:34.929935 30188 tablet_server.cc:179] TabletServer@127.29.123.2:0 shutting down...
W20260630 12:20:34.946055 31121 connection.cc:466] server connection from 127.0.0.1:46282 torn down before Call kudu.consensus.ConsensusService.StartTabletCopy from 127.0.0.1:46282 (request call id 3) could send its response
W20260630 12:20:34.960521 30898 consensus_peers.cc:597] T 6a86590c1fdd4eff8082ec35b609552e P 5689e936e9484d678ccf14f9d14e279e -> Peer 5848e55893c046c797c4816052d675a2 (127.29.123.1:38191): Couldn't send request to peer 5848e55893c046c797c4816052d675a2. Status: Network error: Client connection negotiation failed: client connection to 127.29.123.1:38191: connect: Connection refused (error 111). This is attempt 1: this message will repeat every 5th retry.
W20260630 12:20:34.970789 30972 consensus_peers.cc:597] T c88c78e1e8ef447aac12e287035e4d5e P f2111e0b900e4d29ac95042a55b039ca -> Peer 5848e55893c046c797c4816052d675a2 (127.29.123.1:38191): Couldn't send request to peer 5848e55893c046c797c4816052d675a2. Status: Network error: Client connection negotiation failed: client connection to 127.29.123.1:38191: connect: Connection refused (error 111). This is attempt 1: this message will repeat every 5th retry.
I20260630 12:20:34.979347 30188 ts_tablet_manager.cc:1507] Shutting down tablet manager...
I20260630 12:20:34.980105 30188 tablet_replica.cc:333] T dc92353e8dbf44f69671eb482c575b08 P 5689e936e9484d678ccf14f9d14e279e: stopping tablet replica
I20260630 12:20:34.980751 30188 raft_consensus.cc:2243] T dc92353e8dbf44f69671eb482c575b08 P 5689e936e9484d678ccf14f9d14e279e [term 1 FOLLOWER]: Raft consensus shutting down.
I20260630 12:20:34.981226 30188 raft_consensus.cc:2272] T dc92353e8dbf44f69671eb482c575b08 P 5689e936e9484d678ccf14f9d14e279e [term 1 FOLLOWER]: Raft consensus is shut down!
I20260630 12:20:34.983541 30188 tablet_replica.cc:333] T 951c8002d932402aaf1cb19bd419642a P 5689e936e9484d678ccf14f9d14e279e: stopping tablet replica
I20260630 12:20:34.984086 30188 raft_consensus.cc:2243] T 951c8002d932402aaf1cb19bd419642a P 5689e936e9484d678ccf14f9d14e279e [term 1 FOLLOWER]: Raft consensus shutting down.
I20260630 12:20:34.984491 30188 raft_consensus.cc:2272] T 951c8002d932402aaf1cb19bd419642a P 5689e936e9484d678ccf14f9d14e279e [term 1 FOLLOWER]: Raft consensus is shut down!
I20260630 12:20:34.986303 30188 tablet_replica.cc:333] T 32c24a59afae41a285fbff6cd8da1892 P 5689e936e9484d678ccf14f9d14e279e: stopping tablet replica
I20260630 12:20:34.986884 30188 raft_consensus.cc:2243] T 32c24a59afae41a285fbff6cd8da1892 P 5689e936e9484d678ccf14f9d14e279e [term 1 LEADER]: Raft consensus shutting down.
I20260630 12:20:34.987577 30188 raft_consensus.cc:2272] T 32c24a59afae41a285fbff6cd8da1892 P 5689e936e9484d678ccf14f9d14e279e [term 1 FOLLOWER]: Raft consensus is shut down!
I20260630 12:20:34.989327 30188 tablet_replica.cc:333] T c88c78e1e8ef447aac12e287035e4d5e P 5689e936e9484d678ccf14f9d14e279e: stopping tablet replica
I20260630 12:20:34.989822 30188 raft_consensus.cc:2243] T c88c78e1e8ef447aac12e287035e4d5e P 5689e936e9484d678ccf14f9d14e279e [term 1 FOLLOWER]: Raft consensus shutting down.
I20260630 12:20:34.990216 30188 raft_consensus.cc:2272] T c88c78e1e8ef447aac12e287035e4d5e P 5689e936e9484d678ccf14f9d14e279e [term 1 FOLLOWER]: Raft consensus is shut down!
I20260630 12:20:34.991955 30188 tablet_replica.cc:333] T 8fd0a2d2cf0442579702d6f434c3472c P 5689e936e9484d678ccf14f9d14e279e: stopping tablet replica
I20260630 12:20:34.992419 30188 raft_consensus.cc:2243] T 8fd0a2d2cf0442579702d6f434c3472c P 5689e936e9484d678ccf14f9d14e279e [term 1 FOLLOWER]: Raft consensus shutting down.
I20260630 12:20:34.992822 30188 raft_consensus.cc:2272] T 8fd0a2d2cf0442579702d6f434c3472c P 5689e936e9484d678ccf14f9d14e279e [term 1 FOLLOWER]: Raft consensus is shut down!
I20260630 12:20:34.995236 30188 tablet_replica.cc:333] T 6a86590c1fdd4eff8082ec35b609552e P 5689e936e9484d678ccf14f9d14e279e: stopping tablet replica
I20260630 12:20:34.995842 30188 raft_consensus.cc:2243] T 6a86590c1fdd4eff8082ec35b609552e P 5689e936e9484d678ccf14f9d14e279e [term 1 LEADER]: Raft consensus shutting down.
I20260630 12:20:34.996203 31241 ts_tablet_manager.cc:933] T 6a86590c1fdd4eff8082ec35b609552e P 801623a9f93e4c50a61bd112fa36f808: Initiating tablet copy from peer 5689e936e9484d678ccf14f9d14e279e (127.29.123.2:33899)
I20260630 12:20:34.996912 30188 raft_consensus.cc:2272] T 6a86590c1fdd4eff8082ec35b609552e P 5689e936e9484d678ccf14f9d14e279e [term 1 FOLLOWER]: Raft consensus is shut down!
I20260630 12:20:34.997920 31241 tablet_copy_client.cc:323] T 6a86590c1fdd4eff8082ec35b609552e P 801623a9f93e4c50a61bd112fa36f808: tablet copy: Beginning tablet copy session from remote peer at address 127.29.123.2:33899
I20260630 12:20:34.999843 30188 tablet_replica.cc:333] T 8fbb3ad869c94439b018de3addad254e P 5689e936e9484d678ccf14f9d14e279e: stopping tablet replica
I20260630 12:20:35.000589 30188 raft_consensus.cc:2243] T 8fbb3ad869c94439b018de3addad254e P 5689e936e9484d678ccf14f9d14e279e [term 1 FOLLOWER]: Raft consensus shutting down.
I20260630 12:20:35.001134 30188 raft_consensus.cc:2272] T 8fbb3ad869c94439b018de3addad254e P 5689e936e9484d678ccf14f9d14e279e [term 1 FOLLOWER]: Raft consensus is shut down!
I20260630 12:20:35.003579 30188 tablet_replica.cc:333] T 034d81125ccf4624beed78489094fbea P 5689e936e9484d678ccf14f9d14e279e: stopping tablet replica
I20260630 12:20:35.004215 30188 raft_consensus.cc:2243] T 034d81125ccf4624beed78489094fbea P 5689e936e9484d678ccf14f9d14e279e [term 1 FOLLOWER]: Raft consensus shutting down.
I20260630 12:20:35.004781 30188 raft_consensus.cc:2272] T 034d81125ccf4624beed78489094fbea P 5689e936e9484d678ccf14f9d14e279e [term 1 FOLLOWER]: Raft consensus is shut down!
W20260630 12:20:35.024672 31122 connection.cc:466] server connection from 127.0.0.1:46286 torn down before Call kudu.consensus.ConsensusService.StartTabletCopy from 127.0.0.1:46286 (request call id 1) could send its response
I20260630 12:20:35.026510 30188 tablet_server.cc:196] TabletServer@127.29.123.2:0 shutdown complete.
I20260630 12:20:35.051609 30188 tablet_server.cc:179] TabletServer@127.29.123.3:0 shutting down...
I20260630 12:20:35.081502 30188 ts_tablet_manager.cc:1507] Shutting down tablet manager...
I20260630 12:20:35.082307 30188 tablet_replica.cc:333] T 32c24a59afae41a285fbff6cd8da1892 P f2111e0b900e4d29ac95042a55b039ca: stopping tablet replica
I20260630 12:20:35.083261 30188 raft_consensus.cc:2243] T 32c24a59afae41a285fbff6cd8da1892 P f2111e0b900e4d29ac95042a55b039ca [term 1 FOLLOWER]: Raft consensus shutting down.
I20260630 12:20:35.083829 30188 raft_consensus.cc:2272] T 32c24a59afae41a285fbff6cd8da1892 P f2111e0b900e4d29ac95042a55b039ca [term 1 FOLLOWER]: Raft consensus is shut down!
I20260630 12:20:35.085707 30188 tablet_replica.cc:333] T dc92353e8dbf44f69671eb482c575b08 P f2111e0b900e4d29ac95042a55b039ca: stopping tablet replica
I20260630 12:20:35.086197 30188 raft_consensus.cc:2243] T dc92353e8dbf44f69671eb482c575b08 P f2111e0b900e4d29ac95042a55b039ca [term 1 FOLLOWER]: Raft consensus shutting down.
I20260630 12:20:35.086627 30188 raft_consensus.cc:2272] T dc92353e8dbf44f69671eb482c575b08 P f2111e0b900e4d29ac95042a55b039ca [term 1 FOLLOWER]: Raft consensus is shut down!
I20260630 12:20:35.088677 30188 tablet_replica.cc:333] T 034d81125ccf4624beed78489094fbea P f2111e0b900e4d29ac95042a55b039ca: stopping tablet replica
I20260630 12:20:35.089182 30188 raft_consensus.cc:2243] T 034d81125ccf4624beed78489094fbea P f2111e0b900e4d29ac95042a55b039ca [term 1 FOLLOWER]: Raft consensus shutting down.
I20260630 12:20:35.089598 30188 raft_consensus.cc:2272] T 034d81125ccf4624beed78489094fbea P f2111e0b900e4d29ac95042a55b039ca [term 1 FOLLOWER]: Raft consensus is shut down!
I20260630 12:20:35.092336 30188 tablet_replica.cc:333] T 8fd0a2d2cf0442579702d6f434c3472c P f2111e0b900e4d29ac95042a55b039ca: stopping tablet replica
I20260630 12:20:35.093097 30188 raft_consensus.cc:2243] T 8fd0a2d2cf0442579702d6f434c3472c P f2111e0b900e4d29ac95042a55b039ca [term 1 FOLLOWER]: Raft consensus shutting down.
I20260630 12:20:35.093652 30188 raft_consensus.cc:2272] T 8fd0a2d2cf0442579702d6f434c3472c P f2111e0b900e4d29ac95042a55b039ca [term 1 FOLLOWER]: Raft consensus is shut down!
I20260630 12:20:35.096158 30188 tablet_replica.cc:333] T c88c78e1e8ef447aac12e287035e4d5e P f2111e0b900e4d29ac95042a55b039ca: stopping tablet replica
W20260630 12:20:35.096424 30972 consensus_peers.cc:597] T 951c8002d932402aaf1cb19bd419642a P f2111e0b900e4d29ac95042a55b039ca -> Peer 5689e936e9484d678ccf14f9d14e279e (127.29.123.2:33899): Couldn't send request to peer 5689e936e9484d678ccf14f9d14e279e. Status: Network error: Client connection negotiation failed: client connection to 127.29.123.2:33899: connect: Connection refused (error 111). This is attempt 1: this message will repeat every 5th retry.
I20260630 12:20:35.096717 30188 raft_consensus.cc:2243] T c88c78e1e8ef447aac12e287035e4d5e P f2111e0b900e4d29ac95042a55b039ca [term 1 LEADER]: Raft consensus shutting down.
I20260630 12:20:35.097536 30188 raft_consensus.cc:2272] T c88c78e1e8ef447aac12e287035e4d5e P f2111e0b900e4d29ac95042a55b039ca [term 1 FOLLOWER]: Raft consensus is shut down!
I20260630 12:20:35.099200 30188 tablet_replica.cc:333] T 951c8002d932402aaf1cb19bd419642a P f2111e0b900e4d29ac95042a55b039ca: stopping tablet replica
I20260630 12:20:35.099663 30188 raft_consensus.cc:2243] T 951c8002d932402aaf1cb19bd419642a P f2111e0b900e4d29ac95042a55b039ca [term 1 LEADER]: Raft consensus shutting down.
I20260630 12:20:35.100313 30188 raft_consensus.cc:2272] T 951c8002d932402aaf1cb19bd419642a P f2111e0b900e4d29ac95042a55b039ca [term 1 FOLLOWER]: Raft consensus is shut down!
I20260630 12:20:35.101991 30188 tablet_replica.cc:333] T 8fbb3ad869c94439b018de3addad254e P f2111e0b900e4d29ac95042a55b039ca: stopping tablet replica
I20260630 12:20:35.102458 30188 raft_consensus.cc:2243] T 8fbb3ad869c94439b018de3addad254e P f2111e0b900e4d29ac95042a55b039ca [term 1 LEADER]: Raft consensus shutting down.
I20260630 12:20:35.103160 30188 raft_consensus.cc:2272] T 8fbb3ad869c94439b018de3addad254e P f2111e0b900e4d29ac95042a55b039ca [term 1 FOLLOWER]: Raft consensus is shut down!
I20260630 12:20:35.104779 30188 tablet_replica.cc:333] T 6a86590c1fdd4eff8082ec35b609552e P f2111e0b900e4d29ac95042a55b039ca: stopping tablet replica
I20260630 12:20:35.105203 30188 raft_consensus.cc:2243] T 6a86590c1fdd4eff8082ec35b609552e P f2111e0b900e4d29ac95042a55b039ca [term 1 FOLLOWER]: Raft consensus shutting down.
I20260630 12:20:35.105630 30188 raft_consensus.cc:2272] T 6a86590c1fdd4eff8082ec35b609552e P f2111e0b900e4d29ac95042a55b039ca [term 1 FOLLOWER]: Raft consensus is shut down!
I20260630 12:20:35.132362 30188 tablet_server.cc:196] TabletServer@127.29.123.3:0 shutdown complete.
I20260630 12:20:35.150975 30188 tablet_server.cc:179] TabletServer@127.29.123.4:0 shutting down...
I20260630 12:20:35.178113 30188 ts_tablet_manager.cc:1507] Shutting down tablet manager...
I20260630 12:20:35.194701 30188 tablet_server.cc:196] TabletServer@127.29.123.4:0 shutdown complete.
I20260630 12:20:35.203110 30188 master.cc:562] Master@127.29.123.62:39367 shutting down...
W20260630 12:20:35.223563 30805 auto_rebalancer.cc:340] scheduled replica move failed to complete: Service unavailable: Catalog manager is not initialized. State: Closing
I20260630 12:20:35.224821 30188 raft_consensus.cc:2243] T 00000000000000000000000000000000 P c4a9e8b476a54d4b95b643e79f5b68cc [term 1 LEADER]: Raft consensus shutting down.
I20260630 12:20:35.225230 30188 raft_consensus.cc:2272] T 00000000000000000000000000000000 P c4a9e8b476a54d4b95b643e79f5b68cc [term 1 FOLLOWER]: Raft consensus is shut down!
I20260630 12:20:35.225485 30188 tablet_replica.cc:333] T 00000000000000000000000000000000 P c4a9e8b476a54d4b95b643e79f5b68cc: stopping tablet replica
I20260630 12:20:35.244980 30188 master.cc:584] Master@127.29.123.62:39367 shutdown complete.
[       OK ] AutoRebalancerTest.AutoRebalancingTurnOffAndOn (9019 ms)
[ RUN      ] AutoRebalancerTest.NextLeaderResumesAutoRebalancing
I20260630 12:20:35.282642 30188 internal_mini_cluster.cc:156] Creating distributed mini masters. Addrs: 127.29.123.62:43797,127.29.123.61:41061,127.29.123.60:43425
I20260630 12:20:35.283959 30188 file_cache.cc:492] Constructed file cache file cache with capacity 419430
W20260630 12:20:35.289166 31250 instance_detector.cc:116] could not retrieve AWS instance metadata: Network error: curl error: HTTP response code said error: The requested URL returned error: 404
W20260630 12:20:35.289939 31251 instance_detector.cc:116] could not retrieve Azure instance metadata: Network error: curl error: HTTP response code said error: The requested URL returned error: 404
W20260630 12:20:35.290557 31253 instance_detector.cc:116] could not retrieve OpenStack instance metadata: Network error: curl error: HTTP response code said error: The requested URL returned error: 404
I20260630 12:20:35.291213 30188 server_base.cc:1061] running on GCE node
I20260630 12:20:35.292093 30188 hybrid_clock.cc:584] initializing the hybrid clock with 'system_unsync' time source
W20260630 12:20:35.292271 30188 system_unsync_time.cc:38] NTP support is disabled. Clock error bounds will not be accurate. This configuration is not suitable for distributed clusters.
I20260630 12:20:35.292462 30188 hybrid_clock.cc:648] HybridClock initialized: now 1782822035292430 us; error 0 us; skew 500 ppm
I20260630 12:20:35.292960 30188 server_base.cc:861] Flag tcmalloc_max_total_thread_cache_bytes is not working since tcmalloc is not enabled.
I20260630 12:20:35.295264 30188 webserver.cc:533] Webserver started at http://127.29.123.62:39775/ using document root <none> and password file <none>
I20260630 12:20:35.295746 30188 fs_manager.cc:362] Metadata directory not provided
I20260630 12:20:35.295945 30188 fs_manager.cc:368] Using write-ahead log directory (fs_wal_dir) as metadata directory
I20260630 12:20:35.296239 30188 server_base.cc:909] This appears to be a new deployment of Kudu; creating new FS layout
I20260630 12:20:35.297302 30188 fs_manager.cc:1068] Generated new instance metadata in path /tmp/dist-test-taskX1UjUk/test-tmp/auto_rebalancer-test.0.AutoRebalancerTest.NextLeaderResumesAutoRebalancing.1782822019342421-30188-0/minicluster-data/master-0-root/instance:
uuid: "859f00c64e214faea257c2af35a430cd"
format_stamp: "Formatted at 2026-06-30 12:20:35 on dist-test-slave-xs6x"
I20260630 12:20:35.301708 30188 fs_manager.cc:696] Time spent creating directory manager: real 0.004s	user 0.006s	sys 0.000s
I20260630 12:20:35.304950 31258 log_block_manager.cc:4031] Time spent loading block containers with low live blocks: real 0.000s	user 0.000s	sys 0.000s
I20260630 12:20:35.305807 30188 fs_manager.cc:730] Time spent opening block manager: real 0.002s	user 0.002s	sys 0.000s
I20260630 12:20:35.306033 30188 fs_manager.cc:647] Opened local filesystem: /tmp/dist-test-taskX1UjUk/test-tmp/auto_rebalancer-test.0.AutoRebalancerTest.NextLeaderResumesAutoRebalancing.1782822019342421-30188-0/minicluster-data/master-0-root
uuid: "859f00c64e214faea257c2af35a430cd"
format_stamp: "Formatted at 2026-06-30 12:20:35 on dist-test-slave-xs6x"
I20260630 12:20:35.306262 30188 fs_report.cc:389] FS layout report
--------------------
wal directory: /tmp/dist-test-taskX1UjUk/test-tmp/auto_rebalancer-test.0.AutoRebalancerTest.NextLeaderResumesAutoRebalancing.1782822019342421-30188-0/minicluster-data/master-0-root
metadata directory: /tmp/dist-test-taskX1UjUk/test-tmp/auto_rebalancer-test.0.AutoRebalancerTest.NextLeaderResumesAutoRebalancing.1782822019342421-30188-0/minicluster-data/master-0-root
1 data directories: /tmp/dist-test-taskX1UjUk/test-tmp/auto_rebalancer-test.0.AutoRebalancerTest.NextLeaderResumesAutoRebalancing.1782822019342421-30188-0/minicluster-data/master-0-root/data
Total live blocks: 0
Total live bytes: 0
Total live bytes (after alignment): 0
Total number of LBM containers: 0 (0 full)
Did not check for missing blocks
Did not check for orphaned blocks
Total full LBM containers with extra space: 0 (0 repaired)
Total full LBM container extra space in bytes: 0 (0 repaired)
Total incomplete LBM containers: 0 (0 repaired)
Total LBM partial records: 0 (0 repaired)
Total corrupted LBM metadata records in RocksDB: 0 (0 repaired)
I20260630 12:20:35.318244 30188 rpc_server.cc:225] running with OpenSSL 1.1.1  11 Sep 2018
I20260630 12:20:35.319414 30188 kserver.cc:163] Server-wide thread pool size limit: 3276
I20260630 12:20:35.355685 30188 rpc_server.cc:307] RPC server started. Bound to: 127.29.123.62:43797
I20260630 12:20:35.355778 31309 acceptor_pool.cc:272] collecting diagnostics on the listening RPC socket 127.29.123.62:43797 every 8 connection(s)
I20260630 12:20:35.359365 31310 data_dirs.cc:400] Could only allocate 1 dirs of requested 3 for tablet 00000000000000000000000000000000. 1 dirs total, 0 dirs full, 0 dirs failed
I20260630 12:20:35.359561 30188 file_cache.cc:492] Constructed file cache file cache with capacity 419430
W20260630 12:20:35.364768 31312 instance_detector.cc:116] could not retrieve AWS instance metadata: Network error: curl error: HTTP response code said error: The requested URL returned error: 404
W20260630 12:20:35.366894 31313 instance_detector.cc:116] could not retrieve Azure instance metadata: Network error: curl error: HTTP response code said error: The requested URL returned error: 404
I20260630 12:20:35.367762 31310 sys_catalog.cc:422] member_type: VOTER last_known_addr { host: "127.29.123.62" port: 43797 } has no permanent_uuid. Determining permanent_uuid...
W20260630 12:20:35.368095 31315 instance_detector.cc:116] could not retrieve OpenStack instance metadata: Network error: curl error: HTTP response code said error: The requested URL returned error: 404
I20260630 12:20:35.369163 30188 server_base.cc:1061] running on GCE node
I20260630 12:20:35.370144 30188 hybrid_clock.cc:584] initializing the hybrid clock with 'system_unsync' time source
W20260630 12:20:35.370486 30188 system_unsync_time.cc:38] NTP support is disabled. Clock error bounds will not be accurate. This configuration is not suitable for distributed clusters.
I20260630 12:20:35.370669 30188 hybrid_clock.cc:648] HybridClock initialized: now 1782822035370651 us; error 0 us; skew 500 ppm
I20260630 12:20:35.371374 30188 server_base.cc:861] Flag tcmalloc_max_total_thread_cache_bytes is not working since tcmalloc is not enabled.
I20260630 12:20:35.373950 30188 webserver.cc:533] Webserver started at http://127.29.123.61:46133/ using document root <none> and password file <none>
I20260630 12:20:35.374576 30188 fs_manager.cc:362] Metadata directory not provided
I20260630 12:20:35.374802 30188 fs_manager.cc:368] Using write-ahead log directory (fs_wal_dir) as metadata directory
I20260630 12:20:35.375131 30188 server_base.cc:909] This appears to be a new deployment of Kudu; creating new FS layout
I20260630 12:20:35.376305 30188 fs_manager.cc:1068] Generated new instance metadata in path /tmp/dist-test-taskX1UjUk/test-tmp/auto_rebalancer-test.0.AutoRebalancerTest.NextLeaderResumesAutoRebalancing.1782822019342421-30188-0/minicluster-data/master-1-root/instance:
uuid: "eeb29c3e5e804d93840c1133a6464e0f"
format_stamp: "Formatted at 2026-06-30 12:20:35 on dist-test-slave-xs6x"
I20260630 12:20:35.380652 31310 sys_catalog.cc:422] member_type: VOTER last_known_addr { host: "127.29.123.61" port: 41061 } has no permanent_uuid. Determining permanent_uuid...
I20260630 12:20:35.381937 30188 fs_manager.cc:696] Time spent creating directory manager: real 0.005s	user 0.006s	sys 0.001s
W20260630 12:20:35.386272 31310 consensus_peers.cc:760] Error getting permanent uuid from config peer 127.29.123.61:41061: Network error: Client connection negotiation failed: client connection to 127.29.123.61:41061: connect: Connection refused (error 111)
