I20260630 12:12:53.497907  5076 consensus_queue.cc:260] T b555bb5b8b8a49228a0f8a204ce7b96d P 54eaa8bfddd84053a695f60cbfe5e0f1 [NON_LEADER]: Queue going to NON_LEADER mode. State: All replicated index: 0, Majority replicated index: 0, Committed index: 0, Last appended: 0.0, Last appended by leader: 0, Current term: 0, Majority size: -1, State: 0, Mode: NON_LEADER, active raft config: opid_index: -1 OBSOLETE_local: false peers { permanent_uuid: "f5b5a14bb75543a2a04c55ed947d58a1" member_type: VOTER last_known_addr { host: "127.0.107.194" port: 38445 } } peers { permanent_uuid: "9d90d4c62c474ab487b066357370ba06" member_type: VOTER last_known_addr { host: "127.0.107.193" port: 36387 } } peers { permanent_uuid: "54eaa8bfddd84053a695f60cbfe5e0f1" member_type: VOTER last_known_addr { host: "127.0.107.195" port: 39409 } }
I20260630 12:12:53.498447  5072 ts_tablet_manager.cc:1434] T 7a09daa0d9aa4ae486a955a9050f4069 P f5b5a14bb75543a2a04c55ed947d58a1: Time spent starting tablet: real 0.013s	user 0.007s	sys 0.000s
I20260630 12:12:53.499593  5072 tablet_bootstrap.cc:492] T bd58e644c2034936a032c783433f33b4 P f5b5a14bb75543a2a04c55ed947d58a1: Bootstrap starting.
I20260630 12:12:53.505298  5072 tablet_bootstrap.cc:654] T bd58e644c2034936a032c783433f33b4 P f5b5a14bb75543a2a04c55ed947d58a1: Neither blocks nor log segments found. Creating new log.
I20260630 12:12:53.506497  5073 tablet_bootstrap.cc:654] T 93795469eda64e1aab1916e2e4aa07bb P 9d90d4c62c474ab487b066357370ba06: Neither blocks nor log segments found. Creating new log.
I20260630 12:12:53.506872  4953 tablet_service.cc:1917] Received RequestConsensusVote() RPC: tablet_id: "2a09c1b261524c1384378829a03f16ab" candidate_uuid: "54eaa8bfddd84053a695f60cbfe5e0f1" candidate_term: 1 candidate_status { last_received { term: 0 index: 0 } } ignore_live_leader: false dest_uuid: "f5b5a14bb75543a2a04c55ed947d58a1" is_pre_election: true
I20260630 12:12:53.507508  4953 raft_consensus.cc:2468] T 2a09c1b261524c1384378829a03f16ab P f5b5a14bb75543a2a04c55ed947d58a1 [term 0 FOLLOWER]: Leader pre-election vote request: Granting yes vote for candidate 54eaa8bfddd84053a695f60cbfe5e0f1 in term 0.
I20260630 12:12:53.507967  4878 tablet_service.cc:1917] Received RequestConsensusVote() RPC: tablet_id: "2a09c1b261524c1384378829a03f16ab" candidate_uuid: "54eaa8bfddd84053a695f60cbfe5e0f1" candidate_term: 1 candidate_status { last_received { term: 0 index: 0 } } ignore_live_leader: false dest_uuid: "9d90d4c62c474ab487b066357370ba06" is_pre_election: true
I20260630 12:12:53.508127  5076 ts_tablet_manager.cc:1434] T b555bb5b8b8a49228a0f8a204ce7b96d P 54eaa8bfddd84053a695f60cbfe5e0f1: Time spent starting tablet: real 0.015s	user 0.006s	sys 0.000s
I20260630 12:12:53.508569  4878 raft_consensus.cc:2468] T 2a09c1b261524c1384378829a03f16ab P 9d90d4c62c474ab487b066357370ba06 [term 0 FOLLOWER]: Leader pre-election vote request: Granting yes vote for candidate 54eaa8bfddd84053a695f60cbfe5e0f1 in term 0.
I20260630 12:12:53.509042  4991 leader_election.cc:304] T 2a09c1b261524c1384378829a03f16ab P 54eaa8bfddd84053a695f60cbfe5e0f1 [CANDIDATE]: Term 1 pre-election: Election decided. Result: candidate won. Election summary: received 2 responses out of 3 voters: 2 yes votes; 0 no votes. yes voters: 54eaa8bfddd84053a695f60cbfe5e0f1, f5b5a14bb75543a2a04c55ed947d58a1; no voters: 
I20260630 12:12:53.509965  5081 raft_consensus.cc:2804] T 2a09c1b261524c1384378829a03f16ab P 54eaa8bfddd84053a695f60cbfe5e0f1 [term 0 FOLLOWER]: Leader pre-election won for term 1
I20260630 12:12:53.510319  5081 raft_consensus.cc:493] T 2a09c1b261524c1384378829a03f16ab P 54eaa8bfddd84053a695f60cbfe5e0f1 [term 0 FOLLOWER]: Starting leader election (no leader contacted us within the election timeout)
I20260630 12:12:53.510619  5081 raft_consensus.cc:3060] T 2a09c1b261524c1384378829a03f16ab P 54eaa8bfddd84053a695f60cbfe5e0f1 [term 0 FOLLOWER]: Advancing to term 1
I20260630 12:12:53.512847  5076 tablet_bootstrap.cc:492] T 22323b212ccd4c8aad94776fa77bd7ed P 54eaa8bfddd84053a695f60cbfe5e0f1: Bootstrap starting.
I20260630 12:12:53.519974  5076 tablet_bootstrap.cc:654] T 22323b212ccd4c8aad94776fa77bd7ed P 54eaa8bfddd84053a695f60cbfe5e0f1: Neither blocks nor log segments found. Creating new log.
I20260630 12:12:53.519865  5081 raft_consensus.cc:515] T 2a09c1b261524c1384378829a03f16ab P 54eaa8bfddd84053a695f60cbfe5e0f1 [term 1 FOLLOWER]: Starting leader election with config: opid_index: -1 OBSOLETE_local: false peers { permanent_uuid: "9d90d4c62c474ab487b066357370ba06" member_type: VOTER last_known_addr { host: "127.0.107.193" port: 36387 } } peers { permanent_uuid: "f5b5a14bb75543a2a04c55ed947d58a1" member_type: VOTER last_known_addr { host: "127.0.107.194" port: 38445 } } peers { permanent_uuid: "54eaa8bfddd84053a695f60cbfe5e0f1" member_type: VOTER last_known_addr { host: "127.0.107.195" port: 39409 } }
I20260630 12:12:53.522811  4878 tablet_service.cc:1917] Received RequestConsensusVote() RPC: tablet_id: "2a09c1b261524c1384378829a03f16ab" candidate_uuid: "54eaa8bfddd84053a695f60cbfe5e0f1" candidate_term: 1 candidate_status { last_received { term: 0 index: 0 } } ignore_live_leader: false dest_uuid: "9d90d4c62c474ab487b066357370ba06"
I20260630 12:12:53.523432  4878 raft_consensus.cc:3060] T 2a09c1b261524c1384378829a03f16ab P 9d90d4c62c474ab487b066357370ba06 [term 0 FOLLOWER]: Advancing to term 1
I20260630 12:12:53.525780  5073 tablet_bootstrap.cc:492] T 93795469eda64e1aab1916e2e4aa07bb P 9d90d4c62c474ab487b066357370ba06: No bootstrap required, opened a new log
I20260630 12:12:53.526292  5073 ts_tablet_manager.cc:1403] T 93795469eda64e1aab1916e2e4aa07bb P 9d90d4c62c474ab487b066357370ba06: Time spent bootstrapping tablet: real 0.036s	user 0.013s	sys 0.002s
I20260630 12:12:53.529110  5073 raft_consensus.cc:359] T 93795469eda64e1aab1916e2e4aa07bb P 9d90d4c62c474ab487b066357370ba06 [term 0 FOLLOWER]: Replica starting. Triggering 0 pending ops. Active config: opid_index: -1 OBSOLETE_local: false peers { permanent_uuid: "9d90d4c62c474ab487b066357370ba06" member_type: VOTER last_known_addr { host: "127.0.107.193" port: 36387 } } peers { permanent_uuid: "f5b5a14bb75543a2a04c55ed947d58a1" member_type: VOTER last_known_addr { host: "127.0.107.194" port: 38445 } } peers { permanent_uuid: "54eaa8bfddd84053a695f60cbfe5e0f1" member_type: VOTER last_known_addr { host: "127.0.107.195" port: 39409 } }
I20260630 12:12:53.529582  5076 tablet_bootstrap.cc:492] T 22323b212ccd4c8aad94776fa77bd7ed P 54eaa8bfddd84053a695f60cbfe5e0f1: No bootstrap required, opened a new log
I20260630 12:12:53.529758  5073 raft_consensus.cc:385] T 93795469eda64e1aab1916e2e4aa07bb P 9d90d4c62c474ab487b066357370ba06 [term 0 FOLLOWER]: Consensus starting up: Expiring failure detector timer to make a prompt election more likely
I20260630 12:12:53.530086  5073 raft_consensus.cc:740] T 93795469eda64e1aab1916e2e4aa07bb P 9d90d4c62c474ab487b066357370ba06 [term 0 FOLLOWER]: Becoming Follower/Learner. State: Replica: 9d90d4c62c474ab487b066357370ba06, State: Initialized, Role: FOLLOWER
I20260630 12:12:53.530238  5076 ts_tablet_manager.cc:1403] T 22323b212ccd4c8aad94776fa77bd7ed P 54eaa8bfddd84053a695f60cbfe5e0f1: Time spent bootstrapping tablet: real 0.018s	user 0.006s	sys 0.008s
I20260630 12:12:53.530844  5073 consensus_queue.cc:260] T 93795469eda64e1aab1916e2e4aa07bb P 9d90d4c62c474ab487b066357370ba06 [NON_LEADER]: Queue going to NON_LEADER mode. State: All replicated index: 0, Majority replicated index: 0, Committed index: 0, Last appended: 0.0, Last appended by leader: 0, Current term: 0, Majority size: -1, State: 0, Mode: NON_LEADER, active raft config: opid_index: -1 OBSOLETE_local: false peers { permanent_uuid: "9d90d4c62c474ab487b066357370ba06" member_type: VOTER last_known_addr { host: "127.0.107.193" port: 36387 } } peers { permanent_uuid: "f5b5a14bb75543a2a04c55ed947d58a1" member_type: VOTER last_known_addr { host: "127.0.107.194" port: 38445 } } peers { permanent_uuid: "54eaa8bfddd84053a695f60cbfe5e0f1" member_type: VOTER last_known_addr { host: "127.0.107.195" port: 39409 } }
I20260630 12:12:53.531234  4878 raft_consensus.cc:2468] T 2a09c1b261524c1384378829a03f16ab P 9d90d4c62c474ab487b066357370ba06 [term 1 FOLLOWER]: Leader election vote request: Granting yes vote for candidate 54eaa8bfddd84053a695f60cbfe5e0f1 in term 1.
I20260630 12:12:53.533000  5073 ts_tablet_manager.cc:1434] T 93795469eda64e1aab1916e2e4aa07bb P 9d90d4c62c474ab487b066357370ba06: Time spent starting tablet: real 0.006s	user 0.007s	sys 0.000s
I20260630 12:12:53.533185  5076 raft_consensus.cc:359] T 22323b212ccd4c8aad94776fa77bd7ed P 54eaa8bfddd84053a695f60cbfe5e0f1 [term 0 FOLLOWER]: Replica starting. Triggering 0 pending ops. Active config: opid_index: -1 OBSOLETE_local: false peers { permanent_uuid: "9d90d4c62c474ab487b066357370ba06" member_type: VOTER last_known_addr { host: "127.0.107.193" port: 36387 } } peers { permanent_uuid: "f5b5a14bb75543a2a04c55ed947d58a1" member_type: VOTER last_known_addr { host: "127.0.107.194" port: 38445 } } peers { permanent_uuid: "54eaa8bfddd84053a695f60cbfe5e0f1" member_type: VOTER last_known_addr { host: "127.0.107.195" port: 39409 } }
I20260630 12:12:53.533969  5073 tablet_bootstrap.cc:492] T 22323b212ccd4c8aad94776fa77bd7ed P 9d90d4c62c474ab487b066357370ba06: Bootstrap starting.
I20260630 12:12:53.533936  5076 raft_consensus.cc:385] T 22323b212ccd4c8aad94776fa77bd7ed P 54eaa8bfddd84053a695f60cbfe5e0f1 [term 0 FOLLOWER]: Consensus starting up: Expiring failure detector timer to make a prompt election more likely
I20260630 12:12:53.534421  5076 raft_consensus.cc:740] T 22323b212ccd4c8aad94776fa77bd7ed P 54eaa8bfddd84053a695f60cbfe5e0f1 [term 0 FOLLOWER]: Becoming Follower/Learner. State: Replica: 54eaa8bfddd84053a695f60cbfe5e0f1, State: Initialized, Role: FOLLOWER
I20260630 12:12:53.535306  5076 consensus_queue.cc:260] T 22323b212ccd4c8aad94776fa77bd7ed P 54eaa8bfddd84053a695f60cbfe5e0f1 [NON_LEADER]: Queue going to NON_LEADER mode. State: All replicated index: 0, Majority replicated index: 0, Committed index: 0, Last appended: 0.0, Last appended by leader: 0, Current term: 0, Majority size: -1, State: 0, Mode: NON_LEADER, active raft config: opid_index: -1 OBSOLETE_local: false peers { permanent_uuid: "9d90d4c62c474ab487b066357370ba06" member_type: VOTER last_known_addr { host: "127.0.107.193" port: 36387 } } peers { permanent_uuid: "f5b5a14bb75543a2a04c55ed947d58a1" member_type: VOTER last_known_addr { host: "127.0.107.194" port: 38445 } } peers { permanent_uuid: "54eaa8bfddd84053a695f60cbfe5e0f1" member_type: VOTER last_known_addr { host: "127.0.107.195" port: 39409 } }
I20260630 12:12:53.540479  5088 raft_consensus.cc:493] T 22323b212ccd4c8aad94776fa77bd7ed P 54eaa8bfddd84053a695f60cbfe5e0f1 [term 0 FOLLOWER]: Starting pre-election (no leader contacted us within the election timeout)
I20260630 12:12:53.540907  5088 raft_consensus.cc:515] T 22323b212ccd4c8aad94776fa77bd7ed P 54eaa8bfddd84053a695f60cbfe5e0f1 [term 0 FOLLOWER]: Starting pre-election with config: opid_index: -1 OBSOLETE_local: false peers { permanent_uuid: "9d90d4c62c474ab487b066357370ba06" member_type: VOTER last_known_addr { host: "127.0.107.193" port: 36387 } } peers { permanent_uuid: "f5b5a14bb75543a2a04c55ed947d58a1" member_type: VOTER last_known_addr { host: "127.0.107.194" port: 38445 } } peers { permanent_uuid: "54eaa8bfddd84053a695f60cbfe5e0f1" member_type: VOTER last_known_addr { host: "127.0.107.195" port: 39409 } }
I20260630 12:12:53.542217  4992 leader_election.cc:304] T 2a09c1b261524c1384378829a03f16ab P 54eaa8bfddd84053a695f60cbfe5e0f1 [CANDIDATE]: Term 1 election: Election decided. Result: candidate won. Election summary: received 2 responses out of 3 voters: 2 yes votes; 0 no votes. yes voters: 54eaa8bfddd84053a695f60cbfe5e0f1, 9d90d4c62c474ab487b066357370ba06; no voters: 
I20260630 12:12:53.542888  5088 leader_election.cc:290] T 22323b212ccd4c8aad94776fa77bd7ed P 54eaa8bfddd84053a695f60cbfe5e0f1 [CANDIDATE]: Term 1 pre-election: Requested pre-vote from peers 9d90d4c62c474ab487b066357370ba06 (127.0.107.193:36387), f5b5a14bb75543a2a04c55ed947d58a1 (127.0.107.194:38445)
I20260630 12:12:53.544549  5088 raft_consensus.cc:2804] T 2a09c1b261524c1384378829a03f16ab P 54eaa8bfddd84053a695f60cbfe5e0f1 [term 1 FOLLOWER]: Leader election won for term 1
I20260630 12:12:53.544837  5076 ts_tablet_manager.cc:1434] T 22323b212ccd4c8aad94776fa77bd7ed P 54eaa8bfddd84053a695f60cbfe5e0f1: Time spent starting tablet: real 0.014s	user 0.003s	sys 0.003s
I20260630 12:12:53.544962  5088 raft_consensus.cc:697] T 2a09c1b261524c1384378829a03f16ab P 54eaa8bfddd84053a695f60cbfe5e0f1 [term 1 LEADER]: Becoming Leader. State: Replica: 54eaa8bfddd84053a695f60cbfe5e0f1, State: Running, Role: LEADER
I20260630 12:12:53.545069  4953 tablet_service.cc:1917] Received RequestConsensusVote() RPC: tablet_id: "22323b212ccd4c8aad94776fa77bd7ed" candidate_uuid: "54eaa8bfddd84053a695f60cbfe5e0f1" candidate_term: 1 candidate_status { last_received { term: 0 index: 0 } } ignore_live_leader: false dest_uuid: "f5b5a14bb75543a2a04c55ed947d58a1" is_pre_election: true
I20260630 12:12:53.545919  5076 tablet_bootstrap.cc:492] T 7a09daa0d9aa4ae486a955a9050f4069 P 54eaa8bfddd84053a695f60cbfe5e0f1: Bootstrap starting.
I20260630 12:12:53.545714  5088 consensus_queue.cc:237] T 2a09c1b261524c1384378829a03f16ab P 54eaa8bfddd84053a695f60cbfe5e0f1 [LEADER]: Queue going to LEADER mode. State: All replicated index: 0, Majority replicated index: 0, Committed index: 0, Last appended: 0.0, Last appended by leader: 0, Current term: 1, Majority size: 2, State: 0, Mode: LEADER, active raft config: opid_index: -1 OBSOLETE_local: false peers { permanent_uuid: "9d90d4c62c474ab487b066357370ba06" member_type: VOTER last_known_addr { host: "127.0.107.193" port: 36387 } } peers { permanent_uuid: "f5b5a14bb75543a2a04c55ed947d58a1" member_type: VOTER last_known_addr { host: "127.0.107.194" port: 38445 } } peers { permanent_uuid: "54eaa8bfddd84053a695f60cbfe5e0f1" member_type: VOTER last_known_addr { host: "127.0.107.195" port: 39409 } }
I20260630 12:12:53.546483  4952 tablet_service.cc:1917] Received RequestConsensusVote() RPC: tablet_id: "2a09c1b261524c1384378829a03f16ab" candidate_uuid: "54eaa8bfddd84053a695f60cbfe5e0f1" candidate_term: 1 candidate_status { last_received { term: 0 index: 0 } } ignore_live_leader: false dest_uuid: "f5b5a14bb75543a2a04c55ed947d58a1"
I20260630 12:12:53.547130  4952 raft_consensus.cc:3060] T 2a09c1b261524c1384378829a03f16ab P f5b5a14bb75543a2a04c55ed947d58a1 [term 0 FOLLOWER]: Advancing to term 1
I20260630 12:12:53.545761  4953 raft_consensus.cc:2468] T 22323b212ccd4c8aad94776fa77bd7ed P f5b5a14bb75543a2a04c55ed947d58a1 [term 0 FOLLOWER]: Leader pre-election vote request: Granting yes vote for candidate 54eaa8bfddd84053a695f60cbfe5e0f1 in term 0.
I20260630 12:12:53.550544  4991 leader_election.cc:304] T 22323b212ccd4c8aad94776fa77bd7ed P 54eaa8bfddd84053a695f60cbfe5e0f1 [CANDIDATE]: Term 1 pre-election: Election decided. Result: candidate won. Election summary: received 2 responses out of 3 voters: 2 yes votes; 0 no votes. yes voters: 54eaa8bfddd84053a695f60cbfe5e0f1, f5b5a14bb75543a2a04c55ed947d58a1; no voters: 
I20260630 12:12:53.543720  5081 leader_election.cc:290] T 2a09c1b261524c1384378829a03f16ab P 54eaa8bfddd84053a695f60cbfe5e0f1 [CANDIDATE]: Term 1 election: Requested vote from peers 9d90d4c62c474ab487b066357370ba06 (127.0.107.193:36387), f5b5a14bb75543a2a04c55ed947d58a1 (127.0.107.194:38445)
I20260630 12:12:53.554975  5072 tablet_bootstrap.cc:492] T bd58e644c2034936a032c783433f33b4 P f5b5a14bb75543a2a04c55ed947d58a1: No bootstrap required, opened a new log
I20260630 12:12:53.560519  5072 ts_tablet_manager.cc:1403] T bd58e644c2034936a032c783433f33b4 P f5b5a14bb75543a2a04c55ed947d58a1: Time spent bootstrapping tablet: real 0.061s	user 0.034s	sys 0.026s
I20260630 12:12:53.560570  5081 raft_consensus.cc:2804] T 22323b212ccd4c8aad94776fa77bd7ed P 54eaa8bfddd84053a695f60cbfe5e0f1 [term 0 FOLLOWER]: Leader pre-election won for term 1
I20260630 12:12:53.561820  5081 raft_consensus.cc:493] T 22323b212ccd4c8aad94776fa77bd7ed P 54eaa8bfddd84053a695f60cbfe5e0f1 [term 0 FOLLOWER]: Starting leader election (no leader contacted us within the election timeout)
I20260630 12:12:53.562230  5081 raft_consensus.cc:3060] T 22323b212ccd4c8aad94776fa77bd7ed P 54eaa8bfddd84053a695f60cbfe5e0f1 [term 0 FOLLOWER]: Advancing to term 1
I20260630 12:12:53.559762  4952 raft_consensus.cc:2468] T 2a09c1b261524c1384378829a03f16ab P f5b5a14bb75543a2a04c55ed947d58a1 [term 1 FOLLOWER]: Leader election vote request: Granting yes vote for candidate 54eaa8bfddd84053a695f60cbfe5e0f1 in term 1.
I20260630 12:12:53.566816  4878 tablet_service.cc:1917] Received RequestConsensusVote() RPC: tablet_id: "22323b212ccd4c8aad94776fa77bd7ed" candidate_uuid: "54eaa8bfddd84053a695f60cbfe5e0f1" candidate_term: 1 candidate_status { last_received { term: 0 index: 0 } } ignore_live_leader: false dest_uuid: "9d90d4c62c474ab487b066357370ba06" is_pre_election: true
W20260630 12:12:53.570580  4992 leader_election.cc:343] T 22323b212ccd4c8aad94776fa77bd7ed P 54eaa8bfddd84053a695f60cbfe5e0f1 [CANDIDATE]: Term 1 pre-election: Tablet error from VoteRequest() call to peer 9d90d4c62c474ab487b066357370ba06 (127.0.107.193:36387): Illegal state: must be running to vote when last-logged opid is not known
I20260630 12:12:53.570032  5099 raft_consensus.cc:493] T b555bb5b8b8a49228a0f8a204ce7b96d P 54eaa8bfddd84053a695f60cbfe5e0f1 [term 0 FOLLOWER]: Starting pre-election (no leader contacted us within the election timeout)
I20260630 12:12:53.571614  5099 raft_consensus.cc:515] T b555bb5b8b8a49228a0f8a204ce7b96d P 54eaa8bfddd84053a695f60cbfe5e0f1 [term 0 FOLLOWER]: Starting pre-election with config: opid_index: -1 OBSOLETE_local: false peers { permanent_uuid: "f5b5a14bb75543a2a04c55ed947d58a1" member_type: VOTER last_known_addr { host: "127.0.107.194" port: 38445 } } peers { permanent_uuid: "9d90d4c62c474ab487b066357370ba06" member_type: VOTER last_known_addr { host: "127.0.107.193" port: 36387 } } peers { permanent_uuid: "54eaa8bfddd84053a695f60cbfe5e0f1" member_type: VOTER last_known_addr { host: "127.0.107.195" port: 39409 } }
I20260630 12:12:53.573498  5073 tablet_bootstrap.cc:654] T 22323b212ccd4c8aad94776fa77bd7ed P 9d90d4c62c474ab487b066357370ba06: Neither blocks nor log segments found. Creating new log.
I20260630 12:12:53.571590  5072 raft_consensus.cc:359] T bd58e644c2034936a032c783433f33b4 P f5b5a14bb75543a2a04c55ed947d58a1 [term 0 FOLLOWER]: Replica starting. Triggering 0 pending ops. Active config: opid_index: -1 OBSOLETE_local: false peers { permanent_uuid: "9d90d4c62c474ab487b066357370ba06" member_type: VOTER last_known_addr { host: "127.0.107.193" port: 36387 } } peers { permanent_uuid: "f5b5a14bb75543a2a04c55ed947d58a1" member_type: VOTER last_known_addr { host: "127.0.107.194" port: 38445 } } peers { permanent_uuid: "54eaa8bfddd84053a695f60cbfe5e0f1" member_type: VOTER last_known_addr { host: "127.0.107.195" port: 39409 } }
I20260630 12:12:53.574340  5072 raft_consensus.cc:385] T bd58e644c2034936a032c783433f33b4 P f5b5a14bb75543a2a04c55ed947d58a1 [term 0 FOLLOWER]: Consensus starting up: Expiring failure detector timer to make a prompt election more likely
I20260630 12:12:53.574630  5072 raft_consensus.cc:740] T bd58e644c2034936a032c783433f33b4 P f5b5a14bb75543a2a04c55ed947d58a1 [term 0 FOLLOWER]: Becoming Follower/Learner. State: Replica: f5b5a14bb75543a2a04c55ed947d58a1, State: Initialized, Role: FOLLOWER
I20260630 12:12:53.575636  5072 consensus_queue.cc:260] T bd58e644c2034936a032c783433f33b4 P f5b5a14bb75543a2a04c55ed947d58a1 [NON_LEADER]: Queue going to NON_LEADER mode. State: All replicated index: 0, Majority replicated index: 0, Committed index: 0, Last appended: 0.0, Last appended by leader: 0, Current term: 0, Majority size: -1, State: 0, Mode: NON_LEADER, active raft config: opid_index: -1 OBSOLETE_local: false peers { permanent_uuid: "9d90d4c62c474ab487b066357370ba06" member_type: VOTER last_known_addr { host: "127.0.107.193" port: 36387 } } peers { permanent_uuid: "f5b5a14bb75543a2a04c55ed947d58a1" member_type: VOTER last_known_addr { host: "127.0.107.194" port: 38445 } } peers { permanent_uuid: "54eaa8bfddd84053a695f60cbfe5e0f1" member_type: VOTER last_known_addr { host: "127.0.107.195" port: 39409 } }
I20260630 12:12:53.576876  4878 tablet_service.cc:1917] Received RequestConsensusVote() RPC: tablet_id: "b555bb5b8b8a49228a0f8a204ce7b96d" candidate_uuid: "54eaa8bfddd84053a695f60cbfe5e0f1" candidate_term: 1 candidate_status { last_received { term: 0 index: 0 } } ignore_live_leader: false dest_uuid: "9d90d4c62c474ab487b066357370ba06" is_pre_election: true
I20260630 12:12:53.578117  5076 tablet_bootstrap.cc:654] T 7a09daa0d9aa4ae486a955a9050f4069 P 54eaa8bfddd84053a695f60cbfe5e0f1: Neither blocks nor log segments found. Creating new log.
W20260630 12:12:53.578588  4992 leader_election.cc:343] T b555bb5b8b8a49228a0f8a204ce7b96d P 54eaa8bfddd84053a695f60cbfe5e0f1 [CANDIDATE]: Term 1 pre-election: Tablet error from VoteRequest() call to peer 9d90d4c62c474ab487b066357370ba06 (127.0.107.193:36387): Illegal state: must be running to vote when last-logged opid is not known
I20260630 12:12:53.580610  4952 tablet_service.cc:1917] Received RequestConsensusVote() RPC: tablet_id: "b555bb5b8b8a49228a0f8a204ce7b96d" candidate_uuid: "54eaa8bfddd84053a695f60cbfe5e0f1" candidate_term: 1 candidate_status { last_received { term: 0 index: 0 } } ignore_live_leader: false dest_uuid: "f5b5a14bb75543a2a04c55ed947d58a1" is_pre_election: true
I20260630 12:12:53.581212  4952 raft_consensus.cc:2468] T b555bb5b8b8a49228a0f8a204ce7b96d P f5b5a14bb75543a2a04c55ed947d58a1 [term 0 FOLLOWER]: Leader pre-election vote request: Granting yes vote for candidate 54eaa8bfddd84053a695f60cbfe5e0f1 in term 0.
I20260630 12:12:53.580806  4776 catalog_manager.cc:5697] T 2a09c1b261524c1384378829a03f16ab P 54eaa8bfddd84053a695f60cbfe5e0f1 reported cstate change: term changed from 0 to 1, leader changed from <none> to 54eaa8bfddd84053a695f60cbfe5e0f1 (127.0.107.195). New cstate: current_term: 1 leader_uuid: "54eaa8bfddd84053a695f60cbfe5e0f1" committed_config { opid_index: -1 OBSOLETE_local: false peers { permanent_uuid: "9d90d4c62c474ab487b066357370ba06" member_type: VOTER last_known_addr { host: "127.0.107.193" port: 36387 } health_report { overall_health: UNKNOWN } } peers { permanent_uuid: "f5b5a14bb75543a2a04c55ed947d58a1" member_type: VOTER last_known_addr { host: "127.0.107.194" port: 38445 } health_report { overall_health: UNKNOWN } } peers { permanent_uuid: "54eaa8bfddd84053a695f60cbfe5e0f1" member_type: VOTER last_known_addr { host: "127.0.107.195" port: 39409 } health_report { overall_health: HEALTHY } } }
I20260630 12:12:53.582433  4991 leader_election.cc:304] T b555bb5b8b8a49228a0f8a204ce7b96d P 54eaa8bfddd84053a695f60cbfe5e0f1 [CANDIDATE]: Term 1 pre-election: Election decided. Result: candidate won. Election summary: received 3 responses out of 3 voters: 2 yes votes; 1 no votes. yes voters: 54eaa8bfddd84053a695f60cbfe5e0f1, f5b5a14bb75543a2a04c55ed947d58a1; no voters: 9d90d4c62c474ab487b066357370ba06
I20260630 12:12:53.579011  5081 raft_consensus.cc:515] T 22323b212ccd4c8aad94776fa77bd7ed P 54eaa8bfddd84053a695f60cbfe5e0f1 [term 1 FOLLOWER]: Starting leader election with config: opid_index: -1 OBSOLETE_local: false peers { permanent_uuid: "9d90d4c62c474ab487b066357370ba06" member_type: VOTER last_known_addr { host: "127.0.107.193" port: 36387 } } peers { permanent_uuid: "f5b5a14bb75543a2a04c55ed947d58a1" member_type: VOTER last_known_addr { host: "127.0.107.194" port: 38445 } } peers { permanent_uuid: "54eaa8bfddd84053a695f60cbfe5e0f1" member_type: VOTER last_known_addr { host: "127.0.107.195" port: 39409 } }
I20260630 12:12:53.585130  5100 raft_consensus.cc:2804] T b555bb5b8b8a49228a0f8a204ce7b96d P 54eaa8bfddd84053a695f60cbfe5e0f1 [term 0 FOLLOWER]: Leader pre-election won for term 1
I20260630 12:12:53.585541  5100 raft_consensus.cc:493] T b555bb5b8b8a49228a0f8a204ce7b96d P 54eaa8bfddd84053a695f60cbfe5e0f1 [term 0 FOLLOWER]: Starting leader election (no leader contacted us within the election timeout)
I20260630 12:12:53.585853  5100 raft_consensus.cc:3060] T b555bb5b8b8a49228a0f8a204ce7b96d P 54eaa8bfddd84053a695f60cbfe5e0f1 [term 0 FOLLOWER]: Advancing to term 1
I20260630 12:12:53.586136  4878 tablet_service.cc:1917] Received RequestConsensusVote() RPC: tablet_id: "22323b212ccd4c8aad94776fa77bd7ed" candidate_uuid: "54eaa8bfddd84053a695f60cbfe5e0f1" candidate_term: 1 candidate_status { last_received { term: 0 index: 0 } } ignore_live_leader: false dest_uuid: "9d90d4c62c474ab487b066357370ba06"
W20260630 12:12:53.587558  4992 leader_election.cc:343] T 22323b212ccd4c8aad94776fa77bd7ed P 54eaa8bfddd84053a695f60cbfe5e0f1 [CANDIDATE]: Term 1 election: Tablet error from VoteRequest() call to peer 9d90d4c62c474ab487b066357370ba06 (127.0.107.193:36387): Illegal state: must be running to vote when last-logged opid is not known
I20260630 12:12:53.589094  5081 leader_election.cc:290] T 22323b212ccd4c8aad94776fa77bd7ed P 54eaa8bfddd84053a695f60cbfe5e0f1 [CANDIDATE]: Term 1 election: Requested vote from peers 9d90d4c62c474ab487b066357370ba06 (127.0.107.193:36387), f5b5a14bb75543a2a04c55ed947d58a1 (127.0.107.194:38445)
I20260630 12:12:53.575337  5099 leader_election.cc:290] T b555bb5b8b8a49228a0f8a204ce7b96d P 54eaa8bfddd84053a695f60cbfe5e0f1 [CANDIDATE]: Term 1 pre-election: Requested pre-vote from peers f5b5a14bb75543a2a04c55ed947d58a1 (127.0.107.194:38445), 9d90d4c62c474ab487b066357370ba06 (127.0.107.193:36387)
I20260630 12:12:53.581270  5072 ts_tablet_manager.cc:1434] T bd58e644c2034936a032c783433f33b4 P f5b5a14bb75543a2a04c55ed947d58a1: Time spent starting tablet: real 0.020s	user 0.005s	sys 0.001s
I20260630 12:12:53.592558  4952 tablet_service.cc:1917] Received RequestConsensusVote() RPC: tablet_id: "22323b212ccd4c8aad94776fa77bd7ed" candidate_uuid: "54eaa8bfddd84053a695f60cbfe5e0f1" candidate_term: 1 candidate_status { last_received { term: 0 index: 0 } } ignore_live_leader: false dest_uuid: "f5b5a14bb75543a2a04c55ed947d58a1"
I20260630 12:12:53.595444  4952 raft_consensus.cc:3060] T 22323b212ccd4c8aad94776fa77bd7ed P f5b5a14bb75543a2a04c55ed947d58a1 [term 0 FOLLOWER]: Advancing to term 1
I20260630 12:12:53.596107  5072 tablet_bootstrap.cc:492] T bda82f79f5814653aef0c74b18612552 P f5b5a14bb75543a2a04c55ed947d58a1: Bootstrap starting.
I20260630 12:12:53.602682  4952 raft_consensus.cc:2468] T 22323b212ccd4c8aad94776fa77bd7ed P f5b5a14bb75543a2a04c55ed947d58a1 [term 1 FOLLOWER]: Leader election vote request: Granting yes vote for candidate 54eaa8bfddd84053a695f60cbfe5e0f1 in term 1.
I20260630 12:12:53.603454  5072 tablet_bootstrap.cc:654] T bda82f79f5814653aef0c74b18612552 P f5b5a14bb75543a2a04c55ed947d58a1: Neither blocks nor log segments found. Creating new log.
I20260630 12:12:53.603853  4991 leader_election.cc:304] T 22323b212ccd4c8aad94776fa77bd7ed P 54eaa8bfddd84053a695f60cbfe5e0f1 [CANDIDATE]: Term 1 election: Election decided. Result: candidate won. Election summary: received 3 responses out of 3 voters: 2 yes votes; 1 no votes. yes voters: 54eaa8bfddd84053a695f60cbfe5e0f1, f5b5a14bb75543a2a04c55ed947d58a1; no voters: 9d90d4c62c474ab487b066357370ba06
I20260630 12:12:53.594215  5076 tablet_bootstrap.cc:492] T 7a09daa0d9aa4ae486a955a9050f4069 P 54eaa8bfddd84053a695f60cbfe5e0f1: No bootstrap required, opened a new log
I20260630 12:12:53.594406  5100 raft_consensus.cc:515] T b555bb5b8b8a49228a0f8a204ce7b96d P 54eaa8bfddd84053a695f60cbfe5e0f1 [term 1 FOLLOWER]: Starting leader election with config: opid_index: -1 OBSOLETE_local: false peers { permanent_uuid: "f5b5a14bb75543a2a04c55ed947d58a1" member_type: VOTER last_known_addr { host: "127.0.107.194" port: 38445 } } peers { permanent_uuid: "9d90d4c62c474ab487b066357370ba06" member_type: VOTER last_known_addr { host: "127.0.107.193" port: 36387 } } peers { permanent_uuid: "54eaa8bfddd84053a695f60cbfe5e0f1" member_type: VOTER last_known_addr { host: "127.0.107.195" port: 39409 } }
I20260630 12:12:53.605257  5076 ts_tablet_manager.cc:1403] T 7a09daa0d9aa4ae486a955a9050f4069 P 54eaa8bfddd84053a695f60cbfe5e0f1: Time spent bootstrapping tablet: real 0.060s	user 0.007s	sys 0.004s
I20260630 12:12:53.606601  5099 raft_consensus.cc:2804] T 22323b212ccd4c8aad94776fa77bd7ed P 54eaa8bfddd84053a695f60cbfe5e0f1 [term 1 FOLLOWER]: Leader election won for term 1
I20260630 12:12:53.607088  5099 raft_consensus.cc:697] T 22323b212ccd4c8aad94776fa77bd7ed P 54eaa8bfddd84053a695f60cbfe5e0f1 [term 1 LEADER]: Becoming Leader. State: Replica: 54eaa8bfddd84053a695f60cbfe5e0f1, State: Running, Role: LEADER
I20260630 12:12:53.607847  5099 consensus_queue.cc:237] T 22323b212ccd4c8aad94776fa77bd7ed P 54eaa8bfddd84053a695f60cbfe5e0f1 [LEADER]: Queue going to LEADER mode. State: All replicated index: 0, Majority replicated index: 0, Committed index: 0, Last appended: 0.0, Last appended by leader: 0, Current term: 1, Majority size: 2, State: 0, Mode: LEADER, active raft config: opid_index: -1 OBSOLETE_local: false peers { permanent_uuid: "9d90d4c62c474ab487b066357370ba06" member_type: VOTER last_known_addr { host: "127.0.107.193" port: 36387 } } peers { permanent_uuid: "f5b5a14bb75543a2a04c55ed947d58a1" member_type: VOTER last_known_addr { host: "127.0.107.194" port: 38445 } } peers { permanent_uuid: "54eaa8bfddd84053a695f60cbfe5e0f1" member_type: VOTER last_known_addr { host: "127.0.107.195" port: 39409 } }
I20260630 12:12:53.608806  4952 tablet_service.cc:1917] Received RequestConsensusVote() RPC: tablet_id: "b555bb5b8b8a49228a0f8a204ce7b96d" candidate_uuid: "54eaa8bfddd84053a695f60cbfe5e0f1" candidate_term: 1 candidate_status { last_received { term: 0 index: 0 } } ignore_live_leader: false dest_uuid: "f5b5a14bb75543a2a04c55ed947d58a1"
I20260630 12:12:53.609383  4952 raft_consensus.cc:3060] T b555bb5b8b8a49228a0f8a204ce7b96d P f5b5a14bb75543a2a04c55ed947d58a1 [term 0 FOLLOWER]: Advancing to term 1
I20260630 12:12:53.608114  4878 tablet_service.cc:1917] Received RequestConsensusVote() RPC: tablet_id: "b555bb5b8b8a49228a0f8a204ce7b96d" candidate_uuid: "54eaa8bfddd84053a695f60cbfe5e0f1" candidate_term: 1 candidate_status { last_received { term: 0 index: 0 } } ignore_live_leader: false dest_uuid: "9d90d4c62c474ab487b066357370ba06"
W20260630 12:12:53.617404  4992 leader_election.cc:343] T b555bb5b8b8a49228a0f8a204ce7b96d P 54eaa8bfddd84053a695f60cbfe5e0f1 [CANDIDATE]: Term 1 election: Tablet error from VoteRequest() call to peer 9d90d4c62c474ab487b066357370ba06 (127.0.107.193:36387): Illegal state: must be running to vote when last-logged opid is not known
I20260630 12:12:53.617628  5072 tablet_bootstrap.cc:492] T bda82f79f5814653aef0c74b18612552 P f5b5a14bb75543a2a04c55ed947d58a1: No bootstrap required, opened a new log
I20260630 12:12:53.618255  5072 ts_tablet_manager.cc:1403] T bda82f79f5814653aef0c74b18612552 P f5b5a14bb75543a2a04c55ed947d58a1: Time spent bootstrapping tablet: real 0.022s	user 0.008s	sys 0.010s
I20260630 12:12:53.606634  5100 leader_election.cc:290] T b555bb5b8b8a49228a0f8a204ce7b96d P 54eaa8bfddd84053a695f60cbfe5e0f1 [CANDIDATE]: Term 1 election: Requested vote from peers f5b5a14bb75543a2a04c55ed947d58a1 (127.0.107.194:38445), 9d90d4c62c474ab487b066357370ba06 (127.0.107.193:36387)
I20260630 12:12:53.621325  5072 raft_consensus.cc:359] T bda82f79f5814653aef0c74b18612552 P f5b5a14bb75543a2a04c55ed947d58a1 [term 0 FOLLOWER]: Replica starting. Triggering 0 pending ops. Active config: opid_index: -1 OBSOLETE_local: false peers { permanent_uuid: "9d90d4c62c474ab487b066357370ba06" member_type: VOTER last_known_addr { host: "127.0.107.193" port: 36387 } } peers { permanent_uuid: "f5b5a14bb75543a2a04c55ed947d58a1" member_type: VOTER last_known_addr { host: "127.0.107.194" port: 38445 } } peers { permanent_uuid: "54eaa8bfddd84053a695f60cbfe5e0f1" member_type: VOTER last_known_addr { host: "127.0.107.195" port: 39409 } }
I20260630 12:12:53.622329  5072 raft_consensus.cc:385] T bda82f79f5814653aef0c74b18612552 P f5b5a14bb75543a2a04c55ed947d58a1 [term 0 FOLLOWER]: Consensus starting up: Expiring failure detector timer to make a prompt election more likely
I20260630 12:12:53.622776  5072 raft_consensus.cc:740] T bda82f79f5814653aef0c74b18612552 P f5b5a14bb75543a2a04c55ed947d58a1 [term 0 FOLLOWER]: Becoming Follower/Learner. State: Replica: f5b5a14bb75543a2a04c55ed947d58a1, State: Initialized, Role: FOLLOWER
I20260630 12:12:53.616588  5076 raft_consensus.cc:359] T 7a09daa0d9aa4ae486a955a9050f4069 P 54eaa8bfddd84053a695f60cbfe5e0f1 [term 0 FOLLOWER]: Replica starting. Triggering 0 pending ops. Active config: opid_index: -1 OBSOLETE_local: false peers { permanent_uuid: "9d90d4c62c474ab487b066357370ba06" member_type: VOTER last_known_addr { host: "127.0.107.193" port: 36387 } } peers { permanent_uuid: "f5b5a14bb75543a2a04c55ed947d58a1" member_type: VOTER last_known_addr { host: "127.0.107.194" port: 38445 } } peers { permanent_uuid: "54eaa8bfddd84053a695f60cbfe5e0f1" member_type: VOTER last_known_addr { host: "127.0.107.195" port: 39409 } }
I20260630 12:12:53.623615  5076 raft_consensus.cc:385] T 7a09daa0d9aa4ae486a955a9050f4069 P 54eaa8bfddd84053a695f60cbfe5e0f1 [term 0 FOLLOWER]: Consensus starting up: Expiring failure detector timer to make a prompt election more likely
I20260630 12:12:53.623809  5072 consensus_queue.cc:260] T bda82f79f5814653aef0c74b18612552 P f5b5a14bb75543a2a04c55ed947d58a1 [NON_LEADER]: Queue going to NON_LEADER mode. State: All replicated index: 0, Majority replicated index: 0, Committed index: 0, Last appended: 0.0, Last appended by leader: 0, Current term: 0, Majority size: -1, State: 0, Mode: NON_LEADER, active raft config: opid_index: -1 OBSOLETE_local: false peers { permanent_uuid: "9d90d4c62c474ab487b066357370ba06" member_type: VOTER last_known_addr { host: "127.0.107.193" port: 36387 } } peers { permanent_uuid: "f5b5a14bb75543a2a04c55ed947d58a1" member_type: VOTER last_known_addr { host: "127.0.107.194" port: 38445 } } peers { permanent_uuid: "54eaa8bfddd84053a695f60cbfe5e0f1" member_type: VOTER last_known_addr { host: "127.0.107.195" port: 39409 } }
I20260630 12:12:53.625988  5072 ts_tablet_manager.cc:1434] T bda82f79f5814653aef0c74b18612552 P f5b5a14bb75543a2a04c55ed947d58a1: Time spent starting tablet: real 0.007s	user 0.002s	sys 0.003s
I20260630 12:12:53.626504  4952 raft_consensus.cc:2468] T b555bb5b8b8a49228a0f8a204ce7b96d P f5b5a14bb75543a2a04c55ed947d58a1 [term 1 FOLLOWER]: Leader election vote request: Granting yes vote for candidate 54eaa8bfddd84053a695f60cbfe5e0f1 in term 1.
I20260630 12:12:53.626999  5072 tablet_bootstrap.cc:492] T 93795469eda64e1aab1916e2e4aa07bb P f5b5a14bb75543a2a04c55ed947d58a1: Bootstrap starting.
I20260630 12:12:53.627656  4991 leader_election.cc:304] T b555bb5b8b8a49228a0f8a204ce7b96d P 54eaa8bfddd84053a695f60cbfe5e0f1 [CANDIDATE]: Term 1 election: Election decided. Result: candidate won. Election summary: received 3 responses out of 3 voters: 2 yes votes; 1 no votes. yes voters: 54eaa8bfddd84053a695f60cbfe5e0f1, f5b5a14bb75543a2a04c55ed947d58a1; no voters: 9d90d4c62c474ab487b066357370ba06
I20260630 12:12:53.623912  5076 raft_consensus.cc:740] T 7a09daa0d9aa4ae486a955a9050f4069 P 54eaa8bfddd84053a695f60cbfe5e0f1 [term 0 FOLLOWER]: Becoming Follower/Learner. State: Replica: 54eaa8bfddd84053a695f60cbfe5e0f1, State: Initialized, Role: FOLLOWER
I20260630 12:12:53.629328  5100 raft_consensus.cc:2804] T b555bb5b8b8a49228a0f8a204ce7b96d P 54eaa8bfddd84053a695f60cbfe5e0f1 [term 1 FOLLOWER]: Leader election won for term 1
I20260630 12:12:53.629645  5076 consensus_queue.cc:260] T 7a09daa0d9aa4ae486a955a9050f4069 P 54eaa8bfddd84053a695f60cbfe5e0f1 [NON_LEADER]: Queue going to NON_LEADER mode. State: All replicated index: 0, Majority replicated index: 0, Committed index: 0, Last appended: 0.0, Last appended by leader: 0, Current term: 0, Majority size: -1, State: 0, Mode: NON_LEADER, active raft config: opid_index: -1 OBSOLETE_local: false peers { permanent_uuid: "9d90d4c62c474ab487b066357370ba06" member_type: VOTER last_known_addr { host: "127.0.107.193" port: 36387 } } peers { permanent_uuid: "f5b5a14bb75543a2a04c55ed947d58a1" member_type: VOTER last_known_addr { host: "127.0.107.194" port: 38445 } } peers { permanent_uuid: "54eaa8bfddd84053a695f60cbfe5e0f1" member_type: VOTER last_known_addr { host: "127.0.107.195" port: 39409 } }
I20260630 12:12:53.631402  5073 tablet_bootstrap.cc:492] T 22323b212ccd4c8aad94776fa77bd7ed P 9d90d4c62c474ab487b066357370ba06: No bootstrap required, opened a new log
I20260630 12:12:53.631860  5073 ts_tablet_manager.cc:1403] T 22323b212ccd4c8aad94776fa77bd7ed P 9d90d4c62c474ab487b066357370ba06: Time spent bootstrapping tablet: real 0.098s	user 0.013s	sys 0.019s
I20260630 12:12:53.629770  5100 raft_consensus.cc:697] T b555bb5b8b8a49228a0f8a204ce7b96d P 54eaa8bfddd84053a695f60cbfe5e0f1 [term 1 LEADER]: Becoming Leader. State: Replica: 54eaa8bfddd84053a695f60cbfe5e0f1, State: Running, Role: LEADER
I20260630 12:12:53.632233  5076 ts_tablet_manager.cc:1434] T 7a09daa0d9aa4ae486a955a9050f4069 P 54eaa8bfddd84053a695f60cbfe5e0f1: Time spent starting tablet: real 0.027s	user 0.004s	sys 0.003s
I20260630 12:12:53.633129  5076 tablet_bootstrap.cc:492] T b5877b2c62d4423f867f43d3672f3b80 P 54eaa8bfddd84053a695f60cbfe5e0f1: Bootstrap starting.
I20260630 12:12:53.634522  5100 consensus_queue.cc:237] T b555bb5b8b8a49228a0f8a204ce7b96d P 54eaa8bfddd84053a695f60cbfe5e0f1 [LEADER]: Queue going to LEADER mode. State: All replicated index: 0, Majority replicated index: 0, Committed index: 0, Last appended: 0.0, Last appended by leader: 0, Current term: 1, Majority size: 2, State: 0, Mode: LEADER, active raft config: opid_index: -1 OBSOLETE_local: false peers { permanent_uuid: "f5b5a14bb75543a2a04c55ed947d58a1" member_type: VOTER last_known_addr { host: "127.0.107.194" port: 38445 } } peers { permanent_uuid: "9d90d4c62c474ab487b066357370ba06" member_type: VOTER last_known_addr { host: "127.0.107.193" port: 36387 } } peers { permanent_uuid: "54eaa8bfddd84053a695f60cbfe5e0f1" member_type: VOTER last_known_addr { host: "127.0.107.195" port: 39409 } }
I20260630 12:12:53.635254  5073 raft_consensus.cc:359] T 22323b212ccd4c8aad94776fa77bd7ed P 9d90d4c62c474ab487b066357370ba06 [term 0 FOLLOWER]: Replica starting. Triggering 0 pending ops. Active config: opid_index: -1 OBSOLETE_local: false peers { permanent_uuid: "9d90d4c62c474ab487b066357370ba06" member_type: VOTER last_known_addr { host: "127.0.107.193" port: 36387 } } peers { permanent_uuid: "f5b5a14bb75543a2a04c55ed947d58a1" member_type: VOTER last_known_addr { host: "127.0.107.194" port: 38445 } } peers { permanent_uuid: "54eaa8bfddd84053a695f60cbfe5e0f1" member_type: VOTER last_known_addr { host: "127.0.107.195" port: 39409 } }
I20260630 12:12:53.635933  5073 raft_consensus.cc:385] T 22323b212ccd4c8aad94776fa77bd7ed P 9d90d4c62c474ab487b066357370ba06 [term 0 FOLLOWER]: Consensus starting up: Expiring failure detector timer to make a prompt election more likely
I20260630 12:12:53.636198  5073 raft_consensus.cc:740] T 22323b212ccd4c8aad94776fa77bd7ed P 9d90d4c62c474ab487b066357370ba06 [term 0 FOLLOWER]: Becoming Follower/Learner. State: Replica: 9d90d4c62c474ab487b066357370ba06, State: Initialized, Role: FOLLOWER
I20260630 12:12:53.638782  5076 tablet_bootstrap.cc:654] T b5877b2c62d4423f867f43d3672f3b80 P 54eaa8bfddd84053a695f60cbfe5e0f1: Neither blocks nor log segments found. Creating new log.
I20260630 12:12:53.638165  4774 catalog_manager.cc:5697] T 22323b212ccd4c8aad94776fa77bd7ed P 54eaa8bfddd84053a695f60cbfe5e0f1 reported cstate change: term changed from 0 to 1, leader changed from <none> to 54eaa8bfddd84053a695f60cbfe5e0f1 (127.0.107.195). New cstate: current_term: 1 leader_uuid: "54eaa8bfddd84053a695f60cbfe5e0f1" committed_config { opid_index: -1 OBSOLETE_local: false peers { permanent_uuid: "9d90d4c62c474ab487b066357370ba06" member_type: VOTER last_known_addr { host: "127.0.107.193" port: 36387 } health_report { overall_health: UNKNOWN } } peers { permanent_uuid: "f5b5a14bb75543a2a04c55ed947d58a1" member_type: VOTER last_known_addr { host: "127.0.107.194" port: 38445 } health_report { overall_health: UNKNOWN } } peers { permanent_uuid: "54eaa8bfddd84053a695f60cbfe5e0f1" member_type: VOTER last_known_addr { host: "127.0.107.195" port: 39409 } health_report { overall_health: HEALTHY } } }
W20260630 12:12:53.638936  4824 auto_rebalancer.cc:298] Could not retrieve cluster info: Service unavailable: Tablet not running
I20260630 12:12:53.636966  5073 consensus_queue.cc:260] T 22323b212ccd4c8aad94776fa77bd7ed P 9d90d4c62c474ab487b066357370ba06 [NON_LEADER]: Queue going to NON_LEADER mode. State: All replicated index: 0, Majority replicated index: 0, Committed index: 0, Last appended: 0.0, Last appended by leader: 0, Current term: 0, Majority size: -1, State: 0, Mode: NON_LEADER, active raft config: opid_index: -1 OBSOLETE_local: false peers { permanent_uuid: "9d90d4c62c474ab487b066357370ba06" member_type: VOTER last_known_addr { host: "127.0.107.193" port: 36387 } } peers { permanent_uuid: "f5b5a14bb75543a2a04c55ed947d58a1" member_type: VOTER last_known_addr { host: "127.0.107.194" port: 38445 } } peers { permanent_uuid: "54eaa8bfddd84053a695f60cbfe5e0f1" member_type: VOTER last_known_addr { host: "127.0.107.195" port: 39409 } }
I20260630 12:12:53.644701  5073 ts_tablet_manager.cc:1434] T 22323b212ccd4c8aad94776fa77bd7ed P 9d90d4c62c474ab487b066357370ba06: Time spent starting tablet: real 0.012s	user 0.005s	sys 0.000s
I20260630 12:12:53.645661  5073 tablet_bootstrap.cc:492] T e58aa847f43143099df4638a73129dc1 P 9d90d4c62c474ab487b066357370ba06: Bootstrap starting.
I20260630 12:12:53.647650  5072 tablet_bootstrap.cc:654] T 93795469eda64e1aab1916e2e4aa07bb P f5b5a14bb75543a2a04c55ed947d58a1: Neither blocks nor log segments found. Creating new log.
I20260630 12:12:53.652251  5073 tablet_bootstrap.cc:654] T e58aa847f43143099df4638a73129dc1 P 9d90d4c62c474ab487b066357370ba06: Neither blocks nor log segments found. Creating new log.
I20260630 12:12:53.653676  5076 tablet_bootstrap.cc:492] T b5877b2c62d4423f867f43d3672f3b80 P 54eaa8bfddd84053a695f60cbfe5e0f1: No bootstrap required, opened a new log
I20260630 12:12:53.654167  5076 ts_tablet_manager.cc:1403] T b5877b2c62d4423f867f43d3672f3b80 P 54eaa8bfddd84053a695f60cbfe5e0f1: Time spent bootstrapping tablet: real 0.021s	user 0.012s	sys 0.006s
I20260630 12:12:53.657150  5076 raft_consensus.cc:359] T b5877b2c62d4423f867f43d3672f3b80 P 54eaa8bfddd84053a695f60cbfe5e0f1 [term 0 FOLLOWER]: Replica starting. Triggering 0 pending ops. Active config: opid_index: -1 OBSOLETE_local: false peers { permanent_uuid: "9d90d4c62c474ab487b066357370ba06" member_type: VOTER last_known_addr { host: "127.0.107.193" port: 36387 } } peers { permanent_uuid: "f5b5a14bb75543a2a04c55ed947d58a1" member_type: VOTER last_known_addr { host: "127.0.107.194" port: 38445 } } peers { permanent_uuid: "54eaa8bfddd84053a695f60cbfe5e0f1" member_type: VOTER last_known_addr { host: "127.0.107.195" port: 39409 } }
I20260630 12:12:53.657841  5076 raft_consensus.cc:385] T b5877b2c62d4423f867f43d3672f3b80 P 54eaa8bfddd84053a695f60cbfe5e0f1 [term 0 FOLLOWER]: Consensus starting up: Expiring failure detector timer to make a prompt election more likely
I20260630 12:12:53.658110  5076 raft_consensus.cc:740] T b5877b2c62d4423f867f43d3672f3b80 P 54eaa8bfddd84053a695f60cbfe5e0f1 [term 0 FOLLOWER]: Becoming Follower/Learner. State: Replica: 54eaa8bfddd84053a695f60cbfe5e0f1, State: Initialized, Role: FOLLOWER
I20260630 12:12:53.658766  5076 consensus_queue.cc:260] T b5877b2c62d4423f867f43d3672f3b80 P 54eaa8bfddd84053a695f60cbfe5e0f1 [NON_LEADER]: Queue going to NON_LEADER mode. State: All replicated index: 0, Majority replicated index: 0, Committed index: 0, Last appended: 0.0, Last appended by leader: 0, Current term: 0, Majority size: -1, State: 0, Mode: NON_LEADER, active raft config: opid_index: -1 OBSOLETE_local: false peers { permanent_uuid: "9d90d4c62c474ab487b066357370ba06" member_type: VOTER last_known_addr { host: "127.0.107.193" port: 36387 } } peers { permanent_uuid: "f5b5a14bb75543a2a04c55ed947d58a1" member_type: VOTER last_known_addr { host: "127.0.107.194" port: 38445 } } peers { permanent_uuid: "54eaa8bfddd84053a695f60cbfe5e0f1" member_type: VOTER last_known_addr { host: "127.0.107.195" port: 39409 } }
I20260630 12:12:53.660534  5073 tablet_bootstrap.cc:492] T e58aa847f43143099df4638a73129dc1 P 9d90d4c62c474ab487b066357370ba06: No bootstrap required, opened a new log
I20260630 12:12:53.660962  5076 ts_tablet_manager.cc:1434] T b5877b2c62d4423f867f43d3672f3b80 P 54eaa8bfddd84053a695f60cbfe5e0f1: Time spent starting tablet: real 0.006s	user 0.005s	sys 0.000s
I20260630 12:12:53.660993  5073 ts_tablet_manager.cc:1403] T e58aa847f43143099df4638a73129dc1 P 9d90d4c62c474ab487b066357370ba06: Time spent bootstrapping tablet: real 0.016s	user 0.005s	sys 0.005s
I20260630 12:12:53.661720  5076 tablet_bootstrap.cc:492] T a5fbd79847d64c8ba821d22153bda84c P 54eaa8bfddd84053a695f60cbfe5e0f1: Bootstrap starting.
I20260630 12:12:53.661680  4775 catalog_manager.cc:5697] T b555bb5b8b8a49228a0f8a204ce7b96d P 54eaa8bfddd84053a695f60cbfe5e0f1 reported cstate change: term changed from 0 to 1, leader changed from <none> to 54eaa8bfddd84053a695f60cbfe5e0f1 (127.0.107.195). New cstate: current_term: 1 leader_uuid: "54eaa8bfddd84053a695f60cbfe5e0f1" committed_config { opid_index: -1 OBSOLETE_local: false peers { permanent_uuid: "f5b5a14bb75543a2a04c55ed947d58a1" member_type: VOTER last_known_addr { host: "127.0.107.194" port: 38445 } health_report { overall_health: UNKNOWN } } peers { permanent_uuid: "9d90d4c62c474ab487b066357370ba06" member_type: VOTER last_known_addr { host: "127.0.107.193" port: 36387 } health_report { overall_health: UNKNOWN } } peers { permanent_uuid: "54eaa8bfddd84053a695f60cbfe5e0f1" member_type: VOTER last_known_addr { host: "127.0.107.195" port: 39409 } health_report { overall_health: HEALTHY } } }
I20260630 12:12:53.663870  5073 raft_consensus.cc:359] T e58aa847f43143099df4638a73129dc1 P 9d90d4c62c474ab487b066357370ba06 [term 0 FOLLOWER]: Replica starting. Triggering 0 pending ops. Active config: opid_index: -1 OBSOLETE_local: false peers { permanent_uuid: "9d90d4c62c474ab487b066357370ba06" member_type: VOTER last_known_addr { host: "127.0.107.193" port: 36387 } } peers { permanent_uuid: "f5b5a14bb75543a2a04c55ed947d58a1" member_type: VOTER last_known_addr { host: "127.0.107.194" port: 38445 } } peers { permanent_uuid: "54eaa8bfddd84053a695f60cbfe5e0f1" member_type: VOTER last_known_addr { host: "127.0.107.195" port: 39409 } }
I20260630 12:12:53.664554  5073 raft_consensus.cc:385] T e58aa847f43143099df4638a73129dc1 P 9d90d4c62c474ab487b066357370ba06 [term 0 FOLLOWER]: Consensus starting up: Expiring failure detector timer to make a prompt election more likely
I20260630 12:12:53.664827  5073 raft_consensus.cc:740] T e58aa847f43143099df4638a73129dc1 P 9d90d4c62c474ab487b066357370ba06 [term 0 FOLLOWER]: Becoming Follower/Learner. State: Replica: 9d90d4c62c474ab487b066357370ba06, State: Initialized, Role: FOLLOWER
I20260630 12:12:53.665524  5073 consensus_queue.cc:260] T e58aa847f43143099df4638a73129dc1 P 9d90d4c62c474ab487b066357370ba06 [NON_LEADER]: Queue going to NON_LEADER mode. State: All replicated index: 0, Majority replicated index: 0, Committed index: 0, Last appended: 0.0, Last appended by leader: 0, Current term: 0, Majority size: -1, State: 0, Mode: NON_LEADER, active raft config: opid_index: -1 OBSOLETE_local: false peers { permanent_uuid: "9d90d4c62c474ab487b066357370ba06" member_type: VOTER last_known_addr { host: "127.0.107.193" port: 36387 } } peers { permanent_uuid: "f5b5a14bb75543a2a04c55ed947d58a1" member_type: VOTER last_known_addr { host: "127.0.107.194" port: 38445 } } peers { permanent_uuid: "54eaa8bfddd84053a695f60cbfe5e0f1" member_type: VOTER last_known_addr { host: "127.0.107.195" port: 39409 } }
I20260630 12:12:53.667032  5076 tablet_bootstrap.cc:654] T a5fbd79847d64c8ba821d22153bda84c P 54eaa8bfddd84053a695f60cbfe5e0f1: Neither blocks nor log segments found. Creating new log.
I20260630 12:12:53.670583  5073 ts_tablet_manager.cc:1434] T e58aa847f43143099df4638a73129dc1 P 9d90d4c62c474ab487b066357370ba06: Time spent starting tablet: real 0.009s	user 0.005s	sys 0.000s
I20260630 12:12:53.671587  5073 tablet_bootstrap.cc:492] T a5fbd79847d64c8ba821d22153bda84c P 9d90d4c62c474ab487b066357370ba06: Bootstrap starting.
I20260630 12:12:53.683401  5073 tablet_bootstrap.cc:654] T a5fbd79847d64c8ba821d22153bda84c P 9d90d4c62c474ab487b066357370ba06: Neither blocks nor log segments found. Creating new log.
I20260630 12:12:53.685372  5076 tablet_bootstrap.cc:492] T a5fbd79847d64c8ba821d22153bda84c P 54eaa8bfddd84053a695f60cbfe5e0f1: No bootstrap required, opened a new log
I20260630 12:12:53.685407  5072 tablet_bootstrap.cc:492] T 93795469eda64e1aab1916e2e4aa07bb P f5b5a14bb75543a2a04c55ed947d58a1: No bootstrap required, opened a new log
I20260630 12:12:53.685976  5076 ts_tablet_manager.cc:1403] T a5fbd79847d64c8ba821d22153bda84c P 54eaa8bfddd84053a695f60cbfe5e0f1: Time spent bootstrapping tablet: real 0.024s	user 0.012s	sys 0.011s
I20260630 12:12:53.686064  5072 ts_tablet_manager.cc:1403] T 93795469eda64e1aab1916e2e4aa07bb P f5b5a14bb75543a2a04c55ed947d58a1: Time spent bootstrapping tablet: real 0.059s	user 0.010s	sys 0.007s
I20260630 12:12:53.686118  5077 raft_consensus.cc:493] T bda82f79f5814653aef0c74b18612552 P f5b5a14bb75543a2a04c55ed947d58a1 [term 0 FOLLOWER]: Starting pre-election (no leader contacted us within the election timeout)
