I20260630 12:22:17.379396 31274 ts_tablet_manager.cc:1434] T 00337d96b3524d239ae3be1f8d6d2d12 P fdfb117bc8ba46b59bccb5def102f1ef: Time spent starting tablet: real 0.006s	user 0.003s	sys 0.001s
I20260630 12:22:17.380185 31274 tablet_bootstrap.cc:492] T 01812c73883843e1b096a7f01ae5579e P fdfb117bc8ba46b59bccb5def102f1ef: Bootstrap starting.
I20260630 12:22:17.380535 31041 leader_election.cc:304] T db200c29c9b0438386bc001eb4816cd8 P 08212f338f554075867c6bb87c5dfc4c [CANDIDATE]: Term 1 election: Election decided. Result: candidate won. Election summary: received 3 responses out of 3 voters: 2 yes votes; 1 no votes. yes voters: 08212f338f554075867c6bb87c5dfc4c, a514b4a11c944512a6697ad4c257e321; no voters: fdfb117bc8ba46b59bccb5def102f1ef
I20260630 12:22:17.382218 31318 raft_consensus.cc:2804] T db200c29c9b0438386bc001eb4816cd8 P 08212f338f554075867c6bb87c5dfc4c [term 1 FOLLOWER]: Leader election won for term 1
I20260630 12:22:17.387797 31078 tablet_service.cc:1917] Received RequestConsensusVote() RPC: tablet_id: "fc73f225a4814fc09752d502881928fb" candidate_uuid: "fdfb117bc8ba46b59bccb5def102f1ef" candidate_term: 1 candidate_status { last_received { term: 0 index: 0 } } ignore_live_leader: false dest_uuid: "08212f338f554075867c6bb87c5dfc4c"
I20260630 12:22:17.390630 31152 tablet_service.cc:1917] Received RequestConsensusVote() RPC: tablet_id: "0f106fde178d432dbcc376577afdf8c1" candidate_uuid: "08212f338f554075867c6bb87c5dfc4c" candidate_term: 1 candidate_status { last_received { term: 0 index: 0 } } ignore_live_leader: false dest_uuid: "fdfb117bc8ba46b59bccb5def102f1ef"
I20260630 12:22:17.391485 31152 raft_consensus.cc:2393] T 0f106fde178d432dbcc376577afdf8c1 P fdfb117bc8ba46b59bccb5def102f1ef [term 1 FOLLOWER]: Leader election vote request: Denying vote to candidate 08212f338f554075867c6bb87c5dfc4c in current term 1: Already voted for candidate fdfb117bc8ba46b59bccb5def102f1ef in this term.
I20260630 12:22:17.393667 31308 leader_election.cc:290] T 0f106fde178d432dbcc376577afdf8c1 P 08212f338f554075867c6bb87c5dfc4c [CANDIDATE]: Term 1 election: Requested vote from peers fdfb117bc8ba46b59bccb5def102f1ef (127.26.1.194:40505), a514b4a11c944512a6697ad4c257e321 (127.26.1.195:34397)
I20260630 12:22:17.394402 31077 raft_consensus.cc:2468] T e1712f64341142bd902b625384f6b5e4 P 08212f338f554075867c6bb87c5dfc4c [term 1 FOLLOWER]: Leader election vote request: Granting yes vote for candidate fdfb117bc8ba46b59bccb5def102f1ef in term 1.
I20260630 12:22:17.395598 31078 tablet_service.cc:1917] Received RequestConsensusVote() RPC: tablet_id: "b0899660d91d4020bf0ba8bad63281fa" candidate_uuid: "fdfb117bc8ba46b59bccb5def102f1ef" candidate_term: 1 candidate_status { last_received { term: 0 index: 0 } } ignore_live_leader: false dest_uuid: "08212f338f554075867c6bb87c5dfc4c" is_pre_election: true
I20260630 12:22:17.402777 31221 tablet_service.cc:1917] Received RequestConsensusVote() RPC: tablet_id: "b0899660d91d4020bf0ba8bad63281fa" candidate_uuid: "fdfb117bc8ba46b59bccb5def102f1ef" candidate_term: 1 candidate_status { last_received { term: 0 index: 0 } } ignore_live_leader: false dest_uuid: "a514b4a11c944512a6697ad4c257e321" is_pre_election: true
I20260630 12:22:17.405040 31078 raft_consensus.cc:2468] T b0899660d91d4020bf0ba8bad63281fa P 08212f338f554075867c6bb87c5dfc4c [term 0 FOLLOWER]: Leader pre-election vote request: Granting yes vote for candidate fdfb117bc8ba46b59bccb5def102f1ef in term 0.
I20260630 12:22:17.396900 31274 tablet_bootstrap.cc:654] T 01812c73883843e1b096a7f01ae5579e P fdfb117bc8ba46b59bccb5def102f1ef: Neither blocks nor log segments found. Creating new log.
I20260630 12:22:17.398576 31075 tablet_service.cc:1917] Received RequestConsensusVote() RPC: tablet_id: "db200c29c9b0438386bc001eb4816cd8" candidate_uuid: "fdfb117bc8ba46b59bccb5def102f1ef" candidate_term: 1 candidate_status { last_received { term: 0 index: 0 } } ignore_live_leader: false dest_uuid: "08212f338f554075867c6bb87c5dfc4c"
I20260630 12:22:17.398736 31226 tablet_service.cc:1917] Received RequestConsensusVote() RPC: tablet_id: "e1712f64341142bd902b625384f6b5e4" candidate_uuid: "fdfb117bc8ba46b59bccb5def102f1ef" candidate_term: 1 candidate_status { last_received { term: 0 index: 0 } } ignore_live_leader: false dest_uuid: "a514b4a11c944512a6697ad4c257e321" is_pre_election: true
I20260630 12:22:17.399420 31225 tablet_service.cc:1917] Received RequestConsensusVote() RPC: tablet_id: "fc73f225a4814fc09752d502881928fb" candidate_uuid: "fdfb117bc8ba46b59bccb5def102f1ef" candidate_term: 1 candidate_status { last_received { term: 0 index: 0 } } ignore_live_leader: false dest_uuid: "a514b4a11c944512a6697ad4c257e321" is_pre_election: true
I20260630 12:22:17.400134 31224 tablet_service.cc:1917] Received RequestConsensusVote() RPC: tablet_id: "db200c29c9b0438386bc001eb4816cd8" candidate_uuid: "fdfb117bc8ba46b59bccb5def102f1ef" candidate_term: 1 candidate_status { last_received { term: 0 index: 0 } } ignore_live_leader: false dest_uuid: "a514b4a11c944512a6697ad4c257e321" is_pre_election: true
I20260630 12:22:17.400234 31227 tablet_service.cc:1917] Received RequestConsensusVote() RPC: tablet_id: "0f106fde178d432dbcc376577afdf8c1" candidate_uuid: "fdfb117bc8ba46b59bccb5def102f1ef" candidate_term: 1 candidate_status { last_received { term: 0 index: 0 } } ignore_live_leader: false dest_uuid: "a514b4a11c944512a6697ad4c257e321" is_pre_election: true
I20260630 12:22:17.400580 31223 tablet_service.cc:1917] Received RequestConsensusVote() RPC: tablet_id: "e1712f64341142bd902b625384f6b5e4" candidate_uuid: "fdfb117bc8ba46b59bccb5def102f1ef" candidate_term: 1 candidate_status { last_received { term: 0 index: 0 } } ignore_live_leader: false dest_uuid: "a514b4a11c944512a6697ad4c257e321"
I20260630 12:22:17.401641 31222 tablet_service.cc:1917] Received RequestConsensusVote() RPC: tablet_id: "fc73f225a4814fc09752d502881928fb" candidate_uuid: "fdfb117bc8ba46b59bccb5def102f1ef" candidate_term: 1 candidate_status { last_received { term: 0 index: 0 } } ignore_live_leader: false dest_uuid: "a514b4a11c944512a6697ad4c257e321"
I20260630 12:22:17.399541 31076 tablet_service.cc:1917] Received RequestConsensusVote() RPC: tablet_id: "0f106fde178d432dbcc376577afdf8c1" candidate_uuid: "fdfb117bc8ba46b59bccb5def102f1ef" candidate_term: 1 candidate_status { last_received { term: 0 index: 0 } } ignore_live_leader: false dest_uuid: "08212f338f554075867c6bb87c5dfc4c"
I20260630 12:22:17.408300 31318 raft_consensus.cc:697] T db200c29c9b0438386bc001eb4816cd8 P 08212f338f554075867c6bb87c5dfc4c [term 1 LEADER]: Becoming Leader. State: Replica: 08212f338f554075867c6bb87c5dfc4c, State: Running, Role: LEADER
I20260630 12:22:17.416241 31225 raft_consensus.cc:2393] T fc73f225a4814fc09752d502881928fb P a514b4a11c944512a6697ad4c257e321 [term 1 FOLLOWER]: Leader pre-election vote request: Denying vote to candidate fdfb117bc8ba46b59bccb5def102f1ef in current term 1: Already voted for candidate 08212f338f554075867c6bb87c5dfc4c in this term.
I20260630 12:22:17.417062 31221 tablet_service.cc:1917] Received RequestConsensusVote() RPC: tablet_id: "0f106fde178d432dbcc376577afdf8c1" candidate_uuid: "08212f338f554075867c6bb87c5dfc4c" candidate_term: 1 candidate_status { last_received { term: 0 index: 0 } } ignore_live_leader: false dest_uuid: "a514b4a11c944512a6697ad4c257e321"
I20260630 12:22:17.417407 31220 tablet_service.cc:1917] Received RequestConsensusVote() RPC: tablet_id: "0f106fde178d432dbcc376577afdf8c1" candidate_uuid: "fdfb117bc8ba46b59bccb5def102f1ef" candidate_term: 1 candidate_status { last_received { term: 0 index: 0 } } ignore_live_leader: false dest_uuid: "a514b4a11c944512a6697ad4c257e321"
I20260630 12:22:17.409119 31116 leader_election.cc:304] T b0899660d91d4020bf0ba8bad63281fa P fdfb117bc8ba46b59bccb5def102f1ef [CANDIDATE]: Term 1 pre-election: Election decided. Result: candidate won. Election summary: received 2 responses out of 3 voters: 2 yes votes; 0 no votes. yes voters: 08212f338f554075867c6bb87c5dfc4c, fdfb117bc8ba46b59bccb5def102f1ef; no voters: 
W20260630 12:22:17.419342 31116 leader_election.cc:343] T b0899660d91d4020bf0ba8bad63281fa P fdfb117bc8ba46b59bccb5def102f1ef [CANDIDATE]: Term 1 pre-election: Tablet error from VoteRequest() call to peer a514b4a11c944512a6697ad4c257e321 (127.26.1.195:34397): Illegal state: must be running to vote when last-logged opid is not known
I20260630 12:22:17.412170 31226 raft_consensus.cc:2468] T e1712f64341142bd902b625384f6b5e4 P a514b4a11c944512a6697ad4c257e321 [term 1 FOLLOWER]: Leader pre-election vote request: Granting yes vote for candidate fdfb117bc8ba46b59bccb5def102f1ef in term 1.
I20260630 12:22:17.420222 31041 leader_election.cc:304] T 0f106fde178d432dbcc376577afdf8c1 P 08212f338f554075867c6bb87c5dfc4c [CANDIDATE]: Term 1 election: Election decided. Result: candidate lost. Election summary: received 3 responses out of 3 voters: 1 yes votes; 2 no votes. yes voters: 08212f338f554075867c6bb87c5dfc4c; no voters: a514b4a11c944512a6697ad4c257e321, fdfb117bc8ba46b59bccb5def102f1ef
I20260630 12:22:17.413559 31227 raft_consensus.cc:2468] T 0f106fde178d432dbcc376577afdf8c1 P a514b4a11c944512a6697ad4c257e321 [term 0 FOLLOWER]: Leader pre-election vote request: Granting yes vote for candidate fdfb117bc8ba46b59bccb5def102f1ef in term 0.
I20260630 12:22:17.405800 31219 tablet_service.cc:1917] Received RequestConsensusVote() RPC: tablet_id: "db200c29c9b0438386bc001eb4816cd8" candidate_uuid: "fdfb117bc8ba46b59bccb5def102f1ef" candidate_term: 1 candidate_status { last_received { term: 0 index: 0 } } ignore_live_leader: false dest_uuid: "a514b4a11c944512a6697ad4c257e321"
I20260630 12:22:17.421929 31321 raft_consensus.cc:2804] T b0899660d91d4020bf0ba8bad63281fa P fdfb117bc8ba46b59bccb5def102f1ef [term 0 FOLLOWER]: Leader pre-election won for term 1
I20260630 12:22:17.414904 31224 raft_consensus.cc:2393] T db200c29c9b0438386bc001eb4816cd8 P a514b4a11c944512a6697ad4c257e321 [term 1 FOLLOWER]: Leader pre-election vote request: Denying vote to candidate fdfb117bc8ba46b59bccb5def102f1ef in current term 1: Already voted for candidate 08212f338f554075867c6bb87c5dfc4c in this term.
I20260630 12:22:17.422459 31321 raft_consensus.cc:493] T b0899660d91d4020bf0ba8bad63281fa P fdfb117bc8ba46b59bccb5def102f1ef [term 0 FOLLOWER]: Starting leader election (no leader contacted us within the election timeout)
I20260630 12:22:17.422889 31321 raft_consensus.cc:3060] T b0899660d91d4020bf0ba8bad63281fa P fdfb117bc8ba46b59bccb5def102f1ef [term 0 FOLLOWER]: Advancing to term 1
I20260630 12:22:17.424131 31076 raft_consensus.cc:2393] T 0f106fde178d432dbcc376577afdf8c1 P 08212f338f554075867c6bb87c5dfc4c [term 1 FOLLOWER]: Leader election vote request: Denying vote to candidate fdfb117bc8ba46b59bccb5def102f1ef in current term 1: Already voted for candidate 08212f338f554075867c6bb87c5dfc4c in this term.
I20260630 12:22:17.424592 31278 raft_consensus.cc:2749] T 0f106fde178d432dbcc376577afdf8c1 P 08212f338f554075867c6bb87c5dfc4c [term 1 FOLLOWER]: Leader election lost for term 1. Reason: could not achieve majority
I20260630 12:22:17.428156 31272 tablet_bootstrap.cc:492] T 01812c73883843e1b096a7f01ae5579e P a514b4a11c944512a6697ad4c257e321: No bootstrap required, opened a new log
I20260630 12:22:17.428747 31272 ts_tablet_manager.cc:1403] T 01812c73883843e1b096a7f01ae5579e P a514b4a11c944512a6697ad4c257e321: Time spent bootstrapping tablet: real 0.082s	user 0.014s	sys 0.000s
I20260630 12:22:17.430824 31116 leader_election.cc:304] T fc73f225a4814fc09752d502881928fb P fdfb117bc8ba46b59bccb5def102f1ef [CANDIDATE]: Term 1 election: Election decided. Result: candidate lost. Election summary: received 3 responses out of 3 voters: 1 yes votes; 2 no votes. yes voters: fdfb117bc8ba46b59bccb5def102f1ef; no voters: 08212f338f554075867c6bb87c5dfc4c, a514b4a11c944512a6697ad4c257e321
I20260630 12:22:17.432288 31319 raft_consensus.cc:2749] T fc73f225a4814fc09752d502881928fb P fdfb117bc8ba46b59bccb5def102f1ef [term 1 FOLLOWER]: Leader election lost for term 1. Reason: could not achieve majority
I20260630 12:22:17.431859 31318 consensus_queue.cc:237] T db200c29c9b0438386bc001eb4816cd8 P 08212f338f554075867c6bb87c5dfc4c [LEADER]: Queue going to LEADER mode. State: All replicated index: 0, Majority replicated index: 0, Committed index: 0, Last appended: 0.0, Last appended by leader: 0, Current term: 1, Majority size: 2, State: 0, Mode: LEADER, active raft config: opid_index: -1 OBSOLETE_local: false peers { permanent_uuid: "08212f338f554075867c6bb87c5dfc4c" member_type: VOTER last_known_addr { host: "127.26.1.193" port: 45769 } } peers { permanent_uuid: "fdfb117bc8ba46b59bccb5def102f1ef" member_type: VOTER last_known_addr { host: "127.26.1.194" port: 40505 } } peers { permanent_uuid: "a514b4a11c944512a6697ad4c257e321" member_type: VOTER last_known_addr { host: "127.26.1.195" port: 34397 } }
I20260630 12:22:17.431813 31272 raft_consensus.cc:359] T 01812c73883843e1b096a7f01ae5579e P a514b4a11c944512a6697ad4c257e321 [term 0 FOLLOWER]: Replica starting. Triggering 0 pending ops. Active config: opid_index: -1 OBSOLETE_local: false peers { permanent_uuid: "08212f338f554075867c6bb87c5dfc4c" member_type: VOTER last_known_addr { host: "127.26.1.193" port: 45769 } } peers { permanent_uuid: "fdfb117bc8ba46b59bccb5def102f1ef" member_type: VOTER last_known_addr { host: "127.26.1.194" port: 40505 } } peers { permanent_uuid: "a514b4a11c944512a6697ad4c257e321" member_type: VOTER last_known_addr { host: "127.26.1.195" port: 34397 } }
I20260630 12:22:17.433188 31116 leader_election.cc:304] T e1712f64341142bd902b625384f6b5e4 P fdfb117bc8ba46b59bccb5def102f1ef [CANDIDATE]: Term 1 election: Election decided. Result: candidate won. Election summary: received 3 responses out of 3 voters: 2 yes votes; 1 no votes. yes voters: 08212f338f554075867c6bb87c5dfc4c, fdfb117bc8ba46b59bccb5def102f1ef; no voters: a514b4a11c944512a6697ad4c257e321
I20260630 12:22:17.433833 31272 raft_consensus.cc:385] T 01812c73883843e1b096a7f01ae5579e P a514b4a11c944512a6697ad4c257e321 [term 0 FOLLOWER]: Consensus starting up: Expiring failure detector timer to make a prompt election more likely
I20260630 12:22:17.434226 31272 raft_consensus.cc:740] T 01812c73883843e1b096a7f01ae5579e P a514b4a11c944512a6697ad4c257e321 [term 0 FOLLOWER]: Becoming Follower/Learner. State: Replica: a514b4a11c944512a6697ad4c257e321, State: Initialized, Role: FOLLOWER
I20260630 12:22:17.434042 31321 raft_consensus.cc:515] T b0899660d91d4020bf0ba8bad63281fa P fdfb117bc8ba46b59bccb5def102f1ef [term 1 FOLLOWER]: Starting leader election with config: opid_index: -1 OBSOLETE_local: false peers { permanent_uuid: "08212f338f554075867c6bb87c5dfc4c" member_type: VOTER last_known_addr { host: "127.26.1.193" port: 45769 } } peers { permanent_uuid: "fdfb117bc8ba46b59bccb5def102f1ef" member_type: VOTER last_known_addr { host: "127.26.1.194" port: 40505 } } peers { permanent_uuid: "a514b4a11c944512a6697ad4c257e321" member_type: VOTER last_known_addr { host: "127.26.1.195" port: 34397 } }
I20260630 12:22:17.434346 31319 raft_consensus.cc:2804] T e1712f64341142bd902b625384f6b5e4 P fdfb117bc8ba46b59bccb5def102f1ef [term 1 FOLLOWER]: Leader election won for term 1
I20260630 12:22:17.435099 31319 raft_consensus.cc:697] T e1712f64341142bd902b625384f6b5e4 P fdfb117bc8ba46b59bccb5def102f1ef [term 1 LEADER]: Becoming Leader. State: Replica: fdfb117bc8ba46b59bccb5def102f1ef, State: Running, Role: LEADER
I20260630 12:22:17.435178 31272 consensus_queue.cc:260] T 01812c73883843e1b096a7f01ae5579e P a514b4a11c944512a6697ad4c257e321 [NON_LEADER]: Queue going to NON_LEADER mode. State: All replicated index: 0, Majority replicated index: 0, Committed index: 0, Last appended: 0.0, Last appended by leader: 0, Current term: 0, Majority size: -1, State: 0, Mode: NON_LEADER, active raft config: opid_index: -1 OBSOLETE_local: false peers { permanent_uuid: "08212f338f554075867c6bb87c5dfc4c" member_type: VOTER last_known_addr { host: "127.26.1.193" port: 45769 } } peers { permanent_uuid: "fdfb117bc8ba46b59bccb5def102f1ef" member_type: VOTER last_known_addr { host: "127.26.1.194" port: 40505 } } peers { permanent_uuid: "a514b4a11c944512a6697ad4c257e321" member_type: VOTER last_known_addr { host: "127.26.1.195" port: 34397 } }
I20260630 12:22:17.436297 31321 leader_election.cc:290] T b0899660d91d4020bf0ba8bad63281fa P fdfb117bc8ba46b59bccb5def102f1ef [CANDIDATE]: Term 1 election: Requested vote from peers 08212f338f554075867c6bb87c5dfc4c (127.26.1.193:45769), a514b4a11c944512a6697ad4c257e321 (127.26.1.195:34397)
I20260630 12:22:17.436098 31319 consensus_queue.cc:237] T e1712f64341142bd902b625384f6b5e4 P fdfb117bc8ba46b59bccb5def102f1ef [LEADER]: Queue going to LEADER mode. State: All replicated index: 0, Majority replicated index: 0, Committed index: 0, Last appended: 0.0, Last appended by leader: 0, Current term: 1, Majority size: 2, State: 0, Mode: LEADER, active raft config: opid_index: -1 OBSOLETE_local: false peers { permanent_uuid: "08212f338f554075867c6bb87c5dfc4c" member_type: VOTER last_known_addr { host: "127.26.1.193" port: 45769 } } peers { permanent_uuid: "fdfb117bc8ba46b59bccb5def102f1ef" member_type: VOTER last_known_addr { host: "127.26.1.194" port: 40505 } } peers { permanent_uuid: "a514b4a11c944512a6697ad4c257e321" member_type: VOTER last_known_addr { host: "127.26.1.195" port: 34397 } }
I20260630 12:22:17.437968 31272 ts_tablet_manager.cc:1434] T 01812c73883843e1b096a7f01ae5579e P a514b4a11c944512a6697ad4c257e321: Time spent starting tablet: real 0.009s	user 0.002s	sys 0.004s
I20260630 12:22:17.438815 31272 tablet_bootstrap.cc:492] T 00337d96b3524d239ae3be1f8d6d2d12 P a514b4a11c944512a6697ad4c257e321: Bootstrap starting.
I20260630 12:22:17.442019 31116 leader_election.cc:304] T 0f106fde178d432dbcc376577afdf8c1 P fdfb117bc8ba46b59bccb5def102f1ef [CANDIDATE]: Term 1 election: Election decided. Result: candidate lost. Election summary: received 3 responses out of 3 voters: 1 yes votes; 2 no votes. yes voters: fdfb117bc8ba46b59bccb5def102f1ef; no voters: 08212f338f554075867c6bb87c5dfc4c, a514b4a11c944512a6697ad4c257e321
I20260630 12:22:17.443753 31309 raft_consensus.cc:2749] T 0f106fde178d432dbcc376577afdf8c1 P fdfb117bc8ba46b59bccb5def102f1ef [term 1 FOLLOWER]: Leader election lost for term 1. Reason: could not achieve majority
I20260630 12:22:17.444774 31272 tablet_bootstrap.cc:654] T 00337d96b3524d239ae3be1f8d6d2d12 P a514b4a11c944512a6697ad4c257e321: Neither blocks nor log segments found. Creating new log.
I20260630 12:22:17.446043 31273 tablet_bootstrap.cc:492] T e522ec6cd1cd4017a54470139508dfae P 08212f338f554075867c6bb87c5dfc4c: No bootstrap required, opened a new log
I20260630 12:22:17.446513 31273 ts_tablet_manager.cc:1403] T e522ec6cd1cd4017a54470139508dfae P 08212f338f554075867c6bb87c5dfc4c: Time spent bootstrapping tablet: real 0.091s	user 0.016s	sys 0.020s
I20260630 12:22:17.443683 30976 catalog_manager.cc:5697] T fc73f225a4814fc09752d502881928fb P 08212f338f554075867c6bb87c5dfc4c reported cstate change: term changed from 0 to 1, leader changed from <none> to 08212f338f554075867c6bb87c5dfc4c (127.26.1.193). New cstate: current_term: 1 leader_uuid: "08212f338f554075867c6bb87c5dfc4c" committed_config { opid_index: -1 OBSOLETE_local: false peers { permanent_uuid: "a514b4a11c944512a6697ad4c257e321" member_type: VOTER last_known_addr { host: "127.26.1.195" port: 34397 } health_report { overall_health: UNKNOWN } } peers { permanent_uuid: "08212f338f554075867c6bb87c5dfc4c" member_type: VOTER last_known_addr { host: "127.26.1.193" port: 45769 } health_report { overall_health: HEALTHY } } peers { permanent_uuid: "fdfb117bc8ba46b59bccb5def102f1ef" member_type: VOTER last_known_addr { host: "127.26.1.194" port: 40505 } health_report { overall_health: UNKNOWN } } }
I20260630 12:22:17.449999 31076 tablet_service.cc:1917] Received RequestConsensusVote() RPC: tablet_id: "b0899660d91d4020bf0ba8bad63281fa" candidate_uuid: "fdfb117bc8ba46b59bccb5def102f1ef" candidate_term: 1 candidate_status { last_received { term: 0 index: 0 } } ignore_live_leader: false dest_uuid: "08212f338f554075867c6bb87c5dfc4c"
I20260630 12:22:17.450850 31273 raft_consensus.cc:359] T e522ec6cd1cd4017a54470139508dfae P 08212f338f554075867c6bb87c5dfc4c [term 0 FOLLOWER]: Replica starting. Triggering 0 pending ops. Active config: opid_index: -1 OBSOLETE_local: false peers { permanent_uuid: "08212f338f554075867c6bb87c5dfc4c" member_type: VOTER last_known_addr { host: "127.26.1.193" port: 45769 } } peers { permanent_uuid: "fdfb117bc8ba46b59bccb5def102f1ef" member_type: VOTER last_known_addr { host: "127.26.1.194" port: 40505 } } peers { permanent_uuid: "a514b4a11c944512a6697ad4c257e321" member_type: VOTER last_known_addr { host: "127.26.1.195" port: 34397 } }
I20260630 12:22:17.452909 31273 raft_consensus.cc:385] T e522ec6cd1cd4017a54470139508dfae P 08212f338f554075867c6bb87c5dfc4c [term 0 FOLLOWER]: Consensus starting up: Expiring failure detector timer to make a prompt election more likely
I20260630 12:22:17.452229 31223 tablet_service.cc:1917] Received RequestConsensusVote() RPC: tablet_id: "b0899660d91d4020bf0ba8bad63281fa" candidate_uuid: "fdfb117bc8ba46b59bccb5def102f1ef" candidate_term: 1 candidate_status { last_received { term: 0 index: 0 } } ignore_live_leader: false dest_uuid: "a514b4a11c944512a6697ad4c257e321"
I20260630 12:22:17.453613 31273 raft_consensus.cc:740] T e522ec6cd1cd4017a54470139508dfae P 08212f338f554075867c6bb87c5dfc4c [term 0 FOLLOWER]: Becoming Follower/Learner. State: Replica: 08212f338f554075867c6bb87c5dfc4c, State: Initialized, Role: FOLLOWER
I20260630 12:22:17.453871 31076 raft_consensus.cc:3060] T b0899660d91d4020bf0ba8bad63281fa P 08212f338f554075867c6bb87c5dfc4c [term 0 FOLLOWER]: Advancing to term 1
I20260630 12:22:17.455611 31273 consensus_queue.cc:260] T e522ec6cd1cd4017a54470139508dfae P 08212f338f554075867c6bb87c5dfc4c [NON_LEADER]: Queue going to NON_LEADER mode. State: All replicated index: 0, Majority replicated index: 0, Committed index: 0, Last appended: 0.0, Last appended by leader: 0, Current term: 0, Majority size: -1, State: 0, Mode: NON_LEADER, active raft config: opid_index: -1 OBSOLETE_local: false peers { permanent_uuid: "08212f338f554075867c6bb87c5dfc4c" member_type: VOTER last_known_addr { host: "127.26.1.193" port: 45769 } } peers { permanent_uuid: "fdfb117bc8ba46b59bccb5def102f1ef" member_type: VOTER last_known_addr { host: "127.26.1.194" port: 40505 } } peers { permanent_uuid: "a514b4a11c944512a6697ad4c257e321" member_type: VOTER last_known_addr { host: "127.26.1.195" port: 34397 } }
I20260630 12:22:17.460829 31273 ts_tablet_manager.cc:1434] T e522ec6cd1cd4017a54470139508dfae P 08212f338f554075867c6bb87c5dfc4c: Time spent starting tablet: real 0.014s	user 0.009s	sys 0.000s
W20260630 12:22:17.461652 31116 leader_election.cc:343] T b0899660d91d4020bf0ba8bad63281fa P fdfb117bc8ba46b59bccb5def102f1ef [CANDIDATE]: Term 1 election: Tablet error from VoteRequest() call to peer a514b4a11c944512a6697ad4c257e321 (127.26.1.195:34397): Illegal state: must be running to vote when last-logged opid is not known
I20260630 12:22:17.461676 31324 raft_consensus.cc:493] T 01812c73883843e1b096a7f01ae5579e P 08212f338f554075867c6bb87c5dfc4c [term 0 FOLLOWER]: Starting pre-election (no leader contacted us within the election timeout)
I20260630 12:22:17.463235 31324 raft_consensus.cc:515] T 01812c73883843e1b096a7f01ae5579e P 08212f338f554075867c6bb87c5dfc4c [term 0 FOLLOWER]: Starting pre-election with config: opid_index: -1 OBSOLETE_local: false peers { permanent_uuid: "08212f338f554075867c6bb87c5dfc4c" member_type: VOTER last_known_addr { host: "127.26.1.193" port: 45769 } } peers { permanent_uuid: "fdfb117bc8ba46b59bccb5def102f1ef" member_type: VOTER last_known_addr { host: "127.26.1.194" port: 40505 } } peers { permanent_uuid: "a514b4a11c944512a6697ad4c257e321" member_type: VOTER last_known_addr { host: "127.26.1.195" port: 34397 } }
I20260630 12:22:17.467252 31152 tablet_service.cc:1917] Received RequestConsensusVote() RPC: tablet_id: "01812c73883843e1b096a7f01ae5579e" candidate_uuid: "08212f338f554075867c6bb87c5dfc4c" candidate_term: 1 candidate_status { last_received { term: 0 index: 0 } } ignore_live_leader: false dest_uuid: "fdfb117bc8ba46b59bccb5def102f1ef" is_pre_election: true
W20260630 12:22:17.469208 31044 leader_election.cc:343] T 01812c73883843e1b096a7f01ae5579e P 08212f338f554075867c6bb87c5dfc4c [CANDIDATE]: Term 1 pre-election: Tablet error from VoteRequest() call to peer fdfb117bc8ba46b59bccb5def102f1ef (127.26.1.194:40505): Illegal state: must be running to vote when last-logged opid is not known
I20260630 12:22:17.471601 31324 leader_election.cc:290] T 01812c73883843e1b096a7f01ae5579e P 08212f338f554075867c6bb87c5dfc4c [CANDIDATE]: Term 1 pre-election: Requested pre-vote from peers fdfb117bc8ba46b59bccb5def102f1ef (127.26.1.194:40505), a514b4a11c944512a6697ad4c257e321 (127.26.1.195:34397)
I20260630 12:22:17.471961 31223 tablet_service.cc:1917] Received RequestConsensusVote() RPC: tablet_id: "01812c73883843e1b096a7f01ae5579e" candidate_uuid: "08212f338f554075867c6bb87c5dfc4c" candidate_term: 1 candidate_status { last_received { term: 0 index: 0 } } ignore_live_leader: false dest_uuid: "a514b4a11c944512a6697ad4c257e321" is_pre_election: true
I20260630 12:22:17.472884 31273 tablet_bootstrap.cc:492] T 00337d96b3524d239ae3be1f8d6d2d12 P 08212f338f554075867c6bb87c5dfc4c: Bootstrap starting.
I20260630 12:22:17.472942 31223 raft_consensus.cc:2468] T 01812c73883843e1b096a7f01ae5579e P a514b4a11c944512a6697ad4c257e321 [term 0 FOLLOWER]: Leader pre-election vote request: Granting yes vote for candidate 08212f338f554075867c6bb87c5dfc4c in term 0.
I20260630 12:22:17.474756 31041 leader_election.cc:304] T 01812c73883843e1b096a7f01ae5579e P 08212f338f554075867c6bb87c5dfc4c [CANDIDATE]: Term 1 pre-election: Election decided. Result: candidate won. Election summary: received 3 responses out of 3 voters: 2 yes votes; 1 no votes. yes voters: 08212f338f554075867c6bb87c5dfc4c, a514b4a11c944512a6697ad4c257e321; no voters: fdfb117bc8ba46b59bccb5def102f1ef
I20260630 12:22:17.476982 31076 raft_consensus.cc:2468] T b0899660d91d4020bf0ba8bad63281fa P 08212f338f554075867c6bb87c5dfc4c [term 1 FOLLOWER]: Leader election vote request: Granting yes vote for candidate fdfb117bc8ba46b59bccb5def102f1ef in term 1.
I20260630 12:22:17.485584 31324 raft_consensus.cc:2804] T 01812c73883843e1b096a7f01ae5579e P 08212f338f554075867c6bb87c5dfc4c [term 0 FOLLOWER]: Leader pre-election won for term 1
I20260630 12:22:17.479689 30974 catalog_manager.cc:5697] T bf49b2b99e0b4adbb71b91873a03c9a6 P a514b4a11c944512a6697ad4c257e321 reported cstate change: term changed from 0 to 1, leader changed from <none> to a514b4a11c944512a6697ad4c257e321 (127.26.1.195). New cstate: current_term: 1 leader_uuid: "a514b4a11c944512a6697ad4c257e321" committed_config { opid_index: -1 OBSOLETE_local: false peers { permanent_uuid: "08212f338f554075867c6bb87c5dfc4c" member_type: VOTER last_known_addr { host: "127.26.1.193" port: 45769 } health_report { overall_health: UNKNOWN } } peers { permanent_uuid: "fdfb117bc8ba46b59bccb5def102f1ef" member_type: VOTER last_known_addr { host: "127.26.1.194" port: 40505 } health_report { overall_health: UNKNOWN } } peers { permanent_uuid: "a514b4a11c944512a6697ad4c257e321" member_type: VOTER last_known_addr { host: "127.26.1.195" port: 34397 } health_report { overall_health: HEALTHY } } }
I20260630 12:22:17.491652 31324 raft_consensus.cc:493] T 01812c73883843e1b096a7f01ae5579e P 08212f338f554075867c6bb87c5dfc4c [term 0 FOLLOWER]: Starting leader election (no leader contacted us within the election timeout)
I20260630 12:22:17.492631 31324 raft_consensus.cc:3060] T 01812c73883843e1b096a7f01ae5579e P 08212f338f554075867c6bb87c5dfc4c [term 0 FOLLOWER]: Advancing to term 1
I20260630 12:22:17.493669 31116 leader_election.cc:304] T b0899660d91d4020bf0ba8bad63281fa P fdfb117bc8ba46b59bccb5def102f1ef [CANDIDATE]: Term 1 election: Election decided. Result: candidate won. Election summary: received 3 responses out of 3 voters: 2 yes votes; 1 no votes. yes voters: 08212f338f554075867c6bb87c5dfc4c, fdfb117bc8ba46b59bccb5def102f1ef; no voters: a514b4a11c944512a6697ad4c257e321
I20260630 12:22:17.494967 31309 raft_consensus.cc:2804] T b0899660d91d4020bf0ba8bad63281fa P fdfb117bc8ba46b59bccb5def102f1ef [term 1 FOLLOWER]: Leader election won for term 1
I20260630 12:22:17.495455 31309 raft_consensus.cc:697] T b0899660d91d4020bf0ba8bad63281fa P fdfb117bc8ba46b59bccb5def102f1ef [term 1 LEADER]: Becoming Leader. State: Replica: fdfb117bc8ba46b59bccb5def102f1ef, State: Running, Role: LEADER
I20260630 12:22:17.496944 31309 consensus_queue.cc:237] T b0899660d91d4020bf0ba8bad63281fa P fdfb117bc8ba46b59bccb5def102f1ef [LEADER]: Queue going to LEADER mode. State: All replicated index: 0, Majority replicated index: 0, Committed index: 0, Last appended: 0.0, Last appended by leader: 0, Current term: 1, Majority size: 2, State: 0, Mode: LEADER, active raft config: opid_index: -1 OBSOLETE_local: false peers { permanent_uuid: "08212f338f554075867c6bb87c5dfc4c" member_type: VOTER last_known_addr { host: "127.26.1.193" port: 45769 } } peers { permanent_uuid: "fdfb117bc8ba46b59bccb5def102f1ef" member_type: VOTER last_known_addr { host: "127.26.1.194" port: 40505 } } peers { permanent_uuid: "a514b4a11c944512a6697ad4c257e321" member_type: VOTER last_known_addr { host: "127.26.1.195" port: 34397 } }
I20260630 12:22:17.499750 31116 leader_election.cc:304] T db200c29c9b0438386bc001eb4816cd8 P fdfb117bc8ba46b59bccb5def102f1ef [CANDIDATE]: Term 1 election: Election decided. Result: candidate lost. Election summary: received 3 responses out of 3 voters: 1 yes votes; 2 no votes. yes voters: fdfb117bc8ba46b59bccb5def102f1ef; no voters: 08212f338f554075867c6bb87c5dfc4c, a514b4a11c944512a6697ad4c257e321
I20260630 12:22:17.503135 31272 tablet_bootstrap.cc:492] T 00337d96b3524d239ae3be1f8d6d2d12 P a514b4a11c944512a6697ad4c257e321: No bootstrap required, opened a new log
I20260630 12:22:17.503750 31272 ts_tablet_manager.cc:1403] T 00337d96b3524d239ae3be1f8d6d2d12 P a514b4a11c944512a6697ad4c257e321: Time spent bootstrapping tablet: real 0.065s	user 0.027s	sys 0.022s
I20260630 12:22:17.492146 31319 raft_consensus.cc:493] T 964f77d27278494fa01e7deffb6df4c4 P fdfb117bc8ba46b59bccb5def102f1ef [term 0 FOLLOWER]: Starting pre-election (no leader contacted us within the election timeout)
I20260630 12:22:17.504802 31321 raft_consensus.cc:2749] T db200c29c9b0438386bc001eb4816cd8 P fdfb117bc8ba46b59bccb5def102f1ef [term 1 FOLLOWER]: Leader election lost for term 1. Reason: could not achieve majority
I20260630 12:22:17.505839 31319 raft_consensus.cc:515] T 964f77d27278494fa01e7deffb6df4c4 P fdfb117bc8ba46b59bccb5def102f1ef [term 0 FOLLOWER]: Starting pre-election with config: opid_index: -1 OBSOLETE_local: false peers { permanent_uuid: "08212f338f554075867c6bb87c5dfc4c" member_type: VOTER last_known_addr { host: "127.26.1.193" port: 45769 } } peers { permanent_uuid: "fdfb117bc8ba46b59bccb5def102f1ef" member_type: VOTER last_known_addr { host: "127.26.1.194" port: 40505 } } peers { permanent_uuid: "a514b4a11c944512a6697ad4c257e321" member_type: VOTER last_known_addr { host: "127.26.1.195" port: 34397 } }
I20260630 12:22:17.507678 31272 raft_consensus.cc:359] T 00337d96b3524d239ae3be1f8d6d2d12 P a514b4a11c944512a6697ad4c257e321 [term 0 FOLLOWER]: Replica starting. Triggering 0 pending ops. Active config: opid_index: -1 OBSOLETE_local: false peers { permanent_uuid: "08212f338f554075867c6bb87c5dfc4c" member_type: VOTER last_known_addr { host: "127.26.1.193" port: 45769 } } peers { permanent_uuid: "fdfb117bc8ba46b59bccb5def102f1ef" member_type: VOTER last_known_addr { host: "127.26.1.194" port: 40505 } } peers { permanent_uuid: "a514b4a11c944512a6697ad4c257e321" member_type: VOTER last_known_addr { host: "127.26.1.195" port: 34397 } }
I20260630 12:22:17.508467 31272 raft_consensus.cc:385] T 00337d96b3524d239ae3be1f8d6d2d12 P a514b4a11c944512a6697ad4c257e321 [term 0 FOLLOWER]: Consensus starting up: Expiring failure detector timer to make a prompt election more likely
I20260630 12:22:17.508875 31272 raft_consensus.cc:740] T 00337d96b3524d239ae3be1f8d6d2d12 P a514b4a11c944512a6697ad4c257e321 [term 0 FOLLOWER]: Becoming Follower/Learner. State: Replica: a514b4a11c944512a6697ad4c257e321, State: Initialized, Role: FOLLOWER
I20260630 12:22:17.509660 31272 consensus_queue.cc:260] T 00337d96b3524d239ae3be1f8d6d2d12 P a514b4a11c944512a6697ad4c257e321 [NON_LEADER]: Queue going to NON_LEADER mode. State: All replicated index: 0, Majority replicated index: 0, Committed index: 0, Last appended: 0.0, Last appended by leader: 0, Current term: 0, Majority size: -1, State: 0, Mode: NON_LEADER, active raft config: opid_index: -1 OBSOLETE_local: false peers { permanent_uuid: "08212f338f554075867c6bb87c5dfc4c" member_type: VOTER last_known_addr { host: "127.26.1.193" port: 45769 } } peers { permanent_uuid: "fdfb117bc8ba46b59bccb5def102f1ef" member_type: VOTER last_known_addr { host: "127.26.1.194" port: 40505 } } peers { permanent_uuid: "a514b4a11c944512a6697ad4c257e321" member_type: VOTER last_known_addr { host: "127.26.1.195" port: 34397 } }
I20260630 12:22:17.509933 31223 tablet_service.cc:1917] Received RequestConsensusVote() RPC: tablet_id: "964f77d27278494fa01e7deffb6df4c4" candidate_uuid: "fdfb117bc8ba46b59bccb5def102f1ef" candidate_term: 1 candidate_status { last_received { term: 0 index: 0 } } ignore_live_leader: false dest_uuid: "a514b4a11c944512a6697ad4c257e321" is_pre_election: true
I20260630 12:22:17.510246 31274 tablet_bootstrap.cc:492] T 01812c73883843e1b096a7f01ae5579e P fdfb117bc8ba46b59bccb5def102f1ef: No bootstrap required, opened a new log
I20260630 12:22:17.510860 31274 ts_tablet_manager.cc:1403] T 01812c73883843e1b096a7f01ae5579e P fdfb117bc8ba46b59bccb5def102f1ef: Time spent bootstrapping tablet: real 0.131s	user 0.020s	sys 0.007s
I20260630 12:22:17.512313 31272 ts_tablet_manager.cc:1434] T 00337d96b3524d239ae3be1f8d6d2d12 P a514b4a11c944512a6697ad4c257e321: Time spent starting tablet: real 0.008s	user 0.006s	sys 0.001s
I20260630 12:22:17.513433 31272 tablet_bootstrap.cc:492] T b0899660d91d4020bf0ba8bad63281fa P a514b4a11c944512a6697ad4c257e321: Bootstrap starting.
I20260630 12:22:17.512509 30976 catalog_manager.cc:5697] T db200c29c9b0438386bc001eb4816cd8 P 08212f338f554075867c6bb87c5dfc4c reported cstate change: term changed from 0 to 1, leader changed from <none> to 08212f338f554075867c6bb87c5dfc4c (127.26.1.193). New cstate: current_term: 1 leader_uuid: "08212f338f554075867c6bb87c5dfc4c" committed_config { opid_index: -1 OBSOLETE_local: false peers { permanent_uuid: "08212f338f554075867c6bb87c5dfc4c" member_type: VOTER last_known_addr { host: "127.26.1.193" port: 45769 } health_report { overall_health: HEALTHY } } peers { permanent_uuid: "fdfb117bc8ba46b59bccb5def102f1ef" member_type: VOTER last_known_addr { host: "127.26.1.194" port: 40505 } health_report { overall_health: UNKNOWN } } peers { permanent_uuid: "a514b4a11c944512a6697ad4c257e321" member_type: VOTER last_known_addr { host: "127.26.1.195" port: 34397 } health_report { overall_health: UNKNOWN } } }
I20260630 12:22:17.513751 31274 raft_consensus.cc:359] T 01812c73883843e1b096a7f01ae5579e P fdfb117bc8ba46b59bccb5def102f1ef [term 0 FOLLOWER]: Replica starting. Triggering 0 pending ops. Active config: opid_index: -1 OBSOLETE_local: false peers { permanent_uuid: "08212f338f554075867c6bb87c5dfc4c" member_type: VOTER last_known_addr { host: "127.26.1.193" port: 45769 } } peers { permanent_uuid: "fdfb117bc8ba46b59bccb5def102f1ef" member_type: VOTER last_known_addr { host: "127.26.1.194" port: 40505 } } peers { permanent_uuid: "a514b4a11c944512a6697ad4c257e321" member_type: VOTER last_known_addr { host: "127.26.1.195" port: 34397 } }
I20260630 12:22:17.514833 31274 raft_consensus.cc:385] T 01812c73883843e1b096a7f01ae5579e P fdfb117bc8ba46b59bccb5def102f1ef [term 0 FOLLOWER]: Consensus starting up: Expiring failure detector timer to make a prompt election more likely
I20260630 12:22:17.515729 31274 raft_consensus.cc:740] T 01812c73883843e1b096a7f01ae5579e P fdfb117bc8ba46b59bccb5def102f1ef [term 0 FOLLOWER]: Becoming Follower/Learner. State: Replica: fdfb117bc8ba46b59bccb5def102f1ef, State: Initialized, Role: FOLLOWER
I20260630 12:22:17.508091 31319 leader_election.cc:290] T 964f77d27278494fa01e7deffb6df4c4 P fdfb117bc8ba46b59bccb5def102f1ef [CANDIDATE]: Term 1 pre-election: Requested pre-vote from peers 08212f338f554075867c6bb87c5dfc4c (127.26.1.193:45769), a514b4a11c944512a6697ad4c257e321 (127.26.1.195:34397)
I20260630 12:22:17.518306 31274 consensus_queue.cc:260] T 01812c73883843e1b096a7f01ae5579e P fdfb117bc8ba46b59bccb5def102f1ef [NON_LEADER]: Queue going to NON_LEADER mode. State: All replicated index: 0, Majority replicated index: 0, Committed index: 0, Last appended: 0.0, Last appended by leader: 0, Current term: 0, Majority size: -1, State: 0, Mode: NON_LEADER, active raft config: opid_index: -1 OBSOLETE_local: false peers { permanent_uuid: "08212f338f554075867c6bb87c5dfc4c" member_type: VOTER last_known_addr { host: "127.26.1.193" port: 45769 } } peers { permanent_uuid: "fdfb117bc8ba46b59bccb5def102f1ef" member_type: VOTER last_known_addr { host: "127.26.1.194" port: 40505 } } peers { permanent_uuid: "a514b4a11c944512a6697ad4c257e321" member_type: VOTER last_known_addr { host: "127.26.1.195" port: 34397 } }
I20260630 12:22:17.518561 30975 catalog_manager.cc:5697] T e1712f64341142bd902b625384f6b5e4 P fdfb117bc8ba46b59bccb5def102f1ef reported cstate change: term changed from 0 to 1, leader changed from <none> to fdfb117bc8ba46b59bccb5def102f1ef (127.26.1.194). New cstate: current_term: 1 leader_uuid: "fdfb117bc8ba46b59bccb5def102f1ef" committed_config { opid_index: -1 OBSOLETE_local: false peers { permanent_uuid: "08212f338f554075867c6bb87c5dfc4c" member_type: VOTER last_known_addr { host: "127.26.1.193" port: 45769 } health_report { overall_health: UNKNOWN } } peers { permanent_uuid: "fdfb117bc8ba46b59bccb5def102f1ef" member_type: VOTER last_known_addr { host: "127.26.1.194" port: 40505 } health_report { overall_health: HEALTHY } } peers { permanent_uuid: "a514b4a11c944512a6697ad4c257e321" member_type: VOTER last_known_addr { host: "127.26.1.195" port: 34397 } health_report { overall_health: UNKNOWN } } }
I20260630 12:22:17.517354 31273 tablet_bootstrap.cc:654] T 00337d96b3524d239ae3be1f8d6d2d12 P 08212f338f554075867c6bb87c5dfc4c: Neither blocks nor log segments found. Creating new log.
I20260630 12:22:17.520296 31272 tablet_bootstrap.cc:654] T b0899660d91d4020bf0ba8bad63281fa P a514b4a11c944512a6697ad4c257e321: Neither blocks nor log segments found. Creating new log.
I20260630 12:22:17.523627 31274 ts_tablet_manager.cc:1434] T 01812c73883843e1b096a7f01ae5579e P fdfb117bc8ba46b59bccb5def102f1ef: Time spent starting tablet: real 0.012s	user 0.005s	sys 0.001s
I20260630 12:22:17.524431 31076 tablet_service.cc:1917] Received RequestConsensusVote() RPC: tablet_id: "964f77d27278494fa01e7deffb6df4c4" candidate_uuid: "fdfb117bc8ba46b59bccb5def102f1ef" candidate_term: 1 candidate_status { last_received { term: 0 index: 0 } } ignore_live_leader: false dest_uuid: "08212f338f554075867c6bb87c5dfc4c" is_pre_election: true
I20260630 12:22:17.526309 31076 raft_consensus.cc:2393] T 964f77d27278494fa01e7deffb6df4c4 P 08212f338f554075867c6bb87c5dfc4c [term 1 FOLLOWER]: Leader pre-election vote request: Denying vote to candidate fdfb117bc8ba46b59bccb5def102f1ef in current term 1: Already voted for candidate a514b4a11c944512a6697ad4c257e321 in this term.
I20260630 12:22:17.505041 31318 raft_consensus.cc:493] T bf49b2b99e0b4adbb71b91873a03c9a6 P 08212f338f554075867c6bb87c5dfc4c [term 0 FOLLOWER]: Starting pre-election (no leader contacted us within the election timeout)
I20260630 12:22:17.524691 31274 tablet_bootstrap.cc:492] T e522ec6cd1cd4017a54470139508dfae P fdfb117bc8ba46b59bccb5def102f1ef: Bootstrap starting.
I20260630 12:22:17.528146 31116 leader_election.cc:304] T 964f77d27278494fa01e7deffb6df4c4 P fdfb117bc8ba46b59bccb5def102f1ef [CANDIDATE]: Term 1 pre-election: Election decided. Result: candidate lost. Election summary: received 3 responses out of 3 voters: 1 yes votes; 2 no votes. yes voters: fdfb117bc8ba46b59bccb5def102f1ef; no voters: 08212f338f554075867c6bb87c5dfc4c, a514b4a11c944512a6697ad4c257e321
I20260630 12:22:17.529500 31319 raft_consensus.cc:3060] T 964f77d27278494fa01e7deffb6df4c4 P fdfb117bc8ba46b59bccb5def102f1ef [term 0 FOLLOWER]: Advancing to term 1
I20260630 12:22:17.531213 31290 raft_consensus.cc:493] T 40bf25241df94713a6a1094f6cafbd4b P a514b4a11c944512a6697ad4c257e321 [term 0 FOLLOWER]: Starting pre-election (no leader contacted us within the election timeout)
I20260630 12:22:17.532294 31318 raft_consensus.cc:515] T bf49b2b99e0b4adbb71b91873a03c9a6 P 08212f338f554075867c6bb87c5dfc4c [term 0 FOLLOWER]: Starting pre-election with config: opid_index: -1 OBSOLETE_local: false peers { permanent_uuid: "08212f338f554075867c6bb87c5dfc4c" member_type: VOTER last_known_addr { host: "127.26.1.193" port: 45769 } } peers { permanent_uuid: "fdfb117bc8ba46b59bccb5def102f1ef" member_type: VOTER last_known_addr { host: "127.26.1.194" port: 40505 } } peers { permanent_uuid: "a514b4a11c944512a6697ad4c257e321" member_type: VOTER last_known_addr { host: "127.26.1.195" port: 34397 } }
I20260630 12:22:17.531724 31290 raft_consensus.cc:515] T 40bf25241df94713a6a1094f6cafbd4b P a514b4a11c944512a6697ad4c257e321 [term 0 FOLLOWER]: Starting pre-election with config: opid_index: -1 OBSOLETE_local: false peers { permanent_uuid: "08212f338f554075867c6bb87c5dfc4c" member_type: VOTER last_known_addr { host: "127.26.1.193" port: 45769 } } peers { permanent_uuid: "fdfb117bc8ba46b59bccb5def102f1ef" member_type: VOTER last_known_addr { host: "127.26.1.194" port: 40505 } } peers { permanent_uuid: "a514b4a11c944512a6697ad4c257e321" member_type: VOTER last_known_addr { host: "127.26.1.195" port: 34397 } }
I20260630 12:22:17.534615 31290 leader_election.cc:290] T 40bf25241df94713a6a1094f6cafbd4b P a514b4a11c944512a6697ad4c257e321 [CANDIDATE]: Term 1 pre-election: Requested pre-vote from peers 08212f338f554075867c6bb87c5dfc4c (127.26.1.193:45769), fdfb117bc8ba46b59bccb5def102f1ef (127.26.1.194:40505)
I20260630 12:22:17.535524 31152 tablet_service.cc:1917] Received RequestConsensusVote() RPC: tablet_id: "bf49b2b99e0b4adbb71b91873a03c9a6" candidate_uuid: "08212f338f554075867c6bb87c5dfc4c" candidate_term: 1 candidate_status { last_received { term: 0 index: 0 } } ignore_live_leader: false dest_uuid: "fdfb117bc8ba46b59bccb5def102f1ef" is_pre_election: true
I20260630 12:22:17.536298 31075 tablet_service.cc:1917] Received RequestConsensusVote() RPC: tablet_id: "40bf25241df94713a6a1094f6cafbd4b" candidate_uuid: "a514b4a11c944512a6697ad4c257e321" candidate_term: 1 candidate_status { last_received { term: 0 index: 0 } } ignore_live_leader: false dest_uuid: "08212f338f554075867c6bb87c5dfc4c" is_pre_election: true
I20260630 12:22:17.536579 31152 raft_consensus.cc:2393] T bf49b2b99e0b4adbb71b91873a03c9a6 P fdfb117bc8ba46b59bccb5def102f1ef [term 1 FOLLOWER]: Leader pre-election vote request: Denying vote to candidate 08212f338f554075867c6bb87c5dfc4c in current term 1: Already voted for candidate a514b4a11c944512a6697ad4c257e321 in this term.
I20260630 12:22:17.537356 31319 raft_consensus.cc:2749] T 964f77d27278494fa01e7deffb6df4c4 P fdfb117bc8ba46b59bccb5def102f1ef [term 1 FOLLOWER]: Leader pre-election lost for term 1. Reason: could not achieve majority
W20260630 12:22:17.538159 31190 leader_election.cc:343] T 40bf25241df94713a6a1094f6cafbd4b P a514b4a11c944512a6697ad4c257e321 [CANDIDATE]: Term 1 pre-election: Tablet error from VoteRequest() call to peer 08212f338f554075867c6bb87c5dfc4c (127.26.1.193:45769): Illegal state: must be running to vote when last-logged opid is not known
I20260630 12:22:17.538542 31152 tablet_service.cc:1917] Received RequestConsensusVote() RPC: tablet_id: "40bf25241df94713a6a1094f6cafbd4b" candidate_uuid: "a514b4a11c944512a6697ad4c257e321" candidate_term: 1 candidate_status { last_received { term: 0 index: 0 } } ignore_live_leader: false dest_uuid: "fdfb117bc8ba46b59bccb5def102f1ef" is_pre_election: true
W20260630 12:22:17.539903 31193 leader_election.cc:343] T 40bf25241df94713a6a1094f6cafbd4b P a514b4a11c944512a6697ad4c257e321 [CANDIDATE]: Term 1 pre-election: Tablet error from VoteRequest() call to peer fdfb117bc8ba46b59bccb5def102f1ef (127.26.1.194:40505): Illegal state: must be running to vote when last-logged opid is not known
I20260630 12:22:17.540362 31193 leader_election.cc:304] T 40bf25241df94713a6a1094f6cafbd4b P a514b4a11c944512a6697ad4c257e321 [CANDIDATE]: Term 1 pre-election: Election decided. Result: candidate lost. Election summary: received 3 responses out of 3 voters: 1 yes votes; 2 no votes. yes voters: a514b4a11c944512a6697ad4c257e321; no voters: 08212f338f554075867c6bb87c5dfc4c, fdfb117bc8ba46b59bccb5def102f1ef
I20260630 12:22:17.541553 31318 leader_election.cc:290] T bf49b2b99e0b4adbb71b91873a03c9a6 P 08212f338f554075867c6bb87c5dfc4c [CANDIDATE]: Term 1 pre-election: Requested pre-vote from peers fdfb117bc8ba46b59bccb5def102f1ef (127.26.1.194:40505), a514b4a11c944512a6697ad4c257e321 (127.26.1.195:34397)
I20260630 12:22:17.542352 31223 tablet_service.cc:1917] Received RequestConsensusVote() RPC: tablet_id: "bf49b2b99e0b4adbb71b91873a03c9a6" candidate_uuid: "08212f338f554075867c6bb87c5dfc4c" candidate_term: 1 candidate_status { last_received { term: 0 index: 0 } } ignore_live_leader: false dest_uuid: "a514b4a11c944512a6697ad4c257e321" is_pre_election: true
I20260630 12:22:17.543063 31272 tablet_bootstrap.cc:492] T b0899660d91d4020bf0ba8bad63281fa P a514b4a11c944512a6697ad4c257e321: No bootstrap required, opened a new log
I20260630 12:22:17.543563 31272 ts_tablet_manager.cc:1403] T b0899660d91d4020bf0ba8bad63281fa P a514b4a11c944512a6697ad4c257e321: Time spent bootstrapping tablet: real 0.030s	user 0.014s	sys 0.002s
I20260630 12:22:17.545188 31274 tablet_bootstrap.cc:654] T e522ec6cd1cd4017a54470139508dfae P fdfb117bc8ba46b59bccb5def102f1ef: Neither blocks nor log segments found. Creating new log.
I20260630 12:22:17.547070 31272 raft_consensus.cc:359] T b0899660d91d4020bf0ba8bad63281fa P a514b4a11c944512a6697ad4c257e321 [term 0 FOLLOWER]: Replica starting. Triggering 0 pending ops. Active config: opid_index: -1 OBSOLETE_local: false peers { permanent_uuid: "08212f338f554075867c6bb87c5dfc4c" member_type: VOTER last_known_addr { host: "127.26.1.193" port: 45769 } } peers { permanent_uuid: "fdfb117bc8ba46b59bccb5def102f1ef" member_type: VOTER last_known_addr { host: "127.26.1.194" port: 40505 } } peers { permanent_uuid: "a514b4a11c944512a6697ad4c257e321" member_type: VOTER last_known_addr { host: "127.26.1.195" port: 34397 } }
I20260630 12:22:17.548789 31299 consensus_queue.cc:1048] T 964f77d27278494fa01e7deffb6df4c4 P a514b4a11c944512a6697ad4c257e321 [LEADER]: Connected to new peer: Peer: permanent_uuid: "08212f338f554075867c6bb87c5dfc4c" member_type: VOTER last_known_addr { host: "127.26.1.193" port: 45769 }, Status: LMP_MISMATCH, Last received: 0.0, Next index: 1, Last known committed idx: 0, Time since last communication: 0.001s
I20260630 12:22:17.549402 31272 raft_consensus.cc:385] T b0899660d91d4020bf0ba8bad63281fa P a514b4a11c944512a6697ad4c257e321 [term 0 FOLLOWER]: Consensus starting up: Expiring failure detector timer to make a prompt election more likely
I20260630 12:22:17.549579 31041 leader_election.cc:304] T bf49b2b99e0b4adbb71b91873a03c9a6 P 08212f338f554075867c6bb87c5dfc4c [CANDIDATE]: Term 1 pre-election: Election decided. Result: candidate lost. Election summary: received 3 responses out of 3 voters: 1 yes votes; 2 no votes. yes voters: 08212f338f554075867c6bb87c5dfc4c; no voters: a514b4a11c944512a6697ad4c257e321, fdfb117bc8ba46b59bccb5def102f1ef
I20260630 12:22:17.550436 31318 raft_consensus.cc:3060] T bf49b2b99e0b4adbb71b91873a03c9a6 P 08212f338f554075867c6bb87c5dfc4c [term 0 FOLLOWER]: Advancing to term 1
I20260630 12:22:17.543507 31290 raft_consensus.cc:2749] T 40bf25241df94713a6a1094f6cafbd4b P a514b4a11c944512a6697ad4c257e321 [term 0 FOLLOWER]: Leader pre-election lost for term 1. Reason: could not achieve majority
I20260630 12:22:17.549759 31272 raft_consensus.cc:740] T b0899660d91d4020bf0ba8bad63281fa P a514b4a11c944512a6697ad4c257e321 [term 0 FOLLOWER]: Becoming Follower/Learner. State: Replica: a514b4a11c944512a6697ad4c257e321, State: Initialized, Role: FOLLOWER
I20260630 12:22:17.557127 31272 consensus_queue.cc:260] T b0899660d91d4020bf0ba8bad63281fa P a514b4a11c944512a6697ad4c257e321 [NON_LEADER]: Queue going to NON_LEADER mode. State: All replicated index: 0, Majority replicated index: 0, Committed index: 0, Last appended: 0.0, Last appended by leader: 0, Current term: 0, Majority size: -1, State: 0, Mode: NON_LEADER, active raft config: opid_index: -1 OBSOLETE_local: false peers { permanent_uuid: "08212f338f554075867c6bb87c5dfc4c" member_type: VOTER last_known_addr { host: "127.26.1.193" port: 45769 } } peers { permanent_uuid: "fdfb117bc8ba46b59bccb5def102f1ef" member_type: VOTER last_known_addr { host: "127.26.1.194" port: 40505 } } peers { permanent_uuid: "a514b4a11c944512a6697ad4c257e321" member_type: VOTER last_known_addr { host: "127.26.1.195" port: 34397 } }
I20260630 12:22:17.558861 31324 raft_consensus.cc:515] T 01812c73883843e1b096a7f01ae5579e P 08212f338f554075867c6bb87c5dfc4c [term 1 FOLLOWER]: Starting leader election with config: opid_index: -1 OBSOLETE_local: false peers { permanent_uuid: "08212f338f554075867c6bb87c5dfc4c" member_type: VOTER last_known_addr { host: "127.26.1.193" port: 45769 } } peers { permanent_uuid: "fdfb117bc8ba46b59bccb5def102f1ef" member_type: VOTER last_known_addr { host: "127.26.1.194" port: 40505 } } peers { permanent_uuid: "a514b4a11c944512a6697ad4c257e321" member_type: VOTER last_known_addr { host: "127.26.1.195" port: 34397 } }
