I20260630 12:20:28.817937  2035 master_service.cc:502] Signed X509 certificate for tserver {username='slave'} at 127.0.0.1:50192
I20260630 12:20:28.953868  2485 consensus_queue.cc:1048] T 8da5cf16757a4d40bb960936fced0fe2 P 14a8a89cf6c24fc6bee0fef6cb7b7cb4 [LEADER]: Connected to new peer: Peer: permanent_uuid: "2fd04533ab4b48a08fdefeb32ee14700" member_type: VOTER last_known_addr { host: "127.1.110.131" port: 42839 }, Status: LMP_MISMATCH, Last received: 0.0, Next index: 1, Last known committed idx: 0, Time since last communication: 0.000s
I20260630 12:20:28.966823  2485 consensus_queue.cc:1048] T 8da5cf16757a4d40bb960936fced0fe2 P 14a8a89cf6c24fc6bee0fef6cb7b7cb4 [LEADER]: Connected to new peer: Peer: permanent_uuid: "3afd8fe81892403fbd1abdf421eca392" member_type: VOTER last_known_addr { host: "127.1.110.130" port: 39953 }, Status: LMP_MISMATCH, Last received: 0.0, Next index: 1, Last known committed idx: 0, Time since last communication: 0.001s
I20260630 12:20:29.690888  2091 auto_leader_rebalancer.cc:141] leader rebalance for table test-workload
I20260630 12:20:29.710290  2287 tablet_service.cc:2072] Received LeaderStepDown RPC: tablet_id: "51b62f46ddbc46a199e3bad8f945c8f4"
dest_uuid: "2fd04533ab4b48a08fdefeb32ee14700"
mode: GRACEFUL
new_leader_uuid: "14a8a89cf6c24fc6bee0fef6cb7b7cb4"
 from {username='slave'} at 127.0.0.1:35338
I20260630 12:20:29.710995  2287 raft_consensus.cc:606] T 51b62f46ddbc46a199e3bad8f945c8f4 P 2fd04533ab4b48a08fdefeb32ee14700 [term 1 LEADER]: Received request to transfer leadership to TS 14a8a89cf6c24fc6bee0fef6cb7b7cb4
I20260630 12:20:29.712231  2091 auto_leader_rebalancer.cc:440] table: test-workload, leader rebalance finish, leader transfer count: 1
I20260630 12:20:29.712772  2091 auto_leader_rebalancer.cc:515] All tables' leader rebalancing finished this round
I20260630 12:20:29.820961  2481 heartbeater.cc:499] Master 127.1.110.190:41841 was elected leader, sending a full tablet report...
I20260630 12:20:30.028242  2492 raft_consensus.cc:993] T 51b62f46ddbc46a199e3bad8f945c8f4 P 2fd04533ab4b48a08fdefeb32ee14700: : Instructing follower 14a8a89cf6c24fc6bee0fef6cb7b7cb4 to start an election
I20260630 12:20:30.028749  2375 raft_consensus.cc:1081] T 51b62f46ddbc46a199e3bad8f945c8f4 P 2fd04533ab4b48a08fdefeb32ee14700 [term 1 LEADER]: Signalling peer 14a8a89cf6c24fc6bee0fef6cb7b7cb4 to start an election
I20260630 12:20:30.030814  2139 tablet_service.cc:2044] Received Run Leader Election RPC: tablet_id: "51b62f46ddbc46a199e3bad8f945c8f4"
dest_uuid: "14a8a89cf6c24fc6bee0fef6cb7b7cb4"
 from {username='slave'} at 127.0.0.1:33540
I20260630 12:20:30.031844  2139 raft_consensus.cc:493] T 51b62f46ddbc46a199e3bad8f945c8f4 P 14a8a89cf6c24fc6bee0fef6cb7b7cb4 [term 1 FOLLOWER]: Starting forced leader election (received explicit request)
I20260630 12:20:30.032460  2139 raft_consensus.cc:3060] T 51b62f46ddbc46a199e3bad8f945c8f4 P 14a8a89cf6c24fc6bee0fef6cb7b7cb4 [term 1 FOLLOWER]: Advancing to term 2
I20260630 12:20:30.038470  2139 raft_consensus.cc:515] T 51b62f46ddbc46a199e3bad8f945c8f4 P 14a8a89cf6c24fc6bee0fef6cb7b7cb4 [term 2 FOLLOWER]: Starting forced leader election with config: opid_index: -1 OBSOLETE_local: false peers { permanent_uuid: "14a8a89cf6c24fc6bee0fef6cb7b7cb4" member_type: VOTER last_known_addr { host: "127.1.110.129" port: 39251 } } peers { permanent_uuid: "3afd8fe81892403fbd1abdf421eca392" member_type: VOTER last_known_addr { host: "127.1.110.130" port: 39953 } } peers { permanent_uuid: "2fd04533ab4b48a08fdefeb32ee14700" member_type: VOTER last_known_addr { host: "127.1.110.131" port: 42839 } }
I20260630 12:20:30.040494  2139 leader_election.cc:290] T 51b62f46ddbc46a199e3bad8f945c8f4 P 14a8a89cf6c24fc6bee0fef6cb7b7cb4 [CANDIDATE]: Term 2 election: Requested vote from peers 3afd8fe81892403fbd1abdf421eca392 (127.1.110.130:39953), 2fd04533ab4b48a08fdefeb32ee14700 (127.1.110.131:42839)
I20260630 12:20:30.042253  2287 tablet_service.cc:1917] Received RequestConsensusVote() RPC: tablet_id: "51b62f46ddbc46a199e3bad8f945c8f4" candidate_uuid: "14a8a89cf6c24fc6bee0fef6cb7b7cb4" candidate_term: 2 candidate_status { last_received { term: 1 index: 1 } } ignore_live_leader: true dest_uuid: "2fd04533ab4b48a08fdefeb32ee14700"
I20260630 12:20:30.041879  2214 tablet_service.cc:1917] Received RequestConsensusVote() RPC: tablet_id: "51b62f46ddbc46a199e3bad8f945c8f4" candidate_uuid: "14a8a89cf6c24fc6bee0fef6cb7b7cb4" candidate_term: 2 candidate_status { last_received { term: 1 index: 1 } } ignore_live_leader: true dest_uuid: "3afd8fe81892403fbd1abdf421eca392"
I20260630 12:20:30.042984  2287 raft_consensus.cc:3055] T 51b62f46ddbc46a199e3bad8f945c8f4 P 2fd04533ab4b48a08fdefeb32ee14700 [term 1 LEADER]: Stepping down as leader of term 1
I20260630 12:20:30.043510  2287 raft_consensus.cc:740] T 51b62f46ddbc46a199e3bad8f945c8f4 P 2fd04533ab4b48a08fdefeb32ee14700 [term 1 LEADER]: Becoming Follower/Learner. State: Replica: 2fd04533ab4b48a08fdefeb32ee14700, State: Running, Role: LEADER
I20260630 12:20:30.043601  2214 raft_consensus.cc:3060] T 51b62f46ddbc46a199e3bad8f945c8f4 P 3afd8fe81892403fbd1abdf421eca392 [term 1 FOLLOWER]: Advancing to term 2
I20260630 12:20:30.044579  2287 consensus_queue.cc:260] T 51b62f46ddbc46a199e3bad8f945c8f4 P 2fd04533ab4b48a08fdefeb32ee14700 [NON_LEADER]: Queue going to NON_LEADER mode. State: All replicated index: 0, Majority replicated index: 1, Committed index: 1, Last appended: 1.1, Last appended by leader: 1, Current term: 1, Majority size: -1, State: 0, Mode: NON_LEADER, active raft config: opid_index: -1 OBSOLETE_local: false peers { permanent_uuid: "14a8a89cf6c24fc6bee0fef6cb7b7cb4" member_type: VOTER last_known_addr { host: "127.1.110.129" port: 39251 } } peers { permanent_uuid: "3afd8fe81892403fbd1abdf421eca392" member_type: VOTER last_known_addr { host: "127.1.110.130" port: 39953 } } peers { permanent_uuid: "2fd04533ab4b48a08fdefeb32ee14700" member_type: VOTER last_known_addr { host: "127.1.110.131" port: 42839 } }
I20260630 12:20:30.046756  2287 raft_consensus.cc:3060] T 51b62f46ddbc46a199e3bad8f945c8f4 P 2fd04533ab4b48a08fdefeb32ee14700 [term 1 FOLLOWER]: Advancing to term 2
I20260630 12:20:30.052611  2287 raft_consensus.cc:2468] T 51b62f46ddbc46a199e3bad8f945c8f4 P 2fd04533ab4b48a08fdefeb32ee14700 [term 2 FOLLOWER]: Leader election vote request: Granting yes vote for candidate 14a8a89cf6c24fc6bee0fef6cb7b7cb4 in term 2.
I20260630 12:20:30.052747  2214 raft_consensus.cc:2468] T 51b62f46ddbc46a199e3bad8f945c8f4 P 3afd8fe81892403fbd1abdf421eca392 [term 2 FOLLOWER]: Leader election vote request: Granting yes vote for candidate 14a8a89cf6c24fc6bee0fef6cb7b7cb4 in term 2.
I20260630 12:20:30.053875  2106 leader_election.cc:304] T 51b62f46ddbc46a199e3bad8f945c8f4 P 14a8a89cf6c24fc6bee0fef6cb7b7cb4 [CANDIDATE]: Term 2 election: Election decided. Result: candidate won. Election summary: received 2 responses out of 3 voters: 2 yes votes; 0 no votes. yes voters: 14a8a89cf6c24fc6bee0fef6cb7b7cb4, 2fd04533ab4b48a08fdefeb32ee14700; no voters: 
I20260630 12:20:30.054612  2485 raft_consensus.cc:2804] T 51b62f46ddbc46a199e3bad8f945c8f4 P 14a8a89cf6c24fc6bee0fef6cb7b7cb4 [term 2 FOLLOWER]: Leader election won for term 2
I20260630 12:20:30.055132  2485 raft_consensus.cc:697] T 51b62f46ddbc46a199e3bad8f945c8f4 P 14a8a89cf6c24fc6bee0fef6cb7b7cb4 [term 2 LEADER]: Becoming Leader. State: Replica: 14a8a89cf6c24fc6bee0fef6cb7b7cb4, State: Running, Role: LEADER
I20260630 12:20:30.055958  2485 consensus_queue.cc:237] T 51b62f46ddbc46a199e3bad8f945c8f4 P 14a8a89cf6c24fc6bee0fef6cb7b7cb4 [LEADER]: Queue going to LEADER mode. State: All replicated index: 0, Majority replicated index: 1, Committed index: 1, Last appended: 1.1, Last appended by leader: 1, Current term: 2, Majority size: 2, State: 0, Mode: LEADER, active raft config: opid_index: -1 OBSOLETE_local: false peers { permanent_uuid: "14a8a89cf6c24fc6bee0fef6cb7b7cb4" member_type: VOTER last_known_addr { host: "127.1.110.129" port: 39251 } } peers { permanent_uuid: "3afd8fe81892403fbd1abdf421eca392" member_type: VOTER last_known_addr { host: "127.1.110.130" port: 39953 } } peers { permanent_uuid: "2fd04533ab4b48a08fdefeb32ee14700" member_type: VOTER last_known_addr { host: "127.1.110.131" port: 42839 } }
I20260630 12:20:30.068267  2036 catalog_manager.cc:5697] T 51b62f46ddbc46a199e3bad8f945c8f4 P 14a8a89cf6c24fc6bee0fef6cb7b7cb4 reported cstate change: term changed from 1 to 2, leader changed from 2fd04533ab4b48a08fdefeb32ee14700 (127.1.110.131) to 14a8a89cf6c24fc6bee0fef6cb7b7cb4 (127.1.110.129). New cstate: current_term: 2 leader_uuid: "14a8a89cf6c24fc6bee0fef6cb7b7cb4" committed_config { opid_index: -1 OBSOLETE_local: false peers { permanent_uuid: "14a8a89cf6c24fc6bee0fef6cb7b7cb4" member_type: VOTER last_known_addr { host: "127.1.110.129" port: 39251 } health_report { overall_health: HEALTHY } } peers { permanent_uuid: "3afd8fe81892403fbd1abdf421eca392" member_type: VOTER last_known_addr { host: "127.1.110.130" port: 39953 } health_report { overall_health: UNKNOWN } } peers { permanent_uuid: "2fd04533ab4b48a08fdefeb32ee14700" member_type: VOTER last_known_addr { host: "127.1.110.131" port: 42839 } health_report { overall_health: UNKNOWN } } }
I20260630 12:20:30.484829  2287 raft_consensus.cc:1275] T 51b62f46ddbc46a199e3bad8f945c8f4 P 2fd04533ab4b48a08fdefeb32ee14700 [term 2 FOLLOWER]: Refusing update from remote peer 14a8a89cf6c24fc6bee0fef6cb7b7cb4: Log matching property violated. Preceding OpId in replica: term: 1 index: 1. Preceding OpId from leader: term: 2 index: 2. (index mismatch)
I20260630 12:20:30.487326  2485 consensus_queue.cc:1048] T 51b62f46ddbc46a199e3bad8f945c8f4 P 14a8a89cf6c24fc6bee0fef6cb7b7cb4 [LEADER]: Connected to new peer: Peer: permanent_uuid: "2fd04533ab4b48a08fdefeb32ee14700" member_type: VOTER last_known_addr { host: "127.1.110.131" port: 42839 }, Status: LMP_MISMATCH, Last received: 0.0, Next index: 2, Last known committed idx: 1, Time since last communication: 0.001s
I20260630 12:20:30.502894  2214 raft_consensus.cc:1275] T 51b62f46ddbc46a199e3bad8f945c8f4 P 3afd8fe81892403fbd1abdf421eca392 [term 2 FOLLOWER]: Refusing update from remote peer 14a8a89cf6c24fc6bee0fef6cb7b7cb4: Log matching property violated. Preceding OpId in replica: term: 1 index: 1. Preceding OpId from leader: term: 2 index: 2. (index mismatch)
I20260630 12:20:30.506942  2485 consensus_queue.cc:1048] T 51b62f46ddbc46a199e3bad8f945c8f4 P 14a8a89cf6c24fc6bee0fef6cb7b7cb4 [LEADER]: Connected to new peer: Peer: permanent_uuid: "3afd8fe81892403fbd1abdf421eca392" member_type: VOTER last_known_addr { host: "127.1.110.130" port: 39953 }, Status: LMP_MISMATCH, Last received: 0.0, Next index: 2, Last known committed idx: 1, Time since last communication: 0.001s
I20260630 12:20:31.713879  2091 auto_leader_rebalancer.cc:141] leader rebalance for table test-workload
I20260630 12:20:31.719513  2091 auto_leader_rebalancer.cc:440] table: test-workload, leader rebalance finish, leader transfer count: 0
I20260630 12:20:31.719905  2091 auto_leader_rebalancer.cc:515] All tables' leader rebalancing finished this round
I20260630 12:20:33.720836  2091 auto_leader_rebalancer.cc:141] leader rebalance for table test-workload
I20260630 12:20:33.726054  2091 auto_leader_rebalancer.cc:440] table: test-workload, leader rebalance finish, leader transfer count: 0
I20260630 12:20:33.726442  2091 auto_leader_rebalancer.cc:515] All tables' leader rebalancing finished this round
I20260630 12:20:34.723903  2289 consensus_queue.cc:237] T e7f78cc20ecd4924bd225f1444e6ba7d P 2fd04533ab4b48a08fdefeb32ee14700 [LEADER]: Queue going to LEADER mode. State: All replicated index: 0, Majority replicated index: 1, Committed index: 1, Last appended: 1.1, Last appended by leader: 0, Current term: 1, Majority size: 2, State: 0, Mode: LEADER, active raft config: opid_index: 2 OBSOLETE_local: false peers { permanent_uuid: "14a8a89cf6c24fc6bee0fef6cb7b7cb4" member_type: VOTER last_known_addr { host: "127.1.110.129" port: 39251 } } peers { permanent_uuid: "3afd8fe81892403fbd1abdf421eca392" member_type: VOTER last_known_addr { host: "127.1.110.130" port: 39953 } attrs { replace: true } } peers { permanent_uuid: "2fd04533ab4b48a08fdefeb32ee14700" member_type: VOTER last_known_addr { host: "127.1.110.131" port: 42839 } } peers { permanent_uuid: "5efa569062044e40841004a6ad4b11a8" member_type: NON_VOTER last_known_addr { host: "127.1.110.132" port: 41249 } attrs { promote: true } }
I20260630 12:20:34.731648  2215 raft_consensus.cc:1275] T e7f78cc20ecd4924bd225f1444e6ba7d P 3afd8fe81892403fbd1abdf421eca392 [term 1 FOLLOWER]: Refusing update from remote peer 2fd04533ab4b48a08fdefeb32ee14700: Log matching property violated. Preceding OpId in replica: term: 1 index: 1. Preceding OpId from leader: term: 1 index: 2. (index mismatch)
I20260630 12:20:34.733542  2375 consensus_queue.cc:1048] T e7f78cc20ecd4924bd225f1444e6ba7d P 2fd04533ab4b48a08fdefeb32ee14700 [LEADER]: Connected to new peer: Peer: permanent_uuid: "3afd8fe81892403fbd1abdf421eca392" member_type: VOTER last_known_addr { host: "127.1.110.130" port: 39953 } attrs { replace: true }, Status: LMP_MISMATCH, Last received: 0.0, Next index: 2, Last known committed idx: 1, Time since last communication: 0.001s
I20260630 12:20:34.741730  2140 raft_consensus.cc:1275] T e7f78cc20ecd4924bd225f1444e6ba7d P 14a8a89cf6c24fc6bee0fef6cb7b7cb4 [term 1 FOLLOWER]: Refusing update from remote peer 2fd04533ab4b48a08fdefeb32ee14700: Log matching property violated. Preceding OpId in replica: term: 1 index: 1. Preceding OpId from leader: term: 1 index: 2. (index mismatch)
I20260630 12:20:34.743548  2511 consensus_queue.cc:1048] T e7f78cc20ecd4924bd225f1444e6ba7d P 2fd04533ab4b48a08fdefeb32ee14700 [LEADER]: Connected to new peer: Peer: permanent_uuid: "14a8a89cf6c24fc6bee0fef6cb7b7cb4" member_type: VOTER last_known_addr { host: "127.1.110.129" port: 39251 }, Status: LMP_MISMATCH, Last received: 0.0, Next index: 2, Last known committed idx: 1, Time since last communication: 0.000s
I20260630 12:20:34.749034  2375 raft_consensus.cc:2955] T e7f78cc20ecd4924bd225f1444e6ba7d P 2fd04533ab4b48a08fdefeb32ee14700 [term 1 LEADER]: Committing config change with OpId 1.2: config changed from index -1 to 2, NON_VOTER 5efa569062044e40841004a6ad4b11a8 (127.1.110.132) added. New config: { opid_index: 2 OBSOLETE_local: false peers { permanent_uuid: "14a8a89cf6c24fc6bee0fef6cb7b7cb4" member_type: VOTER last_known_addr { host: "127.1.110.129" port: 39251 } } peers { permanent_uuid: "3afd8fe81892403fbd1abdf421eca392" member_type: VOTER last_known_addr { host: "127.1.110.130" port: 39953 } attrs { replace: true } } peers { permanent_uuid: "2fd04533ab4b48a08fdefeb32ee14700" member_type: VOTER last_known_addr { host: "127.1.110.131" port: 42839 } } peers { permanent_uuid: "5efa569062044e40841004a6ad4b11a8" member_type: NON_VOTER last_known_addr { host: "127.1.110.132" port: 41249 } attrs { promote: true } } }
I20260630 12:20:34.751552  2215 raft_consensus.cc:2955] T e7f78cc20ecd4924bd225f1444e6ba7d P 3afd8fe81892403fbd1abdf421eca392 [term 1 FOLLOWER]: Committing config change with OpId 1.2: config changed from index -1 to 2, NON_VOTER 5efa569062044e40841004a6ad4b11a8 (127.1.110.132) added. New config: { opid_index: 2 OBSOLETE_local: false peers { permanent_uuid: "14a8a89cf6c24fc6bee0fef6cb7b7cb4" member_type: VOTER last_known_addr { host: "127.1.110.129" port: 39251 } } peers { permanent_uuid: "3afd8fe81892403fbd1abdf421eca392" member_type: VOTER last_known_addr { host: "127.1.110.130" port: 39953 } attrs { replace: true } } peers { permanent_uuid: "2fd04533ab4b48a08fdefeb32ee14700" member_type: VOTER last_known_addr { host: "127.1.110.131" port: 42839 } } peers { permanent_uuid: "5efa569062044e40841004a6ad4b11a8" member_type: NON_VOTER last_known_addr { host: "127.1.110.132" port: 41249 } attrs { promote: true } } }
W20260630 12:20:34.759155  2253 consensus_peers.cc:597] T e7f78cc20ecd4924bd225f1444e6ba7d P 2fd04533ab4b48a08fdefeb32ee14700 -> Peer 5efa569062044e40841004a6ad4b11a8 (127.1.110.132:41249): Couldn't send request to peer 5efa569062044e40841004a6ad4b11a8. Error code: TABLET_NOT_FOUND (6). Status: Not found: Tablet not found: e7f78cc20ecd4924bd225f1444e6ba7d. This is attempt 1: this message will repeat every 5th retry.
I20260630 12:20:34.767172  2035 catalog_manager.cc:5697] T e7f78cc20ecd4924bd225f1444e6ba7d P 3afd8fe81892403fbd1abdf421eca392 reported cstate change: config changed from index -1 to 2, NON_VOTER 5efa569062044e40841004a6ad4b11a8 (127.1.110.132) added. New cstate: current_term: 1 leader_uuid: "2fd04533ab4b48a08fdefeb32ee14700" committed_config { opid_index: 2 OBSOLETE_local: false peers { permanent_uuid: "14a8a89cf6c24fc6bee0fef6cb7b7cb4" member_type: VOTER last_known_addr { host: "127.1.110.129" port: 39251 } } peers { permanent_uuid: "3afd8fe81892403fbd1abdf421eca392" member_type: VOTER last_known_addr { host: "127.1.110.130" port: 39953 } attrs { replace: true } } peers { permanent_uuid: "2fd04533ab4b48a08fdefeb32ee14700" member_type: VOTER last_known_addr { host: "127.1.110.131" port: 42839 } } peers { permanent_uuid: "5efa569062044e40841004a6ad4b11a8" member_type: NON_VOTER last_known_addr { host: "127.1.110.132" port: 41249 } attrs { promote: true } } }
I20260630 12:20:34.768766  2140 raft_consensus.cc:2955] T e7f78cc20ecd4924bd225f1444e6ba7d P 14a8a89cf6c24fc6bee0fef6cb7b7cb4 [term 1 FOLLOWER]: Committing config change with OpId 1.2: config changed from index -1 to 2, NON_VOTER 5efa569062044e40841004a6ad4b11a8 (127.1.110.132) added. New config: { opid_index: 2 OBSOLETE_local: false peers { permanent_uuid: "14a8a89cf6c24fc6bee0fef6cb7b7cb4" member_type: VOTER last_known_addr { host: "127.1.110.129" port: 39251 } } peers { permanent_uuid: "3afd8fe81892403fbd1abdf421eca392" member_type: VOTER last_known_addr { host: "127.1.110.130" port: 39953 } attrs { replace: true } } peers { permanent_uuid: "2fd04533ab4b48a08fdefeb32ee14700" member_type: VOTER last_known_addr { host: "127.1.110.131" port: 42839 } } peers { permanent_uuid: "5efa569062044e40841004a6ad4b11a8" member_type: NON_VOTER last_known_addr { host: "127.1.110.132" port: 41249 } attrs { promote: true } } }
I20260630 12:20:34.793607  2215 consensus_queue.cc:237] T ab0fe485390540e4a739942bf2f5987a P 3afd8fe81892403fbd1abdf421eca392 [LEADER]: Queue going to LEADER mode. State: All replicated index: 0, Majority replicated index: 1, Committed index: 1, Last appended: 1.1, Last appended by leader: 0, Current term: 1, Majority size: 2, State: 0, Mode: LEADER, active raft config: opid_index: 2 OBSOLETE_local: false peers { permanent_uuid: "14a8a89cf6c24fc6bee0fef6cb7b7cb4" member_type: VOTER last_known_addr { host: "127.1.110.129" port: 39251 } } peers { permanent_uuid: "3afd8fe81892403fbd1abdf421eca392" member_type: VOTER last_known_addr { host: "127.1.110.130" port: 39953 } } peers { permanent_uuid: "2fd04533ab4b48a08fdefeb32ee14700" member_type: VOTER last_known_addr { host: "127.1.110.131" port: 42839 } attrs { replace: true } } peers { permanent_uuid: "5efa569062044e40841004a6ad4b11a8" member_type: NON_VOTER last_known_addr { host: "127.1.110.132" port: 41249 } attrs { promote: true } }
I20260630 12:20:34.801935  2289 raft_consensus.cc:1275] T ab0fe485390540e4a739942bf2f5987a P 2fd04533ab4b48a08fdefeb32ee14700 [term 1 FOLLOWER]: Refusing update from remote peer 3afd8fe81892403fbd1abdf421eca392: Log matching property violated. Preceding OpId in replica: term: 1 index: 1. Preceding OpId from leader: term: 1 index: 2. (index mismatch)
I20260630 12:20:34.805424  2359 consensus_queue.cc:1048] T ab0fe485390540e4a739942bf2f5987a P 3afd8fe81892403fbd1abdf421eca392 [LEADER]: Connected to new peer: Peer: permanent_uuid: "2fd04533ab4b48a08fdefeb32ee14700" member_type: VOTER last_known_addr { host: "127.1.110.131" port: 42839 } attrs { replace: true }, Status: LMP_MISMATCH, Last received: 0.0, Next index: 2, Last known committed idx: 1, Time since last communication: 0.000s
I20260630 12:20:34.809150  2140 raft_consensus.cc:1275] T ab0fe485390540e4a739942bf2f5987a P 14a8a89cf6c24fc6bee0fef6cb7b7cb4 [term 1 FOLLOWER]: Refusing update from remote peer 3afd8fe81892403fbd1abdf421eca392: Log matching property violated. Preceding OpId in replica: term: 1 index: 1. Preceding OpId from leader: term: 1 index: 2. (index mismatch)
I20260630 12:20:34.810932  2359 consensus_queue.cc:1048] T ab0fe485390540e4a739942bf2f5987a P 3afd8fe81892403fbd1abdf421eca392 [LEADER]: Connected to new peer: Peer: permanent_uuid: "14a8a89cf6c24fc6bee0fef6cb7b7cb4" member_type: VOTER last_known_addr { host: "127.1.110.129" port: 39251 }, Status: LMP_MISMATCH, Last received: 0.0, Next index: 2, Last known committed idx: 1, Time since last communication: 0.001s
W20260630 12:20:34.820186  2179 consensus_peers.cc:597] T ab0fe485390540e4a739942bf2f5987a P 3afd8fe81892403fbd1abdf421eca392 -> Peer 5efa569062044e40841004a6ad4b11a8 (127.1.110.132:41249): Couldn't send request to peer 5efa569062044e40841004a6ad4b11a8. Error code: TABLET_NOT_FOUND (6). Status: Not found: Tablet not found: ab0fe485390540e4a739942bf2f5987a. This is attempt 1: this message will repeat every 5th retry.
I20260630 12:20:34.818800  2523 raft_consensus.cc:2955] T ab0fe485390540e4a739942bf2f5987a P 3afd8fe81892403fbd1abdf421eca392 [term 1 LEADER]: Committing config change with OpId 1.2: config changed from index -1 to 2, NON_VOTER 5efa569062044e40841004a6ad4b11a8 (127.1.110.132) added. New config: { opid_index: 2 OBSOLETE_local: false peers { permanent_uuid: "14a8a89cf6c24fc6bee0fef6cb7b7cb4" member_type: VOTER last_known_addr { host: "127.1.110.129" port: 39251 } } peers { permanent_uuid: "3afd8fe81892403fbd1abdf421eca392" member_type: VOTER last_known_addr { host: "127.1.110.130" port: 39953 } } peers { permanent_uuid: "2fd04533ab4b48a08fdefeb32ee14700" member_type: VOTER last_known_addr { host: "127.1.110.131" port: 42839 } attrs { replace: true } } peers { permanent_uuid: "5efa569062044e40841004a6ad4b11a8" member_type: NON_VOTER last_known_addr { host: "127.1.110.132" port: 41249 } attrs { promote: true } } }
I20260630 12:20:34.821869  2140 raft_consensus.cc:2955] T ab0fe485390540e4a739942bf2f5987a P 14a8a89cf6c24fc6bee0fef6cb7b7cb4 [term 1 FOLLOWER]: Committing config change with OpId 1.2: config changed from index -1 to 2, NON_VOTER 5efa569062044e40841004a6ad4b11a8 (127.1.110.132) added. New config: { opid_index: 2 OBSOLETE_local: false peers { permanent_uuid: "14a8a89cf6c24fc6bee0fef6cb7b7cb4" member_type: VOTER last_known_addr { host: "127.1.110.129" port: 39251 } } peers { permanent_uuid: "3afd8fe81892403fbd1abdf421eca392" member_type: VOTER last_known_addr { host: "127.1.110.130" port: 39953 } } peers { permanent_uuid: "2fd04533ab4b48a08fdefeb32ee14700" member_type: VOTER last_known_addr { host: "127.1.110.131" port: 42839 } attrs { replace: true } } peers { permanent_uuid: "5efa569062044e40841004a6ad4b11a8" member_type: NON_VOTER last_known_addr { host: "127.1.110.132" port: 41249 } attrs { promote: true } } }
I20260630 12:20:34.820593  2289 raft_consensus.cc:2955] T ab0fe485390540e4a739942bf2f5987a P 2fd04533ab4b48a08fdefeb32ee14700 [term 1 FOLLOWER]: Committing config change with OpId 1.2: config changed from index -1 to 2, NON_VOTER 5efa569062044e40841004a6ad4b11a8 (127.1.110.132) added. New config: { opid_index: 2 OBSOLETE_local: false peers { permanent_uuid: "14a8a89cf6c24fc6bee0fef6cb7b7cb4" member_type: VOTER last_known_addr { host: "127.1.110.129" port: 39251 } } peers { permanent_uuid: "3afd8fe81892403fbd1abdf421eca392" member_type: VOTER last_known_addr { host: "127.1.110.130" port: 39953 } } peers { permanent_uuid: "2fd04533ab4b48a08fdefeb32ee14700" member_type: VOTER last_known_addr { host: "127.1.110.131" port: 42839 } attrs { replace: true } } peers { permanent_uuid: "5efa569062044e40841004a6ad4b11a8" member_type: NON_VOTER last_known_addr { host: "127.1.110.132" port: 41249 } attrs { promote: true } } }
I20260630 12:20:34.835659  2036 catalog_manager.cc:5697] T ab0fe485390540e4a739942bf2f5987a P 3afd8fe81892403fbd1abdf421eca392 reported cstate change: config changed from index -1 to 2, NON_VOTER 5efa569062044e40841004a6ad4b11a8 (127.1.110.132) added. New cstate: current_term: 1 leader_uuid: "3afd8fe81892403fbd1abdf421eca392" committed_config { opid_index: 2 OBSOLETE_local: false peers { permanent_uuid: "14a8a89cf6c24fc6bee0fef6cb7b7cb4" member_type: VOTER last_known_addr { host: "127.1.110.129" port: 39251 } health_report { overall_health: HEALTHY } } peers { permanent_uuid: "3afd8fe81892403fbd1abdf421eca392" member_type: VOTER last_known_addr { host: "127.1.110.130" port: 39953 } health_report { overall_health: HEALTHY } } peers { permanent_uuid: "2fd04533ab4b48a08fdefeb32ee14700" member_type: VOTER last_known_addr { host: "127.1.110.131" port: 42839 } attrs { replace: true } health_report { overall_health: HEALTHY } } peers { permanent_uuid: "5efa569062044e40841004a6ad4b11a8" member_type: NON_VOTER last_known_addr { host: "127.1.110.132" port: 41249 } attrs { promote: true } health_report { overall_health: UNKNOWN } } }
I20260630 12:20:34.837167  2215 consensus_queue.cc:237] T 21e40b6d2dd34d5d83a6ebe73deb7a2b P 3afd8fe81892403fbd1abdf421eca392 [LEADER]: Queue going to LEADER mode. State: All replicated index: 0, Majority replicated index: 1, Committed index: 1, Last appended: 1.1, Last appended by leader: 0, Current term: 1, Majority size: 2, State: 0, Mode: LEADER, active raft config: opid_index: 2 OBSOLETE_local: false peers { permanent_uuid: "14a8a89cf6c24fc6bee0fef6cb7b7cb4" member_type: VOTER last_known_addr { host: "127.1.110.129" port: 39251 } attrs { replace: true } } peers { permanent_uuid: "3afd8fe81892403fbd1abdf421eca392" member_type: VOTER last_known_addr { host: "127.1.110.130" port: 39953 } } peers { permanent_uuid: "2fd04533ab4b48a08fdefeb32ee14700" member_type: VOTER last_known_addr { host: "127.1.110.131" port: 42839 } } peers { permanent_uuid: "5efa569062044e40841004a6ad4b11a8" member_type: NON_VOTER last_known_addr { host: "127.1.110.132" port: 41249 } attrs { promote: true } }
W20260630 12:20:34.850891  2179 consensus_peers.cc:597] T 21e40b6d2dd34d5d83a6ebe73deb7a2b P 3afd8fe81892403fbd1abdf421eca392 -> Peer 5efa569062044e40841004a6ad4b11a8 (127.1.110.132:41249): Couldn't send request to peer 5efa569062044e40841004a6ad4b11a8. Error code: TABLET_NOT_FOUND (6). Status: Not found: Tablet not found: 21e40b6d2dd34d5d83a6ebe73deb7a2b. This is attempt 1: this message will repeat every 5th retry.
I20260630 12:20:34.851178  2289 raft_consensus.cc:1275] T 21e40b6d2dd34d5d83a6ebe73deb7a2b P 2fd04533ab4b48a08fdefeb32ee14700 [term 1 FOLLOWER]: Refusing update from remote peer 3afd8fe81892403fbd1abdf421eca392: Log matching property violated. Preceding OpId in replica: term: 1 index: 1. Preceding OpId from leader: term: 1 index: 2. (index mismatch)
I20260630 12:20:34.852881  2140 raft_consensus.cc:1275] T 21e40b6d2dd34d5d83a6ebe73deb7a2b P 14a8a89cf6c24fc6bee0fef6cb7b7cb4 [term 1 FOLLOWER]: Refusing update from remote peer 3afd8fe81892403fbd1abdf421eca392: Log matching property violated. Preceding OpId in replica: term: 1 index: 1. Preceding OpId from leader: term: 1 index: 2. (index mismatch)
I20260630 12:20:34.852671  2359 consensus_queue.cc:1048] T 21e40b6d2dd34d5d83a6ebe73deb7a2b P 3afd8fe81892403fbd1abdf421eca392 [LEADER]: Connected to new peer: Peer: permanent_uuid: "2fd04533ab4b48a08fdefeb32ee14700" member_type: VOTER last_known_addr { host: "127.1.110.131" port: 42839 }, Status: LMP_MISMATCH, Last received: 0.0, Next index: 2, Last known committed idx: 1, Time since last communication: 0.000s
I20260630 12:20:34.854779  2359 consensus_queue.cc:1048] T 21e40b6d2dd34d5d83a6ebe73deb7a2b P 3afd8fe81892403fbd1abdf421eca392 [LEADER]: Connected to new peer: Peer: permanent_uuid: "14a8a89cf6c24fc6bee0fef6cb7b7cb4" member_type: VOTER last_known_addr { host: "127.1.110.129" port: 39251 } attrs { replace: true }, Status: LMP_MISMATCH, Last received: 0.0, Next index: 2, Last known committed idx: 1, Time since last communication: 0.000s
I20260630 12:20:34.863798  2527 raft_consensus.cc:2955] T 21e40b6d2dd34d5d83a6ebe73deb7a2b P 3afd8fe81892403fbd1abdf421eca392 [term 1 LEADER]: Committing config change with OpId 1.2: config changed from index -1 to 2, NON_VOTER 5efa569062044e40841004a6ad4b11a8 (127.1.110.132) added. New config: { opid_index: 2 OBSOLETE_local: false peers { permanent_uuid: "14a8a89cf6c24fc6bee0fef6cb7b7cb4" member_type: VOTER last_known_addr { host: "127.1.110.129" port: 39251 } attrs { replace: true } } peers { permanent_uuid: "3afd8fe81892403fbd1abdf421eca392" member_type: VOTER last_known_addr { host: "127.1.110.130" port: 39953 } } peers { permanent_uuid: "2fd04533ab4b48a08fdefeb32ee14700" member_type: VOTER last_known_addr { host: "127.1.110.131" port: 42839 } } peers { permanent_uuid: "5efa569062044e40841004a6ad4b11a8" member_type: NON_VOTER last_known_addr { host: "127.1.110.132" port: 41249 } attrs { promote: true } } }
I20260630 12:20:34.865401  2289 raft_consensus.cc:2955] T 21e40b6d2dd34d5d83a6ebe73deb7a2b P 2fd04533ab4b48a08fdefeb32ee14700 [term 1 FOLLOWER]: Committing config change with OpId 1.2: config changed from index -1 to 2, NON_VOTER 5efa569062044e40841004a6ad4b11a8 (127.1.110.132) added. New config: { opid_index: 2 OBSOLETE_local: false peers { permanent_uuid: "14a8a89cf6c24fc6bee0fef6cb7b7cb4" member_type: VOTER last_known_addr { host: "127.1.110.129" port: 39251 } attrs { replace: true } } peers { permanent_uuid: "3afd8fe81892403fbd1abdf421eca392" member_type: VOTER last_known_addr { host: "127.1.110.130" port: 39953 } } peers { permanent_uuid: "2fd04533ab4b48a08fdefeb32ee14700" member_type: VOTER last_known_addr { host: "127.1.110.131" port: 42839 } } peers { permanent_uuid: "5efa569062044e40841004a6ad4b11a8" member_type: NON_VOTER last_known_addr { host: "127.1.110.132" port: 41249 } attrs { promote: true } } }
I20260630 12:20:34.866402  2140 raft_consensus.cc:2955] T 21e40b6d2dd34d5d83a6ebe73deb7a2b P 14a8a89cf6c24fc6bee0fef6cb7b7cb4 [term 1 FOLLOWER]: Committing config change with OpId 1.2: config changed from index -1 to 2, NON_VOTER 5efa569062044e40841004a6ad4b11a8 (127.1.110.132) added. New config: { opid_index: 2 OBSOLETE_local: false peers { permanent_uuid: "14a8a89cf6c24fc6bee0fef6cb7b7cb4" member_type: VOTER last_known_addr { host: "127.1.110.129" port: 39251 } attrs { replace: true } } peers { permanent_uuid: "3afd8fe81892403fbd1abdf421eca392" member_type: VOTER last_known_addr { host: "127.1.110.130" port: 39953 } } peers { permanent_uuid: "2fd04533ab4b48a08fdefeb32ee14700" member_type: VOTER last_known_addr { host: "127.1.110.131" port: 42839 } } peers { permanent_uuid: "5efa569062044e40841004a6ad4b11a8" member_type: NON_VOTER last_known_addr { host: "127.1.110.132" port: 41249 } attrs { promote: true } } }
I20260630 12:20:34.880280  2035 catalog_manager.cc:5697] T 21e40b6d2dd34d5d83a6ebe73deb7a2b P 2fd04533ab4b48a08fdefeb32ee14700 reported cstate change: config changed from index -1 to 2, NON_VOTER 5efa569062044e40841004a6ad4b11a8 (127.1.110.132) added. New cstate: current_term: 1 leader_uuid: "3afd8fe81892403fbd1abdf421eca392" committed_config { opid_index: 2 OBSOLETE_local: false peers { permanent_uuid: "14a8a89cf6c24fc6bee0fef6cb7b7cb4" member_type: VOTER last_known_addr { host: "127.1.110.129" port: 39251 } attrs { replace: true } } peers { permanent_uuid: "3afd8fe81892403fbd1abdf421eca392" member_type: VOTER last_known_addr { host: "127.1.110.130" port: 39953 } } peers { permanent_uuid: "2fd04533ab4b48a08fdefeb32ee14700" member_type: VOTER last_known_addr { host: "127.1.110.131" port: 42839 } } peers { permanent_uuid: "5efa569062044e40841004a6ad4b11a8" member_type: NON_VOTER last_known_addr { host: "127.1.110.132" port: 41249 } attrs { promote: true } } }
I20260630 12:20:34.881807  2289 consensus_queue.cc:237] T 5fa72a23ce454b79b00ad19b9b30814b P 2fd04533ab4b48a08fdefeb32ee14700 [LEADER]: Queue going to LEADER mode. State: All replicated index: 0, Majority replicated index: 1, Committed index: 1, Last appended: 1.1, Last appended by leader: 0, Current term: 1, Majority size: 2, State: 0, Mode: LEADER, active raft config: opid_index: 2 OBSOLETE_local: false peers { permanent_uuid: "14a8a89cf6c24fc6bee0fef6cb7b7cb4" member_type: VOTER last_known_addr { host: "127.1.110.129" port: 39251 } } peers { permanent_uuid: "3afd8fe81892403fbd1abdf421eca392" member_type: VOTER last_known_addr { host: "127.1.110.130" port: 39953 } attrs { replace: true } } peers { permanent_uuid: "2fd04533ab4b48a08fdefeb32ee14700" member_type: VOTER last_known_addr { host: "127.1.110.131" port: 42839 } } peers { permanent_uuid: "5efa569062044e40841004a6ad4b11a8" member_type: NON_VOTER last_known_addr { host: "127.1.110.132" port: 41249 } attrs { promote: true } }
I20260630 12:20:34.889344  2140 raft_consensus.cc:1275] T 5fa72a23ce454b79b00ad19b9b30814b P 14a8a89cf6c24fc6bee0fef6cb7b7cb4 [term 1 FOLLOWER]: Refusing update from remote peer 2fd04533ab4b48a08fdefeb32ee14700: Log matching property violated. Preceding OpId in replica: term: 1 index: 1. Preceding OpId from leader: term: 1 index: 2. (index mismatch)
I20260630 12:20:34.889699  2215 raft_consensus.cc:1275] T 5fa72a23ce454b79b00ad19b9b30814b P 3afd8fe81892403fbd1abdf421eca392 [term 1 FOLLOWER]: Refusing update from remote peer 2fd04533ab4b48a08fdefeb32ee14700: Log matching property violated. Preceding OpId in replica: term: 1 index: 1. Preceding OpId from leader: term: 1 index: 2. (index mismatch)
W20260630 12:20:34.889846  2253 consensus_peers.cc:597] T 5fa72a23ce454b79b00ad19b9b30814b P 2fd04533ab4b48a08fdefeb32ee14700 -> Peer 5efa569062044e40841004a6ad4b11a8 (127.1.110.132:41249): Couldn't send request to peer 5efa569062044e40841004a6ad4b11a8. Error code: TABLET_NOT_FOUND (6). Status: Not found: Tablet not found: 5fa72a23ce454b79b00ad19b9b30814b. This is attempt 1: this message will repeat every 5th retry.
I20260630 12:20:34.891505  2511 consensus_queue.cc:1048] T 5fa72a23ce454b79b00ad19b9b30814b P 2fd04533ab4b48a08fdefeb32ee14700 [LEADER]: Connected to new peer: Peer: permanent_uuid: "14a8a89cf6c24fc6bee0fef6cb7b7cb4" member_type: VOTER last_known_addr { host: "127.1.110.129" port: 39251 }, Status: LMP_MISMATCH, Last received: 0.0, Next index: 2, Last known committed idx: 1, Time since last communication: 0.000s
I20260630 12:20:34.893121  2375 consensus_queue.cc:1048] T 5fa72a23ce454b79b00ad19b9b30814b P 2fd04533ab4b48a08fdefeb32ee14700 [LEADER]: Connected to new peer: Peer: permanent_uuid: "3afd8fe81892403fbd1abdf421eca392" member_type: VOTER last_known_addr { host: "127.1.110.130" port: 39953 } attrs { replace: true }, Status: LMP_MISMATCH, Last received: 0.0, Next index: 2, Last known committed idx: 1, Time since last communication: 0.000s
I20260630 12:20:34.903409  2511 raft_consensus.cc:2955] T 5fa72a23ce454b79b00ad19b9b30814b P 2fd04533ab4b48a08fdefeb32ee14700 [term 1 LEADER]: Committing config change with OpId 1.2: config changed from index -1 to 2, NON_VOTER 5efa569062044e40841004a6ad4b11a8 (127.1.110.132) added. New config: { opid_index: 2 OBSOLETE_local: false peers { permanent_uuid: "14a8a89cf6c24fc6bee0fef6cb7b7cb4" member_type: VOTER last_known_addr { host: "127.1.110.129" port: 39251 } } peers { permanent_uuid: "3afd8fe81892403fbd1abdf421eca392" member_type: VOTER last_known_addr { host: "127.1.110.130" port: 39953 } attrs { replace: true } } peers { permanent_uuid: "2fd04533ab4b48a08fdefeb32ee14700" member_type: VOTER last_known_addr { host: "127.1.110.131" port: 42839 } } peers { permanent_uuid: "5efa569062044e40841004a6ad4b11a8" member_type: NON_VOTER last_known_addr { host: "127.1.110.132" port: 41249 } attrs { promote: true } } }
I20260630 12:20:34.905552  2215 raft_consensus.cc:2955] T 5fa72a23ce454b79b00ad19b9b30814b P 3afd8fe81892403fbd1abdf421eca392 [term 1 FOLLOWER]: Committing config change with OpId 1.2: config changed from index -1 to 2, NON_VOTER 5efa569062044e40841004a6ad4b11a8 (127.1.110.132) added. New config: { opid_index: 2 OBSOLETE_local: false peers { permanent_uuid: "14a8a89cf6c24fc6bee0fef6cb7b7cb4" member_type: VOTER last_known_addr { host: "127.1.110.129" port: 39251 } } peers { permanent_uuid: "3afd8fe81892403fbd1abdf421eca392" member_type: VOTER last_known_addr { host: "127.1.110.130" port: 39953 } attrs { replace: true } } peers { permanent_uuid: "2fd04533ab4b48a08fdefeb32ee14700" member_type: VOTER last_known_addr { host: "127.1.110.131" port: 42839 } } peers { permanent_uuid: "5efa569062044e40841004a6ad4b11a8" member_type: NON_VOTER last_known_addr { host: "127.1.110.132" port: 41249 } attrs { promote: true } } }
I20260630 12:20:34.906049  2140 raft_consensus.cc:2955] T 5fa72a23ce454b79b00ad19b9b30814b P 14a8a89cf6c24fc6bee0fef6cb7b7cb4 [term 1 FOLLOWER]: Committing config change with OpId 1.2: config changed from index -1 to 2, NON_VOTER 5efa569062044e40841004a6ad4b11a8 (127.1.110.132) added. New config: { opid_index: 2 OBSOLETE_local: false peers { permanent_uuid: "14a8a89cf6c24fc6bee0fef6cb7b7cb4" member_type: VOTER last_known_addr { host: "127.1.110.129" port: 39251 } } peers { permanent_uuid: "3afd8fe81892403fbd1abdf421eca392" member_type: VOTER last_known_addr { host: "127.1.110.130" port: 39953 } attrs { replace: true } } peers { permanent_uuid: "2fd04533ab4b48a08fdefeb32ee14700" member_type: VOTER last_known_addr { host: "127.1.110.131" port: 42839 } } peers { permanent_uuid: "5efa569062044e40841004a6ad4b11a8" member_type: NON_VOTER last_known_addr { host: "127.1.110.132" port: 41249 } attrs { promote: true } } }
I20260630 12:20:34.920961  2037 catalog_manager.cc:5697] T 5fa72a23ce454b79b00ad19b9b30814b P 14a8a89cf6c24fc6bee0fef6cb7b7cb4 reported cstate change: config changed from index -1 to 2, NON_VOTER 5efa569062044e40841004a6ad4b11a8 (127.1.110.132) added. New cstate: current_term: 1 leader_uuid: "2fd04533ab4b48a08fdefeb32ee14700" committed_config { opid_index: 2 OBSOLETE_local: false peers { permanent_uuid: "14a8a89cf6c24fc6bee0fef6cb7b7cb4" member_type: VOTER last_known_addr { host: "127.1.110.129" port: 39251 } } peers { permanent_uuid: "3afd8fe81892403fbd1abdf421eca392" member_type: VOTER last_known_addr { host: "127.1.110.130" port: 39953 } attrs { replace: true } } peers { permanent_uuid: "2fd04533ab4b48a08fdefeb32ee14700" member_type: VOTER last_known_addr { host: "127.1.110.131" port: 42839 } } peers { permanent_uuid: "5efa569062044e40841004a6ad4b11a8" member_type: NON_VOTER last_known_addr { host: "127.1.110.132" port: 41249 } attrs { promote: true } } }
I20260630 12:20:35.190591  2535 ts_tablet_manager.cc:933] T e7f78cc20ecd4924bd225f1444e6ba7d P 5efa569062044e40841004a6ad4b11a8: Initiating tablet copy from peer 2fd04533ab4b48a08fdefeb32ee14700 (127.1.110.131:42839)
I20260630 12:20:35.193148  2535 tablet_copy_client.cc:323] T e7f78cc20ecd4924bd225f1444e6ba7d P 5efa569062044e40841004a6ad4b11a8: tablet copy: Beginning tablet copy session from remote peer at address 127.1.110.131:42839
I20260630 12:20:35.212316  2299 tablet_copy_service.cc:140] P 2fd04533ab4b48a08fdefeb32ee14700: Received BeginTabletCopySession request for tablet e7f78cc20ecd4924bd225f1444e6ba7d from peer 5efa569062044e40841004a6ad4b11a8 ({username='slave'} at 127.0.0.1:35350)
I20260630 12:20:35.213019  2299 tablet_copy_service.cc:161] P 2fd04533ab4b48a08fdefeb32ee14700: Beginning new tablet copy session on tablet e7f78cc20ecd4924bd225f1444e6ba7d from peer 5efa569062044e40841004a6ad4b11a8 at {username='slave'} at 127.0.0.1:35350: session id = 5efa569062044e40841004a6ad4b11a8-e7f78cc20ecd4924bd225f1444e6ba7d
I20260630 12:20:35.219394  2299 tablet_copy_source_session.cc:215] T e7f78cc20ecd4924bd225f1444e6ba7d P 2fd04533ab4b48a08fdefeb32ee14700: Tablet Copy: opened 0 blocks and 1 log segments
I20260630 12:20:35.225592  2535 data_dirs.cc:400] Could only allocate 1 dirs of requested 3 for tablet e7f78cc20ecd4924bd225f1444e6ba7d. 1 dirs total, 0 dirs full, 0 dirs failed
I20260630 12:20:35.240772  2535 tablet_copy_client.cc:806] T e7f78cc20ecd4924bd225f1444e6ba7d P 5efa569062044e40841004a6ad4b11a8: tablet copy: Starting download of 0 data blocks...
I20260630 12:20:35.241498  2535 tablet_copy_client.cc:670] T e7f78cc20ecd4924bd225f1444e6ba7d P 5efa569062044e40841004a6ad4b11a8: tablet copy: Starting download of 1 WAL segments...
I20260630 12:20:35.243368  2538 ts_tablet_manager.cc:933] T ab0fe485390540e4a739942bf2f5987a P 5efa569062044e40841004a6ad4b11a8: Initiating tablet copy from peer 3afd8fe81892403fbd1abdf421eca392 (127.1.110.130:39953)
I20260630 12:20:35.245703  2538 tablet_copy_client.cc:323] T ab0fe485390540e4a739942bf2f5987a P 5efa569062044e40841004a6ad4b11a8: tablet copy: Beginning tablet copy session from remote peer at address 127.1.110.130:39953
I20260630 12:20:35.246616  2535 tablet_copy_client.cc:538] T e7f78cc20ecd4924bd225f1444e6ba7d P 5efa569062044e40841004a6ad4b11a8: tablet copy: Tablet Copy complete. Replacing tablet superblock.
I20260630 12:20:35.257385  2535 tablet_bootstrap.cc:492] T e7f78cc20ecd4924bd225f1444e6ba7d P 5efa569062044e40841004a6ad4b11a8: Bootstrap starting.
I20260630 12:20:35.262912  2225 tablet_copy_service.cc:140] P 3afd8fe81892403fbd1abdf421eca392: Received BeginTabletCopySession request for tablet ab0fe485390540e4a739942bf2f5987a from peer 5efa569062044e40841004a6ad4b11a8 ({username='slave'} at 127.0.0.1:52760)
I20260630 12:20:35.263559  2225 tablet_copy_service.cc:161] P 3afd8fe81892403fbd1abdf421eca392: Beginning new tablet copy session on tablet ab0fe485390540e4a739942bf2f5987a from peer 5efa569062044e40841004a6ad4b11a8 at {username='slave'} at 127.0.0.1:52760: session id = 5efa569062044e40841004a6ad4b11a8-ab0fe485390540e4a739942bf2f5987a
I20260630 12:20:35.272661  2225 tablet_copy_source_session.cc:215] T ab0fe485390540e4a739942bf2f5987a P 3afd8fe81892403fbd1abdf421eca392: Tablet Copy: opened 0 blocks and 1 log segments
I20260630 12:20:35.275820  2538 data_dirs.cc:400] Could only allocate 1 dirs of requested 3 for tablet ab0fe485390540e4a739942bf2f5987a. 1 dirs total, 0 dirs full, 0 dirs failed
I20260630 12:20:35.285107  2535 tablet_bootstrap.cc:492] T e7f78cc20ecd4924bd225f1444e6ba7d P 5efa569062044e40841004a6ad4b11a8: Bootstrap replayed 1/1 log segments. Stats: ops{read=2 overwritten=0 applied=2 ignored=0} inserts{seen=0 ignored=0} mutations{seen=0 ignored=0} orphaned_commits=0. Pending: 0 replicates
I20260630 12:20:35.286375  2535 tablet_bootstrap.cc:492] T e7f78cc20ecd4924bd225f1444e6ba7d P 5efa569062044e40841004a6ad4b11a8: Bootstrap complete.
I20260630 12:20:35.287355  2535 ts_tablet_manager.cc:1403] T e7f78cc20ecd4924bd225f1444e6ba7d P 5efa569062044e40841004a6ad4b11a8: Time spent bootstrapping tablet: real 0.030s	user 0.026s	sys 0.001s
I20260630 12:20:35.290580  2535 raft_consensus.cc:359] T e7f78cc20ecd4924bd225f1444e6ba7d P 5efa569062044e40841004a6ad4b11a8 [term 1 LEARNER]: Replica starting. Triggering 0 pending ops. Active config: opid_index: 2 OBSOLETE_local: false peers { permanent_uuid: "14a8a89cf6c24fc6bee0fef6cb7b7cb4" member_type: VOTER last_known_addr { host: "127.1.110.129" port: 39251 } } peers { permanent_uuid: "3afd8fe81892403fbd1abdf421eca392" member_type: VOTER last_known_addr { host: "127.1.110.130" port: 39953 } attrs { replace: true } } peers { permanent_uuid: "2fd04533ab4b48a08fdefeb32ee14700" member_type: VOTER last_known_addr { host: "127.1.110.131" port: 42839 } } peers { permanent_uuid: "5efa569062044e40841004a6ad4b11a8" member_type: NON_VOTER last_known_addr { host: "127.1.110.132" port: 41249 } attrs { promote: true } }
I20260630 12:20:35.291559  2535 raft_consensus.cc:740] T e7f78cc20ecd4924bd225f1444e6ba7d P 5efa569062044e40841004a6ad4b11a8 [term 1 LEARNER]: Becoming Follower/Learner. State: Replica: 5efa569062044e40841004a6ad4b11a8, State: Initialized, Role: LEARNER
I20260630 12:20:35.292239  2535 consensus_queue.cc:260] T e7f78cc20ecd4924bd225f1444e6ba7d P 5efa569062044e40841004a6ad4b11a8 [NON_LEADER]: Queue going to NON_LEADER mode. State: All replicated index: 0, Majority replicated index: 0, Committed index: 2, Last appended: 1.2, Last appended by leader: 2, Current term: 0, Majority size: -1, State: 0, Mode: NON_LEADER, active raft config: opid_index: 2 OBSOLETE_local: false peers { permanent_uuid: "14a8a89cf6c24fc6bee0fef6cb7b7cb4" member_type: VOTER last_known_addr { host: "127.1.110.129" port: 39251 } } peers { permanent_uuid: "3afd8fe81892403fbd1abdf421eca392" member_type: VOTER last_known_addr { host: "127.1.110.130" port: 39953 } attrs { replace: true } } peers { permanent_uuid: "2fd04533ab4b48a08fdefeb32ee14700" member_type: VOTER last_known_addr { host: "127.1.110.131" port: 42839 } } peers { permanent_uuid: "5efa569062044e40841004a6ad4b11a8" member_type: NON_VOTER last_known_addr { host: "127.1.110.132" port: 41249 } attrs { promote: true } }
I20260630 12:20:35.295220  2535 ts_tablet_manager.cc:1434] T e7f78cc20ecd4924bd225f1444e6ba7d P 5efa569062044e40841004a6ad4b11a8: Time spent starting tablet: real 0.008s	user 0.007s	sys 0.004s
I20260630 12:20:35.295310  2538 tablet_copy_client.cc:806] T ab0fe485390540e4a739942bf2f5987a P 5efa569062044e40841004a6ad4b11a8: tablet copy: Starting download of 0 data blocks...
I20260630 12:20:35.295929  2538 tablet_copy_client.cc:670] T ab0fe485390540e4a739942bf2f5987a P 5efa569062044e40841004a6ad4b11a8: tablet copy: Starting download of 1 WAL segments...
I20260630 12:20:35.297840  2299 tablet_copy_service.cc:342] P 2fd04533ab4b48a08fdefeb32ee14700: Request end of tablet copy session 5efa569062044e40841004a6ad4b11a8-e7f78cc20ecd4924bd225f1444e6ba7d received from {username='slave'} at 127.0.0.1:35350
I20260630 12:20:35.298341  2299 tablet_copy_service.cc:434] P 2fd04533ab4b48a08fdefeb32ee14700: ending tablet copy session 5efa569062044e40841004a6ad4b11a8-e7f78cc20ecd4924bd225f1444e6ba7d on tablet e7f78cc20ecd4924bd225f1444e6ba7d with peer 5efa569062044e40841004a6ad4b11a8
I20260630 12:20:35.300563  2538 tablet_copy_client.cc:538] T ab0fe485390540e4a739942bf2f5987a P 5efa569062044e40841004a6ad4b11a8: tablet copy: Tablet Copy complete. Replacing tablet superblock.
I20260630 12:20:35.310814  2538 tablet_bootstrap.cc:492] T ab0fe485390540e4a739942bf2f5987a P 5efa569062044e40841004a6ad4b11a8: Bootstrap starting.
I20260630 12:20:35.332340  2538 tablet_bootstrap.cc:492] T ab0fe485390540e4a739942bf2f5987a P 5efa569062044e40841004a6ad4b11a8: Bootstrap replayed 1/1 log segments. Stats: ops{read=2 overwritten=0 applied=2 ignored=0} inserts{seen=0 ignored=0} mutations{seen=0 ignored=0} orphaned_commits=0. Pending: 0 replicates
I20260630 12:20:35.333413  2538 tablet_bootstrap.cc:492] T ab0fe485390540e4a739942bf2f5987a P 5efa569062044e40841004a6ad4b11a8: Bootstrap complete.
I20260630 12:20:35.334543  2538 ts_tablet_manager.cc:1403] T ab0fe485390540e4a739942bf2f5987a P 5efa569062044e40841004a6ad4b11a8: Time spent bootstrapping tablet: real 0.024s	user 0.019s	sys 0.004s
I20260630 12:20:35.338362  2538 raft_consensus.cc:359] T ab0fe485390540e4a739942bf2f5987a P 5efa569062044e40841004a6ad4b11a8 [term 1 LEARNER]: Replica starting. Triggering 0 pending ops. Active config: opid_index: 2 OBSOLETE_local: false peers { permanent_uuid: "14a8a89cf6c24fc6bee0fef6cb7b7cb4" member_type: VOTER last_known_addr { host: "127.1.110.129" port: 39251 } } peers { permanent_uuid: "3afd8fe81892403fbd1abdf421eca392" member_type: VOTER last_known_addr { host: "127.1.110.130" port: 39953 } } peers { permanent_uuid: "2fd04533ab4b48a08fdefeb32ee14700" member_type: VOTER last_known_addr { host: "127.1.110.131" port: 42839 } attrs { replace: true } } peers { permanent_uuid: "5efa569062044e40841004a6ad4b11a8" member_type: NON_VOTER last_known_addr { host: "127.1.110.132" port: 41249 } attrs { promote: true } }
I20260630 12:20:35.339555  2538 raft_consensus.cc:740] T ab0fe485390540e4a739942bf2f5987a P 5efa569062044e40841004a6ad4b11a8 [term 1 LEARNER]: Becoming Follower/Learner. State: Replica: 5efa569062044e40841004a6ad4b11a8, State: Initialized, Role: LEARNER
I20260630 12:20:35.340517  2538 consensus_queue.cc:260] T ab0fe485390540e4a739942bf2f5987a P 5efa569062044e40841004a6ad4b11a8 [NON_LEADER]: Queue going to NON_LEADER mode. State: All replicated index: 0, Majority replicated index: 0, Committed index: 2, Last appended: 1.2, Last appended by leader: 2, Current term: 0, Majority size: -1, State: 0, Mode: NON_LEADER, active raft config: opid_index: 2 OBSOLETE_local: false peers { permanent_uuid: "14a8a89cf6c24fc6bee0fef6cb7b7cb4" member_type: VOTER last_known_addr { host: "127.1.110.129" port: 39251 } } peers { permanent_uuid: "3afd8fe81892403fbd1abdf421eca392" member_type: VOTER last_known_addr { host: "127.1.110.130" port: 39953 } } peers { permanent_uuid: "2fd04533ab4b48a08fdefeb32ee14700" member_type: VOTER last_known_addr { host: "127.1.110.131" port: 42839 } attrs { replace: true } } peers { permanent_uuid: "5efa569062044e40841004a6ad4b11a8" member_type: NON_VOTER last_known_addr { host: "127.1.110.132" port: 41249 } attrs { promote: true } }
I20260630 12:20:35.343057  2538 ts_tablet_manager.cc:1434] T ab0fe485390540e4a739942bf2f5987a P 5efa569062044e40841004a6ad4b11a8: Time spent starting tablet: real 0.008s	user 0.008s	sys 0.000s
I20260630 12:20:35.344797  2225 tablet_copy_service.cc:342] P 3afd8fe81892403fbd1abdf421eca392: Request end of tablet copy session 5efa569062044e40841004a6ad4b11a8-ab0fe485390540e4a739942bf2f5987a received from {username='slave'} at 127.0.0.1:52760
I20260630 12:20:35.345201  2225 tablet_copy_service.cc:434] P 3afd8fe81892403fbd1abdf421eca392: ending tablet copy session 5efa569062044e40841004a6ad4b11a8-ab0fe485390540e4a739942bf2f5987a on tablet ab0fe485390540e4a739942bf2f5987a with peer 5efa569062044e40841004a6ad4b11a8
I20260630 12:20:35.434856  2538 ts_tablet_manager.cc:933] T 21e40b6d2dd34d5d83a6ebe73deb7a2b P 5efa569062044e40841004a6ad4b11a8: Initiating tablet copy from peer 3afd8fe81892403fbd1abdf421eca392 (127.1.110.130:39953)
