wal directory: /tmp/dist-test-taskg59ypD/test-tmp/auto_rebalancer-test.0.AutoRebalancerTest.NoReplicaMovesIfCannotFixPlacementPolicy.1782822015815928-26658-0/minicluster-data/ts-0-root
metadata directory: /tmp/dist-test-taskg59ypD/test-tmp/auto_rebalancer-test.0.AutoRebalancerTest.NoReplicaMovesIfCannotFixPlacementPolicy.1782822015815928-26658-0/minicluster-data/ts-0-root
1 data directories: /tmp/dist-test-taskg59ypD/test-tmp/auto_rebalancer-test.0.AutoRebalancerTest.NoReplicaMovesIfCannotFixPlacementPolicy.1782822015815928-26658-0/minicluster-data/ts-0-root/data
Total live blocks: 0
Total live bytes: 0
Total live bytes (after alignment): 0
Total number of LBM containers: 0 (0 full)
Did not check for missing blocks
Did not check for orphaned blocks
Total full LBM containers with extra space: 0 (0 repaired)
Total full LBM container extra space in bytes: 0 (0 repaired)
Total incomplete LBM containers: 0 (0 repaired)
Total LBM partial records: 0 (0 repaired)
Total corrupted LBM metadata records in RocksDB: 0 (0 repaired)
I20260630 12:22:05.319754 26658 rpc_server.cc:225] running with OpenSSL 1.1.1  11 Sep 2018
I20260630 12:22:05.320923 26658 kserver.cc:163] Server-wide thread pool size limit: 3276
I20260630 12:22:05.322371 26658 txn_system_client.cc:432] TxnSystemClient initialization is disabled...
I20260630 12:22:05.324836 26658 ts_tablet_manager.cc:585] Loaded tablet metadata (0 total tablets, 0 live tablets)
I20260630 12:22:05.325016 26658 ts_tablet_manager.cc:531] Time spent load tablet metadata: real 0.000s	user 0.000s	sys 0.000s
I20260630 12:22:05.325225 26658 ts_tablet_manager.cc:616] Registered 0 tablets
I20260630 12:22:05.325423 26658 ts_tablet_manager.cc:595] Time spent register tablets: real 0.000s	user 0.000s	sys 0.000s
I20260630 12:22:05.367224 26658 rpc_server.cc:307] RPC server started. Bound to: 127.26.8.129:34735
I20260630 12:22:05.367336 30819 acceptor_pool.cc:272] collecting diagnostics on the listening RPC socket 127.26.8.129:34735 every 8 connection(s)
I20260630 12:22:05.372218 26658 file_cache.cc:492] Constructed file cache file cache with capacity 419430
W20260630 12:22:05.379967 30824 instance_detector.cc:116] could not retrieve AWS instance metadata: Network error: curl error: HTTP response code said error: The requested URL returned error: 404
W20260630 12:22:05.380362 30825 instance_detector.cc:116] could not retrieve Azure instance metadata: Network error: curl error: HTTP response code said error: The requested URL returned error: 404
I20260630 12:22:05.383428 26658 server_base.cc:1061] running on GCE node
W20260630 12:22:05.384313 30828 instance_detector.cc:116] could not retrieve OpenStack instance metadata: Network error: curl error: HTTP response code said error: The requested URL returned error: 404
I20260630 12:22:05.385183 26658 hybrid_clock.cc:584] initializing the hybrid clock with 'system_unsync' time source
W20260630 12:22:05.385428 26658 system_unsync_time.cc:38] NTP support is disabled. Clock error bounds will not be accurate. This configuration is not suitable for distributed clusters.
I20260630 12:22:05.385614 26658 hybrid_clock.cc:648] HybridClock initialized: now 1782822125385594 us; error 0 us; skew 500 ppm
I20260630 12:22:05.386085 26658 server_base.cc:861] Flag tcmalloc_max_total_thread_cache_bytes is not working since tcmalloc is not enabled.
I20260630 12:22:05.388494 26658 webserver.cc:533] Webserver started at http://127.26.8.130:38389/ using document root <none> and password file <none>
I20260630 12:22:05.388972 26658 fs_manager.cc:362] Metadata directory not provided
I20260630 12:22:05.389238 26658 fs_manager.cc:368] Using write-ahead log directory (fs_wal_dir) as metadata directory
I20260630 12:22:05.389551 26658 server_base.cc:909] This appears to be a new deployment of Kudu; creating new FS layout
I20260630 12:22:05.390830 26658 fs_manager.cc:1068] Generated new instance metadata in path /tmp/dist-test-taskg59ypD/test-tmp/auto_rebalancer-test.0.AutoRebalancerTest.NoReplicaMovesIfCannotFixPlacementPolicy.1782822015815928-26658-0/minicluster-data/ts-1-root/instance:
uuid: "d9db9a654eec4e3fb8cfbfa9ecd4eba7"
format_stamp: "Formatted at 2026-06-30 12:22:05 on dist-test-slave-m419"
I20260630 12:22:05.393611 30820 heartbeater.cc:344] Connected to a master server at 127.26.8.190:43873
I20260630 12:22:05.394058 30820 heartbeater.cc:461] Registering TS with master...
I20260630 12:22:05.394804 30820 heartbeater.cc:507] Master 127.26.8.190:43873 requested a full tablet report, sending...
I20260630 12:22:05.396282 26658 fs_manager.cc:696] Time spent creating directory manager: real 0.005s	user 0.007s	sys 0.000s
I20260630 12:22:05.397220 30693 ts_manager.cc:194] Registered new tserver with Master: e1ca153f74e74b64bbc6e7cc60ca4041 (127.26.8.129:34735)
I20260630 12:22:05.399191 30693 master_service.cc:502] Signed X509 certificate for tserver {username='slave'} at 127.0.0.1:55058
I20260630 12:22:05.400343 30832 log_block_manager.cc:4031] Time spent loading block containers with low live blocks: real 0.000s	user 0.000s	sys 0.000s
I20260630 12:22:05.401183 26658 fs_manager.cc:730] Time spent opening block manager: real 0.003s	user 0.003s	sys 0.001s
I20260630 12:22:05.401515 26658 fs_manager.cc:647] Opened local filesystem: /tmp/dist-test-taskg59ypD/test-tmp/auto_rebalancer-test.0.AutoRebalancerTest.NoReplicaMovesIfCannotFixPlacementPolicy.1782822015815928-26658-0/minicluster-data/ts-1-root
uuid: "d9db9a654eec4e3fb8cfbfa9ecd4eba7"
format_stamp: "Formatted at 2026-06-30 12:22:05 on dist-test-slave-m419"
I20260630 12:22:05.401779 26658 fs_report.cc:389] FS layout report
--------------------
wal directory: /tmp/dist-test-taskg59ypD/test-tmp/auto_rebalancer-test.0.AutoRebalancerTest.NoReplicaMovesIfCannotFixPlacementPolicy.1782822015815928-26658-0/minicluster-data/ts-1-root
metadata directory: /tmp/dist-test-taskg59ypD/test-tmp/auto_rebalancer-test.0.AutoRebalancerTest.NoReplicaMovesIfCannotFixPlacementPolicy.1782822015815928-26658-0/minicluster-data/ts-1-root
1 data directories: /tmp/dist-test-taskg59ypD/test-tmp/auto_rebalancer-test.0.AutoRebalancerTest.NoReplicaMovesIfCannotFixPlacementPolicy.1782822015815928-26658-0/minicluster-data/ts-1-root/data
Total live blocks: 0
Total live bytes: 0
Total live bytes (after alignment): 0
Total number of LBM containers: 0 (0 full)
Did not check for missing blocks
Did not check for orphaned blocks
Total full LBM containers with extra space: 0 (0 repaired)
Total full LBM container extra space in bytes: 0 (0 repaired)
Total incomplete LBM containers: 0 (0 repaired)
Total LBM partial records: 0 (0 repaired)
Total corrupted LBM metadata records in RocksDB: 0 (0 repaired)
I20260630 12:22:05.430408 26658 rpc_server.cc:225] running with OpenSSL 1.1.1  11 Sep 2018
I20260630 12:22:05.431902 26658 kserver.cc:163] Server-wide thread pool size limit: 3276
I20260630 12:22:05.433409 26658 txn_system_client.cc:432] TxnSystemClient initialization is disabled...
I20260630 12:22:05.435662 26658 ts_tablet_manager.cc:585] Loaded tablet metadata (0 total tablets, 0 live tablets)
I20260630 12:22:05.435896 26658 ts_tablet_manager.cc:531] Time spent load tablet metadata: real 0.000s	user 0.000s	sys 0.000s
I20260630 12:22:05.436148 26658 ts_tablet_manager.cc:616] Registered 0 tablets
I20260630 12:22:05.436316 26658 ts_tablet_manager.cc:595] Time spent register tablets: real 0.000s	user 0.000s	sys 0.000s
I20260630 12:22:05.477607 26658 rpc_server.cc:307] RPC server started. Bound to: 127.26.8.130:41631
I20260630 12:22:05.477703 30894 acceptor_pool.cc:272] collecting diagnostics on the listening RPC socket 127.26.8.130:41631 every 8 connection(s)
I20260630 12:22:05.482844 26658 file_cache.cc:492] Constructed file cache file cache with capacity 419430
W20260630 12:22:05.490756 30898 instance_detector.cc:116] could not retrieve AWS instance metadata: Network error: curl error: HTTP response code said error: The requested URL returned error: 404
W20260630 12:22:05.492215 30899 instance_detector.cc:116] could not retrieve Azure instance metadata: Network error: curl error: HTTP response code said error: The requested URL returned error: 404
I20260630 12:22:05.495910 30895 heartbeater.cc:344] Connected to a master server at 127.26.8.190:43873
I20260630 12:22:05.496306 30895 heartbeater.cc:461] Registering TS with master...
I20260630 12:22:05.497125 30895 heartbeater.cc:507] Master 127.26.8.190:43873 requested a full tablet report, sending...
I20260630 12:22:05.499011 30693 ts_manager.cc:194] Registered new tserver with Master: d9db9a654eec4e3fb8cfbfa9ecd4eba7 (127.26.8.130:41631)
I20260630 12:22:05.500463 30693 master_service.cc:502] Signed X509 certificate for tserver {username='slave'} at 127.0.0.1:55060
W20260630 12:22:05.500828 30901 instance_detector.cc:116] could not retrieve OpenStack instance metadata: Network error: curl error: HTTP response code said error: The requested URL returned error: 404
I20260630 12:22:05.501004 26658 server_base.cc:1061] running on GCE node
I20260630 12:22:05.502122 26658 hybrid_clock.cc:584] initializing the hybrid clock with 'system_unsync' time source
W20260630 12:22:05.502331 26658 system_unsync_time.cc:38] NTP support is disabled. Clock error bounds will not be accurate. This configuration is not suitable for distributed clusters.
I20260630 12:22:05.502508 26658 hybrid_clock.cc:648] HybridClock initialized: now 1782822125502489 us; error 0 us; skew 500 ppm
I20260630 12:22:05.502990 26658 server_base.cc:861] Flag tcmalloc_max_total_thread_cache_bytes is not working since tcmalloc is not enabled.
I20260630 12:22:05.505474 26658 webserver.cc:533] Webserver started at http://127.26.8.131:40157/ using document root <none> and password file <none>
I20260630 12:22:05.505939 26658 fs_manager.cc:362] Metadata directory not provided
I20260630 12:22:05.506134 26658 fs_manager.cc:368] Using write-ahead log directory (fs_wal_dir) as metadata directory
I20260630 12:22:05.506387 26658 server_base.cc:909] This appears to be a new deployment of Kudu; creating new FS layout
I20260630 12:22:05.507506 26658 fs_manager.cc:1068] Generated new instance metadata in path /tmp/dist-test-taskg59ypD/test-tmp/auto_rebalancer-test.0.AutoRebalancerTest.NoReplicaMovesIfCannotFixPlacementPolicy.1782822015815928-26658-0/minicluster-data/ts-2-root/instance:
uuid: "9b0309745f9045e9ae73f70c5cac115a"
format_stamp: "Formatted at 2026-06-30 12:22:05 on dist-test-slave-m419"
I20260630 12:22:05.512082 26658 fs_manager.cc:696] Time spent creating directory manager: real 0.004s	user 0.003s	sys 0.001s
I20260630 12:22:05.515200 30906 log_block_manager.cc:4031] Time spent loading block containers with low live blocks: real 0.000s	user 0.000s	sys 0.000s
I20260630 12:22:05.516112 26658 fs_manager.cc:730] Time spent opening block manager: real 0.002s	user 0.002s	sys 0.001s
I20260630 12:22:05.516414 26658 fs_manager.cc:647] Opened local filesystem: /tmp/dist-test-taskg59ypD/test-tmp/auto_rebalancer-test.0.AutoRebalancerTest.NoReplicaMovesIfCannotFixPlacementPolicy.1782822015815928-26658-0/minicluster-data/ts-2-root
uuid: "9b0309745f9045e9ae73f70c5cac115a"
format_stamp: "Formatted at 2026-06-30 12:22:05 on dist-test-slave-m419"
I20260630 12:22:05.516695 26658 fs_report.cc:389] FS layout report
--------------------
wal directory: /tmp/dist-test-taskg59ypD/test-tmp/auto_rebalancer-test.0.AutoRebalancerTest.NoReplicaMovesIfCannotFixPlacementPolicy.1782822015815928-26658-0/minicluster-data/ts-2-root
metadata directory: /tmp/dist-test-taskg59ypD/test-tmp/auto_rebalancer-test.0.AutoRebalancerTest.NoReplicaMovesIfCannotFixPlacementPolicy.1782822015815928-26658-0/minicluster-data/ts-2-root
1 data directories: /tmp/dist-test-taskg59ypD/test-tmp/auto_rebalancer-test.0.AutoRebalancerTest.NoReplicaMovesIfCannotFixPlacementPolicy.1782822015815928-26658-0/minicluster-data/ts-2-root/data
Total live blocks: 0
Total live bytes: 0
Total live bytes (after alignment): 0
Total number of LBM containers: 0 (0 full)
Did not check for missing blocks
Did not check for orphaned blocks
Total full LBM containers with extra space: 0 (0 repaired)
Total full LBM container extra space in bytes: 0 (0 repaired)
Total incomplete LBM containers: 0 (0 repaired)
Total LBM partial records: 0 (0 repaired)
Total corrupted LBM metadata records in RocksDB: 0 (0 repaired)
I20260630 12:22:05.546510 26658 rpc_server.cc:225] running with OpenSSL 1.1.1  11 Sep 2018
I20260630 12:22:05.547719 26658 kserver.cc:163] Server-wide thread pool size limit: 3276
I20260630 12:22:05.549165 26658 txn_system_client.cc:432] TxnSystemClient initialization is disabled...
I20260630 12:22:05.551373 26658 ts_tablet_manager.cc:585] Loaded tablet metadata (0 total tablets, 0 live tablets)
I20260630 12:22:05.551613 26658 ts_tablet_manager.cc:531] Time spent load tablet metadata: real 0.000s	user 0.000s	sys 0.000s
I20260630 12:22:05.551851 26658 ts_tablet_manager.cc:616] Registered 0 tablets
I20260630 12:22:05.552021 26658 ts_tablet_manager.cc:595] Time spent register tablets: real 0.000s	user 0.000s	sys 0.000s
I20260630 12:22:05.595106 26658 rpc_server.cc:307] RPC server started. Bound to: 127.26.8.131:39593
I20260630 12:22:05.595192 30968 acceptor_pool.cc:272] collecting diagnostics on the listening RPC socket 127.26.8.131:39593 every 8 connection(s)
I20260630 12:22:05.609242 30969 heartbeater.cc:344] Connected to a master server at 127.26.8.190:43873
I20260630 12:22:05.609619 30969 heartbeater.cc:461] Registering TS with master...
I20260630 12:22:05.610358 30969 heartbeater.cc:507] Master 127.26.8.190:43873 requested a full tablet report, sending...
I20260630 12:22:05.612190 30693 ts_manager.cc:194] Registered new tserver with Master: 9b0309745f9045e9ae73f70c5cac115a (127.26.8.131:39593)
I20260630 12:22:05.612942 26658 internal_mini_cluster.cc:371] 3 TS(s) registered with all masters after 0.014497008s
I20260630 12:22:05.613477 30693 master_service.cc:502] Signed X509 certificate for tserver {username='slave'} at 127.0.0.1:55062
I20260630 12:22:06.402401 30820 heartbeater.cc:499] Master 127.26.8.190:43873 was elected leader, sending a full tablet report...
I20260630 12:22:06.503865 30895 heartbeater.cc:499] Master 127.26.8.190:43873 was elected leader, sending a full tablet report...
I20260630 12:22:06.616420 30969 heartbeater.cc:499] Master 127.26.8.190:43873 was elected leader, sending a full tablet report...
I20260630 12:22:06.684566 30693 catalog_manager.cc:2283] Servicing CreateTable request from {username='slave'} at 127.0.0.1:55084:
name: "test-workload"
schema {
  columns {
    name: "key"
    type: INT32
    is_key: true
    is_nullable: false
    encoding: AUTO_ENCODING
    compression: DEFAULT_COMPRESSION
    cfile_block_size: 0
    immutable: false
  }
  columns {
    name: "int_val"
    type: INT32
    is_key: false
    is_nullable: false
    encoding: AUTO_ENCODING
    compression: DEFAULT_COMPRESSION
    cfile_block_size: 0
    immutable: false
  }
  columns {
    name: "string_val"
    type: STRING
    is_key: false
    is_nullable: true
    encoding: AUTO_ENCODING
    compression: DEFAULT_COMPRESSION
    cfile_block_size: 0
    immutable: false
  }
}
num_replicas: 3
split_rows_range_bounds {
}
partition_schema {
  range_schema {
    columns {
      name: "key"
    }
  }
}
W20260630 12:22:06.686947 30693 catalog_manager.cc:7077] The number of live tablet servers is not enough to re-replicate a tablet replica of the newly created table test-workload in case of a server failure: 4 tablet servers would be needed, 3 are available. Consider bringing up more tablet servers.
I20260630 12:22:06.749372 30934 tablet_service.cc:1511] Processing CreateTablet for tablet 470b921121be481a9c3075580028aea9 (DEFAULT_TABLE table=test-workload [id=c54da06cfae54dad8fe4277146628b75]), partition=RANGE (key) PARTITION UNBOUNDED
I20260630 12:22:06.750021 30785 tablet_service.cc:1511] Processing CreateTablet for tablet 470b921121be481a9c3075580028aea9 (DEFAULT_TABLE table=test-workload [id=c54da06cfae54dad8fe4277146628b75]), partition=RANGE (key) PARTITION UNBOUNDED
I20260630 12:22:06.751176 30934 data_dirs.cc:400] Could only allocate 1 dirs of requested 3 for tablet 470b921121be481a9c3075580028aea9. 1 dirs total, 0 dirs full, 0 dirs failed
I20260630 12:22:06.751679 30785 data_dirs.cc:400] Could only allocate 1 dirs of requested 3 for tablet 470b921121be481a9c3075580028aea9. 1 dirs total, 0 dirs full, 0 dirs failed
I20260630 12:22:06.756290 30860 tablet_service.cc:1511] Processing CreateTablet for tablet 470b921121be481a9c3075580028aea9 (DEFAULT_TABLE table=test-workload [id=c54da06cfae54dad8fe4277146628b75]), partition=RANGE (key) PARTITION UNBOUNDED
I20260630 12:22:06.757942 30860 data_dirs.cc:400] Could only allocate 1 dirs of requested 3 for tablet 470b921121be481a9c3075580028aea9. 1 dirs total, 0 dirs full, 0 dirs failed
I20260630 12:22:06.773229 30991 tablet_bootstrap.cc:492] T 470b921121be481a9c3075580028aea9 P e1ca153f74e74b64bbc6e7cc60ca4041: Bootstrap starting.
I20260630 12:22:06.775408 30992 tablet_bootstrap.cc:492] T 470b921121be481a9c3075580028aea9 P 9b0309745f9045e9ae73f70c5cac115a: Bootstrap starting.
I20260630 12:22:06.778508 30993 tablet_bootstrap.cc:492] T 470b921121be481a9c3075580028aea9 P d9db9a654eec4e3fb8cfbfa9ecd4eba7: Bootstrap starting.
I20260630 12:22:06.782506 30991 tablet_bootstrap.cc:654] T 470b921121be481a9c3075580028aea9 P e1ca153f74e74b64bbc6e7cc60ca4041: Neither blocks nor log segments found. Creating new log.
I20260630 12:22:06.784298 30992 tablet_bootstrap.cc:654] T 470b921121be481a9c3075580028aea9 P 9b0309745f9045e9ae73f70c5cac115a: Neither blocks nor log segments found. Creating new log.
I20260630 12:22:06.785279 30993 tablet_bootstrap.cc:654] T 470b921121be481a9c3075580028aea9 P d9db9a654eec4e3fb8cfbfa9ecd4eba7: Neither blocks nor log segments found. Creating new log.
I20260630 12:22:06.790977 30993 tablet_bootstrap.cc:492] T 470b921121be481a9c3075580028aea9 P d9db9a654eec4e3fb8cfbfa9ecd4eba7: No bootstrap required, opened a new log
I20260630 12:22:06.791435 30993 ts_tablet_manager.cc:1403] T 470b921121be481a9c3075580028aea9 P d9db9a654eec4e3fb8cfbfa9ecd4eba7: Time spent bootstrapping tablet: real 0.013s	user 0.006s	sys 0.005s
I20260630 12:22:06.793535 30992 tablet_bootstrap.cc:492] T 470b921121be481a9c3075580028aea9 P 9b0309745f9045e9ae73f70c5cac115a: No bootstrap required, opened a new log
I20260630 12:22:06.793893 30991 tablet_bootstrap.cc:492] T 470b921121be481a9c3075580028aea9 P e1ca153f74e74b64bbc6e7cc60ca4041: No bootstrap required, opened a new log
I20260630 12:22:06.794096 30992 ts_tablet_manager.cc:1403] T 470b921121be481a9c3075580028aea9 P 9b0309745f9045e9ae73f70c5cac115a: Time spent bootstrapping tablet: real 0.019s	user 0.012s	sys 0.004s
I20260630 12:22:06.794394 30991 ts_tablet_manager.cc:1403] T 470b921121be481a9c3075580028aea9 P e1ca153f74e74b64bbc6e7cc60ca4041: Time spent bootstrapping tablet: real 0.022s	user 0.003s	sys 0.013s
I20260630 12:22:06.794165 30993 raft_consensus.cc:359] T 470b921121be481a9c3075580028aea9 P d9db9a654eec4e3fb8cfbfa9ecd4eba7 [term 0 FOLLOWER]: Replica starting. Triggering 0 pending ops. Active config: opid_index: -1 OBSOLETE_local: false peers { permanent_uuid: "e1ca153f74e74b64bbc6e7cc60ca4041" member_type: VOTER last_known_addr { host: "127.26.8.129" port: 34735 } } peers { permanent_uuid: "9b0309745f9045e9ae73f70c5cac115a" member_type: VOTER last_known_addr { host: "127.26.8.131" port: 39593 } } peers { permanent_uuid: "d9db9a654eec4e3fb8cfbfa9ecd4eba7" member_type: VOTER last_known_addr { host: "127.26.8.130" port: 41631 } }
I20260630 12:22:06.795146 30993 raft_consensus.cc:385] T 470b921121be481a9c3075580028aea9 P d9db9a654eec4e3fb8cfbfa9ecd4eba7 [term 0 FOLLOWER]: Consensus starting up: Expiring failure detector timer to make a prompt election more likely
I20260630 12:22:06.795428 30993 raft_consensus.cc:740] T 470b921121be481a9c3075580028aea9 P d9db9a654eec4e3fb8cfbfa9ecd4eba7 [term 0 FOLLOWER]: Becoming Follower/Learner. State: Replica: d9db9a654eec4e3fb8cfbfa9ecd4eba7, State: Initialized, Role: FOLLOWER
I20260630 12:22:06.796301 30993 consensus_queue.cc:260] T 470b921121be481a9c3075580028aea9 P d9db9a654eec4e3fb8cfbfa9ecd4eba7 [NON_LEADER]: Queue going to NON_LEADER mode. State: All replicated index: 0, Majority replicated index: 0, Committed index: 0, Last appended: 0.0, Last appended by leader: 0, Current term: 0, Majority size: -1, State: 0, Mode: NON_LEADER, active raft config: opid_index: -1 OBSOLETE_local: false peers { permanent_uuid: "e1ca153f74e74b64bbc6e7cc60ca4041" member_type: VOTER last_known_addr { host: "127.26.8.129" port: 34735 } } peers { permanent_uuid: "9b0309745f9045e9ae73f70c5cac115a" member_type: VOTER last_known_addr { host: "127.26.8.131" port: 39593 } } peers { permanent_uuid: "d9db9a654eec4e3fb8cfbfa9ecd4eba7" member_type: VOTER last_known_addr { host: "127.26.8.130" port: 41631 } }
I20260630 12:22:06.797685 30992 raft_consensus.cc:359] T 470b921121be481a9c3075580028aea9 P 9b0309745f9045e9ae73f70c5cac115a [term 0 FOLLOWER]: Replica starting. Triggering 0 pending ops. Active config: opid_index: -1 OBSOLETE_local: false peers { permanent_uuid: "e1ca153f74e74b64bbc6e7cc60ca4041" member_type: VOTER last_known_addr { host: "127.26.8.129" port: 34735 } } peers { permanent_uuid: "9b0309745f9045e9ae73f70c5cac115a" member_type: VOTER last_known_addr { host: "127.26.8.131" port: 39593 } } peers { permanent_uuid: "d9db9a654eec4e3fb8cfbfa9ecd4eba7" member_type: VOTER last_known_addr { host: "127.26.8.130" port: 41631 } }
I20260630 12:22:06.797928 30991 raft_consensus.cc:359] T 470b921121be481a9c3075580028aea9 P e1ca153f74e74b64bbc6e7cc60ca4041 [term 0 FOLLOWER]: Replica starting. Triggering 0 pending ops. Active config: opid_index: -1 OBSOLETE_local: false peers { permanent_uuid: "e1ca153f74e74b64bbc6e7cc60ca4041" member_type: VOTER last_known_addr { host: "127.26.8.129" port: 34735 } } peers { permanent_uuid: "9b0309745f9045e9ae73f70c5cac115a" member_type: VOTER last_known_addr { host: "127.26.8.131" port: 39593 } } peers { permanent_uuid: "d9db9a654eec4e3fb8cfbfa9ecd4eba7" member_type: VOTER last_known_addr { host: "127.26.8.130" port: 41631 } }
I20260630 12:22:06.798677 30992 raft_consensus.cc:385] T 470b921121be481a9c3075580028aea9 P 9b0309745f9045e9ae73f70c5cac115a [term 0 FOLLOWER]: Consensus starting up: Expiring failure detector timer to make a prompt election more likely
I20260630 12:22:06.798825 30991 raft_consensus.cc:385] T 470b921121be481a9c3075580028aea9 P e1ca153f74e74b64bbc6e7cc60ca4041 [term 0 FOLLOWER]: Consensus starting up: Expiring failure detector timer to make a prompt election more likely
I20260630 12:22:06.799153 30992 raft_consensus.cc:740] T 470b921121be481a9c3075580028aea9 P 9b0309745f9045e9ae73f70c5cac115a [term 0 FOLLOWER]: Becoming Follower/Learner. State: Replica: 9b0309745f9045e9ae73f70c5cac115a, State: Initialized, Role: FOLLOWER
I20260630 12:22:06.799293 30991 raft_consensus.cc:740] T 470b921121be481a9c3075580028aea9 P e1ca153f74e74b64bbc6e7cc60ca4041 [term 0 FOLLOWER]: Becoming Follower/Learner. State: Replica: e1ca153f74e74b64bbc6e7cc60ca4041, State: Initialized, Role: FOLLOWER
I20260630 12:22:06.800805 30991 consensus_queue.cc:260] T 470b921121be481a9c3075580028aea9 P e1ca153f74e74b64bbc6e7cc60ca4041 [NON_LEADER]: Queue going to NON_LEADER mode. State: All replicated index: 0, Majority replicated index: 0, Committed index: 0, Last appended: 0.0, Last appended by leader: 0, Current term: 0, Majority size: -1, State: 0, Mode: NON_LEADER, active raft config: opid_index: -1 OBSOLETE_local: false peers { permanent_uuid: "e1ca153f74e74b64bbc6e7cc60ca4041" member_type: VOTER last_known_addr { host: "127.26.8.129" port: 34735 } } peers { permanent_uuid: "9b0309745f9045e9ae73f70c5cac115a" member_type: VOTER last_known_addr { host: "127.26.8.131" port: 39593 } } peers { permanent_uuid: "d9db9a654eec4e3fb8cfbfa9ecd4eba7" member_type: VOTER last_known_addr { host: "127.26.8.130" port: 41631 } }
I20260630 12:22:06.800822 30992 consensus_queue.cc:260] T 470b921121be481a9c3075580028aea9 P 9b0309745f9045e9ae73f70c5cac115a [NON_LEADER]: Queue going to NON_LEADER mode. State: All replicated index: 0, Majority replicated index: 0, Committed index: 0, Last appended: 0.0, Last appended by leader: 0, Current term: 0, Majority size: -1, State: 0, Mode: NON_LEADER, active raft config: opid_index: -1 OBSOLETE_local: false peers { permanent_uuid: "e1ca153f74e74b64bbc6e7cc60ca4041" member_type: VOTER last_known_addr { host: "127.26.8.129" port: 34735 } } peers { permanent_uuid: "9b0309745f9045e9ae73f70c5cac115a" member_type: VOTER last_known_addr { host: "127.26.8.131" port: 39593 } } peers { permanent_uuid: "d9db9a654eec4e3fb8cfbfa9ecd4eba7" member_type: VOTER last_known_addr { host: "127.26.8.130" port: 41631 } }
I20260630 12:22:06.801802 30993 ts_tablet_manager.cc:1434] T 470b921121be481a9c3075580028aea9 P d9db9a654eec4e3fb8cfbfa9ecd4eba7: Time spent starting tablet: real 0.010s	user 0.005s	sys 0.004s
I20260630 12:22:06.804988 30991 ts_tablet_manager.cc:1434] T 470b921121be481a9c3075580028aea9 P e1ca153f74e74b64bbc6e7cc60ca4041: Time spent starting tablet: real 0.010s	user 0.009s	sys 0.002s
I20260630 12:22:06.806305 30992 ts_tablet_manager.cc:1434] T 470b921121be481a9c3075580028aea9 P 9b0309745f9045e9ae73f70c5cac115a: Time spent starting tablet: real 0.012s	user 0.011s	sys 0.002s
I20260630 12:22:06.845080 30999 raft_consensus.cc:493] T 470b921121be481a9c3075580028aea9 P 9b0309745f9045e9ae73f70c5cac115a [term 0 FOLLOWER]: Starting pre-election (no leader contacted us within the election timeout)
I20260630 12:22:06.845572 30999 raft_consensus.cc:515] T 470b921121be481a9c3075580028aea9 P 9b0309745f9045e9ae73f70c5cac115a [term 0 FOLLOWER]: Starting pre-election with config: opid_index: -1 OBSOLETE_local: false peers { permanent_uuid: "e1ca153f74e74b64bbc6e7cc60ca4041" member_type: VOTER last_known_addr { host: "127.26.8.129" port: 34735 } } peers { permanent_uuid: "9b0309745f9045e9ae73f70c5cac115a" member_type: VOTER last_known_addr { host: "127.26.8.131" port: 39593 } } peers { permanent_uuid: "d9db9a654eec4e3fb8cfbfa9ecd4eba7" member_type: VOTER last_known_addr { host: "127.26.8.130" port: 41631 } }
I20260630 12:22:06.847954 30999 leader_election.cc:290] T 470b921121be481a9c3075580028aea9 P 9b0309745f9045e9ae73f70c5cac115a [CANDIDATE]: Term 1 pre-election: Requested pre-vote from peers e1ca153f74e74b64bbc6e7cc60ca4041 (127.26.8.129:34735), d9db9a654eec4e3fb8cfbfa9ecd4eba7 (127.26.8.130:41631)
W20260630 12:22:06.850593 30970 tablet.cc:2406] T 470b921121be481a9c3075580028aea9 P 9b0309745f9045e9ae73f70c5cac115a: Can't schedule compaction. Clean time has not been advanced past its initial value.
I20260630 12:22:06.850593 30998 raft_consensus.cc:493] T 470b921121be481a9c3075580028aea9 P e1ca153f74e74b64bbc6e7cc60ca4041 [term 0 FOLLOWER]: Starting pre-election (no leader contacted us within the election timeout)
I20260630 12:22:06.851981 30998 raft_consensus.cc:515] T 470b921121be481a9c3075580028aea9 P e1ca153f74e74b64bbc6e7cc60ca4041 [term 0 FOLLOWER]: Starting pre-election with config: opid_index: -1 OBSOLETE_local: false peers { permanent_uuid: "e1ca153f74e74b64bbc6e7cc60ca4041" member_type: VOTER last_known_addr { host: "127.26.8.129" port: 34735 } } peers { permanent_uuid: "9b0309745f9045e9ae73f70c5cac115a" member_type: VOTER last_known_addr { host: "127.26.8.131" port: 39593 } } peers { permanent_uuid: "d9db9a654eec4e3fb8cfbfa9ecd4eba7" member_type: VOTER last_known_addr { host: "127.26.8.130" port: 41631 } }
I20260630 12:22:06.854738 30998 leader_election.cc:290] T 470b921121be481a9c3075580028aea9 P e1ca153f74e74b64bbc6e7cc60ca4041 [CANDIDATE]: Term 1 pre-election: Requested pre-vote from peers 9b0309745f9045e9ae73f70c5cac115a (127.26.8.131:39593), d9db9a654eec4e3fb8cfbfa9ecd4eba7 (127.26.8.130:41631)
I20260630 12:22:06.864435 30795 tablet_service.cc:1917] Received RequestConsensusVote() RPC: tablet_id: "470b921121be481a9c3075580028aea9" candidate_uuid: "9b0309745f9045e9ae73f70c5cac115a" candidate_term: 1 candidate_status { last_received { term: 0 index: 0 } } ignore_live_leader: false dest_uuid: "e1ca153f74e74b64bbc6e7cc60ca4041" is_pre_election: true
I20260630 12:22:06.865696 30795 raft_consensus.cc:2468] T 470b921121be481a9c3075580028aea9 P e1ca153f74e74b64bbc6e7cc60ca4041 [term 0 FOLLOWER]: Leader pre-election vote request: Granting yes vote for candidate 9b0309745f9045e9ae73f70c5cac115a in term 0.
I20260630 12:22:06.868206 30870 tablet_service.cc:1917] Received RequestConsensusVote() RPC: tablet_id: "470b921121be481a9c3075580028aea9" candidate_uuid: "9b0309745f9045e9ae73f70c5cac115a" candidate_term: 1 candidate_status { last_received { term: 0 index: 0 } } ignore_live_leader: false dest_uuid: "d9db9a654eec4e3fb8cfbfa9ecd4eba7" is_pre_election: true
I20260630 12:22:06.869274 30870 raft_consensus.cc:2468] T 470b921121be481a9c3075580028aea9 P d9db9a654eec4e3fb8cfbfa9ecd4eba7 [term 0 FOLLOWER]: Leader pre-election vote request: Granting yes vote for candidate 9b0309745f9045e9ae73f70c5cac115a in term 0.
I20260630 12:22:06.869534 30907 leader_election.cc:304] T 470b921121be481a9c3075580028aea9 P 9b0309745f9045e9ae73f70c5cac115a [CANDIDATE]: Term 1 pre-election: Election decided. Result: candidate won. Election summary: received 2 responses out of 3 voters: 2 yes votes; 0 no votes. yes voters: 9b0309745f9045e9ae73f70c5cac115a, e1ca153f74e74b64bbc6e7cc60ca4041; no voters: 
I20260630 12:22:06.870761 30999 raft_consensus.cc:2804] T 470b921121be481a9c3075580028aea9 P 9b0309745f9045e9ae73f70c5cac115a [term 0 FOLLOWER]: Leader pre-election won for term 1
I20260630 12:22:06.871232 30999 raft_consensus.cc:493] T 470b921121be481a9c3075580028aea9 P 9b0309745f9045e9ae73f70c5cac115a [term 0 FOLLOWER]: Starting leader election (no leader contacted us within the election timeout)
I20260630 12:22:06.871661 30999 raft_consensus.cc:3060] T 470b921121be481a9c3075580028aea9 P 9b0309745f9045e9ae73f70c5cac115a [term 0 FOLLOWER]: Advancing to term 1
I20260630 12:22:06.881634 30999 raft_consensus.cc:515] T 470b921121be481a9c3075580028aea9 P 9b0309745f9045e9ae73f70c5cac115a [term 1 FOLLOWER]: Starting leader election with config: opid_index: -1 OBSOLETE_local: false peers { permanent_uuid: "e1ca153f74e74b64bbc6e7cc60ca4041" member_type: VOTER last_known_addr { host: "127.26.8.129" port: 34735 } } peers { permanent_uuid: "9b0309745f9045e9ae73f70c5cac115a" member_type: VOTER last_known_addr { host: "127.26.8.131" port: 39593 } } peers { permanent_uuid: "d9db9a654eec4e3fb8cfbfa9ecd4eba7" member_type: VOTER last_known_addr { host: "127.26.8.130" port: 41631 } }
I20260630 12:22:06.884685 30795 tablet_service.cc:1917] Received RequestConsensusVote() RPC: tablet_id: "470b921121be481a9c3075580028aea9" candidate_uuid: "9b0309745f9045e9ae73f70c5cac115a" candidate_term: 1 candidate_status { last_received { term: 0 index: 0 } } ignore_live_leader: false dest_uuid: "e1ca153f74e74b64bbc6e7cc60ca4041"
I20260630 12:22:06.885355 30795 raft_consensus.cc:3060] T 470b921121be481a9c3075580028aea9 P e1ca153f74e74b64bbc6e7cc60ca4041 [term 0 FOLLOWER]: Advancing to term 1
I20260630 12:22:06.885562 30999 leader_election.cc:290] T 470b921121be481a9c3075580028aea9 P 9b0309745f9045e9ae73f70c5cac115a [CANDIDATE]: Term 1 election: Requested vote from peers e1ca153f74e74b64bbc6e7cc60ca4041 (127.26.8.129:34735), d9db9a654eec4e3fb8cfbfa9ecd4eba7 (127.26.8.130:41631)
I20260630 12:22:06.886009 30944 tablet_service.cc:1917] Received RequestConsensusVote() RPC: tablet_id: "470b921121be481a9c3075580028aea9" candidate_uuid: "e1ca153f74e74b64bbc6e7cc60ca4041" candidate_term: 1 candidate_status { last_received { term: 0 index: 0 } } ignore_live_leader: false dest_uuid: "9b0309745f9045e9ae73f70c5cac115a" is_pre_election: true
I20260630 12:22:06.885488 30870 tablet_service.cc:1917] Received RequestConsensusVote() RPC: tablet_id: "470b921121be481a9c3075580028aea9" candidate_uuid: "e1ca153f74e74b64bbc6e7cc60ca4041" candidate_term: 1 candidate_status { last_received { term: 0 index: 0 } } ignore_live_leader: false dest_uuid: "d9db9a654eec4e3fb8cfbfa9ecd4eba7" is_pre_election: true
I20260630 12:22:06.886893 30944 raft_consensus.cc:2393] T 470b921121be481a9c3075580028aea9 P 9b0309745f9045e9ae73f70c5cac115a [term 1 FOLLOWER]: Leader pre-election vote request: Denying vote to candidate e1ca153f74e74b64bbc6e7cc60ca4041 in current term 1: Already voted for candidate 9b0309745f9045e9ae73f70c5cac115a in this term.
I20260630 12:22:06.886837 30870 raft_consensus.cc:2468] T 470b921121be481a9c3075580028aea9 P d9db9a654eec4e3fb8cfbfa9ecd4eba7 [term 0 FOLLOWER]: Leader pre-election vote request: Granting yes vote for candidate e1ca153f74e74b64bbc6e7cc60ca4041 in term 0.
I20260630 12:22:06.887446 30869 tablet_service.cc:1917] Received RequestConsensusVote() RPC: tablet_id: "470b921121be481a9c3075580028aea9" candidate_uuid: "9b0309745f9045e9ae73f70c5cac115a" candidate_term: 1 candidate_status { last_received { term: 0 index: 0 } } ignore_live_leader: false dest_uuid: "d9db9a654eec4e3fb8cfbfa9ecd4eba7"
I20260630 12:22:06.888120 30869 raft_consensus.cc:3060] T 470b921121be481a9c3075580028aea9 P d9db9a654eec4e3fb8cfbfa9ecd4eba7 [term 0 FOLLOWER]: Advancing to term 1
I20260630 12:22:06.888517 30759 leader_election.cc:304] T 470b921121be481a9c3075580028aea9 P e1ca153f74e74b64bbc6e7cc60ca4041 [CANDIDATE]: Term 1 pre-election: Election decided. Result: candidate won. Election summary: received 2 responses out of 3 voters: 2 yes votes; 0 no votes. yes voters: d9db9a654eec4e3fb8cfbfa9ecd4eba7, e1ca153f74e74b64bbc6e7cc60ca4041; no voters: 
I20260630 12:22:06.894623 30795 raft_consensus.cc:2468] T 470b921121be481a9c3075580028aea9 P e1ca153f74e74b64bbc6e7cc60ca4041 [term 1 FOLLOWER]: Leader election vote request: Granting yes vote for candidate 9b0309745f9045e9ae73f70c5cac115a in term 1.
I20260630 12:22:06.895200 30998 raft_consensus.cc:2764] T 470b921121be481a9c3075580028aea9 P e1ca153f74e74b64bbc6e7cc60ca4041 [term 1 FOLLOWER]: Leader pre-election decision vote started in defunct term 0: won
I20260630 12:22:06.896107 30869 raft_consensus.cc:2468] T 470b921121be481a9c3075580028aea9 P d9db9a654eec4e3fb8cfbfa9ecd4eba7 [term 1 FOLLOWER]: Leader election vote request: Granting yes vote for candidate 9b0309745f9045e9ae73f70c5cac115a in term 1.
I20260630 12:22:06.896183 30907 leader_election.cc:304] T 470b921121be481a9c3075580028aea9 P 9b0309745f9045e9ae73f70c5cac115a [CANDIDATE]: Term 1 election: Election decided. Result: candidate won. Election summary: received 2 responses out of 3 voters: 2 yes votes; 0 no votes. yes voters: 9b0309745f9045e9ae73f70c5cac115a, e1ca153f74e74b64bbc6e7cc60ca4041; no voters: 
I20260630 12:22:06.897876 30999 raft_consensus.cc:2804] T 470b921121be481a9c3075580028aea9 P 9b0309745f9045e9ae73f70c5cac115a [term 1 FOLLOWER]: Leader election won for term 1
I20260630 12:22:06.899114 30999 raft_consensus.cc:697] T 470b921121be481a9c3075580028aea9 P 9b0309745f9045e9ae73f70c5cac115a [term 1 LEADER]: Becoming Leader. State: Replica: 9b0309745f9045e9ae73f70c5cac115a, State: Running, Role: LEADER
I20260630 12:22:06.899825 30999 consensus_queue.cc:237] T 470b921121be481a9c3075580028aea9 P 9b0309745f9045e9ae73f70c5cac115a [LEADER]: Queue going to LEADER mode. State: All replicated index: 0, Majority replicated index: 0, Committed index: 0, Last appended: 0.0, Last appended by leader: 0, Current term: 1, Majority size: 2, State: 0, Mode: LEADER, active raft config: opid_index: -1 OBSOLETE_local: false peers { permanent_uuid: "e1ca153f74e74b64bbc6e7cc60ca4041" member_type: VOTER last_known_addr { host: "127.26.8.129" port: 34735 } } peers { permanent_uuid: "9b0309745f9045e9ae73f70c5cac115a" member_type: VOTER last_known_addr { host: "127.26.8.131" port: 39593 } } peers { permanent_uuid: "d9db9a654eec4e3fb8cfbfa9ecd4eba7" member_type: VOTER last_known_addr { host: "127.26.8.130" port: 41631 } }
I20260630 12:22:06.908528 30693 catalog_manager.cc:5697] T 470b921121be481a9c3075580028aea9 P 9b0309745f9045e9ae73f70c5cac115a reported cstate change: term changed from 0 to 1, leader changed from <none> to 9b0309745f9045e9ae73f70c5cac115a (127.26.8.131). New cstate: current_term: 1 leader_uuid: "9b0309745f9045e9ae73f70c5cac115a" committed_config { opid_index: -1 OBSOLETE_local: false peers { permanent_uuid: "e1ca153f74e74b64bbc6e7cc60ca4041" member_type: VOTER last_known_addr { host: "127.26.8.129" port: 34735 } health_report { overall_health: UNKNOWN } } peers { permanent_uuid: "9b0309745f9045e9ae73f70c5cac115a" member_type: VOTER last_known_addr { host: "127.26.8.131" port: 39593 } health_report { overall_health: HEALTHY } } peers { permanent_uuid: "d9db9a654eec4e3fb8cfbfa9ecd4eba7" member_type: VOTER last_known_addr { host: "127.26.8.130" port: 41631 } health_report { overall_health: UNKNOWN } } }
I20260630 12:22:07.191062 30741 placement_policy_util.cc:411] tablet 470b921121be481a9c3075580028aea9: detected majority of replicas (2 of 3) at location L0
I20260630 12:22:07.192950 30746 auto_leader_rebalancer.cc:141] leader rebalance for table test-workload
I20260630 12:22:07.194474 30746 auto_leader_rebalancer.cc:440] table: test-workload, leader rebalance finish, leader transfer count: 0
I20260630 12:22:07.195046 30746 auto_leader_rebalancer.cc:515] All tables' leader rebalancing finished this round
I20260630 12:22:07.349619 30999 consensus_queue.cc:1048] T 470b921121be481a9c3075580028aea9 P 9b0309745f9045e9ae73f70c5cac115a [LEADER]: Connected to new peer: Peer: permanent_uuid: "d9db9a654eec4e3fb8cfbfa9ecd4eba7" member_type: VOTER last_known_addr { host: "127.26.8.130" port: 41631 }, Status: LMP_MISMATCH, Last received: 0.0, Next index: 1, Last known committed idx: 0, Time since last communication: 0.000s
I20260630 12:22:07.361356 30999 consensus_queue.cc:1048] T 470b921121be481a9c3075580028aea9 P 9b0309745f9045e9ae73f70c5cac115a [LEADER]: Connected to new peer: Peer: permanent_uuid: "e1ca153f74e74b64bbc6e7cc60ca4041" member_type: VOTER last_known_addr { host: "127.26.8.129" port: 34735 }, Status: LMP_MISMATCH, Last received: 0.0, Next index: 1, Last known committed idx: 0, Time since last communication: 0.000s
I20260630 12:22:08.200521 30741 placement_policy_util.cc:411] tablet 470b921121be481a9c3075580028aea9: detected majority of replicas (2 of 3) at location L0
I20260630 12:22:09.196066 30746 auto_leader_rebalancer.cc:141] leader rebalance for table test-workload
I20260630 12:22:09.197515 30746 auto_leader_rebalancer.cc:440] table: test-workload, leader rebalance finish, leader transfer count: 0
I20260630 12:22:09.197844 30746 auto_leader_rebalancer.cc:515] All tables' leader rebalancing finished this round
I20260630 12:22:09.208565 30741 placement_policy_util.cc:411] tablet 470b921121be481a9c3075580028aea9: detected majority of replicas (2 of 3) at location L0
I20260630 12:22:10.216321 30741 placement_policy_util.cc:411] tablet 470b921121be481a9c3075580028aea9: detected majority of replicas (2 of 3) at location L0
I20260630 12:22:11.198827 30746 auto_leader_rebalancer.cc:141] leader rebalance for table test-workload
I20260630 12:22:11.200184 30746 auto_leader_rebalancer.cc:440] table: test-workload, leader rebalance finish, leader transfer count: 0
I20260630 12:22:11.200506 30746 auto_leader_rebalancer.cc:515] All tables' leader rebalancing finished this round
I20260630 12:22:11.224692 30741 placement_policy_util.cc:411] tablet 470b921121be481a9c3075580028aea9: detected majority of replicas (2 of 3) at location L0
I20260630 12:22:12.233433 30741 placement_policy_util.cc:411] tablet 470b921121be481a9c3075580028aea9: detected majority of replicas (2 of 3) at location L0
I20260630 12:22:13.201438 30746 auto_leader_rebalancer.cc:141] leader rebalance for table test-workload
I20260630 12:22:13.202808 30746 auto_leader_rebalancer.cc:440] table: test-workload, leader rebalance finish, leader transfer count: 0
I20260630 12:22:13.203168 30746 auto_leader_rebalancer.cc:515] All tables' leader rebalancing finished this round
I20260630 12:22:13.242537 30741 placement_policy_util.cc:411] tablet 470b921121be481a9c3075580028aea9: detected majority of replicas (2 of 3) at location L0
I20260630 12:22:14.250487 30741 placement_policy_util.cc:411] tablet 470b921121be481a9c3075580028aea9: detected majority of replicas (2 of 3) at location L0
I20260630 12:22:15.204188 30746 auto_leader_rebalancer.cc:141] leader rebalance for table test-workload
I20260630 12:22:15.205524 30746 auto_leader_rebalancer.cc:440] table: test-workload, leader rebalance finish, leader transfer count: 0
I20260630 12:22:15.205828 30746 auto_leader_rebalancer.cc:515] All tables' leader rebalancing finished this round
I20260630 12:22:15.259029 30741 placement_policy_util.cc:411] tablet 470b921121be481a9c3075580028aea9: detected majority of replicas (2 of 3) at location L0
I20260630 12:22:16.265517 30741 placement_policy_util.cc:411] tablet 470b921121be481a9c3075580028aea9: detected majority of replicas (2 of 3) at location L0
I20260630 12:22:17.206990 30746 auto_leader_rebalancer.cc:141] leader rebalance for table test-workload
I20260630 12:22:17.208709 30746 auto_leader_rebalancer.cc:440] table: test-workload, leader rebalance finish, leader transfer count: 0
I20260630 12:22:17.209036 30746 auto_leader_rebalancer.cc:515] All tables' leader rebalancing finished this round
I20260630 12:22:17.272661 30741 placement_policy_util.cc:411] tablet 470b921121be481a9c3075580028aea9: detected majority of replicas (2 of 3) at location L0
I20260630 12:22:18.001124 26658 tablet_server.cc:179] TabletServer@127.26.8.129:0 shutting down...
I20260630 12:22:18.029897 26658 ts_tablet_manager.cc:1507] Shutting down tablet manager...
I20260630 12:22:18.030651 26658 tablet_replica.cc:333] T 470b921121be481a9c3075580028aea9 P e1ca153f74e74b64bbc6e7cc60ca4041: stopping tablet replica
I20260630 12:22:18.031140 26658 raft_consensus.cc:2243] T 470b921121be481a9c3075580028aea9 P e1ca153f74e74b64bbc6e7cc60ca4041 [term 1 FOLLOWER]: Raft consensus shutting down.
I20260630 12:22:18.031766 26658 raft_consensus.cc:2272] T 470b921121be481a9c3075580028aea9 P e1ca153f74e74b64bbc6e7cc60ca4041 [term 1 FOLLOWER]: Raft consensus is shut down!
I20260630 12:22:18.053076 26658 tablet_server.cc:196] TabletServer@127.26.8.129:0 shutdown complete.
I20260630 12:22:18.065968 26658 tablet_server.cc:179] TabletServer@127.26.8.130:0 shutting down...
I20260630 12:22:18.086440 26658 ts_tablet_manager.cc:1507] Shutting down tablet manager...
I20260630 12:22:18.087306 26658 tablet_replica.cc:333] T 470b921121be481a9c3075580028aea9 P d9db9a654eec4e3fb8cfbfa9ecd4eba7: stopping tablet replica
I20260630 12:22:18.087939 26658 raft_consensus.cc:2243] T 470b921121be481a9c3075580028aea9 P d9db9a654eec4e3fb8cfbfa9ecd4eba7 [term 1 FOLLOWER]: Raft consensus shutting down.
I20260630 12:22:18.088472 26658 raft_consensus.cc:2272] T 470b921121be481a9c3075580028aea9 P d9db9a654eec4e3fb8cfbfa9ecd4eba7 [term 1 FOLLOWER]: Raft consensus is shut down!
I20260630 12:22:18.108863 26658 tablet_server.cc:196] TabletServer@127.26.8.130:0 shutdown complete.
W20260630 12:22:18.111140 30908 proxy.cc:239] Call had error, refreshing address and retrying: Network error: Client connection negotiation failed: client connection to 127.26.8.130:41631: connect: Connection refused (error 111) [suppressed 56 similar messages]
W20260630 12:22:18.115085 30908 consensus_peers.cc:597] T 470b921121be481a9c3075580028aea9 P 9b0309745f9045e9ae73f70c5cac115a -> Peer d9db9a654eec4e3fb8cfbfa9ecd4eba7 (127.26.8.130:41631): Couldn't send request to peer d9db9a654eec4e3fb8cfbfa9ecd4eba7. Status: Network error: Client connection negotiation failed: client connection to 127.26.8.130:41631: connect: Connection refused (error 111). This is attempt 1: this message will repeat every 5th retry.
I20260630 12:22:18.121958 26658 tablet_server.cc:179] TabletServer@127.26.8.131:0 shutting down...
I20260630 12:22:18.140825 26658 ts_tablet_manager.cc:1507] Shutting down tablet manager...
I20260630 12:22:18.141487 26658 tablet_replica.cc:333] T 470b921121be481a9c3075580028aea9 P 9b0309745f9045e9ae73f70c5cac115a: stopping tablet replica
I20260630 12:22:18.141952 26658 raft_consensus.cc:2243] T 470b921121be481a9c3075580028aea9 P 9b0309745f9045e9ae73f70c5cac115a [term 1 LEADER]: Raft consensus shutting down.
I20260630 12:22:18.143015 26658 raft_consensus.cc:2272] T 470b921121be481a9c3075580028aea9 P 9b0309745f9045e9ae73f70c5cac115a [term 1 FOLLOWER]: Raft consensus is shut down!
I20260630 12:22:18.162652 26658 tablet_server.cc:196] TabletServer@127.26.8.131:0 shutdown complete.
I20260630 12:22:18.174080 26658 master.cc:562] Master@127.26.8.190:43873 shutting down...
I20260630 12:22:18.198748 26658 raft_consensus.cc:2243] T 00000000000000000000000000000000 P 5d36ec51bca54bb793d0eb20f5c02700 [term 1 LEADER]: Raft consensus shutting down.
I20260630 12:22:18.199558 26658 raft_consensus.cc:2272] T 00000000000000000000000000000000 P 5d36ec51bca54bb793d0eb20f5c02700 [term 1 FOLLOWER]: Raft consensus is shut down!
I20260630 12:22:18.200048 26658 tablet_replica.cc:333] T 00000000000000000000000000000000 P 5d36ec51bca54bb793d0eb20f5c02700: stopping tablet replica
I20260630 12:22:18.221199 26658 master.cc:584] Master@127.26.8.190:43873 shutdown complete.
[       OK ] AutoRebalancerTest.NoReplicaMovesIfCannotFixPlacementPolicy (13212 ms)
[ RUN      ] AutoRebalancerTest.TestMaxMovesPerServer
I20260630 12:22:18.256968 26658 internal_mini_cluster.cc:156] Creating distributed mini masters. Addrs: 127.26.8.190:41195
I20260630 12:22:18.258040 26658 file_cache.cc:492] Constructed file cache file cache with capacity 419430
W20260630 12:22:18.263938 31020 instance_detector.cc:116] could not retrieve Azure instance metadata: Network error: curl error: HTTP response code said error: The requested URL returned error: 404
W20260630 12:22:18.264142 31019 instance_detector.cc:116] could not retrieve AWS instance metadata: Network error: curl error: HTTP response code said error: The requested URL returned error: 404
W20260630 12:22:18.264530 31022 instance_detector.cc:116] could not retrieve OpenStack instance metadata: Network error: curl error: HTTP response code said error: The requested URL returned error: 404
I20260630 12:22:18.265981 26658 server_base.cc:1061] running on GCE node
I20260630 12:22:18.266675 26658 hybrid_clock.cc:584] initializing the hybrid clock with 'system_unsync' time source
W20260630 12:22:18.266852 26658 system_unsync_time.cc:38] NTP support is disabled. Clock error bounds will not be accurate. This configuration is not suitable for distributed clusters.
I20260630 12:22:18.266963 26658 hybrid_clock.cc:648] HybridClock initialized: now 1782822138266952 us; error 0 us; skew 500 ppm
I20260630 12:22:18.267378 26658 server_base.cc:861] Flag tcmalloc_max_total_thread_cache_bytes is not working since tcmalloc is not enabled.
I20260630 12:22:18.269829 26658 webserver.cc:533] Webserver started at http://127.26.8.190:33107/ using document root <none> and password file <none>
I20260630 12:22:18.270260 26658 fs_manager.cc:362] Metadata directory not provided
I20260630 12:22:18.270426 26658 fs_manager.cc:368] Using write-ahead log directory (fs_wal_dir) as metadata directory
I20260630 12:22:18.270658 26658 server_base.cc:909] This appears to be a new deployment of Kudu; creating new FS layout
I20260630 12:22:18.271864 26658 fs_manager.cc:1068] Generated new instance metadata in path /tmp/dist-test-taskg59ypD/test-tmp/auto_rebalancer-test.0.AutoRebalancerTest.TestMaxMovesPerServer.1782822015815928-26658-0/minicluster-data/master-0-root/instance:
uuid: "e78fc8fbceae4ecf8249feb8653f498f"
format_stamp: "Formatted at 2026-06-30 12:22:18 on dist-test-slave-m419"
I20260630 12:22:18.276292 26658 fs_manager.cc:696] Time spent creating directory manager: real 0.004s	user 0.001s	sys 0.003s
I20260630 12:22:18.279778 31027 log_block_manager.cc:4031] Time spent loading block containers with low live blocks: real 0.000s	user 0.000s	sys 0.000s
I20260630 12:22:18.280720 26658 fs_manager.cc:730] Time spent opening block manager: real 0.003s	user 0.002s	sys 0.001s
I20260630 12:22:18.281025 26658 fs_manager.cc:647] Opened local filesystem: /tmp/dist-test-taskg59ypD/test-tmp/auto_rebalancer-test.0.AutoRebalancerTest.TestMaxMovesPerServer.1782822015815928-26658-0/minicluster-data/master-0-root
uuid: "e78fc8fbceae4ecf8249feb8653f498f"
format_stamp: "Formatted at 2026-06-30 12:22:18 on dist-test-slave-m419"
I20260630 12:22:18.281267 26658 fs_report.cc:389] FS layout report
--------------------
wal directory: /tmp/dist-test-taskg59ypD/test-tmp/auto_rebalancer-test.0.AutoRebalancerTest.TestMaxMovesPerServer.1782822015815928-26658-0/minicluster-data/master-0-root
metadata directory: /tmp/dist-test-taskg59ypD/test-tmp/auto_rebalancer-test.0.AutoRebalancerTest.TestMaxMovesPerServer.1782822015815928-26658-0/minicluster-data/master-0-root
1 data directories: /tmp/dist-test-taskg59ypD/test-tmp/auto_rebalancer-test.0.AutoRebalancerTest.TestMaxMovesPerServer.1782822015815928-26658-0/minicluster-data/master-0-root/data
Total live blocks: 0
Total live bytes: 0
Total live bytes (after alignment): 0
Total number of LBM containers: 0 (0 full)
Did not check for missing blocks
Did not check for orphaned blocks
Total full LBM containers with extra space: 0 (0 repaired)
Total full LBM container extra space in bytes: 0 (0 repaired)
Total incomplete LBM containers: 0 (0 repaired)
Total LBM partial records: 0 (0 repaired)
Total corrupted LBM metadata records in RocksDB: 0 (0 repaired)
I20260630 12:22:18.299926 26658 rpc_server.cc:225] running with OpenSSL 1.1.1  11 Sep 2018
I20260630 12:22:18.301280 26658 kserver.cc:163] Server-wide thread pool size limit: 3276
I20260630 12:22:18.346135 26658 rpc_server.cc:307] RPC server started. Bound to: 127.26.8.190:41195
I20260630 12:22:18.346259 31078 acceptor_pool.cc:272] collecting diagnostics on the listening RPC socket 127.26.8.190:41195 every 8 connection(s)
