I20260630 12:22:20.630889 31355 raft_consensus.cc:2955] T 8c44203c820242f5be6e7f6ada5ec40b P 0e9758a580f3435db16cd67ce7a8fc62 [term 1 FOLLOWER]: Committing config change with OpId 1.26: config changed from index -1 to 26, NON_VOTER 54fb91547ca948c5aa34328d18694855 (127.26.31.198) added. New config: { opid_index: 26 OBSOLETE_local: false peers { permanent_uuid: "ab7c55f8d7cc4def8a477d3fcbcbb8ae" member_type: VOTER last_known_addr { host: "127.26.31.193" port: 44299 } } peers { permanent_uuid: "5d325750571849a6aef6e4be4dfa92b9" member_type: VOTER last_known_addr { host: "127.26.31.194" port: 39647 } } peers { permanent_uuid: "0e9758a580f3435db16cd67ce7a8fc62" member_type: VOTER last_known_addr { host: "127.26.31.195" port: 36063 } attrs { replace: true } } peers { permanent_uuid: "54fb91547ca948c5aa34328d18694855" member_type: NON_VOTER last_known_addr { host: "127.26.31.198" port: 40661 } attrs { promote: true } } }
I20260630 12:22:20.632272 31212 raft_consensus.cc:2955] T 8c44203c820242f5be6e7f6ada5ec40b P ab7c55f8d7cc4def8a477d3fcbcbb8ae [term 1 FOLLOWER]: Committing config change with OpId 1.26: config changed from index -1 to 26, NON_VOTER 54fb91547ca948c5aa34328d18694855 (127.26.31.198) added. New config: { opid_index: 26 OBSOLETE_local: false peers { permanent_uuid: "ab7c55f8d7cc4def8a477d3fcbcbb8ae" member_type: VOTER last_known_addr { host: "127.26.31.193" port: 44299 } } peers { permanent_uuid: "5d325750571849a6aef6e4be4dfa92b9" member_type: VOTER last_known_addr { host: "127.26.31.194" port: 39647 } } peers { permanent_uuid: "0e9758a580f3435db16cd67ce7a8fc62" member_type: VOTER last_known_addr { host: "127.26.31.195" port: 36063 } attrs { replace: true } } peers { permanent_uuid: "54fb91547ca948c5aa34328d18694855" member_type: NON_VOTER last_known_addr { host: "127.26.31.198" port: 40661 } attrs { promote: true } } }
I20260630 12:22:20.643654 31109 catalog_manager.cc:5697] T 8c44203c820242f5be6e7f6ada5ec40b P 5d325750571849a6aef6e4be4dfa92b9 reported cstate change: config changed from index -1 to 26, NON_VOTER 54fb91547ca948c5aa34328d18694855 (127.26.31.198) added. New cstate: current_term: 1 leader_uuid: "5d325750571849a6aef6e4be4dfa92b9" committed_config { opid_index: 26 OBSOLETE_local: false peers { permanent_uuid: "ab7c55f8d7cc4def8a477d3fcbcbb8ae" member_type: VOTER last_known_addr { host: "127.26.31.193" port: 44299 } health_report { overall_health: HEALTHY } } peers { permanent_uuid: "5d325750571849a6aef6e4be4dfa92b9" member_type: VOTER last_known_addr { host: "127.26.31.194" port: 39647 } health_report { overall_health: HEALTHY } } peers { permanent_uuid: "0e9758a580f3435db16cd67ce7a8fc62" member_type: VOTER last_known_addr { host: "127.26.31.195" port: 36063 } attrs { replace: true } health_report { overall_health: HEALTHY } } peers { permanent_uuid: "54fb91547ca948c5aa34328d18694855" member_type: NON_VOTER last_known_addr { host: "127.26.31.198" port: 40661 } attrs { promote: true } health_report { overall_health: UNKNOWN } } }
I20260630 12:22:20.643970 31214 consensus_queue.cc:237] T a88f4bbb5afe4535a65839956e82b34a P ab7c55f8d7cc4def8a477d3fcbcbb8ae [LEADER]: Queue going to LEADER mode. State: All replicated index: 0, Majority replicated index: 25, Committed index: 25, Last appended: 1.25, Last appended by leader: 0, Current term: 1, Majority size: 2, State: 0, Mode: LEADER, active raft config: opid_index: 26 OBSOLETE_local: false peers { permanent_uuid: "ab7c55f8d7cc4def8a477d3fcbcbb8ae" member_type: VOTER last_known_addr { host: "127.26.31.193" port: 44299 } } peers { permanent_uuid: "5d325750571849a6aef6e4be4dfa92b9" member_type: VOTER last_known_addr { host: "127.26.31.194" port: 39647 } attrs { replace: true } } peers { permanent_uuid: "0e9758a580f3435db16cd67ce7a8fc62" member_type: VOTER last_known_addr { host: "127.26.31.195" port: 36063 } } peers { permanent_uuid: "02bdf7b480144f0da4249cc5ef7291d7" member_type: NON_VOTER last_known_addr { host: "127.26.31.197" port: 46349 } attrs { promote: true } }
I20260630 12:22:20.652240 31355 raft_consensus.cc:1275] T a88f4bbb5afe4535a65839956e82b34a P 0e9758a580f3435db16cd67ce7a8fc62 [term 1 FOLLOWER]: Refusing update from remote peer ab7c55f8d7cc4def8a477d3fcbcbb8ae: Log matching property violated. Preceding OpId in replica: term: 1 index: 25. Preceding OpId from leader: term: 1 index: 26. (index mismatch)
I20260630 12:22:20.653448 31284 raft_consensus.cc:1275] T a88f4bbb5afe4535a65839956e82b34a P 5d325750571849a6aef6e4be4dfa92b9 [term 1 FOLLOWER]: Refusing update from remote peer ab7c55f8d7cc4def8a477d3fcbcbb8ae: Log matching property violated. Preceding OpId in replica: term: 1 index: 25. Preceding OpId from leader: term: 1 index: 26. (index mismatch)
I20260630 12:22:20.654788 31828 consensus_queue.cc:1048] T a88f4bbb5afe4535a65839956e82b34a P ab7c55f8d7cc4def8a477d3fcbcbb8ae [LEADER]: Connected to new peer: Peer: permanent_uuid: "5d325750571849a6aef6e4be4dfa92b9" member_type: VOTER last_known_addr { host: "127.26.31.194" port: 39647 } attrs { replace: true }, Status: LMP_MISMATCH, Last received: 0.0, Next index: 26, Last known committed idx: 25, Time since last communication: 0.000s
I20260630 12:22:20.656956 31592 consensus_queue.cc:1048] T a88f4bbb5afe4535a65839956e82b34a P ab7c55f8d7cc4def8a477d3fcbcbb8ae [LEADER]: Connected to new peer: Peer: permanent_uuid: "0e9758a580f3435db16cd67ce7a8fc62" member_type: VOTER last_known_addr { host: "127.26.31.195" port: 36063 }, Status: LMP_MISMATCH, Last received: 0.0, Next index: 26, Last known committed idx: 25, Time since last communication: 0.000s
W20260630 12:22:20.662374 31177 consensus_peers.cc:597] T a88f4bbb5afe4535a65839956e82b34a P ab7c55f8d7cc4def8a477d3fcbcbb8ae -> Peer 02bdf7b480144f0da4249cc5ef7291d7 (127.26.31.197:46349): Couldn't send request to peer 02bdf7b480144f0da4249cc5ef7291d7. Error code: TABLET_NOT_FOUND (6). Status: Not found: Tablet not found: a88f4bbb5afe4535a65839956e82b34a. This is attempt 1: this message will repeat every 5th retry.
I20260630 12:22:20.663630 31828 raft_consensus.cc:2955] T a88f4bbb5afe4535a65839956e82b34a P ab7c55f8d7cc4def8a477d3fcbcbb8ae [term 1 LEADER]: Committing config change with OpId 1.26: config changed from index -1 to 26, NON_VOTER 02bdf7b480144f0da4249cc5ef7291d7 (127.26.31.197) added. New config: { opid_index: 26 OBSOLETE_local: false peers { permanent_uuid: "ab7c55f8d7cc4def8a477d3fcbcbb8ae" member_type: VOTER last_known_addr { host: "127.26.31.193" port: 44299 } } peers { permanent_uuid: "5d325750571849a6aef6e4be4dfa92b9" member_type: VOTER last_known_addr { host: "127.26.31.194" port: 39647 } attrs { replace: true } } peers { permanent_uuid: "0e9758a580f3435db16cd67ce7a8fc62" member_type: VOTER last_known_addr { host: "127.26.31.195" port: 36063 } } peers { permanent_uuid: "02bdf7b480144f0da4249cc5ef7291d7" member_type: NON_VOTER last_known_addr { host: "127.26.31.197" port: 46349 } attrs { promote: true } } }
I20260630 12:22:20.665366 31284 raft_consensus.cc:2955] T a88f4bbb5afe4535a65839956e82b34a P 5d325750571849a6aef6e4be4dfa92b9 [term 1 FOLLOWER]: Committing config change with OpId 1.26: config changed from index -1 to 26, NON_VOTER 02bdf7b480144f0da4249cc5ef7291d7 (127.26.31.197) added. New config: { opid_index: 26 OBSOLETE_local: false peers { permanent_uuid: "ab7c55f8d7cc4def8a477d3fcbcbb8ae" member_type: VOTER last_known_addr { host: "127.26.31.193" port: 44299 } } peers { permanent_uuid: "5d325750571849a6aef6e4be4dfa92b9" member_type: VOTER last_known_addr { host: "127.26.31.194" port: 39647 } attrs { replace: true } } peers { permanent_uuid: "0e9758a580f3435db16cd67ce7a8fc62" member_type: VOTER last_known_addr { host: "127.26.31.195" port: 36063 } } peers { permanent_uuid: "02bdf7b480144f0da4249cc5ef7291d7" member_type: NON_VOTER last_known_addr { host: "127.26.31.197" port: 46349 } attrs { promote: true } } }
I20260630 12:22:20.671262 31355 raft_consensus.cc:2955] T a88f4bbb5afe4535a65839956e82b34a P 0e9758a580f3435db16cd67ce7a8fc62 [term 1 FOLLOWER]: Committing config change with OpId 1.26: config changed from index -1 to 26, NON_VOTER 02bdf7b480144f0da4249cc5ef7291d7 (127.26.31.197) added. New config: { opid_index: 26 OBSOLETE_local: false peers { permanent_uuid: "ab7c55f8d7cc4def8a477d3fcbcbb8ae" member_type: VOTER last_known_addr { host: "127.26.31.193" port: 44299 } } peers { permanent_uuid: "5d325750571849a6aef6e4be4dfa92b9" member_type: VOTER last_known_addr { host: "127.26.31.194" port: 39647 } attrs { replace: true } } peers { permanent_uuid: "0e9758a580f3435db16cd67ce7a8fc62" member_type: VOTER last_known_addr { host: "127.26.31.195" port: 36063 } } peers { permanent_uuid: "02bdf7b480144f0da4249cc5ef7291d7" member_type: NON_VOTER last_known_addr { host: "127.26.31.197" port: 46349 } attrs { promote: true } } }
I20260630 12:22:20.684080 31214 consensus_queue.cc:237] T b853baa17641424e90a509ccb2c33a36 P ab7c55f8d7cc4def8a477d3fcbcbb8ae [LEADER]: Queue going to LEADER mode. State: All replicated index: 0, Majority replicated index: 25, Committed index: 25, Last appended: 1.25, Last appended by leader: 0, Current term: 1, Majority size: 2, State: 0, Mode: LEADER, active raft config: opid_index: 26 OBSOLETE_local: false peers { permanent_uuid: "ab7c55f8d7cc4def8a477d3fcbcbb8ae" member_type: VOTER last_known_addr { host: "127.26.31.193" port: 44299 } } peers { permanent_uuid: "5d325750571849a6aef6e4be4dfa92b9" member_type: VOTER last_known_addr { host: "127.26.31.194" port: 39647 } } peers { permanent_uuid: "0e9758a580f3435db16cd67ce7a8fc62" member_type: VOTER last_known_addr { host: "127.26.31.195" port: 36063 } attrs { replace: true } } peers { permanent_uuid: "54fb91547ca948c5aa34328d18694855" member_type: NON_VOTER last_known_addr { host: "127.26.31.198" port: 40661 } attrs { promote: true } }
I20260630 12:22:20.688067 31105 catalog_manager.cc:5697] T a88f4bbb5afe4535a65839956e82b34a P 0e9758a580f3435db16cd67ce7a8fc62 reported cstate change: config changed from index -1 to 26, NON_VOTER 02bdf7b480144f0da4249cc5ef7291d7 (127.26.31.197) added. New cstate: current_term: 1 leader_uuid: "ab7c55f8d7cc4def8a477d3fcbcbb8ae" committed_config { opid_index: 26 OBSOLETE_local: false peers { permanent_uuid: "ab7c55f8d7cc4def8a477d3fcbcbb8ae" member_type: VOTER last_known_addr { host: "127.26.31.193" port: 44299 } } peers { permanent_uuid: "5d325750571849a6aef6e4be4dfa92b9" member_type: VOTER last_known_addr { host: "127.26.31.194" port: 39647 } attrs { replace: true } } peers { permanent_uuid: "0e9758a580f3435db16cd67ce7a8fc62" member_type: VOTER last_known_addr { host: "127.26.31.195" port: 36063 } } peers { permanent_uuid: "02bdf7b480144f0da4249cc5ef7291d7" member_type: NON_VOTER last_known_addr { host: "127.26.31.197" port: 46349 } attrs { promote: true } } }
I20260630 12:22:20.692456 31359 raft_consensus.cc:1275] T b853baa17641424e90a509ccb2c33a36 P 0e9758a580f3435db16cd67ce7a8fc62 [term 1 FOLLOWER]: Refusing update from remote peer ab7c55f8d7cc4def8a477d3fcbcbb8ae: Log matching property violated. Preceding OpId in replica: term: 1 index: 25. Preceding OpId from leader: term: 1 index: 26. (index mismatch)
I20260630 12:22:20.693876 31284 raft_consensus.cc:1275] T b853baa17641424e90a509ccb2c33a36 P 5d325750571849a6aef6e4be4dfa92b9 [term 1 FOLLOWER]: Refusing update from remote peer ab7c55f8d7cc4def8a477d3fcbcbb8ae: Log matching property violated. Preceding OpId in replica: term: 1 index: 25. Preceding OpId from leader: term: 1 index: 26. (index mismatch)
I20260630 12:22:20.695097 31828 consensus_queue.cc:1048] T b853baa17641424e90a509ccb2c33a36 P ab7c55f8d7cc4def8a477d3fcbcbb8ae [LEADER]: Connected to new peer: Peer: permanent_uuid: "0e9758a580f3435db16cd67ce7a8fc62" member_type: VOTER last_known_addr { host: "127.26.31.195" port: 36063 } attrs { replace: true }, Status: LMP_MISMATCH, Last received: 0.0, Next index: 26, Last known committed idx: 25, Time since last communication: 0.000s
I20260630 12:22:20.696125 31592 consensus_queue.cc:1048] T b853baa17641424e90a509ccb2c33a36 P ab7c55f8d7cc4def8a477d3fcbcbb8ae [LEADER]: Connected to new peer: Peer: permanent_uuid: "5d325750571849a6aef6e4be4dfa92b9" member_type: VOTER last_known_addr { host: "127.26.31.194" port: 39647 }, Status: LMP_MISMATCH, Last received: 0.0, Next index: 26, Last known committed idx: 25, Time since last communication: 0.000s
W20260630 12:22:20.705683 31178 consensus_peers.cc:597] T b853baa17641424e90a509ccb2c33a36 P ab7c55f8d7cc4def8a477d3fcbcbb8ae -> Peer 54fb91547ca948c5aa34328d18694855 (127.26.31.198:40661): Couldn't send request to peer 54fb91547ca948c5aa34328d18694855. Error code: TABLET_NOT_FOUND (6). Status: Not found: Tablet not found: b853baa17641424e90a509ccb2c33a36. This is attempt 1: this message will repeat every 5th retry.
I20260630 12:22:20.712435 31825 raft_consensus.cc:2955] T b853baa17641424e90a509ccb2c33a36 P ab7c55f8d7cc4def8a477d3fcbcbb8ae [term 1 LEADER]: Committing config change with OpId 1.26: config changed from index -1 to 26, NON_VOTER 54fb91547ca948c5aa34328d18694855 (127.26.31.198) added. New config: { opid_index: 26 OBSOLETE_local: false peers { permanent_uuid: "ab7c55f8d7cc4def8a477d3fcbcbb8ae" member_type: VOTER last_known_addr { host: "127.26.31.193" port: 44299 } } peers { permanent_uuid: "5d325750571849a6aef6e4be4dfa92b9" member_type: VOTER last_known_addr { host: "127.26.31.194" port: 39647 } } peers { permanent_uuid: "0e9758a580f3435db16cd67ce7a8fc62" member_type: VOTER last_known_addr { host: "127.26.31.195" port: 36063 } attrs { replace: true } } peers { permanent_uuid: "54fb91547ca948c5aa34328d18694855" member_type: NON_VOTER last_known_addr { host: "127.26.31.198" port: 40661 } attrs { promote: true } } }
I20260630 12:22:20.720949 31355 raft_consensus.cc:2955] T b853baa17641424e90a509ccb2c33a36 P 0e9758a580f3435db16cd67ce7a8fc62 [term 1 FOLLOWER]: Committing config change with OpId 1.26: config changed from index -1 to 26, NON_VOTER 54fb91547ca948c5aa34328d18694855 (127.26.31.198) added. New config: { opid_index: 26 OBSOLETE_local: false peers { permanent_uuid: "ab7c55f8d7cc4def8a477d3fcbcbb8ae" member_type: VOTER last_known_addr { host: "127.26.31.193" port: 44299 } } peers { permanent_uuid: "5d325750571849a6aef6e4be4dfa92b9" member_type: VOTER last_known_addr { host: "127.26.31.194" port: 39647 } } peers { permanent_uuid: "0e9758a580f3435db16cd67ce7a8fc62" member_type: VOTER last_known_addr { host: "127.26.31.195" port: 36063 } attrs { replace: true } } peers { permanent_uuid: "54fb91547ca948c5aa34328d18694855" member_type: NON_VOTER last_known_addr { host: "127.26.31.198" port: 40661 } attrs { promote: true } } }
I20260630 12:22:20.722620 31285 raft_consensus.cc:2955] T b853baa17641424e90a509ccb2c33a36 P 5d325750571849a6aef6e4be4dfa92b9 [term 1 FOLLOWER]: Committing config change with OpId 1.26: config changed from index -1 to 26, NON_VOTER 54fb91547ca948c5aa34328d18694855 (127.26.31.198) added. New config: { opid_index: 26 OBSOLETE_local: false peers { permanent_uuid: "ab7c55f8d7cc4def8a477d3fcbcbb8ae" member_type: VOTER last_known_addr { host: "127.26.31.193" port: 44299 } } peers { permanent_uuid: "5d325750571849a6aef6e4be4dfa92b9" member_type: VOTER last_known_addr { host: "127.26.31.194" port: 39647 } } peers { permanent_uuid: "0e9758a580f3435db16cd67ce7a8fc62" member_type: VOTER last_known_addr { host: "127.26.31.195" port: 36063 } attrs { replace: true } } peers { permanent_uuid: "54fb91547ca948c5aa34328d18694855" member_type: NON_VOTER last_known_addr { host: "127.26.31.198" port: 40661 } attrs { promote: true } } }
I20260630 12:22:20.727530 31289 consensus_queue.cc:237] T df0b3539c320437aacfd822d424df4f6 P 5d325750571849a6aef6e4be4dfa92b9 [LEADER]: Queue going to LEADER mode. State: All replicated index: 0, Majority replicated index: 24, Committed index: 24, Last appended: 1.24, Last appended by leader: 0, Current term: 1, Majority size: 2, State: 0, Mode: LEADER, active raft config: opid_index: 25 OBSOLETE_local: false peers { permanent_uuid: "ab7c55f8d7cc4def8a477d3fcbcbb8ae" member_type: VOTER last_known_addr { host: "127.26.31.193" port: 44299 } attrs { replace: true } } peers { permanent_uuid: "5d325750571849a6aef6e4be4dfa92b9" member_type: VOTER last_known_addr { host: "127.26.31.194" port: 39647 } } peers { permanent_uuid: "0e9758a580f3435db16cd67ce7a8fc62" member_type: VOTER last_known_addr { host: "127.26.31.195" port: 36063 } } peers { permanent_uuid: "8251be3c004b43bcafde90db6cf1e3b7" member_type: NON_VOTER last_known_addr { host: "127.26.31.196" port: 38005 } attrs { promote: true } }
I20260630 12:22:20.742182 31214 raft_consensus.cc:1275] T df0b3539c320437aacfd822d424df4f6 P ab7c55f8d7cc4def8a477d3fcbcbb8ae [term 1 FOLLOWER]: Refusing update from remote peer 5d325750571849a6aef6e4be4dfa92b9: Log matching property violated. Preceding OpId in replica: term: 1 index: 24. Preceding OpId from leader: term: 1 index: 25. (index mismatch)
I20260630 12:22:20.742777 31359 raft_consensus.cc:1275] T df0b3539c320437aacfd822d424df4f6 P 0e9758a580f3435db16cd67ce7a8fc62 [term 1 FOLLOWER]: Refusing update from remote peer 5d325750571849a6aef6e4be4dfa92b9: Log matching property violated. Preceding OpId in replica: term: 1 index: 24. Preceding OpId from leader: term: 1 index: 25. (index mismatch)
I20260630 12:22:20.742836 31109 catalog_manager.cc:5697] T b853baa17641424e90a509ccb2c33a36 P ab7c55f8d7cc4def8a477d3fcbcbb8ae reported cstate change: config changed from index -1 to 26, NON_VOTER 54fb91547ca948c5aa34328d18694855 (127.26.31.198) added. New cstate: current_term: 1 leader_uuid: "ab7c55f8d7cc4def8a477d3fcbcbb8ae" committed_config { opid_index: 26 OBSOLETE_local: false peers { permanent_uuid: "ab7c55f8d7cc4def8a477d3fcbcbb8ae" member_type: VOTER last_known_addr { host: "127.26.31.193" port: 44299 } health_report { overall_health: HEALTHY } } peers { permanent_uuid: "5d325750571849a6aef6e4be4dfa92b9" member_type: VOTER last_known_addr { host: "127.26.31.194" port: 39647 } health_report { overall_health: HEALTHY } } peers { permanent_uuid: "0e9758a580f3435db16cd67ce7a8fc62" member_type: VOTER last_known_addr { host: "127.26.31.195" port: 36063 } attrs { replace: true } health_report { overall_health: HEALTHY } } peers { permanent_uuid: "54fb91547ca948c5aa34328d18694855" member_type: NON_VOTER last_known_addr { host: "127.26.31.198" port: 40661 } attrs { promote: true } health_report { overall_health: UNKNOWN } } }
I20260630 12:22:20.744405 31597 consensus_queue.cc:1048] T df0b3539c320437aacfd822d424df4f6 P 5d325750571849a6aef6e4be4dfa92b9 [LEADER]: Connected to new peer: Peer: permanent_uuid: "ab7c55f8d7cc4def8a477d3fcbcbb8ae" member_type: VOTER last_known_addr { host: "127.26.31.193" port: 44299 } attrs { replace: true }, Status: LMP_MISMATCH, Last received: 0.0, Next index: 25, Last known committed idx: 24, Time since last communication: 0.000s
I20260630 12:22:20.745280 31437 consensus_queue.cc:1048] T df0b3539c320437aacfd822d424df4f6 P 5d325750571849a6aef6e4be4dfa92b9 [LEADER]: Connected to new peer: Peer: permanent_uuid: "0e9758a580f3435db16cd67ce7a8fc62" member_type: VOTER last_known_addr { host: "127.26.31.195" port: 36063 }, Status: LMP_MISMATCH, Last received: 0.0, Next index: 25, Last known committed idx: 24, Time since last communication: 0.000s
I20260630 12:22:20.755607 31437 raft_consensus.cc:2955] T df0b3539c320437aacfd822d424df4f6 P 5d325750571849a6aef6e4be4dfa92b9 [term 1 LEADER]: Committing config change with OpId 1.25: config changed from index -1 to 25, NON_VOTER 8251be3c004b43bcafde90db6cf1e3b7 (127.26.31.196) added. New config: { opid_index: 25 OBSOLETE_local: false peers { permanent_uuid: "ab7c55f8d7cc4def8a477d3fcbcbb8ae" member_type: VOTER last_known_addr { host: "127.26.31.193" port: 44299 } attrs { replace: true } } peers { permanent_uuid: "5d325750571849a6aef6e4be4dfa92b9" member_type: VOTER last_known_addr { host: "127.26.31.194" port: 39647 } } peers { permanent_uuid: "0e9758a580f3435db16cd67ce7a8fc62" member_type: VOTER last_known_addr { host: "127.26.31.195" port: 36063 } } peers { permanent_uuid: "8251be3c004b43bcafde90db6cf1e3b7" member_type: NON_VOTER last_known_addr { host: "127.26.31.196" port: 38005 } attrs { promote: true } } }
W20260630 12:22:20.756821 31253 consensus_peers.cc:597] T df0b3539c320437aacfd822d424df4f6 P 5d325750571849a6aef6e4be4dfa92b9 -> Peer 8251be3c004b43bcafde90db6cf1e3b7 (127.26.31.196:38005): Couldn't send request to peer 8251be3c004b43bcafde90db6cf1e3b7. Error code: TABLET_NOT_FOUND (6). Status: Not found: Tablet not found: df0b3539c320437aacfd822d424df4f6. This is attempt 1: this message will repeat every 5th retry.
I20260630 12:22:20.760056 31359 raft_consensus.cc:2955] T df0b3539c320437aacfd822d424df4f6 P 0e9758a580f3435db16cd67ce7a8fc62 [term 1 FOLLOWER]: Committing config change with OpId 1.25: config changed from index -1 to 25, NON_VOTER 8251be3c004b43bcafde90db6cf1e3b7 (127.26.31.196) added. New config: { opid_index: 25 OBSOLETE_local: false peers { permanent_uuid: "ab7c55f8d7cc4def8a477d3fcbcbb8ae" member_type: VOTER last_known_addr { host: "127.26.31.193" port: 44299 } attrs { replace: true } } peers { permanent_uuid: "5d325750571849a6aef6e4be4dfa92b9" member_type: VOTER last_known_addr { host: "127.26.31.194" port: 39647 } } peers { permanent_uuid: "0e9758a580f3435db16cd67ce7a8fc62" member_type: VOTER last_known_addr { host: "127.26.31.195" port: 36063 } } peers { permanent_uuid: "8251be3c004b43bcafde90db6cf1e3b7" member_type: NON_VOTER last_known_addr { host: "127.26.31.196" port: 38005 } attrs { promote: true } } }
I20260630 12:22:20.764837 31214 raft_consensus.cc:2955] T df0b3539c320437aacfd822d424df4f6 P ab7c55f8d7cc4def8a477d3fcbcbb8ae [term 1 FOLLOWER]: Committing config change with OpId 1.25: config changed from index -1 to 25, NON_VOTER 8251be3c004b43bcafde90db6cf1e3b7 (127.26.31.196) added. New config: { opid_index: 25 OBSOLETE_local: false peers { permanent_uuid: "ab7c55f8d7cc4def8a477d3fcbcbb8ae" member_type: VOTER last_known_addr { host: "127.26.31.193" port: 44299 } attrs { replace: true } } peers { permanent_uuid: "5d325750571849a6aef6e4be4dfa92b9" member_type: VOTER last_known_addr { host: "127.26.31.194" port: 39647 } } peers { permanent_uuid: "0e9758a580f3435db16cd67ce7a8fc62" member_type: VOTER last_known_addr { host: "127.26.31.195" port: 36063 } } peers { permanent_uuid: "8251be3c004b43bcafde90db6cf1e3b7" member_type: NON_VOTER last_known_addr { host: "127.26.31.196" port: 38005 } attrs { promote: true } } }
I20260630 12:22:20.776052 31109 catalog_manager.cc:5697] T df0b3539c320437aacfd822d424df4f6 P 0e9758a580f3435db16cd67ce7a8fc62 reported cstate change: config changed from index -1 to 25, NON_VOTER 8251be3c004b43bcafde90db6cf1e3b7 (127.26.31.196) added. New cstate: current_term: 1 leader_uuid: "5d325750571849a6aef6e4be4dfa92b9" committed_config { opid_index: 25 OBSOLETE_local: false peers { permanent_uuid: "ab7c55f8d7cc4def8a477d3fcbcbb8ae" member_type: VOTER last_known_addr { host: "127.26.31.193" port: 44299 } attrs { replace: true } } peers { permanent_uuid: "5d325750571849a6aef6e4be4dfa92b9" member_type: VOTER last_known_addr { host: "127.26.31.194" port: 39647 } } peers { permanent_uuid: "0e9758a580f3435db16cd67ce7a8fc62" member_type: VOTER last_known_addr { host: "127.26.31.195" port: 36063 } } peers { permanent_uuid: "8251be3c004b43bcafde90db6cf1e3b7" member_type: NON_VOTER last_known_addr { host: "127.26.31.196" port: 38005 } attrs { promote: true } } }
I20260630 12:22:20.904814 31842 ts_tablet_manager.cc:933] T 7b2e565a128c465abf42427975b8ca3b P 8251be3c004b43bcafde90db6cf1e3b7: Initiating tablet copy from peer ab7c55f8d7cc4def8a477d3fcbcbb8ae (127.26.31.193:44299)
I20260630 12:22:20.906293 31842 tablet_copy_client.cc:323] T 7b2e565a128c465abf42427975b8ca3b P 8251be3c004b43bcafde90db6cf1e3b7: tablet copy: Beginning tablet copy session from remote peer at address 127.26.31.193:44299
I20260630 12:22:20.913436 31669 heartbeater.cc:499] Master 127.26.31.254:33523 was elected leader, sending a full tablet report...
I20260630 12:22:20.916047 31224 tablet_copy_service.cc:140] P ab7c55f8d7cc4def8a477d3fcbcbb8ae: Received BeginTabletCopySession request for tablet 7b2e565a128c465abf42427975b8ca3b from peer 8251be3c004b43bcafde90db6cf1e3b7 ({username='slave'} at 127.0.0.1:53956)
I20260630 12:22:20.916658 31224 tablet_copy_service.cc:161] P ab7c55f8d7cc4def8a477d3fcbcbb8ae: Beginning new tablet copy session on tablet 7b2e565a128c465abf42427975b8ca3b from peer 8251be3c004b43bcafde90db6cf1e3b7 at {username='slave'} at 127.0.0.1:53956: session id = 8251be3c004b43bcafde90db6cf1e3b7-7b2e565a128c465abf42427975b8ca3b
I20260630 12:22:20.922865 31224 tablet_copy_source_session.cc:215] T 7b2e565a128c465abf42427975b8ca3b P ab7c55f8d7cc4def8a477d3fcbcbb8ae: Tablet Copy: opened 0 blocks and 1 log segments
I20260630 12:22:20.925659 31842 data_dirs.cc:400] Could only allocate 1 dirs of requested 3 for tablet 7b2e565a128c465abf42427975b8ca3b. 1 dirs total, 0 dirs full, 0 dirs failed
I20260630 12:22:20.936008 31842 tablet_copy_client.cc:806] T 7b2e565a128c465abf42427975b8ca3b P 8251be3c004b43bcafde90db6cf1e3b7: tablet copy: Starting download of 0 data blocks...
I20260630 12:22:20.936605 31842 tablet_copy_client.cc:670] T 7b2e565a128c465abf42427975b8ca3b P 8251be3c004b43bcafde90db6cf1e3b7: tablet copy: Starting download of 1 WAL segments...
I20260630 12:22:20.940357 31843 tablet_copy_client.cc:1025] T 7b2e565a128c465abf42427975b8ca3b P 8251be3c004b43bcafde90db6cf1e3b7: tablet copy: Injecting latency into file download: 2000
I20260630 12:22:21.016216 31845 ts_tablet_manager.cc:933] T 8c44203c820242f5be6e7f6ada5ec40b P 54fb91547ca948c5aa34328d18694855: Initiating tablet copy from peer 5d325750571849a6aef6e4be4dfa92b9 (127.26.31.194:39647)
I20260630 12:22:21.018105 31845 tablet_copy_client.cc:323] T 8c44203c820242f5be6e7f6ada5ec40b P 54fb91547ca948c5aa34328d18694855: tablet copy: Beginning tablet copy session from remote peer at address 127.26.31.194:39647
I20260630 12:22:21.029280 31744 heartbeater.cc:499] Master 127.26.31.254:33523 was elected leader, sending a full tablet report...
I20260630 12:22:21.029505 31299 tablet_copy_service.cc:140] P 5d325750571849a6aef6e4be4dfa92b9: Received BeginTabletCopySession request for tablet 8c44203c820242f5be6e7f6ada5ec40b from peer 54fb91547ca948c5aa34328d18694855 ({username='slave'} at 127.0.0.1:59252)
I20260630 12:22:21.030185 31299 tablet_copy_service.cc:161] P 5d325750571849a6aef6e4be4dfa92b9: Beginning new tablet copy session on tablet 8c44203c820242f5be6e7f6ada5ec40b from peer 54fb91547ca948c5aa34328d18694855 at {username='slave'} at 127.0.0.1:59252: session id = 54fb91547ca948c5aa34328d18694855-8c44203c820242f5be6e7f6ada5ec40b
I20260630 12:22:21.036929 31848 ts_tablet_manager.cc:933] T c7b78ee9268d46e5bdb5a2f8f8e39181 P 02bdf7b480144f0da4249cc5ef7291d7: Initiating tablet copy from peer 5d325750571849a6aef6e4be4dfa92b9 (127.26.31.194:39647)
I20260630 12:22:21.038182 31299 tablet_copy_source_session.cc:215] T 8c44203c820242f5be6e7f6ada5ec40b P 5d325750571849a6aef6e4be4dfa92b9: Tablet Copy: opened 0 blocks and 1 log segments
I20260630 12:22:21.038861 31848 tablet_copy_client.cc:323] T c7b78ee9268d46e5bdb5a2f8f8e39181 P 02bdf7b480144f0da4249cc5ef7291d7: tablet copy: Beginning tablet copy session from remote peer at address 127.26.31.194:39647
I20260630 12:22:21.042167 31845 data_dirs.cc:400] Could only allocate 1 dirs of requested 3 for tablet 8c44203c820242f5be6e7f6ada5ec40b. 1 dirs total, 0 dirs full, 0 dirs failed
I20260630 12:22:21.053500 31299 tablet_copy_service.cc:140] P 5d325750571849a6aef6e4be4dfa92b9: Received BeginTabletCopySession request for tablet c7b78ee9268d46e5bdb5a2f8f8e39181 from peer 02bdf7b480144f0da4249cc5ef7291d7 ({username='slave'} at 127.0.0.1:59264)
I20260630 12:22:21.054170 31299 tablet_copy_service.cc:161] P 5d325750571849a6aef6e4be4dfa92b9: Beginning new tablet copy session on tablet c7b78ee9268d46e5bdb5a2f8f8e39181 from peer 02bdf7b480144f0da4249cc5ef7291d7 at {username='slave'} at 127.0.0.1:59264: session id = 02bdf7b480144f0da4249cc5ef7291d7-c7b78ee9268d46e5bdb5a2f8f8e39181
I20260630 12:22:21.058748 31845 tablet_copy_client.cc:806] T 8c44203c820242f5be6e7f6ada5ec40b P 54fb91547ca948c5aa34328d18694855: tablet copy: Starting download of 0 data blocks...
I20260630 12:22:21.059397 31845 tablet_copy_client.cc:670] T 8c44203c820242f5be6e7f6ada5ec40b P 54fb91547ca948c5aa34328d18694855: tablet copy: Starting download of 1 WAL segments...
I20260630 12:22:21.060977 31299 tablet_copy_source_session.cc:215] T c7b78ee9268d46e5bdb5a2f8f8e39181 P 5d325750571849a6aef6e4be4dfa92b9: Tablet Copy: opened 0 blocks and 1 log segments
I20260630 12:22:21.064354 31848 data_dirs.cc:400] Could only allocate 1 dirs of requested 3 for tablet c7b78ee9268d46e5bdb5a2f8f8e39181. 1 dirs total, 0 dirs full, 0 dirs failed
I20260630 12:22:21.065935 31846 tablet_copy_client.cc:1025] T 8c44203c820242f5be6e7f6ada5ec40b P 54fb91547ca948c5aa34328d18694855: tablet copy: Injecting latency into file download: 2000
I20260630 12:22:21.075284 31848 tablet_copy_client.cc:806] T c7b78ee9268d46e5bdb5a2f8f8e39181 P 02bdf7b480144f0da4249cc5ef7291d7: tablet copy: Starting download of 0 data blocks...
I20260630 12:22:21.075848 31848 tablet_copy_client.cc:670] T c7b78ee9268d46e5bdb5a2f8f8e39181 P 02bdf7b480144f0da4249cc5ef7291d7: tablet copy: Starting download of 1 WAL segments...
I20260630 12:22:21.079388 31849 tablet_copy_client.cc:1025] T c7b78ee9268d46e5bdb5a2f8f8e39181 P 02bdf7b480144f0da4249cc5ef7291d7: tablet copy: Injecting latency into file download: 2000
I20260630 12:22:21.129612 31851 ts_tablet_manager.cc:933] T a88f4bbb5afe4535a65839956e82b34a P 02bdf7b480144f0da4249cc5ef7291d7: Initiating tablet copy from peer ab7c55f8d7cc4def8a477d3fcbcbb8ae (127.26.31.193:44299)
I20260630 12:22:21.131227 31851 tablet_copy_client.cc:323] T a88f4bbb5afe4535a65839956e82b34a P 02bdf7b480144f0da4249cc5ef7291d7: tablet copy: Beginning tablet copy session from remote peer at address 127.26.31.193:44299
I20260630 12:22:21.140314 31224 tablet_copy_service.cc:140] P ab7c55f8d7cc4def8a477d3fcbcbb8ae: Received BeginTabletCopySession request for tablet a88f4bbb5afe4535a65839956e82b34a from peer 02bdf7b480144f0da4249cc5ef7291d7 ({username='slave'} at 127.0.0.1:53972)
I20260630 12:22:21.140795 31224 tablet_copy_service.cc:161] P ab7c55f8d7cc4def8a477d3fcbcbb8ae: Beginning new tablet copy session on tablet a88f4bbb5afe4535a65839956e82b34a from peer 02bdf7b480144f0da4249cc5ef7291d7 at {username='slave'} at 127.0.0.1:53972: session id = 02bdf7b480144f0da4249cc5ef7291d7-a88f4bbb5afe4535a65839956e82b34a
I20260630 12:22:21.146714 31224 tablet_copy_source_session.cc:215] T a88f4bbb5afe4535a65839956e82b34a P ab7c55f8d7cc4def8a477d3fcbcbb8ae: Tablet Copy: opened 0 blocks and 1 log segments
I20260630 12:22:21.149720 31851 data_dirs.cc:400] Could only allocate 1 dirs of requested 3 for tablet a88f4bbb5afe4535a65839956e82b34a. 1 dirs total, 0 dirs full, 0 dirs failed
I20260630 12:22:21.160985 31851 tablet_copy_client.cc:806] T a88f4bbb5afe4535a65839956e82b34a P 02bdf7b480144f0da4249cc5ef7291d7: tablet copy: Starting download of 0 data blocks...
I20260630 12:22:21.161585 31851 tablet_copy_client.cc:670] T a88f4bbb5afe4535a65839956e82b34a P 02bdf7b480144f0da4249cc5ef7291d7: tablet copy: Starting download of 1 WAL segments...
I20260630 12:22:21.165196 31852 tablet_copy_client.cc:1025] T a88f4bbb5afe4535a65839956e82b34a P 02bdf7b480144f0da4249cc5ef7291d7: tablet copy: Injecting latency into file download: 2000
I20260630 12:22:21.165720 31818 heartbeater.cc:499] Master 127.26.31.254:33523 was elected leader, sending a full tablet report...
I20260630 12:22:21.188822 31853 ts_tablet_manager.cc:933] T b853baa17641424e90a509ccb2c33a36 P 54fb91547ca948c5aa34328d18694855: Initiating tablet copy from peer ab7c55f8d7cc4def8a477d3fcbcbb8ae (127.26.31.193:44299)
I20260630 12:22:21.190580 31853 tablet_copy_client.cc:323] T b853baa17641424e90a509ccb2c33a36 P 54fb91547ca948c5aa34328d18694855: tablet copy: Beginning tablet copy session from remote peer at address 127.26.31.193:44299
I20260630 12:22:21.200881 31224 tablet_copy_service.cc:140] P ab7c55f8d7cc4def8a477d3fcbcbb8ae: Received BeginTabletCopySession request for tablet b853baa17641424e90a509ccb2c33a36 from peer 54fb91547ca948c5aa34328d18694855 ({username='slave'} at 127.0.0.1:53984)
I20260630 12:22:21.201467 31224 tablet_copy_service.cc:161] P ab7c55f8d7cc4def8a477d3fcbcbb8ae: Beginning new tablet copy session on tablet b853baa17641424e90a509ccb2c33a36 from peer 54fb91547ca948c5aa34328d18694855 at {username='slave'} at 127.0.0.1:53984: session id = 54fb91547ca948c5aa34328d18694855-b853baa17641424e90a509ccb2c33a36
I20260630 12:22:21.209133 31224 tablet_copy_source_session.cc:215] T b853baa17641424e90a509ccb2c33a36 P ab7c55f8d7cc4def8a477d3fcbcbb8ae: Tablet Copy: opened 0 blocks and 1 log segments
I20260630 12:22:21.212015 31853 data_dirs.cc:400] Could only allocate 1 dirs of requested 3 for tablet b853baa17641424e90a509ccb2c33a36. 1 dirs total, 0 dirs full, 0 dirs failed
I20260630 12:22:21.222555 31853 tablet_copy_client.cc:806] T b853baa17641424e90a509ccb2c33a36 P 54fb91547ca948c5aa34328d18694855: tablet copy: Starting download of 0 data blocks...
I20260630 12:22:21.223100 31853 tablet_copy_client.cc:670] T b853baa17641424e90a509ccb2c33a36 P 54fb91547ca948c5aa34328d18694855: tablet copy: Starting download of 1 WAL segments...
I20260630 12:22:21.226977 31854 tablet_copy_client.cc:1025] T b853baa17641424e90a509ccb2c33a36 P 54fb91547ca948c5aa34328d18694855: tablet copy: Injecting latency into file download: 2000
I20260630 12:22:21.326771 31855 ts_tablet_manager.cc:933] T df0b3539c320437aacfd822d424df4f6 P 8251be3c004b43bcafde90db6cf1e3b7: Initiating tablet copy from peer 5d325750571849a6aef6e4be4dfa92b9 (127.26.31.194:39647)
I20260630 12:22:21.328403 31855 tablet_copy_client.cc:323] T df0b3539c320437aacfd822d424df4f6 P 8251be3c004b43bcafde90db6cf1e3b7: tablet copy: Beginning tablet copy session from remote peer at address 127.26.31.194:39647
I20260630 12:22:21.338809 31298 tablet_copy_service.cc:140] P 5d325750571849a6aef6e4be4dfa92b9: Received BeginTabletCopySession request for tablet df0b3539c320437aacfd822d424df4f6 from peer 8251be3c004b43bcafde90db6cf1e3b7 ({username='slave'} at 127.0.0.1:59268)
I20260630 12:22:21.339282 31298 tablet_copy_service.cc:161] P 5d325750571849a6aef6e4be4dfa92b9: Beginning new tablet copy session on tablet df0b3539c320437aacfd822d424df4f6 from peer 8251be3c004b43bcafde90db6cf1e3b7 at {username='slave'} at 127.0.0.1:59268: session id = 8251be3c004b43bcafde90db6cf1e3b7-df0b3539c320437aacfd822d424df4f6
I20260630 12:22:21.345445 31298 tablet_copy_source_session.cc:215] T df0b3539c320437aacfd822d424df4f6 P 5d325750571849a6aef6e4be4dfa92b9: Tablet Copy: opened 0 blocks and 1 log segments
I20260630 12:22:21.347924 31855 data_dirs.cc:400] Could only allocate 1 dirs of requested 3 for tablet df0b3539c320437aacfd822d424df4f6. 1 dirs total, 0 dirs full, 0 dirs failed
I20260630 12:22:21.359184 31855 tablet_copy_client.cc:806] T df0b3539c320437aacfd822d424df4f6 P 8251be3c004b43bcafde90db6cf1e3b7: tablet copy: Starting download of 0 data blocks...
I20260630 12:22:21.359702 31855 tablet_copy_client.cc:670] T df0b3539c320437aacfd822d424df4f6 P 8251be3c004b43bcafde90db6cf1e3b7: tablet copy: Starting download of 1 WAL segments...
I20260630 12:22:21.363066 31856 tablet_copy_client.cc:1025] T df0b3539c320437aacfd822d424df4f6 P 8251be3c004b43bcafde90db6cf1e3b7: tablet copy: Injecting latency into file download: 2000
I20260630 12:22:23.342689 31842 tablet_copy_client.cc:538] T 7b2e565a128c465abf42427975b8ca3b P 8251be3c004b43bcafde90db6cf1e3b7: tablet copy: Tablet Copy complete. Replacing tablet superblock.
I20260630 12:22:23.350116 31842 tablet_bootstrap.cc:492] T 7b2e565a128c465abf42427975b8ca3b P 8251be3c004b43bcafde90db6cf1e3b7: Bootstrap starting.
W20260630 12:22:23.429026 31252 consensus_peers.cc:597] T c7b78ee9268d46e5bdb5a2f8f8e39181 P 5d325750571849a6aef6e4be4dfa92b9 -> Peer 02bdf7b480144f0da4249cc5ef7291d7 (127.26.31.197:46349): Couldn't send request to peer 02bdf7b480144f0da4249cc5ef7291d7. Error code: TABLET_NOT_RUNNING (12). Status: Illegal state: Tablet not RUNNING: INITIALIZED. This is attempt 6: this message will repeat every 5th retry.
I20260630 12:22:23.526778 31842 tablet_bootstrap.cc:492] T 7b2e565a128c465abf42427975b8ca3b P 8251be3c004b43bcafde90db6cf1e3b7: Bootstrap replayed 1/1 log segments. Stats: ops{read=26 overwritten=0 applied=26 ignored=0} inserts{seen=112 ignored=0} mutations{seen=0 ignored=0} orphaned_commits=0. Pending: 0 replicates
I20260630 12:22:23.527710 31842 tablet_bootstrap.cc:492] T 7b2e565a128c465abf42427975b8ca3b P 8251be3c004b43bcafde90db6cf1e3b7: Bootstrap complete.
I20260630 12:22:23.528280 31842 ts_tablet_manager.cc:1403] T 7b2e565a128c465abf42427975b8ca3b P 8251be3c004b43bcafde90db6cf1e3b7: Time spent bootstrapping tablet: real 0.178s	user 0.117s	sys 0.015s
I20260630 12:22:23.530251 31842 raft_consensus.cc:359] T 7b2e565a128c465abf42427975b8ca3b P 8251be3c004b43bcafde90db6cf1e3b7 [term 1 LEARNER]: Replica starting. Triggering 0 pending ops. Active config: opid_index: 26 OBSOLETE_local: false peers { permanent_uuid: "5d325750571849a6aef6e4be4dfa92b9" member_type: VOTER last_known_addr { host: "127.26.31.194" port: 39647 } attrs { replace: true } } peers { permanent_uuid: "0e9758a580f3435db16cd67ce7a8fc62" member_type: VOTER last_known_addr { host: "127.26.31.195" port: 36063 } } peers { permanent_uuid: "ab7c55f8d7cc4def8a477d3fcbcbb8ae" member_type: VOTER last_known_addr { host: "127.26.31.193" port: 44299 } } peers { permanent_uuid: "8251be3c004b43bcafde90db6cf1e3b7" member_type: NON_VOTER last_known_addr { host: "127.26.31.196" port: 38005 } attrs { promote: true } }
I20260630 12:22:23.530810 31842 raft_consensus.cc:740] T 7b2e565a128c465abf42427975b8ca3b P 8251be3c004b43bcafde90db6cf1e3b7 [term 1 LEARNER]: Becoming Follower/Learner. State: Replica: 8251be3c004b43bcafde90db6cf1e3b7, State: Initialized, Role: LEARNER
I20260630 12:22:23.531302 31842 consensus_queue.cc:260] T 7b2e565a128c465abf42427975b8ca3b P 8251be3c004b43bcafde90db6cf1e3b7 [NON_LEADER]: Queue going to NON_LEADER mode. State: All replicated index: 0, Majority replicated index: 0, Committed index: 26, Last appended: 1.26, Last appended by leader: 26, Current term: 0, Majority size: -1, State: 0, Mode: NON_LEADER, active raft config: opid_index: 26 OBSOLETE_local: false peers { permanent_uuid: "5d325750571849a6aef6e4be4dfa92b9" member_type: VOTER last_known_addr { host: "127.26.31.194" port: 39647 } attrs { replace: true } } peers { permanent_uuid: "0e9758a580f3435db16cd67ce7a8fc62" member_type: VOTER last_known_addr { host: "127.26.31.195" port: 36063 } } peers { permanent_uuid: "ab7c55f8d7cc4def8a477d3fcbcbb8ae" member_type: VOTER last_known_addr { host: "127.26.31.193" port: 44299 } } peers { permanent_uuid: "8251be3c004b43bcafde90db6cf1e3b7" member_type: NON_VOTER last_known_addr { host: "127.26.31.196" port: 38005 } attrs { promote: true } }
I20260630 12:22:23.534000 31842 ts_tablet_manager.cc:1434] T 7b2e565a128c465abf42427975b8ca3b P 8251be3c004b43bcafde90db6cf1e3b7: Time spent starting tablet: real 0.005s	user 0.008s	sys 0.000s
I20260630 12:22:23.535773 31224 tablet_copy_service.cc:342] P ab7c55f8d7cc4def8a477d3fcbcbb8ae: Request end of tablet copy session 8251be3c004b43bcafde90db6cf1e3b7-7b2e565a128c465abf42427975b8ca3b received from {username='slave'} at 127.0.0.1:53956
I20260630 12:22:23.536242 31224 tablet_copy_service.cc:434] P ab7c55f8d7cc4def8a477d3fcbcbb8ae: ending tablet copy session 8251be3c004b43bcafde90db6cf1e3b7-7b2e565a128c465abf42427975b8ca3b on tablet 7b2e565a128c465abf42427975b8ca3b with peer 8251be3c004b43bcafde90db6cf1e3b7
I20260630 12:22:23.678990 31845 tablet_copy_client.cc:538] T 8c44203c820242f5be6e7f6ada5ec40b P 54fb91547ca948c5aa34328d18694855: tablet copy: Tablet Copy complete. Replacing tablet superblock.
I20260630 12:22:23.688299 31845 tablet_bootstrap.cc:492] T 8c44203c820242f5be6e7f6ada5ec40b P 54fb91547ca948c5aa34328d18694855: Bootstrap starting.
I20260630 12:22:23.695339 31851 tablet_copy_client.cc:538] T a88f4bbb5afe4535a65839956e82b34a P 02bdf7b480144f0da4249cc5ef7291d7: tablet copy: Tablet Copy complete. Replacing tablet superblock.
I20260630 12:22:23.701815 31851 tablet_bootstrap.cc:492] T a88f4bbb5afe4535a65839956e82b34a P 02bdf7b480144f0da4249cc5ef7291d7: Bootstrap starting.
I20260630 12:22:23.716403 31848 tablet_copy_client.cc:538] T c7b78ee9268d46e5bdb5a2f8f8e39181 P 02bdf7b480144f0da4249cc5ef7291d7: tablet copy: Tablet Copy complete. Replacing tablet superblock.
I20260630 12:22:23.726816 31848 tablet_bootstrap.cc:492] T c7b78ee9268d46e5bdb5a2f8f8e39181 P 02bdf7b480144f0da4249cc5ef7291d7: Bootstrap starting.
W20260630 12:22:23.734405 31740 debug-util.cc:398] Leaking SignalData structure 0x7b08002a5060 after lost signal to thread 26754
W20260630 12:22:23.735625 31740 debug-util.cc:398] Leaking SignalData structure 0x7b08002a5740 after lost signal to thread 31146
W20260630 12:22:23.736881 31740 debug-util.cc:398] Leaking SignalData structure 0x7b0800009b20 after lost signal to thread 31238
W20260630 12:22:23.742897 31740 debug-util.cc:398] Leaking SignalData structure 0x7b080003cf40 after lost signal to thread 31313
W20260630 12:22:23.744146 31740 debug-util.cc:398] Leaking SignalData structure 0x7b080026e780 after lost signal to thread 31387
I20260630 12:22:23.745776 31644 raft_consensus.cc:1217] T 7b2e565a128c465abf42427975b8ca3b P 8251be3c004b43bcafde90db6cf1e3b7 [term 1 LEARNER]: Deduplicated request from leader. Original: 1.25->[1.26-1.26]   Dedup: 1.26->[]
W20260630 12:22:23.746373 31740 debug-util.cc:398] Leaking SignalData structure 0x7b0800114540 after lost signal to thread 31668
W20260630 12:22:23.750789 31740 debug-util.cc:398] Leaking SignalData structure 0x7b080016a040 after lost signal to thread 31743
W20260630 12:22:23.751950 31740 debug-util.cc:398] Leaking SignalData structure 0x7b0800036cc0 after lost signal to thread 31817
I20260630 12:22:23.848726 31853 tablet_copy_client.cc:538] T b853baa17641424e90a509ccb2c33a36 P 54fb91547ca948c5aa34328d18694855: tablet copy: Tablet Copy complete. Replacing tablet superblock.
I20260630 12:22:23.859622 31853 tablet_bootstrap.cc:492] T b853baa17641424e90a509ccb2c33a36 P 54fb91547ca948c5aa34328d18694855: Bootstrap starting.
I20260630 12:22:23.876634 31845 tablet_bootstrap.cc:492] T 8c44203c820242f5be6e7f6ada5ec40b P 54fb91547ca948c5aa34328d18694855: Bootstrap replayed 1/1 log segments. Stats: ops{read=26 overwritten=0 applied=26 ignored=0} inserts{seen=100 ignored=0} mutations{seen=0 ignored=0} orphaned_commits=0. Pending: 0 replicates
I20260630 12:22:23.877655 31845 tablet_bootstrap.cc:492] T 8c44203c820242f5be6e7f6ada5ec40b P 54fb91547ca948c5aa34328d18694855: Bootstrap complete.
I20260630 12:22:23.878330 31845 ts_tablet_manager.cc:1403] T 8c44203c820242f5be6e7f6ada5ec40b P 54fb91547ca948c5aa34328d18694855: Time spent bootstrapping tablet: real 0.190s	user 0.159s	sys 0.021s
W20260630 12:22:23.880776 31253 consensus_peers.cc:597] T df0b3539c320437aacfd822d424df4f6 P 5d325750571849a6aef6e4be4dfa92b9 -> Peer 8251be3c004b43bcafde90db6cf1e3b7 (127.26.31.196:38005): Couldn't send request to peer 8251be3c004b43bcafde90db6cf1e3b7. Error code: TABLET_NOT_RUNNING (12). Status: Illegal state: Tablet not RUNNING: INITIALIZED. This is attempt 6: this message will repeat every 5th retry.
I20260630 12:22:23.881310 31845 raft_consensus.cc:359] T 8c44203c820242f5be6e7f6ada5ec40b P 54fb91547ca948c5aa34328d18694855 [term 1 LEARNER]: Replica starting. Triggering 0 pending ops. Active config: opid_index: 26 OBSOLETE_local: false peers { permanent_uuid: "ab7c55f8d7cc4def8a477d3fcbcbb8ae" member_type: VOTER last_known_addr { host: "127.26.31.193" port: 44299 } } peers { permanent_uuid: "5d325750571849a6aef6e4be4dfa92b9" member_type: VOTER last_known_addr { host: "127.26.31.194" port: 39647 } } peers { permanent_uuid: "0e9758a580f3435db16cd67ce7a8fc62" member_type: VOTER last_known_addr { host: "127.26.31.195" port: 36063 } attrs { replace: true } } peers { permanent_uuid: "54fb91547ca948c5aa34328d18694855" member_type: NON_VOTER last_known_addr { host: "127.26.31.198" port: 40661 } attrs { promote: true } }
I20260630 12:22:23.882189 31845 raft_consensus.cc:740] T 8c44203c820242f5be6e7f6ada5ec40b P 54fb91547ca948c5aa34328d18694855 [term 1 LEARNER]: Becoming Follower/Learner. State: Replica: 54fb91547ca948c5aa34328d18694855, State: Initialized, Role: LEARNER
I20260630 12:22:23.882830 31845 consensus_queue.cc:260] T 8c44203c820242f5be6e7f6ada5ec40b P 54fb91547ca948c5aa34328d18694855 [NON_LEADER]: Queue going to NON_LEADER mode. State: All replicated index: 0, Majority replicated index: 0, Committed index: 26, Last appended: 1.26, Last appended by leader: 26, Current term: 0, Majority size: -1, State: 0, Mode: NON_LEADER, active raft config: opid_index: 26 OBSOLETE_local: false peers { permanent_uuid: "ab7c55f8d7cc4def8a477d3fcbcbb8ae" member_type: VOTER last_known_addr { host: "127.26.31.193" port: 44299 } } peers { permanent_uuid: "5d325750571849a6aef6e4be4dfa92b9" member_type: VOTER last_known_addr { host: "127.26.31.194" port: 39647 } } peers { permanent_uuid: "0e9758a580f3435db16cd67ce7a8fc62" member_type: VOTER last_known_addr { host: "127.26.31.195" port: 36063 } attrs { replace: true } } peers { permanent_uuid: "54fb91547ca948c5aa34328d18694855" member_type: NON_VOTER last_known_addr { host: "127.26.31.198" port: 40661 } attrs { promote: true } }
I20260630 12:22:23.898990 31845 ts_tablet_manager.cc:1434] T 8c44203c820242f5be6e7f6ada5ec40b P 54fb91547ca948c5aa34328d18694855: Time spent starting tablet: real 0.020s	user 0.005s	sys 0.010s
I20260630 12:22:23.908118 31298 tablet_copy_service.cc:342] P 5d325750571849a6aef6e4be4dfa92b9: Request end of tablet copy session 54fb91547ca948c5aa34328d18694855-8c44203c820242f5be6e7f6ada5ec40b received from {username='slave'} at 127.0.0.1:59252
I20260630 12:22:23.908618 31298 tablet_copy_service.cc:434] P 5d325750571849a6aef6e4be4dfa92b9: ending tablet copy session 54fb91547ca948c5aa34328d18694855-8c44203c820242f5be6e7f6ada5ec40b on tablet 8c44203c820242f5be6e7f6ada5ec40b with peer 54fb91547ca948c5aa34328d18694855
I20260630 12:22:23.915194 31792 raft_consensus.cc:1217] T 8c44203c820242f5be6e7f6ada5ec40b P 54fb91547ca948c5aa34328d18694855 [term 1 LEARNER]: Deduplicated request from leader. Original: 1.25->[1.26-1.26]   Dedup: 1.26->[]
I20260630 12:22:23.950835 31851 tablet_bootstrap.cc:492] T a88f4bbb5afe4535a65839956e82b34a P 02bdf7b480144f0da4249cc5ef7291d7: Bootstrap replayed 1/1 log segments. Stats: ops{read=26 overwritten=0 applied=26 ignored=0} inserts{seen=111 ignored=0} mutations{seen=0 ignored=0} orphaned_commits=0. Pending: 0 replicates
I20260630 12:22:23.951803 31851 tablet_bootstrap.cc:492] T a88f4bbb5afe4535a65839956e82b34a P 02bdf7b480144f0da4249cc5ef7291d7: Bootstrap complete.
I20260630 12:22:23.952472 31851 ts_tablet_manager.cc:1403] T a88f4bbb5afe4535a65839956e82b34a P 02bdf7b480144f0da4249cc5ef7291d7: Time spent bootstrapping tablet: real 0.251s	user 0.140s	sys 0.017s
I20260630 12:22:23.955302 31851 raft_consensus.cc:359] T a88f4bbb5afe4535a65839956e82b34a P 02bdf7b480144f0da4249cc5ef7291d7 [term 1 LEARNER]: Replica starting. Triggering 0 pending ops. Active config: opid_index: 26 OBSOLETE_local: false peers { permanent_uuid: "ab7c55f8d7cc4def8a477d3fcbcbb8ae" member_type: VOTER last_known_addr { host: "127.26.31.193" port: 44299 } } peers { permanent_uuid: "5d325750571849a6aef6e4be4dfa92b9" member_type: VOTER last_known_addr { host: "127.26.31.194" port: 39647 } attrs { replace: true } } peers { permanent_uuid: "0e9758a580f3435db16cd67ce7a8fc62" member_type: VOTER last_known_addr { host: "127.26.31.195" port: 36063 } } peers { permanent_uuid: "02bdf7b480144f0da4249cc5ef7291d7" member_type: NON_VOTER last_known_addr { host: "127.26.31.197" port: 46349 } attrs { promote: true } }
I20260630 12:22:23.956151 31851 raft_consensus.cc:740] T a88f4bbb5afe4535a65839956e82b34a P 02bdf7b480144f0da4249cc5ef7291d7 [term 1 LEARNER]: Becoming Follower/Learner. State: Replica: 02bdf7b480144f0da4249cc5ef7291d7, State: Initialized, Role: LEARNER
I20260630 12:22:23.956781 31851 consensus_queue.cc:260] T a88f4bbb5afe4535a65839956e82b34a P 02bdf7b480144f0da4249cc5ef7291d7 [NON_LEADER]: Queue going to NON_LEADER mode. State: All replicated index: 0, Majority replicated index: 0, Committed index: 26, Last appended: 1.26, Last appended by leader: 26, Current term: 0, Majority size: -1, State: 0, Mode: NON_LEADER, active raft config: opid_index: 26 OBSOLETE_local: false peers { permanent_uuid: "ab7c55f8d7cc4def8a477d3fcbcbb8ae" member_type: VOTER last_known_addr { host: "127.26.31.193" port: 44299 } } peers { permanent_uuid: "5d325750571849a6aef6e4be4dfa92b9" member_type: VOTER last_known_addr { host: "127.26.31.194" port: 39647 } attrs { replace: true } } peers { permanent_uuid: "0e9758a580f3435db16cd67ce7a8fc62" member_type: VOTER last_known_addr { host: "127.26.31.195" port: 36063 } } peers { permanent_uuid: "02bdf7b480144f0da4249cc5ef7291d7" member_type: NON_VOTER last_known_addr { host: "127.26.31.197" port: 46349 } attrs { promote: true } }
I20260630 12:22:23.977600 31851 ts_tablet_manager.cc:1434] T a88f4bbb5afe4535a65839956e82b34a P 02bdf7b480144f0da4249cc5ef7291d7: Time spent starting tablet: real 0.025s	user 0.012s	sys 0.008s
I20260630 12:22:23.997210 31224 tablet_copy_service.cc:342] P ab7c55f8d7cc4def8a477d3fcbcbb8ae: Request end of tablet copy session 02bdf7b480144f0da4249cc5ef7291d7-a88f4bbb5afe4535a65839956e82b34a received from {username='slave'} at 127.0.0.1:53972
I20260630 12:22:23.997707 31224 tablet_copy_service.cc:434] P ab7c55f8d7cc4def8a477d3fcbcbb8ae: ending tablet copy session 02bdf7b480144f0da4249cc5ef7291d7-a88f4bbb5afe4535a65839956e82b34a on tablet a88f4bbb5afe4535a65839956e82b34a with peer 02bdf7b480144f0da4249cc5ef7291d7
