I20260630 12:22:13.079850 31239 heartbeater.cc:507] Master 127.26.31.254:33523 requested a full tablet report, sending...
I20260630 12:22:13.080425 26751 webserver.cc:533] Webserver started at http://127.26.31.194:45805/ using document root <none> and password file <none>
I20260630 12:22:13.080994 26751 fs_manager.cc:362] Metadata directory not provided
I20260630 12:22:13.081259 26751 fs_manager.cc:368] Using write-ahead log directory (fs_wal_dir) as metadata directory
I20260630 12:22:13.081568 26751 server_base.cc:909] This appears to be a new deployment of Kudu; creating new FS layout
I20260630 12:22:13.081979 31112 ts_manager.cc:194] Registered new tserver with Master: ab7c55f8d7cc4def8a477d3fcbcbb8ae (127.26.31.193:44299)
I20260630 12:22:13.082710 26751 fs_manager.cc:1068] Generated new instance metadata in path /tmp/dist-test-taskAPOJIT/test-tmp/auto_rebalancer-test.0.AutoRebalancerTest.TestMaxMovesPerServer.1782822015641518-26751-0/minicluster-data/ts-1-root/instance:
uuid: "5d325750571849a6aef6e4be4dfa92b9"
format_stamp: "Formatted at 2026-06-30 12:22:13 on dist-test-slave-fzd5"
I20260630 12:22:13.083706 31112 master_service.cc:502] Signed X509 certificate for tserver {username='slave'} at 127.0.0.1:43326
I20260630 12:22:13.087007 26751 fs_manager.cc:696] Time spent creating directory manager: real 0.004s	user 0.000s	sys 0.005s
I20260630 12:22:13.090119 31251 log_block_manager.cc:4031] Time spent loading block containers with low live blocks: real 0.000s	user 0.000s	sys 0.000s
I20260630 12:22:13.090812 26751 fs_manager.cc:730] Time spent opening block manager: real 0.002s	user 0.002s	sys 0.001s
I20260630 12:22:13.091084 26751 fs_manager.cc:647] Opened local filesystem: /tmp/dist-test-taskAPOJIT/test-tmp/auto_rebalancer-test.0.AutoRebalancerTest.TestMaxMovesPerServer.1782822015641518-26751-0/minicluster-data/ts-1-root
uuid: "5d325750571849a6aef6e4be4dfa92b9"
format_stamp: "Formatted at 2026-06-30 12:22:13 on dist-test-slave-fzd5"
I20260630 12:22:13.091354 26751 fs_report.cc:389] FS layout report
--------------------
wal directory: /tmp/dist-test-taskAPOJIT/test-tmp/auto_rebalancer-test.0.AutoRebalancerTest.TestMaxMovesPerServer.1782822015641518-26751-0/minicluster-data/ts-1-root
metadata directory: /tmp/dist-test-taskAPOJIT/test-tmp/auto_rebalancer-test.0.AutoRebalancerTest.TestMaxMovesPerServer.1782822015641518-26751-0/minicluster-data/ts-1-root
1 data directories: /tmp/dist-test-taskAPOJIT/test-tmp/auto_rebalancer-test.0.AutoRebalancerTest.TestMaxMovesPerServer.1782822015641518-26751-0/minicluster-data/ts-1-root/data
Total live blocks: 0
Total live bytes: 0
Total live bytes (after alignment): 0
Total number of LBM containers: 0 (0 full)
Did not check for missing blocks
Did not check for orphaned blocks
Total full LBM containers with extra space: 0 (0 repaired)
Total full LBM container extra space in bytes: 0 (0 repaired)
Total incomplete LBM containers: 0 (0 repaired)
Total LBM partial records: 0 (0 repaired)
Total corrupted LBM metadata records in RocksDB: 0 (0 repaired)
I20260630 12:22:13.104254 26751 rpc_server.cc:225] running with OpenSSL 1.1.1  11 Sep 2018
I20260630 12:22:13.105448 26751 kserver.cc:163] Server-wide thread pool size limit: 3276
I20260630 12:22:13.106884 26751 txn_system_client.cc:432] TxnSystemClient initialization is disabled...
I20260630 12:22:13.110783 26751 ts_tablet_manager.cc:585] Loaded tablet metadata (0 total tablets, 0 live tablets)
I20260630 12:22:13.111040 26751 ts_tablet_manager.cc:531] Time spent load tablet metadata: real 0.000s	user 0.000s	sys 0.000s
I20260630 12:22:13.111334 26751 ts_tablet_manager.cc:616] Registered 0 tablets
I20260630 12:22:13.111560 26751 ts_tablet_manager.cc:595] Time spent register tablets: real 0.000s	user 0.000s	sys 0.000s
I20260630 12:22:13.149609 26751 rpc_server.cc:307] RPC server started. Bound to: 127.26.31.194:39647
I20260630 12:22:13.149698 31313 acceptor_pool.cc:272] collecting diagnostics on the listening RPC socket 127.26.31.194:39647 every 8 connection(s)
I20260630 12:22:13.154309 26751 file_cache.cc:492] Constructed file cache file cache with capacity 419430
W20260630 12:22:13.161621 31317 instance_detector.cc:116] could not retrieve AWS instance metadata: Network error: curl error: HTTP response code said error: The requested URL returned error: 404
W20260630 12:22:13.164322 31318 instance_detector.cc:116] could not retrieve Azure instance metadata: Network error: curl error: HTTP response code said error: The requested URL returned error: 404
I20260630 12:22:13.165112 26751 server_base.cc:1061] running on GCE node
W20260630 12:22:13.165161 31320 instance_detector.cc:116] could not retrieve OpenStack instance metadata: Network error: curl error: HTTP response code said error: The requested URL returned error: 404
I20260630 12:22:13.166404 26751 hybrid_clock.cc:584] initializing the hybrid clock with 'system_unsync' time source
W20260630 12:22:13.166676 26751 system_unsync_time.cc:38] NTP support is disabled. Clock error bounds will not be accurate. This configuration is not suitable for distributed clusters.
I20260630 12:22:13.166807 26751 hybrid_clock.cc:648] HybridClock initialized: now 1782822133166797 us; error 0 us; skew 500 ppm
I20260630 12:22:13.167335 26751 server_base.cc:861] Flag tcmalloc_max_total_thread_cache_bytes is not working since tcmalloc is not enabled.
I20260630 12:22:13.167869 31314 heartbeater.cc:344] Connected to a master server at 127.26.31.254:33523
I20260630 12:22:13.168283 31314 heartbeater.cc:461] Registering TS with master...
I20260630 12:22:13.169107 31314 heartbeater.cc:507] Master 127.26.31.254:33523 requested a full tablet report, sending...
I20260630 12:22:13.169981 26751 webserver.cc:533] Webserver started at http://127.26.31.195:33361/ using document root <none> and password file <none>
I20260630 12:22:13.170560 26751 fs_manager.cc:362] Metadata directory not provided
I20260630 12:22:13.170780 26751 fs_manager.cc:368] Using write-ahead log directory (fs_wal_dir) as metadata directory
I20260630 12:22:13.171036 26751 server_base.cc:909] This appears to be a new deployment of Kudu; creating new FS layout
I20260630 12:22:13.171262 31112 ts_manager.cc:194] Registered new tserver with Master: 5d325750571849a6aef6e4be4dfa92b9 (127.26.31.194:39647)
I20260630 12:22:13.172179 26751 fs_manager.cc:1068] Generated new instance metadata in path /tmp/dist-test-taskAPOJIT/test-tmp/auto_rebalancer-test.0.AutoRebalancerTest.TestMaxMovesPerServer.1782822015641518-26751-0/minicluster-data/ts-2-root/instance:
uuid: "0e9758a580f3435db16cd67ce7a8fc62"
format_stamp: "Formatted at 2026-06-30 12:22:13 on dist-test-slave-fzd5"
I20260630 12:22:13.172575 31112 master_service.cc:502] Signed X509 certificate for tserver {username='slave'} at 127.0.0.1:43328
I20260630 12:22:13.176483 26751 fs_manager.cc:696] Time spent creating directory manager: real 0.004s	user 0.002s	sys 0.004s
I20260630 12:22:13.179761 31325 log_block_manager.cc:4031] Time spent loading block containers with low live blocks: real 0.000s	user 0.000s	sys 0.000s
I20260630 12:22:13.180455 26751 fs_manager.cc:730] Time spent opening block manager: real 0.002s	user 0.002s	sys 0.000s
I20260630 12:22:13.180732 26751 fs_manager.cc:647] Opened local filesystem: /tmp/dist-test-taskAPOJIT/test-tmp/auto_rebalancer-test.0.AutoRebalancerTest.TestMaxMovesPerServer.1782822015641518-26751-0/minicluster-data/ts-2-root
uuid: "0e9758a580f3435db16cd67ce7a8fc62"
format_stamp: "Formatted at 2026-06-30 12:22:13 on dist-test-slave-fzd5"
I20260630 12:22:13.180997 26751 fs_report.cc:389] FS layout report
--------------------
wal directory: /tmp/dist-test-taskAPOJIT/test-tmp/auto_rebalancer-test.0.AutoRebalancerTest.TestMaxMovesPerServer.1782822015641518-26751-0/minicluster-data/ts-2-root
metadata directory: /tmp/dist-test-taskAPOJIT/test-tmp/auto_rebalancer-test.0.AutoRebalancerTest.TestMaxMovesPerServer.1782822015641518-26751-0/minicluster-data/ts-2-root
1 data directories: /tmp/dist-test-taskAPOJIT/test-tmp/auto_rebalancer-test.0.AutoRebalancerTest.TestMaxMovesPerServer.1782822015641518-26751-0/minicluster-data/ts-2-root/data
Total live blocks: 0
Total live bytes: 0
Total live bytes (after alignment): 0
Total number of LBM containers: 0 (0 full)
Did not check for missing blocks
Did not check for orphaned blocks
Total full LBM containers with extra space: 0 (0 repaired)
Total full LBM container extra space in bytes: 0 (0 repaired)
Total incomplete LBM containers: 0 (0 repaired)
Total LBM partial records: 0 (0 repaired)
Total corrupted LBM metadata records in RocksDB: 0 (0 repaired)
I20260630 12:22:13.188596 26751 rpc_server.cc:225] running with OpenSSL 1.1.1  11 Sep 2018
I20260630 12:22:13.189878 26751 kserver.cc:163] Server-wide thread pool size limit: 3276
I20260630 12:22:13.191262 26751 txn_system_client.cc:432] TxnSystemClient initialization is disabled...
I20260630 12:22:13.193416 26751 ts_tablet_manager.cc:585] Loaded tablet metadata (0 total tablets, 0 live tablets)
I20260630 12:22:13.193626 26751 ts_tablet_manager.cc:531] Time spent load tablet metadata: real 0.000s	user 0.000s	sys 0.000s
I20260630 12:22:13.193861 26751 ts_tablet_manager.cc:616] Registered 0 tablets
I20260630 12:22:13.194031 26751 ts_tablet_manager.cc:595] Time spent register tablets: real 0.000s	user 0.000s	sys 0.000s
I20260630 12:22:13.231473 26751 rpc_server.cc:307] RPC server started. Bound to: 127.26.31.195:36063
I20260630 12:22:13.231563 31387 acceptor_pool.cc:272] collecting diagnostics on the listening RPC socket 127.26.31.195:36063 every 8 connection(s)
I20260630 12:22:13.245505 31388 heartbeater.cc:344] Connected to a master server at 127.26.31.254:33523
I20260630 12:22:13.245832 31388 heartbeater.cc:461] Registering TS with master...
I20260630 12:22:13.246464 31388 heartbeater.cc:507] Master 127.26.31.254:33523 requested a full tablet report, sending...
I20260630 12:22:13.248275 31112 ts_manager.cc:194] Registered new tserver with Master: 0e9758a580f3435db16cd67ce7a8fc62 (127.26.31.195:36063)
I20260630 12:22:13.249037 26751 internal_mini_cluster.cc:371] 3 TS(s) registered with all masters after 0.014462436s
I20260630 12:22:13.249598 31112 master_service.cc:502] Signed X509 certificate for tserver {username='slave'} at 127.0.0.1:43338
I20260630 12:22:14.086081 31239 heartbeater.cc:499] Master 127.26.31.254:33523 was elected leader, sending a full tablet report...
I20260630 12:22:14.174851 31314 heartbeater.cc:499] Master 127.26.31.254:33523 was elected leader, sending a full tablet report...
I20260630 12:22:14.251816 31388 heartbeater.cc:499] Master 127.26.31.254:33523 was elected leader, sending a full tablet report...
I20260630 12:22:14.302670 31112 catalog_manager.cc:2283] Servicing CreateTable request from {username='slave'} at 127.0.0.1:43352:
name: "test-workload"
schema {
  columns {
    name: "key"
    type: INT32
    is_key: true
    is_nullable: false
    encoding: AUTO_ENCODING
    compression: DEFAULT_COMPRESSION
    cfile_block_size: 0
    immutable: false
  }
  columns {
    name: "int_val"
    type: INT32
    is_key: false
    is_nullable: false
    encoding: AUTO_ENCODING
    compression: DEFAULT_COMPRESSION
    cfile_block_size: 0
    immutable: false
  }
  columns {
    name: "string_val"
    type: STRING
    is_key: false
    is_nullable: true
    encoding: AUTO_ENCODING
    compression: DEFAULT_COMPRESSION
    cfile_block_size: 0
    immutable: false
  }
}
num_replicas: 3
split_rows_range_bounds {
  rows: "\004\001\000\252\252\252\n\004\001\000TUU\025\004\001\000\376\377\377\037\004\001\000\250\252\252*\004\001\000RUU5\004\001\000\374\377\377?\004\001\000\246\252\252J\004\001\000PUUU\004\001\000\372\377\377_\004\001\000\244\252\252j\004\001\000NUUu""\004\001\000\252\252\252\n\004\001\000TUU\025\004\001\000\376\377\377\037\004\001\000\250\252\252*\004\001\000RUU5\004\001\000\374\377\377?\004\001\000\246\252\252J\004\001\000PUUU\004\001\000\372\377\377_\004\001\000\244\252\252j\004\001\000NUUu"
  indirect_data: """"
}
partition_schema {
  range_schema {
    columns {
      name: "key"
    }
  }
}
W20260630 12:22:14.305671 31112 catalog_manager.cc:7077] The number of live tablet servers is not enough to re-replicate a tablet replica of the newly created table test-workload in case of a server failure: 4 tablet servers would be needed, 3 are available. Consider bringing up more tablet servers.
I20260630 12:22:14.386683 31279 tablet_service.cc:1511] Processing CreateTablet for tablet 7b2e565a128c465abf42427975b8ca3b (DEFAULT_TABLE table=test-workload [id=8c5c79387dec41c4ab06ecc62b52bf99]), partition=RANGE (key) PARTITION VALUES < 178956970
I20260630 12:22:14.387470 31278 tablet_service.cc:1511] Processing CreateTablet for tablet c7b78ee9268d46e5bdb5a2f8f8e39181 (DEFAULT_TABLE table=test-workload [id=8c5c79387dec41c4ab06ecc62b52bf99]), partition=RANGE (key) PARTITION 178956970 <= VALUES < 357913940
I20260630 12:22:14.388110 31279 data_dirs.cc:400] Could only allocate 1 dirs of requested 3 for tablet 7b2e565a128c465abf42427975b8ca3b. 1 dirs total, 0 dirs full, 0 dirs failed
I20260630 12:22:14.388790 31278 data_dirs.cc:400] Could only allocate 1 dirs of requested 3 for tablet c7b78ee9268d46e5bdb5a2f8f8e39181. 1 dirs total, 0 dirs full, 0 dirs failed
I20260630 12:22:14.390636 31277 tablet_service.cc:1511] Processing CreateTablet for tablet 8c44203c820242f5be6e7f6ada5ec40b (DEFAULT_TABLE table=test-workload [id=8c5c79387dec41c4ab06ecc62b52bf99]), partition=RANGE (key) PARTITION 357913940 <= VALUES < 536870910
I20260630 12:22:14.391979 31277 data_dirs.cc:400] Could only allocate 1 dirs of requested 3 for tablet 8c44203c820242f5be6e7f6ada5ec40b. 1 dirs total, 0 dirs full, 0 dirs failed
I20260630 12:22:14.407546 31276 tablet_service.cc:1511] Processing CreateTablet for tablet 181e5d9b62684ef59a04599d57765d86 (DEFAULT_TABLE table=test-workload [id=8c5c79387dec41c4ab06ecc62b52bf99]), partition=RANGE (key) PARTITION 536870910 <= VALUES < 715827880
I20260630 12:22:14.408970 31276 data_dirs.cc:400] Could only allocate 1 dirs of requested 3 for tablet 181e5d9b62684ef59a04599d57765d86. 1 dirs total, 0 dirs full, 0 dirs failed
I20260630 12:22:14.411666 31353 tablet_service.cc:1511] Processing CreateTablet for tablet 7b2e565a128c465abf42427975b8ca3b (DEFAULT_TABLE table=test-workload [id=8c5c79387dec41c4ab06ecc62b52bf99]), partition=RANGE (key) PARTITION VALUES < 178956970
I20260630 12:22:14.413030 31353 data_dirs.cc:400] Could only allocate 1 dirs of requested 3 for tablet 7b2e565a128c465abf42427975b8ca3b. 1 dirs total, 0 dirs full, 0 dirs failed
I20260630 12:22:14.414017 31204 tablet_service.cc:1511] Processing CreateTablet for tablet 7b2e565a128c465abf42427975b8ca3b (DEFAULT_TABLE table=test-workload [id=8c5c79387dec41c4ab06ecc62b52bf99]), partition=RANGE (key) PARTITION VALUES < 178956970
I20260630 12:22:14.414587 31275 tablet_service.cc:1511] Processing CreateTablet for tablet 5993a1bc8fdf45519576ba9583f6cffd (DEFAULT_TABLE table=test-workload [id=8c5c79387dec41c4ab06ecc62b52bf99]), partition=RANGE (key) PARTITION 715827880 <= VALUES < 894784850
I20260630 12:22:14.414849 31352 tablet_service.cc:1511] Processing CreateTablet for tablet c7b78ee9268d46e5bdb5a2f8f8e39181 (DEFAULT_TABLE table=test-workload [id=8c5c79387dec41c4ab06ecc62b52bf99]), partition=RANGE (key) PARTITION 178956970 <= VALUES < 357913940
I20260630 12:22:14.415371 31204 data_dirs.cc:400] Could only allocate 1 dirs of requested 3 for tablet 7b2e565a128c465abf42427975b8ca3b. 1 dirs total, 0 dirs full, 0 dirs failed
I20260630 12:22:14.415887 31275 data_dirs.cc:400] Could only allocate 1 dirs of requested 3 for tablet 5993a1bc8fdf45519576ba9583f6cffd. 1 dirs total, 0 dirs full, 0 dirs failed
I20260630 12:22:14.416205 31352 data_dirs.cc:400] Could only allocate 1 dirs of requested 3 for tablet c7b78ee9268d46e5bdb5a2f8f8e39181. 1 dirs total, 0 dirs full, 0 dirs failed
I20260630 12:22:14.418438 31351 tablet_service.cc:1511] Processing CreateTablet for tablet 8c44203c820242f5be6e7f6ada5ec40b (DEFAULT_TABLE table=test-workload [id=8c5c79387dec41c4ab06ecc62b52bf99]), partition=RANGE (key) PARTITION 357913940 <= VALUES < 536870910
I20260630 12:22:14.419945 31351 data_dirs.cc:400] Could only allocate 1 dirs of requested 3 for tablet 8c44203c820242f5be6e7f6ada5ec40b. 1 dirs total, 0 dirs full, 0 dirs failed
I20260630 12:22:14.422444 31350 tablet_service.cc:1511] Processing CreateTablet for tablet 181e5d9b62684ef59a04599d57765d86 (DEFAULT_TABLE table=test-workload [id=8c5c79387dec41c4ab06ecc62b52bf99]), partition=RANGE (key) PARTITION 536870910 <= VALUES < 715827880
I20260630 12:22:14.423797 31350 data_dirs.cc:400] Could only allocate 1 dirs of requested 3 for tablet 181e5d9b62684ef59a04599d57765d86. 1 dirs total, 0 dirs full, 0 dirs failed
I20260630 12:22:14.424146 31202 tablet_service.cc:1511] Processing CreateTablet for tablet 8c44203c820242f5be6e7f6ada5ec40b (DEFAULT_TABLE table=test-workload [id=8c5c79387dec41c4ab06ecc62b52bf99]), partition=RANGE (key) PARTITION 357913940 <= VALUES < 536870910
I20260630 12:22:14.425510 31202 data_dirs.cc:400] Could only allocate 1 dirs of requested 3 for tablet 8c44203c820242f5be6e7f6ada5ec40b. 1 dirs total, 0 dirs full, 0 dirs failed
I20260630 12:22:14.422444 31203 tablet_service.cc:1511] Processing CreateTablet for tablet c7b78ee9268d46e5bdb5a2f8f8e39181 (DEFAULT_TABLE table=test-workload [id=8c5c79387dec41c4ab06ecc62b52bf99]), partition=RANGE (key) PARTITION 178956970 <= VALUES < 357913940
I20260630 12:22:14.429956 31203 data_dirs.cc:400] Could only allocate 1 dirs of requested 3 for tablet c7b78ee9268d46e5bdb5a2f8f8e39181. 1 dirs total, 0 dirs full, 0 dirs failed
I20260630 12:22:14.434213 31200 tablet_service.cc:1511] Processing CreateTablet for tablet 5993a1bc8fdf45519576ba9583f6cffd (DEFAULT_TABLE table=test-workload [id=8c5c79387dec41c4ab06ecc62b52bf99]), partition=RANGE (key) PARTITION 715827880 <= VALUES < 894784850
I20260630 12:22:14.433059 31201 tablet_service.cc:1511] Processing CreateTablet for tablet 181e5d9b62684ef59a04599d57765d86 (DEFAULT_TABLE table=test-workload [id=8c5c79387dec41c4ab06ecc62b52bf99]), partition=RANGE (key) PARTITION 536870910 <= VALUES < 715827880
I20260630 12:22:14.467038 31201 data_dirs.cc:400] Could only allocate 1 dirs of requested 3 for tablet 181e5d9b62684ef59a04599d57765d86. 1 dirs total, 0 dirs full, 0 dirs failed
I20260630 12:22:14.476390 31349 tablet_service.cc:1511] Processing CreateTablet for tablet 5993a1bc8fdf45519576ba9583f6cffd (DEFAULT_TABLE table=test-workload [id=8c5c79387dec41c4ab06ecc62b52bf99]), partition=RANGE (key) PARTITION 715827880 <= VALUES < 894784850
I20260630 12:22:14.477837 31349 data_dirs.cc:400] Could only allocate 1 dirs of requested 3 for tablet 5993a1bc8fdf45519576ba9583f6cffd. 1 dirs total, 0 dirs full, 0 dirs failed
I20260630 12:22:14.481503 31199 tablet_service.cc:1511] Processing CreateTablet for tablet b853baa17641424e90a509ccb2c33a36 (DEFAULT_TABLE table=test-workload [id=8c5c79387dec41c4ab06ecc62b52bf99]), partition=RANGE (key) PARTITION 894784850 <= VALUES < 1073741820
I20260630 12:22:14.483403 31279 tablet_service.cc:1511] Processing CreateTablet for tablet b853baa17641424e90a509ccb2c33a36 (DEFAULT_TABLE table=test-workload [id=8c5c79387dec41c4ab06ecc62b52bf99]), partition=RANGE (key) PARTITION 894784850 <= VALUES < 1073741820
I20260630 12:22:14.477777 31200 data_dirs.cc:400] Could only allocate 1 dirs of requested 3 for tablet 5993a1bc8fdf45519576ba9583f6cffd. 1 dirs total, 0 dirs full, 0 dirs failed
I20260630 12:22:14.489107 31199 data_dirs.cc:400] Could only allocate 1 dirs of requested 3 for tablet b853baa17641424e90a509ccb2c33a36. 1 dirs total, 0 dirs full, 0 dirs failed
I20260630 12:22:14.500241 31407 tablet_bootstrap.cc:492] T 8c44203c820242f5be6e7f6ada5ec40b P 5d325750571849a6aef6e4be4dfa92b9: Bootstrap starting.
I20260630 12:22:14.501184 31279 data_dirs.cc:400] Could only allocate 1 dirs of requested 3 for tablet b853baa17641424e90a509ccb2c33a36. 1 dirs total, 0 dirs full, 0 dirs failed
I20260630 12:22:14.504619 31348 tablet_service.cc:1511] Processing CreateTablet for tablet b853baa17641424e90a509ccb2c33a36 (DEFAULT_TABLE table=test-workload [id=8c5c79387dec41c4ab06ecc62b52bf99]), partition=RANGE (key) PARTITION 894784850 <= VALUES < 1073741820
I20260630 12:22:14.506258 31348 data_dirs.cc:400] Could only allocate 1 dirs of requested 3 for tablet b853baa17641424e90a509ccb2c33a36. 1 dirs total, 0 dirs full, 0 dirs failed
I20260630 12:22:14.506866 31408 tablet_bootstrap.cc:492] T 7b2e565a128c465abf42427975b8ca3b P ab7c55f8d7cc4def8a477d3fcbcbb8ae: Bootstrap starting.
I20260630 12:22:14.520943 31407 tablet_bootstrap.cc:654] T 8c44203c820242f5be6e7f6ada5ec40b P 5d325750571849a6aef6e4be4dfa92b9: Neither blocks nor log segments found. Creating new log.
I20260630 12:22:14.526582 31204 tablet_service.cc:1511] Processing CreateTablet for tablet aa38f8c2328e4bafa83e06de4e52c55b (DEFAULT_TABLE table=test-workload [id=8c5c79387dec41c4ab06ecc62b52bf99]), partition=RANGE (key) PARTITION 1073741820 <= VALUES < 1252698790
I20260630 12:22:14.529536 31276 tablet_service.cc:1511] Processing CreateTablet for tablet aa38f8c2328e4bafa83e06de4e52c55b (DEFAULT_TABLE table=test-workload [id=8c5c79387dec41c4ab06ecc62b52bf99]), partition=RANGE (key) PARTITION 1073741820 <= VALUES < 1252698790
I20260630 12:22:14.531452 31276 data_dirs.cc:400] Could only allocate 1 dirs of requested 3 for tablet aa38f8c2328e4bafa83e06de4e52c55b. 1 dirs total, 0 dirs full, 0 dirs failed
I20260630 12:22:14.532567 31408 tablet_bootstrap.cc:654] T 7b2e565a128c465abf42427975b8ca3b P ab7c55f8d7cc4def8a477d3fcbcbb8ae: Neither blocks nor log segments found. Creating new log.
I20260630 12:22:14.553862 31408 tablet_bootstrap.cc:492] T 7b2e565a128c465abf42427975b8ca3b P ab7c55f8d7cc4def8a477d3fcbcbb8ae: No bootstrap required, opened a new log
I20260630 12:22:14.554363 31408 ts_tablet_manager.cc:1403] T 7b2e565a128c465abf42427975b8ca3b P ab7c55f8d7cc4def8a477d3fcbcbb8ae: Time spent bootstrapping tablet: real 0.048s	user 0.011s	sys 0.000s
I20260630 12:22:14.554172 31199 tablet_service.cc:1511] Processing CreateTablet for tablet a88f4bbb5afe4535a65839956e82b34a (DEFAULT_TABLE table=test-workload [id=8c5c79387dec41c4ab06ecc62b52bf99]), partition=RANGE (key) PARTITION 1252698790 <= VALUES < 1431655760
I20260630 12:22:14.557307 31408 raft_consensus.cc:359] T 7b2e565a128c465abf42427975b8ca3b P ab7c55f8d7cc4def8a477d3fcbcbb8ae [term 0 FOLLOWER]: Replica starting. Triggering 0 pending ops. Active config: opid_index: -1 OBSOLETE_local: false peers { permanent_uuid: "5d325750571849a6aef6e4be4dfa92b9" member_type: VOTER last_known_addr { host: "127.26.31.194" port: 39647 } } peers { permanent_uuid: "0e9758a580f3435db16cd67ce7a8fc62" member_type: VOTER last_known_addr { host: "127.26.31.195" port: 36063 } } peers { permanent_uuid: "ab7c55f8d7cc4def8a477d3fcbcbb8ae" member_type: VOTER last_known_addr { host: "127.26.31.193" port: 44299 } }
I20260630 12:22:14.557989 31408 raft_consensus.cc:385] T 7b2e565a128c465abf42427975b8ca3b P ab7c55f8d7cc4def8a477d3fcbcbb8ae [term 0 FOLLOWER]: Consensus starting up: Expiring failure detector timer to make a prompt election more likely
I20260630 12:22:14.558277 31408 raft_consensus.cc:740] T 7b2e565a128c465abf42427975b8ca3b P ab7c55f8d7cc4def8a477d3fcbcbb8ae [term 0 FOLLOWER]: Becoming Follower/Learner. State: Replica: ab7c55f8d7cc4def8a477d3fcbcbb8ae, State: Initialized, Role: FOLLOWER
I20260630 12:22:14.558552 31278 tablet_service.cc:1511] Processing CreateTablet for tablet a88f4bbb5afe4535a65839956e82b34a (DEFAULT_TABLE table=test-workload [id=8c5c79387dec41c4ab06ecc62b52bf99]), partition=RANGE (key) PARTITION 1252698790 <= VALUES < 1431655760
I20260630 12:22:14.560460 31278 data_dirs.cc:400] Could only allocate 1 dirs of requested 3 for tablet a88f4bbb5afe4535a65839956e82b34a. 1 dirs total, 0 dirs full, 0 dirs failed
I20260630 12:22:14.562189 31204 data_dirs.cc:400] Could only allocate 1 dirs of requested 3 for tablet aa38f8c2328e4bafa83e06de4e52c55b. 1 dirs total, 0 dirs full, 0 dirs failed
I20260630 12:22:14.563552 31408 consensus_queue.cc:260] T 7b2e565a128c465abf42427975b8ca3b P ab7c55f8d7cc4def8a477d3fcbcbb8ae [NON_LEADER]: Queue going to NON_LEADER mode. State: All replicated index: 0, Majority replicated index: 0, Committed index: 0, Last appended: 0.0, Last appended by leader: 0, Current term: 0, Majority size: -1, State: 0, Mode: NON_LEADER, active raft config: opid_index: -1 OBSOLETE_local: false peers { permanent_uuid: "5d325750571849a6aef6e4be4dfa92b9" member_type: VOTER last_known_addr { host: "127.26.31.194" port: 39647 } } peers { permanent_uuid: "0e9758a580f3435db16cd67ce7a8fc62" member_type: VOTER last_known_addr { host: "127.26.31.195" port: 36063 } } peers { permanent_uuid: "ab7c55f8d7cc4def8a477d3fcbcbb8ae" member_type: VOTER last_known_addr { host: "127.26.31.193" port: 44299 } }
I20260630 12:22:14.564350 31199 data_dirs.cc:400] Could only allocate 1 dirs of requested 3 for tablet a88f4bbb5afe4535a65839956e82b34a. 1 dirs total, 0 dirs full, 0 dirs failed
I20260630 12:22:14.566299 31350 tablet_service.cc:1511] Processing CreateTablet for tablet aa38f8c2328e4bafa83e06de4e52c55b (DEFAULT_TABLE table=test-workload [id=8c5c79387dec41c4ab06ecc62b52bf99]), partition=RANGE (key) PARTITION 1073741820 <= VALUES < 1252698790
I20260630 12:22:14.567484 31350 data_dirs.cc:400] Could only allocate 1 dirs of requested 3 for tablet aa38f8c2328e4bafa83e06de4e52c55b. 1 dirs total, 0 dirs full, 0 dirs failed
I20260630 12:22:14.575304 31407 tablet_bootstrap.cc:492] T 8c44203c820242f5be6e7f6ada5ec40b P 5d325750571849a6aef6e4be4dfa92b9: No bootstrap required, opened a new log
I20260630 12:22:14.578176 31407 ts_tablet_manager.cc:1403] T 8c44203c820242f5be6e7f6ada5ec40b P 5d325750571849a6aef6e4be4dfa92b9: Time spent bootstrapping tablet: real 0.078s	user 0.017s	sys 0.000s
I20260630 12:22:14.578886 31275 tablet_service.cc:1511] Processing CreateTablet for tablet df0b3539c320437aacfd822d424df4f6 (DEFAULT_TABLE table=test-workload [id=8c5c79387dec41c4ab06ecc62b52bf99]), partition=RANGE (key) PARTITION 1431655760 <= VALUES < 1610612730
I20260630 12:22:14.580104 31275 data_dirs.cc:400] Could only allocate 1 dirs of requested 3 for tablet df0b3539c320437aacfd822d424df4f6. 1 dirs total, 0 dirs full, 0 dirs failed
I20260630 12:22:14.583622 31348 tablet_service.cc:1511] Processing CreateTablet for tablet a88f4bbb5afe4535a65839956e82b34a (DEFAULT_TABLE table=test-workload [id=8c5c79387dec41c4ab06ecc62b52bf99]), partition=RANGE (key) PARTITION 1252698790 <= VALUES < 1431655760
I20260630 12:22:14.594841 31348 data_dirs.cc:400] Could only allocate 1 dirs of requested 3 for tablet a88f4bbb5afe4535a65839956e82b34a. 1 dirs total, 0 dirs full, 0 dirs failed
I20260630 12:22:14.593369 31409 tablet_bootstrap.cc:492] T 5993a1bc8fdf45519576ba9583f6cffd P 0e9758a580f3435db16cd67ce7a8fc62: Bootstrap starting.
I20260630 12:22:14.585294 31203 tablet_service.cc:1511] Processing CreateTablet for tablet df0b3539c320437aacfd822d424df4f6 (DEFAULT_TABLE table=test-workload [id=8c5c79387dec41c4ab06ecc62b52bf99]), partition=RANGE (key) PARTITION 1431655760 <= VALUES < 1610612730
I20260630 12:22:14.588479 31407 raft_consensus.cc:359] T 8c44203c820242f5be6e7f6ada5ec40b P 5d325750571849a6aef6e4be4dfa92b9 [term 0 FOLLOWER]: Replica starting. Triggering 0 pending ops. Active config: opid_index: -1 OBSOLETE_local: false peers { permanent_uuid: "ab7c55f8d7cc4def8a477d3fcbcbb8ae" member_type: VOTER last_known_addr { host: "127.26.31.193" port: 44299 } } peers { permanent_uuid: "5d325750571849a6aef6e4be4dfa92b9" member_type: VOTER last_known_addr { host: "127.26.31.194" port: 39647 } } peers { permanent_uuid: "0e9758a580f3435db16cd67ce7a8fc62" member_type: VOTER last_known_addr { host: "127.26.31.195" port: 36063 } }
I20260630 12:22:14.596655 31203 data_dirs.cc:400] Could only allocate 1 dirs of requested 3 for tablet df0b3539c320437aacfd822d424df4f6. 1 dirs total, 0 dirs full, 0 dirs failed
I20260630 12:22:14.602015 31407 raft_consensus.cc:385] T 8c44203c820242f5be6e7f6ada5ec40b P 5d325750571849a6aef6e4be4dfa92b9 [term 0 FOLLOWER]: Consensus starting up: Expiring failure detector timer to make a prompt election more likely
I20260630 12:22:14.602402 31407 raft_consensus.cc:740] T 8c44203c820242f5be6e7f6ada5ec40b P 5d325750571849a6aef6e4be4dfa92b9 [term 0 FOLLOWER]: Becoming Follower/Learner. State: Replica: 5d325750571849a6aef6e4be4dfa92b9, State: Initialized, Role: FOLLOWER
I20260630 12:22:14.603214 31407 consensus_queue.cc:260] T 8c44203c820242f5be6e7f6ada5ec40b P 5d325750571849a6aef6e4be4dfa92b9 [NON_LEADER]: Queue going to NON_LEADER mode. State: All replicated index: 0, Majority replicated index: 0, Committed index: 0, Last appended: 0.0, Last appended by leader: 0, Current term: 0, Majority size: -1, State: 0, Mode: NON_LEADER, active raft config: opid_index: -1 OBSOLETE_local: false peers { permanent_uuid: "ab7c55f8d7cc4def8a477d3fcbcbb8ae" member_type: VOTER last_known_addr { host: "127.26.31.193" port: 44299 } } peers { permanent_uuid: "5d325750571849a6aef6e4be4dfa92b9" member_type: VOTER last_known_addr { host: "127.26.31.194" port: 39647 } } peers { permanent_uuid: "0e9758a580f3435db16cd67ce7a8fc62" member_type: VOTER last_known_addr { host: "127.26.31.195" port: 36063 } }
I20260630 12:22:14.615887 31408 ts_tablet_manager.cc:1434] T 7b2e565a128c465abf42427975b8ca3b P ab7c55f8d7cc4def8a477d3fcbcbb8ae: Time spent starting tablet: real 0.061s	user 0.009s	sys 0.000s
I20260630 12:22:14.618683 31275 tablet_service.cc:1511] Processing CreateTablet for tablet 4148b859347342ae84b6fd3d762fb240 (DEFAULT_TABLE table=test-workload [id=8c5c79387dec41c4ab06ecc62b52bf99]), partition=RANGE (key) PARTITION 1610612730 <= VALUES < 1789569700
I20260630 12:22:14.620040 31275 data_dirs.cc:400] Could only allocate 1 dirs of requested 3 for tablet 4148b859347342ae84b6fd3d762fb240. 1 dirs total, 0 dirs full, 0 dirs failed
I20260630 12:22:14.622545 31278 tablet_service.cc:1511] Processing CreateTablet for tablet d4ea9b5f0d3f4ca5afa21540ae4eb7a1 (DEFAULT_TABLE table=test-workload [id=8c5c79387dec41c4ab06ecc62b52bf99]), partition=RANGE (key) PARTITION 1789569700 <= VALUES < 1968526670
I20260630 12:22:14.623767 31278 data_dirs.cc:400] Could only allocate 1 dirs of requested 3 for tablet d4ea9b5f0d3f4ca5afa21540ae4eb7a1. 1 dirs total, 0 dirs full, 0 dirs failed
I20260630 12:22:14.626951 31199 tablet_service.cc:1511] Processing CreateTablet for tablet d4ea9b5f0d3f4ca5afa21540ae4eb7a1 (DEFAULT_TABLE table=test-workload [id=8c5c79387dec41c4ab06ecc62b52bf99]), partition=RANGE (key) PARTITION 1789569700 <= VALUES < 1968526670
I20260630 12:22:14.627326 31350 tablet_service.cc:1511] Processing CreateTablet for tablet 4148b859347342ae84b6fd3d762fb240 (DEFAULT_TABLE table=test-workload [id=8c5c79387dec41c4ab06ecc62b52bf99]), partition=RANGE (key) PARTITION 1610612730 <= VALUES < 1789569700
I20260630 12:22:14.627697 31349 tablet_service.cc:1511] Processing CreateTablet for tablet d4ea9b5f0d3f4ca5afa21540ae4eb7a1 (DEFAULT_TABLE table=test-workload [id=8c5c79387dec41c4ab06ecc62b52bf99]), partition=RANGE (key) PARTITION 1789569700 <= VALUES < 1968526670
I20260630 12:22:14.628181 31199 data_dirs.cc:400] Could only allocate 1 dirs of requested 3 for tablet d4ea9b5f0d3f4ca5afa21540ae4eb7a1. 1 dirs total, 0 dirs full, 0 dirs failed
I20260630 12:22:14.627985 31348 tablet_service.cc:1511] Processing CreateTablet for tablet df0b3539c320437aacfd822d424df4f6 (DEFAULT_TABLE table=test-workload [id=8c5c79387dec41c4ab06ecc62b52bf99]), partition=RANGE (key) PARTITION 1431655760 <= VALUES < 1610612730
I20260630 12:22:14.628455 31350 data_dirs.cc:400] Could only allocate 1 dirs of requested 3 for tablet 4148b859347342ae84b6fd3d762fb240. 1 dirs total, 0 dirs full, 0 dirs failed
I20260630 12:22:14.629173 31348 data_dirs.cc:400] Could only allocate 1 dirs of requested 3 for tablet df0b3539c320437aacfd822d424df4f6. 1 dirs total, 0 dirs full, 0 dirs failed
I20260630 12:22:14.630236 31276 tablet_service.cc:1511] Processing CreateTablet for tablet 5e13dc29283547f4a79f5009ddda7f68 (DEFAULT_TABLE table=test-workload [id=8c5c79387dec41c4ab06ecc62b52bf99]), partition=RANGE (key) PARTITION 1968526670 <= VALUES
I20260630 12:22:14.631438 31276 data_dirs.cc:400] Could only allocate 1 dirs of requested 3 for tablet 5e13dc29283547f4a79f5009ddda7f68. 1 dirs total, 0 dirs full, 0 dirs failed
I20260630 12:22:14.631471 31408 tablet_bootstrap.cc:492] T 8c44203c820242f5be6e7f6ada5ec40b P ab7c55f8d7cc4def8a477d3fcbcbb8ae: Bootstrap starting.
I20260630 12:22:14.632814 31204 tablet_service.cc:1511] Processing CreateTablet for tablet 5e13dc29283547f4a79f5009ddda7f68 (DEFAULT_TABLE table=test-workload [id=8c5c79387dec41c4ab06ecc62b52bf99]), partition=RANGE (key) PARTITION 1968526670 <= VALUES
I20260630 12:22:14.634063 31204 data_dirs.cc:400] Could only allocate 1 dirs of requested 3 for tablet 5e13dc29283547f4a79f5009ddda7f68. 1 dirs total, 0 dirs full, 0 dirs failed
I20260630 12:22:14.634528 31349 data_dirs.cc:400] Could only allocate 1 dirs of requested 3 for tablet d4ea9b5f0d3f4ca5afa21540ae4eb7a1. 1 dirs total, 0 dirs full, 0 dirs failed
I20260630 12:22:14.642158 31409 tablet_bootstrap.cc:654] T 5993a1bc8fdf45519576ba9583f6cffd P 0e9758a580f3435db16cd67ce7a8fc62: Neither blocks nor log segments found. Creating new log.
I20260630 12:22:14.655544 31408 tablet_bootstrap.cc:654] T 8c44203c820242f5be6e7f6ada5ec40b P ab7c55f8d7cc4def8a477d3fcbcbb8ae: Neither blocks nor log segments found. Creating new log.
I20260630 12:22:14.655956 31203 tablet_service.cc:1511] Processing CreateTablet for tablet 4148b859347342ae84b6fd3d762fb240 (DEFAULT_TABLE table=test-workload [id=8c5c79387dec41c4ab06ecc62b52bf99]), partition=RANGE (key) PARTITION 1610612730 <= VALUES < 1789569700
I20260630 12:22:14.657373 31203 data_dirs.cc:400] Could only allocate 1 dirs of requested 3 for tablet 4148b859347342ae84b6fd3d762fb240. 1 dirs total, 0 dirs full, 0 dirs failed
I20260630 12:22:14.666456 31407 ts_tablet_manager.cc:1434] T 8c44203c820242f5be6e7f6ada5ec40b P 5d325750571849a6aef6e4be4dfa92b9: Time spent starting tablet: real 0.088s	user 0.018s	sys 0.016s
I20260630 12:22:14.667470 31407 tablet_bootstrap.cc:492] T 7b2e565a128c465abf42427975b8ca3b P 5d325750571849a6aef6e4be4dfa92b9: Bootstrap starting.
I20260630 12:22:14.674965 31407 tablet_bootstrap.cc:654] T 7b2e565a128c465abf42427975b8ca3b P 5d325750571849a6aef6e4be4dfa92b9: Neither blocks nor log segments found. Creating new log.
I20260630 12:22:14.675966 31352 tablet_service.cc:1511] Processing CreateTablet for tablet 5e13dc29283547f4a79f5009ddda7f68 (DEFAULT_TABLE table=test-workload [id=8c5c79387dec41c4ab06ecc62b52bf99]), partition=RANGE (key) PARTITION 1968526670 <= VALUES
I20260630 12:22:14.677258 31352 data_dirs.cc:400] Could only allocate 1 dirs of requested 3 for tablet 5e13dc29283547f4a79f5009ddda7f68. 1 dirs total, 0 dirs full, 0 dirs failed
I20260630 12:22:14.695709 31408 tablet_bootstrap.cc:492] T 8c44203c820242f5be6e7f6ada5ec40b P ab7c55f8d7cc4def8a477d3fcbcbb8ae: No bootstrap required, opened a new log
I20260630 12:22:14.696276 31408 ts_tablet_manager.cc:1403] T 8c44203c820242f5be6e7f6ada5ec40b P ab7c55f8d7cc4def8a477d3fcbcbb8ae: Time spent bootstrapping tablet: real 0.079s	user 0.008s	sys 0.005s
I20260630 12:22:14.699399 31409 tablet_bootstrap.cc:492] T 5993a1bc8fdf45519576ba9583f6cffd P 0e9758a580f3435db16cd67ce7a8fc62: No bootstrap required, opened a new log
I20260630 12:22:14.699107 31408 raft_consensus.cc:359] T 8c44203c820242f5be6e7f6ada5ec40b P ab7c55f8d7cc4def8a477d3fcbcbb8ae [term 0 FOLLOWER]: Replica starting. Triggering 0 pending ops. Active config: opid_index: -1 OBSOLETE_local: false peers { permanent_uuid: "ab7c55f8d7cc4def8a477d3fcbcbb8ae" member_type: VOTER last_known_addr { host: "127.26.31.193" port: 44299 } } peers { permanent_uuid: "5d325750571849a6aef6e4be4dfa92b9" member_type: VOTER last_known_addr { host: "127.26.31.194" port: 39647 } } peers { permanent_uuid: "0e9758a580f3435db16cd67ce7a8fc62" member_type: VOTER last_known_addr { host: "127.26.31.195" port: 36063 } }
I20260630 12:22:14.699863 31409 ts_tablet_manager.cc:1403] T 5993a1bc8fdf45519576ba9583f6cffd P 0e9758a580f3435db16cd67ce7a8fc62: Time spent bootstrapping tablet: real 0.107s	user 0.006s	sys 0.007s
I20260630 12:22:14.699895 31408 raft_consensus.cc:385] T 8c44203c820242f5be6e7f6ada5ec40b P ab7c55f8d7cc4def8a477d3fcbcbb8ae [term 0 FOLLOWER]: Consensus starting up: Expiring failure detector timer to make a prompt election more likely
I20260630 12:22:14.700474 31408 raft_consensus.cc:740] T 8c44203c820242f5be6e7f6ada5ec40b P ab7c55f8d7cc4def8a477d3fcbcbb8ae [term 0 FOLLOWER]: Becoming Follower/Learner. State: Replica: ab7c55f8d7cc4def8a477d3fcbcbb8ae, State: Initialized, Role: FOLLOWER
I20260630 12:22:14.700544 31407 tablet_bootstrap.cc:492] T 7b2e565a128c465abf42427975b8ca3b P 5d325750571849a6aef6e4be4dfa92b9: No bootstrap required, opened a new log
I20260630 12:22:14.701068 31407 ts_tablet_manager.cc:1403] T 7b2e565a128c465abf42427975b8ca3b P 5d325750571849a6aef6e4be4dfa92b9: Time spent bootstrapping tablet: real 0.034s	user 0.012s	sys 0.007s
I20260630 12:22:14.701208 31408 consensus_queue.cc:260] T 8c44203c820242f5be6e7f6ada5ec40b P ab7c55f8d7cc4def8a477d3fcbcbb8ae [NON_LEADER]: Queue going to NON_LEADER mode. State: All replicated index: 0, Majority replicated index: 0, Committed index: 0, Last appended: 0.0, Last appended by leader: 0, Current term: 0, Majority size: -1, State: 0, Mode: NON_LEADER, active raft config: opid_index: -1 OBSOLETE_local: false peers { permanent_uuid: "ab7c55f8d7cc4def8a477d3fcbcbb8ae" member_type: VOTER last_known_addr { host: "127.26.31.193" port: 44299 } } peers { permanent_uuid: "5d325750571849a6aef6e4be4dfa92b9" member_type: VOTER last_known_addr { host: "127.26.31.194" port: 39647 } } peers { permanent_uuid: "0e9758a580f3435db16cd67ce7a8fc62" member_type: VOTER last_known_addr { host: "127.26.31.195" port: 36063 } }
I20260630 12:22:14.702893 31408 ts_tablet_manager.cc:1434] T 8c44203c820242f5be6e7f6ada5ec40b P ab7c55f8d7cc4def8a477d3fcbcbb8ae: Time spent starting tablet: real 0.006s	user 0.001s	sys 0.004s
I20260630 12:22:14.703616 31408 tablet_bootstrap.cc:492] T b853baa17641424e90a509ccb2c33a36 P ab7c55f8d7cc4def8a477d3fcbcbb8ae: Bootstrap starting.
I20260630 12:22:14.704535 31407 raft_consensus.cc:359] T 7b2e565a128c465abf42427975b8ca3b P 5d325750571849a6aef6e4be4dfa92b9 [term 0 FOLLOWER]: Replica starting. Triggering 0 pending ops. Active config: opid_index: -1 OBSOLETE_local: false peers { permanent_uuid: "5d325750571849a6aef6e4be4dfa92b9" member_type: VOTER last_known_addr { host: "127.26.31.194" port: 39647 } } peers { permanent_uuid: "0e9758a580f3435db16cd67ce7a8fc62" member_type: VOTER last_known_addr { host: "127.26.31.195" port: 36063 } } peers { permanent_uuid: "ab7c55f8d7cc4def8a477d3fcbcbb8ae" member_type: VOTER last_known_addr { host: "127.26.31.193" port: 44299 } }
I20260630 12:22:14.704736 31409 raft_consensus.cc:359] T 5993a1bc8fdf45519576ba9583f6cffd P 0e9758a580f3435db16cd67ce7a8fc62 [term 0 FOLLOWER]: Replica starting. Triggering 0 pending ops. Active config: opid_index: -1 OBSOLETE_local: false peers { permanent_uuid: "ab7c55f8d7cc4def8a477d3fcbcbb8ae" member_type: VOTER last_known_addr { host: "127.26.31.193" port: 44299 } } peers { permanent_uuid: "5d325750571849a6aef6e4be4dfa92b9" member_type: VOTER last_known_addr { host: "127.26.31.194" port: 39647 } } peers { permanent_uuid: "0e9758a580f3435db16cd67ce7a8fc62" member_type: VOTER last_known_addr { host: "127.26.31.195" port: 36063 } }
I20260630 12:22:14.705343 31407 raft_consensus.cc:385] T 7b2e565a128c465abf42427975b8ca3b P 5d325750571849a6aef6e4be4dfa92b9 [term 0 FOLLOWER]: Consensus starting up: Expiring failure detector timer to make a prompt election more likely
I20260630 12:22:14.705444 31409 raft_consensus.cc:385] T 5993a1bc8fdf45519576ba9583f6cffd P 0e9758a580f3435db16cd67ce7a8fc62 [term 0 FOLLOWER]: Consensus starting up: Expiring failure detector timer to make a prompt election more likely
I20260630 12:22:14.705695 31407 raft_consensus.cc:740] T 7b2e565a128c465abf42427975b8ca3b P 5d325750571849a6aef6e4be4dfa92b9 [term 0 FOLLOWER]: Becoming Follower/Learner. State: Replica: 5d325750571849a6aef6e4be4dfa92b9, State: Initialized, Role: FOLLOWER
I20260630 12:22:14.705768 31409 raft_consensus.cc:740] T 5993a1bc8fdf45519576ba9583f6cffd P 0e9758a580f3435db16cd67ce7a8fc62 [term 0 FOLLOWER]: Becoming Follower/Learner. State: Replica: 0e9758a580f3435db16cd67ce7a8fc62, State: Initialized, Role: FOLLOWER
I20260630 12:22:14.706612 31407 consensus_queue.cc:260] T 7b2e565a128c465abf42427975b8ca3b P 5d325750571849a6aef6e4be4dfa92b9 [NON_LEADER]: Queue going to NON_LEADER mode. State: All replicated index: 0, Majority replicated index: 0, Committed index: 0, Last appended: 0.0, Last appended by leader: 0, Current term: 0, Majority size: -1, State: 0, Mode: NON_LEADER, active raft config: opid_index: -1 OBSOLETE_local: false peers { permanent_uuid: "5d325750571849a6aef6e4be4dfa92b9" member_type: VOTER last_known_addr { host: "127.26.31.194" port: 39647 } } peers { permanent_uuid: "0e9758a580f3435db16cd67ce7a8fc62" member_type: VOTER last_known_addr { host: "127.26.31.195" port: 36063 } } peers { permanent_uuid: "ab7c55f8d7cc4def8a477d3fcbcbb8ae" member_type: VOTER last_known_addr { host: "127.26.31.193" port: 44299 } }
I20260630 12:22:14.706612 31409 consensus_queue.cc:260] T 5993a1bc8fdf45519576ba9583f6cffd P 0e9758a580f3435db16cd67ce7a8fc62 [NON_LEADER]: Queue going to NON_LEADER mode. State: All replicated index: 0, Majority replicated index: 0, Committed index: 0, Last appended: 0.0, Last appended by leader: 0, Current term: 0, Majority size: -1, State: 0, Mode: NON_LEADER, active raft config: opid_index: -1 OBSOLETE_local: false peers { permanent_uuid: "ab7c55f8d7cc4def8a477d3fcbcbb8ae" member_type: VOTER last_known_addr { host: "127.26.31.193" port: 44299 } } peers { permanent_uuid: "5d325750571849a6aef6e4be4dfa92b9" member_type: VOTER last_known_addr { host: "127.26.31.194" port: 39647 } } peers { permanent_uuid: "0e9758a580f3435db16cd67ce7a8fc62" member_type: VOTER last_known_addr { host: "127.26.31.195" port: 36063 } }
I20260630 12:22:14.710242 31408 tablet_bootstrap.cc:654] T b853baa17641424e90a509ccb2c33a36 P ab7c55f8d7cc4def8a477d3fcbcbb8ae: Neither blocks nor log segments found. Creating new log.
I20260630 12:22:14.713049 31413 raft_consensus.cc:493] T 7b2e565a128c465abf42427975b8ca3b P 5d325750571849a6aef6e4be4dfa92b9 [term 0 FOLLOWER]: Starting pre-election (no leader contacted us within the election timeout)
I20260630 12:22:14.713691 31413 raft_consensus.cc:515] T 7b2e565a128c465abf42427975b8ca3b P 5d325750571849a6aef6e4be4dfa92b9 [term 0 FOLLOWER]: Starting pre-election with config: opid_index: -1 OBSOLETE_local: false peers { permanent_uuid: "5d325750571849a6aef6e4be4dfa92b9" member_type: VOTER last_known_addr { host: "127.26.31.194" port: 39647 } } peers { permanent_uuid: "0e9758a580f3435db16cd67ce7a8fc62" member_type: VOTER last_known_addr { host: "127.26.31.195" port: 36063 } } peers { permanent_uuid: "ab7c55f8d7cc4def8a477d3fcbcbb8ae" member_type: VOTER last_known_addr { host: "127.26.31.193" port: 44299 } }
I20260630 12:22:14.716774 31413 leader_election.cc:290] T 7b2e565a128c465abf42427975b8ca3b P 5d325750571849a6aef6e4be4dfa92b9 [CANDIDATE]: Term 1 pre-election: Requested pre-vote from peers 0e9758a580f3435db16cd67ce7a8fc62 (127.26.31.195:36063), ab7c55f8d7cc4def8a477d3fcbcbb8ae (127.26.31.193:44299)
I20260630 12:22:14.719659 31412 raft_consensus.cc:493] T 7b2e565a128c465abf42427975b8ca3b P ab7c55f8d7cc4def8a477d3fcbcbb8ae [term 0 FOLLOWER]: Starting pre-election (no leader contacted us within the election timeout)
I20260630 12:22:14.720182 31412 raft_consensus.cc:515] T 7b2e565a128c465abf42427975b8ca3b P ab7c55f8d7cc4def8a477d3fcbcbb8ae [term 0 FOLLOWER]: Starting pre-election with config: opid_index: -1 OBSOLETE_local: false peers { permanent_uuid: "5d325750571849a6aef6e4be4dfa92b9" member_type: VOTER last_known_addr { host: "127.26.31.194" port: 39647 } } peers { permanent_uuid: "0e9758a580f3435db16cd67ce7a8fc62" member_type: VOTER last_known_addr { host: "127.26.31.195" port: 36063 } } peers { permanent_uuid: "ab7c55f8d7cc4def8a477d3fcbcbb8ae" member_type: VOTER last_known_addr { host: "127.26.31.193" port: 44299 } }
I20260630 12:22:14.721334 31407 ts_tablet_manager.cc:1434] T 7b2e565a128c465abf42427975b8ca3b P 5d325750571849a6aef6e4be4dfa92b9: Time spent starting tablet: real 0.020s	user 0.005s	sys 0.002s
I20260630 12:22:14.722333 31407 tablet_bootstrap.cc:492] T 5993a1bc8fdf45519576ba9583f6cffd P 5d325750571849a6aef6e4be4dfa92b9: Bootstrap starting.
I20260630 12:22:14.725986 31420 raft_consensus.cc:493] T 5993a1bc8fdf45519576ba9583f6cffd P 0e9758a580f3435db16cd67ce7a8fc62 [term 0 FOLLOWER]: Starting pre-election (no leader contacted us within the election timeout)
I20260630 12:22:14.726478 31420 raft_consensus.cc:515] T 5993a1bc8fdf45519576ba9583f6cffd P 0e9758a580f3435db16cd67ce7a8fc62 [term 0 FOLLOWER]: Starting pre-election with config: opid_index: -1 OBSOLETE_local: false peers { permanent_uuid: "ab7c55f8d7cc4def8a477d3fcbcbb8ae" member_type: VOTER last_known_addr { host: "127.26.31.193" port: 44299 } } peers { permanent_uuid: "5d325750571849a6aef6e4be4dfa92b9" member_type: VOTER last_known_addr { host: "127.26.31.194" port: 39647 } } peers { permanent_uuid: "0e9758a580f3435db16cd67ce7a8fc62" member_type: VOTER last_known_addr { host: "127.26.31.195" port: 36063 } }
I20260630 12:22:14.732127 31412 leader_election.cc:290] T 7b2e565a128c465abf42427975b8ca3b P ab7c55f8d7cc4def8a477d3fcbcbb8ae [CANDIDATE]: Term 1 pre-election: Requested pre-vote from peers 5d325750571849a6aef6e4be4dfa92b9 (127.26.31.194:39647), 0e9758a580f3435db16cd67ce7a8fc62 (127.26.31.195:36063)
I20260630 12:22:14.740650 31407 tablet_bootstrap.cc:654] T 5993a1bc8fdf45519576ba9583f6cffd P 5d325750571849a6aef6e4be4dfa92b9: Neither blocks nor log segments found. Creating new log.
I20260630 12:22:14.766230 31420 leader_election.cc:290] T 5993a1bc8fdf45519576ba9583f6cffd P 0e9758a580f3435db16cd67ce7a8fc62 [CANDIDATE]: Term 1 pre-election: Requested pre-vote from peers ab7c55f8d7cc4def8a477d3fcbcbb8ae (127.26.31.193:44299), 5d325750571849a6aef6e4be4dfa92b9 (127.26.31.194:39647)
I20260630 12:22:14.776286 31409 ts_tablet_manager.cc:1434] T 5993a1bc8fdf45519576ba9583f6cffd P 0e9758a580f3435db16cd67ce7a8fc62: Time spent starting tablet: real 0.076s	user 0.011s	sys 0.002s
W20260630 12:22:14.776639 31389 tablet.cc:2406] T 5993a1bc8fdf45519576ba9583f6cffd P 0e9758a580f3435db16cd67ce7a8fc62: Can't schedule compaction. Clean time has not been advanced past its initial value.
I20260630 12:22:14.777433 31409 tablet_bootstrap.cc:492] T c7b78ee9268d46e5bdb5a2f8f8e39181 P 0e9758a580f3435db16cd67ce7a8fc62: Bootstrap starting.
I20260630 12:22:14.792003 31409 tablet_bootstrap.cc:654] T c7b78ee9268d46e5bdb5a2f8f8e39181 P 0e9758a580f3435db16cd67ce7a8fc62: Neither blocks nor log segments found. Creating new log.
I20260630 12:22:14.807062 31408 tablet_bootstrap.cc:492] T b853baa17641424e90a509ccb2c33a36 P ab7c55f8d7cc4def8a477d3fcbcbb8ae: No bootstrap required, opened a new log
I20260630 12:22:14.807790 31408 ts_tablet_manager.cc:1403] T b853baa17641424e90a509ccb2c33a36 P ab7c55f8d7cc4def8a477d3fcbcbb8ae: Time spent bootstrapping tablet: real 0.104s	user 0.014s	sys 0.034s
I20260630 12:22:14.820127 31289 tablet_service.cc:1917] Received RequestConsensusVote() RPC: tablet_id: "7b2e565a128c465abf42427975b8ca3b" candidate_uuid: "ab7c55f8d7cc4def8a477d3fcbcbb8ae" candidate_term: 1 candidate_status { last_received { term: 0 index: 0 } } ignore_live_leader: false dest_uuid: "5d325750571849a6aef6e4be4dfa92b9" is_pre_election: true
I20260630 12:22:14.820991 31289 raft_consensus.cc:2468] T 7b2e565a128c465abf42427975b8ca3b P 5d325750571849a6aef6e4be4dfa92b9 [term 0 FOLLOWER]: Leader pre-election vote request: Granting yes vote for candidate ab7c55f8d7cc4def8a477d3fcbcbb8ae in term 0.
I20260630 12:22:14.823428 31214 tablet_service.cc:1917] Received RequestConsensusVote() RPC: tablet_id: "5993a1bc8fdf45519576ba9583f6cffd" candidate_uuid: "0e9758a580f3435db16cd67ce7a8fc62" candidate_term: 1 candidate_status { last_received { term: 0 index: 0 } } ignore_live_leader: false dest_uuid: "ab7c55f8d7cc4def8a477d3fcbcbb8ae" is_pre_election: true
W20260630 12:22:14.825320 31328 leader_election.cc:343] T 5993a1bc8fdf45519576ba9583f6cffd P 0e9758a580f3435db16cd67ce7a8fc62 [CANDIDATE]: Term 1 pre-election: Tablet error from VoteRequest() call to peer ab7c55f8d7cc4def8a477d3fcbcbb8ae (127.26.31.193:44299): Illegal state: must be running to vote when last-logged opid is not known
I20260630 12:22:14.826152 31177 leader_election.cc:304] T 7b2e565a128c465abf42427975b8ca3b P ab7c55f8d7cc4def8a477d3fcbcbb8ae [CANDIDATE]: Term 1 pre-election: Election decided. Result: candidate won. Election summary: received 2 responses out of 3 voters: 2 yes votes; 0 no votes. yes voters: 5d325750571849a6aef6e4be4dfa92b9, ab7c55f8d7cc4def8a477d3fcbcbb8ae; no voters: 
I20260630 12:22:14.827034 31412 raft_consensus.cc:2804] T 7b2e565a128c465abf42427975b8ca3b P ab7c55f8d7cc4def8a477d3fcbcbb8ae [term 0 FOLLOWER]: Leader pre-election won for term 1
I20260630 12:22:14.827420 31412 raft_consensus.cc:493] T 7b2e565a128c465abf42427975b8ca3b P ab7c55f8d7cc4def8a477d3fcbcbb8ae [term 0 FOLLOWER]: Starting leader election (no leader contacted us within the election timeout)
I20260630 12:22:14.827742 31412 raft_consensus.cc:3060] T 7b2e565a128c465abf42427975b8ca3b P ab7c55f8d7cc4def8a477d3fcbcbb8ae [term 0 FOLLOWER]: Advancing to term 1
