I20260630 12:21:36.611616 30067 ts_tablet_manager.cc:1434] T ced42db431594854af5287895a2cde7b P 2e70864e57d04e6aad93b08eee122b49: Time spent starting tablet: real 0.006s	user 0.004s	sys 0.000s
I20260630 12:21:36.613307 30068 consensus_queue.cc:260] T a4e7389623b24cedb3a1e204b7bac0d7 P d3749db0e3b84da597abc4ebb8caa99b [NON_LEADER]: Queue going to NON_LEADER mode. State: All replicated index: 0, Majority replicated index: 0, Committed index: 0, Last appended: 0.0, Last appended by leader: 0, Current term: 0, Majority size: -1, State: 0, Mode: NON_LEADER, active raft config: opid_index: -1 OBSOLETE_local: false peers { permanent_uuid: "91749ba41534486d848deeb81d9d3670" member_type: VOTER last_known_addr { host: "127.26.31.196" port: 41927 } } peers { permanent_uuid: "d3749db0e3b84da597abc4ebb8caa99b" member_type: VOTER last_known_addr { host: "127.26.31.194" port: 39359 } } peers { permanent_uuid: "2e70864e57d04e6aad93b08eee122b49" member_type: VOTER last_known_addr { host: "127.26.31.195" port: 35365 } }
I20260630 12:21:36.616714 30068 ts_tablet_manager.cc:1434] T a4e7389623b24cedb3a1e204b7bac0d7 P d3749db0e3b84da597abc4ebb8caa99b: Time spent starting tablet: real 0.016s	user 0.003s	sys 0.003s
I20260630 12:21:36.617028 30074 tablet_bootstrap.cc:654] T 16c49a78eb7b4725a7dde3e6cc55ac42 P 91749ba41534486d848deeb81d9d3670: Neither blocks nor log segments found. Creating new log.
I20260630 12:21:36.622568 29922 raft_consensus.cc:493] T ced42db431594854af5287895a2cde7b P 2e70864e57d04e6aad93b08eee122b49 [term 0 FOLLOWER]: Starting pre-election (no leader contacted us within the election timeout)
I20260630 12:21:36.622996 29922 raft_consensus.cc:515] T ced42db431594854af5287895a2cde7b P 2e70864e57d04e6aad93b08eee122b49 [term 0 FOLLOWER]: Starting pre-election with config: opid_index: -1 OBSOLETE_local: false peers { permanent_uuid: "1946412c5acf42aaa52e06c18fdc319a" member_type: VOTER last_known_addr { host: "127.26.31.193" port: 33421 } } peers { permanent_uuid: "91749ba41534486d848deeb81d9d3670" member_type: VOTER last_known_addr { host: "127.26.31.196" port: 41927 } } peers { permanent_uuid: "2e70864e57d04e6aad93b08eee122b49" member_type: VOTER last_known_addr { host: "127.26.31.195" port: 35365 } }
I20260630 12:21:36.624766 29922 leader_election.cc:290] T ced42db431594854af5287895a2cde7b P 2e70864e57d04e6aad93b08eee122b49 [CANDIDATE]: Term 1 pre-election: Requested pre-vote from peers 1946412c5acf42aaa52e06c18fdc319a (127.26.31.193:33421), 91749ba41534486d848deeb81d9d3670 (127.26.31.196:41927)
I20260630 12:21:36.625536 29721 tablet_service.cc:1917] Received RequestConsensusVote() RPC: tablet_id: "ced42db431594854af5287895a2cde7b" candidate_uuid: "2e70864e57d04e6aad93b08eee122b49" candidate_term: 1 candidate_status { last_received { term: 0 index: 0 } } ignore_live_leader: false dest_uuid: "1946412c5acf42aaa52e06c18fdc319a" is_pre_election: true
I20260630 12:21:36.626421 29721 raft_consensus.cc:2468] T ced42db431594854af5287895a2cde7b P 1946412c5acf42aaa52e06c18fdc319a [term 0 FOLLOWER]: Leader pre-election vote request: Granting yes vote for candidate 2e70864e57d04e6aad93b08eee122b49 in term 0.
I20260630 12:21:36.628293 29833 leader_election.cc:304] T ced42db431594854af5287895a2cde7b P 2e70864e57d04e6aad93b08eee122b49 [CANDIDATE]: Term 1 pre-election: Election decided. Result: candidate won. Election summary: received 2 responses out of 3 voters: 2 yes votes; 0 no votes. yes voters: 1946412c5acf42aaa52e06c18fdc319a, 2e70864e57d04e6aad93b08eee122b49; no voters: 
I20260630 12:21:36.628997 30033 tablet_service.cc:1917] Received RequestConsensusVote() RPC: tablet_id: "ced42db431594854af5287895a2cde7b" candidate_uuid: "2e70864e57d04e6aad93b08eee122b49" candidate_term: 1 candidate_status { last_received { term: 0 index: 0 } } ignore_live_leader: false dest_uuid: "91749ba41534486d848deeb81d9d3670" is_pre_election: true
I20260630 12:21:36.630514 29951 raft_consensus.cc:2804] T ced42db431594854af5287895a2cde7b P 2e70864e57d04e6aad93b08eee122b49 [term 0 FOLLOWER]: Leader pre-election won for term 1
I20260630 12:21:36.630897 29951 raft_consensus.cc:493] T ced42db431594854af5287895a2cde7b P 2e70864e57d04e6aad93b08eee122b49 [term 0 FOLLOWER]: Starting leader election (no leader contacted us within the election timeout)
I20260630 12:21:36.631285 29951 raft_consensus.cc:3060] T ced42db431594854af5287895a2cde7b P 2e70864e57d04e6aad93b08eee122b49 [term 0 FOLLOWER]: Advancing to term 1
W20260630 12:21:36.636991 29836 leader_election.cc:343] T ced42db431594854af5287895a2cde7b P 2e70864e57d04e6aad93b08eee122b49 [CANDIDATE]: Term 1 pre-election: Tablet error from VoteRequest() call to peer 91749ba41534486d848deeb81d9d3670 (127.26.31.196:41927): Illegal state: must be running to vote when last-logged opid is not known
I20260630 12:21:36.637609 30074 tablet_bootstrap.cc:492] T 16c49a78eb7b4725a7dde3e6cc55ac42 P 91749ba41534486d848deeb81d9d3670: No bootstrap required, opened a new log
I20260630 12:21:36.638546 30074 ts_tablet_manager.cc:1403] T 16c49a78eb7b4725a7dde3e6cc55ac42 P 91749ba41534486d848deeb81d9d3670: Time spent bootstrapping tablet: real 0.029s	user 0.018s	sys 0.007s
I20260630 12:21:36.642794 29869 tablet_service.cc:1917] Received RequestConsensusVote() RPC: tablet_id: "d4186a1b48754cf8a0d04a59efe3e386" candidate_uuid: "91749ba41534486d848deeb81d9d3670" candidate_term: 1 candidate_status { last_received { term: 0 index: 0 } } ignore_live_leader: false dest_uuid: "2e70864e57d04e6aad93b08eee122b49" is_pre_election: true
I20260630 12:21:36.643435 29869 raft_consensus.cc:2468] T d4186a1b48754cf8a0d04a59efe3e386 P 2e70864e57d04e6aad93b08eee122b49 [term 0 FOLLOWER]: Leader pre-election vote request: Granting yes vote for candidate 91749ba41534486d848deeb81d9d3670 in term 0.
I20260630 12:21:36.643821 30074 raft_consensus.cc:359] T 16c49a78eb7b4725a7dde3e6cc55ac42 P 91749ba41534486d848deeb81d9d3670 [term 0 FOLLOWER]: Replica starting. Triggering 0 pending ops. Active config: opid_index: -1 OBSOLETE_local: false peers { permanent_uuid: "91749ba41534486d848deeb81d9d3670" member_type: VOTER last_known_addr { host: "127.26.31.196" port: 41927 } } peers { permanent_uuid: "1946412c5acf42aaa52e06c18fdc319a" member_type: VOTER last_known_addr { host: "127.26.31.193" port: 33421 } } peers { permanent_uuid: "2e70864e57d04e6aad93b08eee122b49" member_type: VOTER last_known_addr { host: "127.26.31.195" port: 35365 } }
I20260630 12:21:36.644768 30074 raft_consensus.cc:385] T 16c49a78eb7b4725a7dde3e6cc55ac42 P 91749ba41534486d848deeb81d9d3670 [term 0 FOLLOWER]: Consensus starting up: Expiring failure detector timer to make a prompt election more likely
I20260630 12:21:36.644852 29996 leader_election.cc:304] T d4186a1b48754cf8a0d04a59efe3e386 P 91749ba41534486d848deeb81d9d3670 [CANDIDATE]: Term 1 pre-election: Election decided. Result: candidate won. Election summary: received 2 responses out of 3 voters: 2 yes votes; 0 no votes. yes voters: 2e70864e57d04e6aad93b08eee122b49, 91749ba41534486d848deeb81d9d3670; no voters: 
I20260630 12:21:36.645234 30074 raft_consensus.cc:740] T 16c49a78eb7b4725a7dde3e6cc55ac42 P 91749ba41534486d848deeb81d9d3670 [term 0 FOLLOWER]: Becoming Follower/Learner. State: Replica: 91749ba41534486d848deeb81d9d3670, State: Initialized, Role: FOLLOWER
I20260630 12:21:36.645128 29951 raft_consensus.cc:515] T ced42db431594854af5287895a2cde7b P 2e70864e57d04e6aad93b08eee122b49 [term 1 FOLLOWER]: Starting leader election with config: opid_index: -1 OBSOLETE_local: false peers { permanent_uuid: "1946412c5acf42aaa52e06c18fdc319a" member_type: VOTER last_known_addr { host: "127.26.31.193" port: 33421 } } peers { permanent_uuid: "91749ba41534486d848deeb81d9d3670" member_type: VOTER last_known_addr { host: "127.26.31.196" port: 41927 } } peers { permanent_uuid: "2e70864e57d04e6aad93b08eee122b49" member_type: VOTER last_known_addr { host: "127.26.31.195" port: 35365 } }
I20260630 12:21:36.645838 30086 leader_election.cc:290] T d4186a1b48754cf8a0d04a59efe3e386 P 91749ba41534486d848deeb81d9d3670 [CANDIDATE]: Term 1 pre-election: Requested pre-vote from peers d3749db0e3b84da597abc4ebb8caa99b (127.26.31.194:39359), 2e70864e57d04e6aad93b08eee122b49 (127.26.31.195:35365)
I20260630 12:21:36.645859 30106 raft_consensus.cc:2804] T d4186a1b48754cf8a0d04a59efe3e386 P 91749ba41534486d848deeb81d9d3670 [term 0 FOLLOWER]: Leader pre-election won for term 1
I20260630 12:21:36.646153 30074 consensus_queue.cc:260] T 16c49a78eb7b4725a7dde3e6cc55ac42 P 91749ba41534486d848deeb81d9d3670 [NON_LEADER]: Queue going to NON_LEADER mode. State: All replicated index: 0, Majority replicated index: 0, Committed index: 0, Last appended: 0.0, Last appended by leader: 0, Current term: 0, Majority size: -1, State: 0, Mode: NON_LEADER, active raft config: opid_index: -1 OBSOLETE_local: false peers { permanent_uuid: "91749ba41534486d848deeb81d9d3670" member_type: VOTER last_known_addr { host: "127.26.31.196" port: 41927 } } peers { permanent_uuid: "1946412c5acf42aaa52e06c18fdc319a" member_type: VOTER last_known_addr { host: "127.26.31.193" port: 33421 } } peers { permanent_uuid: "2e70864e57d04e6aad93b08eee122b49" member_type: VOTER last_known_addr { host: "127.26.31.195" port: 35365 } }
I20260630 12:21:36.646998 30106 raft_consensus.cc:493] T d4186a1b48754cf8a0d04a59efe3e386 P 91749ba41534486d848deeb81d9d3670 [term 0 FOLLOWER]: Starting leader election (no leader contacted us within the election timeout)
I20260630 12:21:36.647279 29951 leader_election.cc:290] T ced42db431594854af5287895a2cde7b P 2e70864e57d04e6aad93b08eee122b49 [CANDIDATE]: Term 1 election: Requested vote from peers 1946412c5acf42aaa52e06c18fdc319a (127.26.31.193:33421), 91749ba41534486d848deeb81d9d3670 (127.26.31.196:41927)
I20260630 12:21:36.647352 30106 raft_consensus.cc:3060] T d4186a1b48754cf8a0d04a59efe3e386 P 91749ba41534486d848deeb81d9d3670 [term 0 FOLLOWER]: Advancing to term 1
I20260630 12:21:36.648064 29721 tablet_service.cc:1917] Received RequestConsensusVote() RPC: tablet_id: "ced42db431594854af5287895a2cde7b" candidate_uuid: "2e70864e57d04e6aad93b08eee122b49" candidate_term: 1 candidate_status { last_received { term: 0 index: 0 } } ignore_live_leader: false dest_uuid: "1946412c5acf42aaa52e06c18fdc319a"
I20260630 12:21:36.648535 29721 raft_consensus.cc:3060] T ced42db431594854af5287895a2cde7b P 1946412c5acf42aaa52e06c18fdc319a [term 0 FOLLOWER]: Advancing to term 1
I20260630 12:21:36.648593 30074 ts_tablet_manager.cc:1434] T 16c49a78eb7b4725a7dde3e6cc55ac42 P 91749ba41534486d848deeb81d9d3670: Time spent starting tablet: real 0.009s	user 0.006s	sys 0.001s
I20260630 12:21:36.649710 30074 tablet_bootstrap.cc:492] T 2c22c57ec37242c49536fe715bf5c40a P 91749ba41534486d848deeb81d9d3670: Bootstrap starting.
I20260630 12:21:36.655162 30033 tablet_service.cc:1917] Received RequestConsensusVote() RPC: tablet_id: "ced42db431594854af5287895a2cde7b" candidate_uuid: "2e70864e57d04e6aad93b08eee122b49" candidate_term: 1 candidate_status { last_received { term: 0 index: 0 } } ignore_live_leader: false dest_uuid: "91749ba41534486d848deeb81d9d3670"
I20260630 12:21:36.656271 30074 tablet_bootstrap.cc:654] T 2c22c57ec37242c49536fe715bf5c40a P 91749ba41534486d848deeb81d9d3670: Neither blocks nor log segments found. Creating new log.
I20260630 12:21:36.656160 29721 raft_consensus.cc:2468] T ced42db431594854af5287895a2cde7b P 1946412c5acf42aaa52e06c18fdc319a [term 1 FOLLOWER]: Leader election vote request: Granting yes vote for candidate 2e70864e57d04e6aad93b08eee122b49 in term 1.
W20260630 12:21:36.656522 29836 leader_election.cc:343] T ced42db431594854af5287895a2cde7b P 2e70864e57d04e6aad93b08eee122b49 [CANDIDATE]: Term 1 election: Tablet error from VoteRequest() call to peer 91749ba41534486d848deeb81d9d3670 (127.26.31.196:41927): Illegal state: must be running to vote when last-logged opid is not known
I20260630 12:21:36.657442 29833 leader_election.cc:304] T ced42db431594854af5287895a2cde7b P 2e70864e57d04e6aad93b08eee122b49 [CANDIDATE]: Term 1 election: Election decided. Result: candidate won. Election summary: received 3 responses out of 3 voters: 2 yes votes; 1 no votes. yes voters: 1946412c5acf42aaa52e06c18fdc319a, 2e70864e57d04e6aad93b08eee122b49; no voters: 91749ba41534486d848deeb81d9d3670
I20260630 12:21:36.658599 30106 raft_consensus.cc:515] T d4186a1b48754cf8a0d04a59efe3e386 P 91749ba41534486d848deeb81d9d3670 [term 1 FOLLOWER]: Starting leader election with config: opid_index: -1 OBSOLETE_local: false peers { permanent_uuid: "91749ba41534486d848deeb81d9d3670" member_type: VOTER last_known_addr { host: "127.26.31.196" port: 41927 } } peers { permanent_uuid: "d3749db0e3b84da597abc4ebb8caa99b" member_type: VOTER last_known_addr { host: "127.26.31.194" port: 39359 } } peers { permanent_uuid: "2e70864e57d04e6aad93b08eee122b49" member_type: VOTER last_known_addr { host: "127.26.31.195" port: 35365 } }
I20260630 12:21:36.659133 29951 raft_consensus.cc:2804] T ced42db431594854af5287895a2cde7b P 2e70864e57d04e6aad93b08eee122b49 [term 1 FOLLOWER]: Leader election won for term 1
I20260630 12:21:36.659929 29951 raft_consensus.cc:697] T ced42db431594854af5287895a2cde7b P 2e70864e57d04e6aad93b08eee122b49 [term 1 LEADER]: Becoming Leader. State: Replica: 2e70864e57d04e6aad93b08eee122b49, State: Running, Role: LEADER
I20260630 12:21:36.660796 29951 consensus_queue.cc:237] T ced42db431594854af5287895a2cde7b P 2e70864e57d04e6aad93b08eee122b49 [LEADER]: Queue going to LEADER mode. State: All replicated index: 0, Majority replicated index: 0, Committed index: 0, Last appended: 0.0, Last appended by leader: 0, Current term: 1, Majority size: 2, State: 0, Mode: LEADER, active raft config: opid_index: -1 OBSOLETE_local: false peers { permanent_uuid: "1946412c5acf42aaa52e06c18fdc319a" member_type: VOTER last_known_addr { host: "127.26.31.193" port: 33421 } } peers { permanent_uuid: "91749ba41534486d848deeb81d9d3670" member_type: VOTER last_known_addr { host: "127.26.31.196" port: 41927 } } peers { permanent_uuid: "2e70864e57d04e6aad93b08eee122b49" member_type: VOTER last_known_addr { host: "127.26.31.195" port: 35365 } }
I20260630 12:21:36.661710 30106 leader_election.cc:290] T d4186a1b48754cf8a0d04a59efe3e386 P 91749ba41534486d848deeb81d9d3670 [CANDIDATE]: Term 1 election: Requested vote from peers d3749db0e3b84da597abc4ebb8caa99b (127.26.31.194:39359), 2e70864e57d04e6aad93b08eee122b49 (127.26.31.195:35365)
I20260630 12:21:36.663005 29869 tablet_service.cc:1917] Received RequestConsensusVote() RPC: tablet_id: "d4186a1b48754cf8a0d04a59efe3e386" candidate_uuid: "91749ba41534486d848deeb81d9d3670" candidate_term: 1 candidate_status { last_received { term: 0 index: 0 } } ignore_live_leader: false dest_uuid: "2e70864e57d04e6aad93b08eee122b49"
I20260630 12:21:36.671777 29869 raft_consensus.cc:3060] T d4186a1b48754cf8a0d04a59efe3e386 P 2e70864e57d04e6aad93b08eee122b49 [term 0 FOLLOWER]: Advancing to term 1
I20260630 12:21:36.673281 29795 tablet_service.cc:1917] Received RequestConsensusVote() RPC: tablet_id: "d4186a1b48754cf8a0d04a59efe3e386" candidate_uuid: "91749ba41534486d848deeb81d9d3670" candidate_term: 1 candidate_status { last_received { term: 0 index: 0 } } ignore_live_leader: false dest_uuid: "d3749db0e3b84da597abc4ebb8caa99b" is_pre_election: true
I20260630 12:21:36.673918 29795 raft_consensus.cc:2468] T d4186a1b48754cf8a0d04a59efe3e386 P d3749db0e3b84da597abc4ebb8caa99b [term 0 FOLLOWER]: Leader pre-election vote request: Granting yes vote for candidate 91749ba41534486d848deeb81d9d3670 in term 0.
I20260630 12:21:36.673823 29796 tablet_service.cc:1917] Received RequestConsensusVote() RPC: tablet_id: "d4186a1b48754cf8a0d04a59efe3e386" candidate_uuid: "91749ba41534486d848deeb81d9d3670" candidate_term: 1 candidate_status { last_received { term: 0 index: 0 } } ignore_live_leader: false dest_uuid: "d3749db0e3b84da597abc4ebb8caa99b"
I20260630 12:21:36.674754 29796 raft_consensus.cc:3060] T d4186a1b48754cf8a0d04a59efe3e386 P d3749db0e3b84da597abc4ebb8caa99b [term 0 FOLLOWER]: Advancing to term 1
I20260630 12:21:36.677686 29869 raft_consensus.cc:2468] T d4186a1b48754cf8a0d04a59efe3e386 P 2e70864e57d04e6aad93b08eee122b49 [term 1 FOLLOWER]: Leader election vote request: Granting yes vote for candidate 91749ba41534486d848deeb81d9d3670 in term 1.
I20260630 12:21:36.679060 29996 leader_election.cc:304] T d4186a1b48754cf8a0d04a59efe3e386 P 91749ba41534486d848deeb81d9d3670 [CANDIDATE]: Term 1 election: Election decided. Result: candidate won. Election summary: received 2 responses out of 3 voters: 2 yes votes; 0 no votes. yes voters: 2e70864e57d04e6aad93b08eee122b49, 91749ba41534486d848deeb81d9d3670; no voters: 
I20260630 12:21:36.680100 30106 raft_consensus.cc:2804] T d4186a1b48754cf8a0d04a59efe3e386 P 91749ba41534486d848deeb81d9d3670 [term 1 FOLLOWER]: Leader election won for term 1
I20260630 12:21:36.681270 30106 raft_consensus.cc:697] T d4186a1b48754cf8a0d04a59efe3e386 P 91749ba41534486d848deeb81d9d3670 [term 1 LEADER]: Becoming Leader. State: Replica: 91749ba41534486d848deeb81d9d3670, State: Running, Role: LEADER
I20260630 12:21:36.682070 30106 consensus_queue.cc:237] T d4186a1b48754cf8a0d04a59efe3e386 P 91749ba41534486d848deeb81d9d3670 [LEADER]: Queue going to LEADER mode. State: All replicated index: 0, Majority replicated index: 0, Committed index: 0, Last appended: 0.0, Last appended by leader: 0, Current term: 1, Majority size: 2, State: 0, Mode: LEADER, active raft config: opid_index: -1 OBSOLETE_local: false peers { permanent_uuid: "91749ba41534486d848deeb81d9d3670" member_type: VOTER last_known_addr { host: "127.26.31.196" port: 41927 } } peers { permanent_uuid: "d3749db0e3b84da597abc4ebb8caa99b" member_type: VOTER last_known_addr { host: "127.26.31.194" port: 39359 } } peers { permanent_uuid: "2e70864e57d04e6aad93b08eee122b49" member_type: VOTER last_known_addr { host: "127.26.31.195" port: 35365 } }
I20260630 12:21:36.684563 29796 raft_consensus.cc:2468] T d4186a1b48754cf8a0d04a59efe3e386 P d3749db0e3b84da597abc4ebb8caa99b [term 1 FOLLOWER]: Leader election vote request: Granting yes vote for candidate 91749ba41534486d848deeb81d9d3670 in term 1.
I20260630 12:21:36.684669 29618 catalog_manager.cc:5697] T ced42db431594854af5287895a2cde7b P 2e70864e57d04e6aad93b08eee122b49 reported cstate change: term changed from 0 to 1, leader changed from <none> to 2e70864e57d04e6aad93b08eee122b49 (127.26.31.195). New cstate: current_term: 1 leader_uuid: "2e70864e57d04e6aad93b08eee122b49" committed_config { opid_index: -1 OBSOLETE_local: false peers { permanent_uuid: "1946412c5acf42aaa52e06c18fdc319a" member_type: VOTER last_known_addr { host: "127.26.31.193" port: 33421 } health_report { overall_health: UNKNOWN } } peers { permanent_uuid: "91749ba41534486d848deeb81d9d3670" member_type: VOTER last_known_addr { host: "127.26.31.196" port: 41927 } health_report { overall_health: UNKNOWN } } peers { permanent_uuid: "2e70864e57d04e6aad93b08eee122b49" member_type: VOTER last_known_addr { host: "127.26.31.195" port: 35365 } health_report { overall_health: HEALTHY } } }
I20260630 12:21:36.690488 30074 tablet_bootstrap.cc:492] T 2c22c57ec37242c49536fe715bf5c40a P 91749ba41534486d848deeb81d9d3670: No bootstrap required, opened a new log
I20260630 12:21:36.690974 30074 ts_tablet_manager.cc:1403] T 2c22c57ec37242c49536fe715bf5c40a P 91749ba41534486d848deeb81d9d3670: Time spent bootstrapping tablet: real 0.041s	user 0.008s	sys 0.031s
I20260630 12:21:36.693897 30074 raft_consensus.cc:359] T 2c22c57ec37242c49536fe715bf5c40a P 91749ba41534486d848deeb81d9d3670 [term 0 FOLLOWER]: Replica starting. Triggering 0 pending ops. Active config: opid_index: -1 OBSOLETE_local: false peers { permanent_uuid: "91749ba41534486d848deeb81d9d3670" member_type: VOTER last_known_addr { host: "127.26.31.196" port: 41927 } } peers { permanent_uuid: "1946412c5acf42aaa52e06c18fdc319a" member_type: VOTER last_known_addr { host: "127.26.31.193" port: 33421 } } peers { permanent_uuid: "d3749db0e3b84da597abc4ebb8caa99b" member_type: VOTER last_known_addr { host: "127.26.31.194" port: 39359 } }
I20260630 12:21:36.694617 30074 raft_consensus.cc:385] T 2c22c57ec37242c49536fe715bf5c40a P 91749ba41534486d848deeb81d9d3670 [term 0 FOLLOWER]: Consensus starting up: Expiring failure detector timer to make a prompt election more likely
I20260630 12:21:36.694913 30074 raft_consensus.cc:740] T 2c22c57ec37242c49536fe715bf5c40a P 91749ba41534486d848deeb81d9d3670 [term 0 FOLLOWER]: Becoming Follower/Learner. State: Replica: 91749ba41534486d848deeb81d9d3670, State: Initialized, Role: FOLLOWER
I20260630 12:21:36.694324 29616 catalog_manager.cc:5697] T d4186a1b48754cf8a0d04a59efe3e386 P 91749ba41534486d848deeb81d9d3670 reported cstate change: term changed from 0 to 1, leader changed from <none> to 91749ba41534486d848deeb81d9d3670 (127.26.31.196). New cstate: current_term: 1 leader_uuid: "91749ba41534486d848deeb81d9d3670" committed_config { opid_index: -1 OBSOLETE_local: false peers { permanent_uuid: "91749ba41534486d848deeb81d9d3670" member_type: VOTER last_known_addr { host: "127.26.31.196" port: 41927 } health_report { overall_health: HEALTHY } } peers { permanent_uuid: "d3749db0e3b84da597abc4ebb8caa99b" member_type: VOTER last_known_addr { host: "127.26.31.194" port: 39359 } health_report { overall_health: UNKNOWN } } peers { permanent_uuid: "2e70864e57d04e6aad93b08eee122b49" member_type: VOTER last_known_addr { host: "127.26.31.195" port: 35365 } health_report { overall_health: UNKNOWN } } }
I20260630 12:21:36.695653 30074 consensus_queue.cc:260] T 2c22c57ec37242c49536fe715bf5c40a P 91749ba41534486d848deeb81d9d3670 [NON_LEADER]: Queue going to NON_LEADER mode. State: All replicated index: 0, Majority replicated index: 0, Committed index: 0, Last appended: 0.0, Last appended by leader: 0, Current term: 0, Majority size: -1, State: 0, Mode: NON_LEADER, active raft config: opid_index: -1 OBSOLETE_local: false peers { permanent_uuid: "91749ba41534486d848deeb81d9d3670" member_type: VOTER last_known_addr { host: "127.26.31.196" port: 41927 } } peers { permanent_uuid: "1946412c5acf42aaa52e06c18fdc319a" member_type: VOTER last_known_addr { host: "127.26.31.193" port: 33421 } } peers { permanent_uuid: "d3749db0e3b84da597abc4ebb8caa99b" member_type: VOTER last_known_addr { host: "127.26.31.194" port: 39359 } }
I20260630 12:21:36.697692 30074 ts_tablet_manager.cc:1434] T 2c22c57ec37242c49536fe715bf5c40a P 91749ba41534486d848deeb81d9d3670: Time spent starting tablet: real 0.006s	user 0.008s	sys 0.000s
I20260630 12:21:36.698437 30074 tablet_bootstrap.cc:492] T ced42db431594854af5287895a2cde7b P 91749ba41534486d848deeb81d9d3670: Bootstrap starting.
I20260630 12:21:36.703065 30074 tablet_bootstrap.cc:654] T ced42db431594854af5287895a2cde7b P 91749ba41534486d848deeb81d9d3670: Neither blocks nor log segments found. Creating new log.
I20260630 12:21:36.707273 30074 tablet_bootstrap.cc:492] T ced42db431594854af5287895a2cde7b P 91749ba41534486d848deeb81d9d3670: No bootstrap required, opened a new log
I20260630 12:21:36.707677 30074 ts_tablet_manager.cc:1403] T ced42db431594854af5287895a2cde7b P 91749ba41534486d848deeb81d9d3670: Time spent bootstrapping tablet: real 0.009s	user 0.004s	sys 0.003s
I20260630 12:21:36.709687 30074 raft_consensus.cc:359] T ced42db431594854af5287895a2cde7b P 91749ba41534486d848deeb81d9d3670 [term 0 FOLLOWER]: Replica starting. Triggering 0 pending ops. Active config: opid_index: -1 OBSOLETE_local: false peers { permanent_uuid: "1946412c5acf42aaa52e06c18fdc319a" member_type: VOTER last_known_addr { host: "127.26.31.193" port: 33421 } } peers { permanent_uuid: "91749ba41534486d848deeb81d9d3670" member_type: VOTER last_known_addr { host: "127.26.31.196" port: 41927 } } peers { permanent_uuid: "2e70864e57d04e6aad93b08eee122b49" member_type: VOTER last_known_addr { host: "127.26.31.195" port: 35365 } }
I20260630 12:21:36.710201 30074 raft_consensus.cc:385] T ced42db431594854af5287895a2cde7b P 91749ba41534486d848deeb81d9d3670 [term 0 FOLLOWER]: Consensus starting up: Expiring failure detector timer to make a prompt election more likely
I20260630 12:21:36.710435 30074 raft_consensus.cc:740] T ced42db431594854af5287895a2cde7b P 91749ba41534486d848deeb81d9d3670 [term 0 FOLLOWER]: Becoming Follower/Learner. State: Replica: 91749ba41534486d848deeb81d9d3670, State: Initialized, Role: FOLLOWER
I20260630 12:21:36.711067 30074 consensus_queue.cc:260] T ced42db431594854af5287895a2cde7b P 91749ba41534486d848deeb81d9d3670 [NON_LEADER]: Queue going to NON_LEADER mode. State: All replicated index: 0, Majority replicated index: 0, Committed index: 0, Last appended: 0.0, Last appended by leader: 0, Current term: 0, Majority size: -1, State: 0, Mode: NON_LEADER, active raft config: opid_index: -1 OBSOLETE_local: false peers { permanent_uuid: "1946412c5acf42aaa52e06c18fdc319a" member_type: VOTER last_known_addr { host: "127.26.31.193" port: 33421 } } peers { permanent_uuid: "91749ba41534486d848deeb81d9d3670" member_type: VOTER last_known_addr { host: "127.26.31.196" port: 41927 } } peers { permanent_uuid: "2e70864e57d04e6aad93b08eee122b49" member_type: VOTER last_known_addr { host: "127.26.31.195" port: 35365 } }
I20260630 12:21:36.712173 29961 raft_consensus.cc:493] T a4e7389623b24cedb3a1e204b7bac0d7 P d3749db0e3b84da597abc4ebb8caa99b [term 0 FOLLOWER]: Starting pre-election (no leader contacted us within the election timeout)
I20260630 12:21:36.712641 29961 raft_consensus.cc:515] T a4e7389623b24cedb3a1e204b7bac0d7 P d3749db0e3b84da597abc4ebb8caa99b [term 0 FOLLOWER]: Starting pre-election with config: opid_index: -1 OBSOLETE_local: false peers { permanent_uuid: "91749ba41534486d848deeb81d9d3670" member_type: VOTER last_known_addr { host: "127.26.31.196" port: 41927 } } peers { permanent_uuid: "d3749db0e3b84da597abc4ebb8caa99b" member_type: VOTER last_known_addr { host: "127.26.31.194" port: 39359 } } peers { permanent_uuid: "2e70864e57d04e6aad93b08eee122b49" member_type: VOTER last_known_addr { host: "127.26.31.195" port: 35365 } }
I20260630 12:21:36.713135 30074 ts_tablet_manager.cc:1434] T ced42db431594854af5287895a2cde7b P 91749ba41534486d848deeb81d9d3670: Time spent starting tablet: real 0.005s	user 0.003s	sys 0.000s
I20260630 12:21:36.714165 30074 tablet_bootstrap.cc:492] T 45e48f281bdd4973b0459b6728a391dd P 91749ba41534486d848deeb81d9d3670: Bootstrap starting.
I20260630 12:21:36.716689 29869 tablet_service.cc:1917] Received RequestConsensusVote() RPC: tablet_id: "a4e7389623b24cedb3a1e204b7bac0d7" candidate_uuid: "d3749db0e3b84da597abc4ebb8caa99b" candidate_term: 1 candidate_status { last_received { term: 0 index: 0 } } ignore_live_leader: false dest_uuid: "2e70864e57d04e6aad93b08eee122b49" is_pre_election: true
I20260630 12:21:36.716715 30033 tablet_service.cc:1917] Received RequestConsensusVote() RPC: tablet_id: "a4e7389623b24cedb3a1e204b7bac0d7" candidate_uuid: "d3749db0e3b84da597abc4ebb8caa99b" candidate_term: 1 candidate_status { last_received { term: 0 index: 0 } } ignore_live_leader: false dest_uuid: "91749ba41534486d848deeb81d9d3670" is_pre_election: true
I20260630 12:21:36.717556 29869 raft_consensus.cc:2468] T a4e7389623b24cedb3a1e204b7bac0d7 P 2e70864e57d04e6aad93b08eee122b49 [term 0 FOLLOWER]: Leader pre-election vote request: Granting yes vote for candidate d3749db0e3b84da597abc4ebb8caa99b in term 0.
I20260630 12:21:36.717739 30033 raft_consensus.cc:2468] T a4e7389623b24cedb3a1e204b7bac0d7 P 91749ba41534486d848deeb81d9d3670 [term 0 FOLLOWER]: Leader pre-election vote request: Granting yes vote for candidate d3749db0e3b84da597abc4ebb8caa99b in term 0.
I20260630 12:21:36.719117 29961 leader_election.cc:290] T a4e7389623b24cedb3a1e204b7bac0d7 P d3749db0e3b84da597abc4ebb8caa99b [CANDIDATE]: Term 1 pre-election: Requested pre-vote from peers 91749ba41534486d848deeb81d9d3670 (127.26.31.196:41927), 2e70864e57d04e6aad93b08eee122b49 (127.26.31.195:35365)
I20260630 12:21:36.719166 29762 leader_election.cc:304] T a4e7389623b24cedb3a1e204b7bac0d7 P d3749db0e3b84da597abc4ebb8caa99b [CANDIDATE]: Term 1 pre-election: Election decided. Result: candidate won. Election summary: received 2 responses out of 3 voters: 2 yes votes; 0 no votes. yes voters: 91749ba41534486d848deeb81d9d3670, d3749db0e3b84da597abc4ebb8caa99b; no voters: 
I20260630 12:21:36.720558 30074 tablet_bootstrap.cc:654] T 45e48f281bdd4973b0459b6728a391dd P 91749ba41534486d848deeb81d9d3670: Neither blocks nor log segments found. Creating new log.
I20260630 12:21:36.721047 30117 raft_consensus.cc:2804] T a4e7389623b24cedb3a1e204b7bac0d7 P d3749db0e3b84da597abc4ebb8caa99b [term 0 FOLLOWER]: Leader pre-election won for term 1
I20260630 12:21:36.721568 30117 raft_consensus.cc:493] T a4e7389623b24cedb3a1e204b7bac0d7 P d3749db0e3b84da597abc4ebb8caa99b [term 0 FOLLOWER]: Starting leader election (no leader contacted us within the election timeout)
I20260630 12:21:36.722009 30117 raft_consensus.cc:3060] T a4e7389623b24cedb3a1e204b7bac0d7 P d3749db0e3b84da597abc4ebb8caa99b [term 0 FOLLOWER]: Advancing to term 1
I20260630 12:21:36.725796 30074 tablet_bootstrap.cc:492] T 45e48f281bdd4973b0459b6728a391dd P 91749ba41534486d848deeb81d9d3670: No bootstrap required, opened a new log
I20260630 12:21:36.726339 30074 ts_tablet_manager.cc:1403] T 45e48f281bdd4973b0459b6728a391dd P 91749ba41534486d848deeb81d9d3670: Time spent bootstrapping tablet: real 0.012s	user 0.007s	sys 0.005s
I20260630 12:21:36.728080 29920 raft_consensus.cc:493] T 16c49a78eb7b4725a7dde3e6cc55ac42 P 1946412c5acf42aaa52e06c18fdc319a [term 0 FOLLOWER]: Starting pre-election (no leader contacted us within the election timeout)
I20260630 12:21:36.728520 29920 raft_consensus.cc:515] T 16c49a78eb7b4725a7dde3e6cc55ac42 P 1946412c5acf42aaa52e06c18fdc319a [term 0 FOLLOWER]: Starting pre-election with config: opid_index: -1 OBSOLETE_local: false peers { permanent_uuid: "91749ba41534486d848deeb81d9d3670" member_type: VOTER last_known_addr { host: "127.26.31.196" port: 41927 } } peers { permanent_uuid: "1946412c5acf42aaa52e06c18fdc319a" member_type: VOTER last_known_addr { host: "127.26.31.193" port: 33421 } } peers { permanent_uuid: "2e70864e57d04e6aad93b08eee122b49" member_type: VOTER last_known_addr { host: "127.26.31.195" port: 35365 } }
I20260630 12:21:36.728763 30074 raft_consensus.cc:359] T 45e48f281bdd4973b0459b6728a391dd P 91749ba41534486d848deeb81d9d3670 [term 0 FOLLOWER]: Replica starting. Triggering 0 pending ops. Active config: opid_index: -1 OBSOLETE_local: false peers { permanent_uuid: "1946412c5acf42aaa52e06c18fdc319a" member_type: VOTER last_known_addr { host: "127.26.31.193" port: 33421 } } peers { permanent_uuid: "91749ba41534486d848deeb81d9d3670" member_type: VOTER last_known_addr { host: "127.26.31.196" port: 41927 } } peers { permanent_uuid: "d3749db0e3b84da597abc4ebb8caa99b" member_type: VOTER last_known_addr { host: "127.26.31.194" port: 39359 } }
I20260630 12:21:36.729406 30074 raft_consensus.cc:385] T 45e48f281bdd4973b0459b6728a391dd P 91749ba41534486d848deeb81d9d3670 [term 0 FOLLOWER]: Consensus starting up: Expiring failure detector timer to make a prompt election more likely
I20260630 12:21:36.729171 30117 raft_consensus.cc:515] T a4e7389623b24cedb3a1e204b7bac0d7 P d3749db0e3b84da597abc4ebb8caa99b [term 1 FOLLOWER]: Starting leader election with config: opid_index: -1 OBSOLETE_local: false peers { permanent_uuid: "91749ba41534486d848deeb81d9d3670" member_type: VOTER last_known_addr { host: "127.26.31.196" port: 41927 } } peers { permanent_uuid: "d3749db0e3b84da597abc4ebb8caa99b" member_type: VOTER last_known_addr { host: "127.26.31.194" port: 39359 } } peers { permanent_uuid: "2e70864e57d04e6aad93b08eee122b49" member_type: VOTER last_known_addr { host: "127.26.31.195" port: 35365 } }
I20260630 12:21:36.729744 30074 raft_consensus.cc:740] T 45e48f281bdd4973b0459b6728a391dd P 91749ba41534486d848deeb81d9d3670 [term 0 FOLLOWER]: Becoming Follower/Learner. State: Replica: 91749ba41534486d848deeb81d9d3670, State: Initialized, Role: FOLLOWER
I20260630 12:21:36.730696 29920 leader_election.cc:290] T 16c49a78eb7b4725a7dde3e6cc55ac42 P 1946412c5acf42aaa52e06c18fdc319a [CANDIDATE]: Term 1 pre-election: Requested pre-vote from peers 91749ba41534486d848deeb81d9d3670 (127.26.31.196:41927), 2e70864e57d04e6aad93b08eee122b49 (127.26.31.195:35365)
I20260630 12:21:36.730530 30074 consensus_queue.cc:260] T 45e48f281bdd4973b0459b6728a391dd P 91749ba41534486d848deeb81d9d3670 [NON_LEADER]: Queue going to NON_LEADER mode. State: All replicated index: 0, Majority replicated index: 0, Committed index: 0, Last appended: 0.0, Last appended by leader: 0, Current term: 0, Majority size: -1, State: 0, Mode: NON_LEADER, active raft config: opid_index: -1 OBSOLETE_local: false peers { permanent_uuid: "1946412c5acf42aaa52e06c18fdc319a" member_type: VOTER last_known_addr { host: "127.26.31.193" port: 33421 } } peers { permanent_uuid: "91749ba41534486d848deeb81d9d3670" member_type: VOTER last_known_addr { host: "127.26.31.196" port: 41927 } } peers { permanent_uuid: "d3749db0e3b84da597abc4ebb8caa99b" member_type: VOTER last_known_addr { host: "127.26.31.194" port: 39359 } }
I20260630 12:21:36.731209 30117 leader_election.cc:290] T a4e7389623b24cedb3a1e204b7bac0d7 P d3749db0e3b84da597abc4ebb8caa99b [CANDIDATE]: Term 1 election: Requested vote from peers 91749ba41534486d848deeb81d9d3670 (127.26.31.196:41927), 2e70864e57d04e6aad93b08eee122b49 (127.26.31.195:35365)
I20260630 12:21:36.732326 29869 tablet_service.cc:1917] Received RequestConsensusVote() RPC: tablet_id: "a4e7389623b24cedb3a1e204b7bac0d7" candidate_uuid: "d3749db0e3b84da597abc4ebb8caa99b" candidate_term: 1 candidate_status { last_received { term: 0 index: 0 } } ignore_live_leader: false dest_uuid: "2e70864e57d04e6aad93b08eee122b49"
I20260630 12:21:36.732453 29867 tablet_service.cc:1917] Received RequestConsensusVote() RPC: tablet_id: "16c49a78eb7b4725a7dde3e6cc55ac42" candidate_uuid: "1946412c5acf42aaa52e06c18fdc319a" candidate_term: 1 candidate_status { last_received { term: 0 index: 0 } } ignore_live_leader: false dest_uuid: "2e70864e57d04e6aad93b08eee122b49" is_pre_election: true
I20260630 12:21:36.732659 30074 ts_tablet_manager.cc:1434] T 45e48f281bdd4973b0459b6728a391dd P 91749ba41534486d848deeb81d9d3670: Time spent starting tablet: real 0.006s	user 0.006s	sys 0.000s
I20260630 12:21:36.733098 29867 raft_consensus.cc:2468] T 16c49a78eb7b4725a7dde3e6cc55ac42 P 2e70864e57d04e6aad93b08eee122b49 [term 0 FOLLOWER]: Leader pre-election vote request: Granting yes vote for candidate 1946412c5acf42aaa52e06c18fdc319a in term 0.
I20260630 12:21:36.735627 30033 tablet_service.cc:1917] Received RequestConsensusVote() RPC: tablet_id: "16c49a78eb7b4725a7dde3e6cc55ac42" candidate_uuid: "1946412c5acf42aaa52e06c18fdc319a" candidate_term: 1 candidate_status { last_received { term: 0 index: 0 } } ignore_live_leader: false dest_uuid: "91749ba41534486d848deeb81d9d3670" is_pre_election: true
I20260630 12:21:36.736862 29684 leader_election.cc:304] T 16c49a78eb7b4725a7dde3e6cc55ac42 P 1946412c5acf42aaa52e06c18fdc319a [CANDIDATE]: Term 1 pre-election: Election decided. Result: candidate won. Election summary: received 2 responses out of 3 voters: 2 yes votes; 0 no votes. yes voters: 1946412c5acf42aaa52e06c18fdc319a, 2e70864e57d04e6aad93b08eee122b49; no voters: 
I20260630 12:21:36.737011 30033 raft_consensus.cc:2468] T 16c49a78eb7b4725a7dde3e6cc55ac42 P 91749ba41534486d848deeb81d9d3670 [term 0 FOLLOWER]: Leader pre-election vote request: Granting yes vote for candidate 1946412c5acf42aaa52e06c18fdc319a in term 0.
I20260630 12:21:36.739455 30032 tablet_service.cc:1917] Received RequestConsensusVote() RPC: tablet_id: "a4e7389623b24cedb3a1e204b7bac0d7" candidate_uuid: "d3749db0e3b84da597abc4ebb8caa99b" candidate_term: 1 candidate_status { last_received { term: 0 index: 0 } } ignore_live_leader: false dest_uuid: "91749ba41534486d848deeb81d9d3670"
I20260630 12:21:36.739877 30032 raft_consensus.cc:3060] T a4e7389623b24cedb3a1e204b7bac0d7 P 91749ba41534486d848deeb81d9d3670 [term 0 FOLLOWER]: Advancing to term 1
I20260630 12:21:36.732972 29869 raft_consensus.cc:3060] T a4e7389623b24cedb3a1e204b7bac0d7 P 2e70864e57d04e6aad93b08eee122b49 [term 0 FOLLOWER]: Advancing to term 1
I20260630 12:21:36.744165 30032 raft_consensus.cc:2468] T a4e7389623b24cedb3a1e204b7bac0d7 P 91749ba41534486d848deeb81d9d3670 [term 1 FOLLOWER]: Leader election vote request: Granting yes vote for candidate d3749db0e3b84da597abc4ebb8caa99b in term 1.
I20260630 12:21:36.744630 29920 raft_consensus.cc:2804] T 16c49a78eb7b4725a7dde3e6cc55ac42 P 1946412c5acf42aaa52e06c18fdc319a [term 0 FOLLOWER]: Leader pre-election won for term 1
I20260630 12:21:36.745004 29920 raft_consensus.cc:493] T 16c49a78eb7b4725a7dde3e6cc55ac42 P 1946412c5acf42aaa52e06c18fdc319a [term 0 FOLLOWER]: Starting leader election (no leader contacted us within the election timeout)
I20260630 12:21:36.745201 29762 leader_election.cc:304] T a4e7389623b24cedb3a1e204b7bac0d7 P d3749db0e3b84da597abc4ebb8caa99b [CANDIDATE]: Term 1 election: Election decided. Result: candidate won. Election summary: received 2 responses out of 3 voters: 2 yes votes; 0 no votes. yes voters: 91749ba41534486d848deeb81d9d3670, d3749db0e3b84da597abc4ebb8caa99b; no voters: 
I20260630 12:21:36.745397 29920 raft_consensus.cc:3060] T 16c49a78eb7b4725a7dde3e6cc55ac42 P 1946412c5acf42aaa52e06c18fdc319a [term 0 FOLLOWER]: Advancing to term 1
I20260630 12:21:36.745975 30117 raft_consensus.cc:2804] T a4e7389623b24cedb3a1e204b7bac0d7 P d3749db0e3b84da597abc4ebb8caa99b [term 1 FOLLOWER]: Leader election won for term 1
I20260630 12:21:36.745935 29869 raft_consensus.cc:2468] T a4e7389623b24cedb3a1e204b7bac0d7 P 2e70864e57d04e6aad93b08eee122b49 [term 1 FOLLOWER]: Leader election vote request: Granting yes vote for candidate d3749db0e3b84da597abc4ebb8caa99b in term 1.
I20260630 12:21:36.746611 30117 raft_consensus.cc:697] T a4e7389623b24cedb3a1e204b7bac0d7 P d3749db0e3b84da597abc4ebb8caa99b [term 1 LEADER]: Becoming Leader. State: Replica: d3749db0e3b84da597abc4ebb8caa99b, State: Running, Role: LEADER
I20260630 12:21:36.747447 30117 consensus_queue.cc:237] T a4e7389623b24cedb3a1e204b7bac0d7 P d3749db0e3b84da597abc4ebb8caa99b [LEADER]: Queue going to LEADER mode. State: All replicated index: 0, Majority replicated index: 0, Committed index: 0, Last appended: 0.0, Last appended by leader: 0, Current term: 1, Majority size: 2, State: 0, Mode: LEADER, active raft config: opid_index: -1 OBSOLETE_local: false peers { permanent_uuid: "91749ba41534486d848deeb81d9d3670" member_type: VOTER last_known_addr { host: "127.26.31.196" port: 41927 } } peers { permanent_uuid: "d3749db0e3b84da597abc4ebb8caa99b" member_type: VOTER last_known_addr { host: "127.26.31.194" port: 39359 } } peers { permanent_uuid: "2e70864e57d04e6aad93b08eee122b49" member_type: VOTER last_known_addr { host: "127.26.31.195" port: 35365 } }
I20260630 12:21:36.750559 29920 raft_consensus.cc:515] T 16c49a78eb7b4725a7dde3e6cc55ac42 P 1946412c5acf42aaa52e06c18fdc319a [term 1 FOLLOWER]: Starting leader election with config: opid_index: -1 OBSOLETE_local: false peers { permanent_uuid: "91749ba41534486d848deeb81d9d3670" member_type: VOTER last_known_addr { host: "127.26.31.196" port: 41927 } } peers { permanent_uuid: "1946412c5acf42aaa52e06c18fdc319a" member_type: VOTER last_known_addr { host: "127.26.31.193" port: 33421 } } peers { permanent_uuid: "2e70864e57d04e6aad93b08eee122b49" member_type: VOTER last_known_addr { host: "127.26.31.195" port: 35365 } }
I20260630 12:21:36.753261 30032 tablet_service.cc:1917] Received RequestConsensusVote() RPC: tablet_id: "16c49a78eb7b4725a7dde3e6cc55ac42" candidate_uuid: "1946412c5acf42aaa52e06c18fdc319a" candidate_term: 1 candidate_status { last_received { term: 0 index: 0 } } ignore_live_leader: false dest_uuid: "91749ba41534486d848deeb81d9d3670"
I20260630 12:21:36.753073 29920 leader_election.cc:290] T 16c49a78eb7b4725a7dde3e6cc55ac42 P 1946412c5acf42aaa52e06c18fdc319a [CANDIDATE]: Term 1 election: Requested vote from peers 91749ba41534486d848deeb81d9d3670 (127.26.31.196:41927), 2e70864e57d04e6aad93b08eee122b49 (127.26.31.195:35365)
I20260630 12:21:36.753890 30032 raft_consensus.cc:3060] T 16c49a78eb7b4725a7dde3e6cc55ac42 P 91749ba41534486d848deeb81d9d3670 [term 0 FOLLOWER]: Advancing to term 1
I20260630 12:21:36.754182 29869 tablet_service.cc:1917] Received RequestConsensusVote() RPC: tablet_id: "16c49a78eb7b4725a7dde3e6cc55ac42" candidate_uuid: "1946412c5acf42aaa52e06c18fdc319a" candidate_term: 1 candidate_status { last_received { term: 0 index: 0 } } ignore_live_leader: false dest_uuid: "2e70864e57d04e6aad93b08eee122b49"
I20260630 12:21:36.754733 29869 raft_consensus.cc:3060] T 16c49a78eb7b4725a7dde3e6cc55ac42 P 2e70864e57d04e6aad93b08eee122b49 [term 0 FOLLOWER]: Advancing to term 1
I20260630 12:21:36.754772 29618 catalog_manager.cc:5697] T a4e7389623b24cedb3a1e204b7bac0d7 P d3749db0e3b84da597abc4ebb8caa99b reported cstate change: term changed from 0 to 1, leader changed from <none> to d3749db0e3b84da597abc4ebb8caa99b (127.26.31.194). New cstate: current_term: 1 leader_uuid: "d3749db0e3b84da597abc4ebb8caa99b" committed_config { opid_index: -1 OBSOLETE_local: false peers { permanent_uuid: "91749ba41534486d848deeb81d9d3670" member_type: VOTER last_known_addr { host: "127.26.31.196" port: 41927 } health_report { overall_health: UNKNOWN } } peers { permanent_uuid: "d3749db0e3b84da597abc4ebb8caa99b" member_type: VOTER last_known_addr { host: "127.26.31.194" port: 39359 } health_report { overall_health: HEALTHY } } peers { permanent_uuid: "2e70864e57d04e6aad93b08eee122b49" member_type: VOTER last_known_addr { host: "127.26.31.195" port: 35365 } health_report { overall_health: UNKNOWN } } }
I20260630 12:21:36.761169 30032 raft_consensus.cc:2468] T 16c49a78eb7b4725a7dde3e6cc55ac42 P 91749ba41534486d848deeb81d9d3670 [term 1 FOLLOWER]: Leader election vote request: Granting yes vote for candidate 1946412c5acf42aaa52e06c18fdc319a in term 1.
I20260630 12:21:36.762537 29687 leader_election.cc:304] T 16c49a78eb7b4725a7dde3e6cc55ac42 P 1946412c5acf42aaa52e06c18fdc319a [CANDIDATE]: Term 1 election: Election decided. Result: candidate won. Election summary: received 2 responses out of 3 voters: 2 yes votes; 0 no votes. yes voters: 1946412c5acf42aaa52e06c18fdc319a, 91749ba41534486d848deeb81d9d3670; no voters: 
I20260630 12:21:36.763070 29869 raft_consensus.cc:2468] T 16c49a78eb7b4725a7dde3e6cc55ac42 P 2e70864e57d04e6aad93b08eee122b49 [term 1 FOLLOWER]: Leader election vote request: Granting yes vote for candidate 1946412c5acf42aaa52e06c18fdc319a in term 1.
I20260630 12:21:36.763918 30073 raft_consensus.cc:2804] T 16c49a78eb7b4725a7dde3e6cc55ac42 P 1946412c5acf42aaa52e06c18fdc319a [term 1 FOLLOWER]: Leader election won for term 1
I20260630 12:21:36.764094 29946 consensus_queue.cc:1048] T 25464fd86283496a986b4ba6b1205d6f P 1946412c5acf42aaa52e06c18fdc319a [LEADER]: Connected to new peer: Peer: permanent_uuid: "91749ba41534486d848deeb81d9d3670" member_type: VOTER last_known_addr { host: "127.26.31.196" port: 41927 }, Status: LMP_MISMATCH, Last received: 0.0, Next index: 1, Last known committed idx: 0, Time since last communication: 0.001s
I20260630 12:21:36.765870 30073 raft_consensus.cc:697] T 16c49a78eb7b4725a7dde3e6cc55ac42 P 1946412c5acf42aaa52e06c18fdc319a [term 1 LEADER]: Becoming Leader. State: Replica: 1946412c5acf42aaa52e06c18fdc319a, State: Running, Role: LEADER
I20260630 12:21:36.766798 30073 consensus_queue.cc:237] T 16c49a78eb7b4725a7dde3e6cc55ac42 P 1946412c5acf42aaa52e06c18fdc319a [LEADER]: Queue going to LEADER mode. State: All replicated index: 0, Majority replicated index: 0, Committed index: 0, Last appended: 0.0, Last appended by leader: 0, Current term: 1, Majority size: 2, State: 0, Mode: LEADER, active raft config: opid_index: -1 OBSOLETE_local: false peers { permanent_uuid: "91749ba41534486d848deeb81d9d3670" member_type: VOTER last_known_addr { host: "127.26.31.196" port: 41927 } } peers { permanent_uuid: "1946412c5acf42aaa52e06c18fdc319a" member_type: VOTER last_known_addr { host: "127.26.31.193" port: 33421 } } peers { permanent_uuid: "2e70864e57d04e6aad93b08eee122b49" member_type: VOTER last_known_addr { host: "127.26.31.195" port: 35365 } }
I20260630 12:21:36.770570 29920 consensus_queue.cc:1048] T 25464fd86283496a986b4ba6b1205d6f P 1946412c5acf42aaa52e06c18fdc319a [LEADER]: Connected to new peer: Peer: permanent_uuid: "d3749db0e3b84da597abc4ebb8caa99b" member_type: VOTER last_known_addr { host: "127.26.31.194" port: 39359 }, Status: LMP_MISMATCH, Last received: 0.0, Next index: 1, Last known committed idx: 0, Time since last communication: 0.001s
I20260630 12:21:36.782492 29618 catalog_manager.cc:5697] T 16c49a78eb7b4725a7dde3e6cc55ac42 P 1946412c5acf42aaa52e06c18fdc319a reported cstate change: term changed from 0 to 1, leader changed from <none> to 1946412c5acf42aaa52e06c18fdc319a (127.26.31.193). New cstate: current_term: 1 leader_uuid: "1946412c5acf42aaa52e06c18fdc319a" committed_config { opid_index: -1 OBSOLETE_local: false peers { permanent_uuid: "91749ba41534486d848deeb81d9d3670" member_type: VOTER last_known_addr { host: "127.26.31.196" port: 41927 } health_report { overall_health: UNKNOWN } } peers { permanent_uuid: "1946412c5acf42aaa52e06c18fdc319a" member_type: VOTER last_known_addr { host: "127.26.31.193" port: 33421 } health_report { overall_health: HEALTHY } } peers { permanent_uuid: "2e70864e57d04e6aad93b08eee122b49" member_type: VOTER last_known_addr { host: "127.26.31.195" port: 35365 } health_report { overall_health: UNKNOWN } } }
I20260630 12:21:36.845914 30033 raft_consensus.cc:3060] T 2c22c57ec37242c49536fe715bf5c40a P 91749ba41534486d848deeb81d9d3670 [term 0 FOLLOWER]: Advancing to term 1
I20260630 12:21:36.851742 29920 consensus_queue.cc:1048] T 2c22c57ec37242c49536fe715bf5c40a P 1946412c5acf42aaa52e06c18fdc319a [LEADER]: Connected to new peer: Peer: permanent_uuid: "91749ba41534486d848deeb81d9d3670" member_type: VOTER last_known_addr { host: "127.26.31.196" port: 41927 }, Status: LMP_MISMATCH, Last received: 0.0, Next index: 1, Last known committed idx: 0, Time since last communication: 0.000s
I20260630 12:21:36.862540 29920 consensus_queue.cc:1048] T 2c22c57ec37242c49536fe715bf5c40a P 1946412c5acf42aaa52e06c18fdc319a [LEADER]: Connected to new peer: Peer: permanent_uuid: "d3749db0e3b84da597abc4ebb8caa99b" member_type: VOTER last_known_addr { host: "127.26.31.194" port: 39359 }, Status: LMP_MISMATCH, Last received: 0.0, Next index: 1, Last known committed idx: 0, Time since last communication: 0.001s
I20260630 12:21:36.863853 30106 raft_consensus.cc:493] T ced42db431594854af5287895a2cde7b P 91749ba41534486d848deeb81d9d3670 [term 0 FOLLOWER]: Starting pre-election (no leader contacted us within the election timeout)
I20260630 12:21:36.864272 30106 raft_consensus.cc:515] T ced42db431594854af5287895a2cde7b P 91749ba41534486d848deeb81d9d3670 [term 0 FOLLOWER]: Starting pre-election with config: opid_index: -1 OBSOLETE_local: false peers { permanent_uuid: "1946412c5acf42aaa52e06c18fdc319a" member_type: VOTER last_known_addr { host: "127.26.31.193" port: 33421 } } peers { permanent_uuid: "91749ba41534486d848deeb81d9d3670" member_type: VOTER last_known_addr { host: "127.26.31.196" port: 41927 } } peers { permanent_uuid: "2e70864e57d04e6aad93b08eee122b49" member_type: VOTER last_known_addr { host: "127.26.31.195" port: 35365 } }
I20260630 12:21:36.866197 30106 leader_election.cc:290] T ced42db431594854af5287895a2cde7b P 91749ba41534486d848deeb81d9d3670 [CANDIDATE]: Term 1 pre-election: Requested pre-vote from peers 1946412c5acf42aaa52e06c18fdc319a (127.26.31.193:33421), 2e70864e57d04e6aad93b08eee122b49 (127.26.31.195:35365)
I20260630 12:21:36.866806 29721 tablet_service.cc:1917] Received RequestConsensusVote() RPC: tablet_id: "ced42db431594854af5287895a2cde7b" candidate_uuid: "91749ba41534486d848deeb81d9d3670" candidate_term: 1 candidate_status { last_received { term: 0 index: 0 } } ignore_live_leader: false dest_uuid: "1946412c5acf42aaa52e06c18fdc319a" is_pre_election: true
I20260630 12:21:36.867547 29721 raft_consensus.cc:2393] T ced42db431594854af5287895a2cde7b P 1946412c5acf42aaa52e06c18fdc319a [term 1 FOLLOWER]: Leader pre-election vote request: Denying vote to candidate 91749ba41534486d848deeb81d9d3670 in current term 1: Already voted for candidate 2e70864e57d04e6aad93b08eee122b49 in this term.
I20260630 12:21:36.868727 29869 tablet_service.cc:1917] Received RequestConsensusVote() RPC: tablet_id: "ced42db431594854af5287895a2cde7b" candidate_uuid: "91749ba41534486d848deeb81d9d3670" candidate_term: 1 candidate_status { last_received { term: 0 index: 0 } } ignore_live_leader: false dest_uuid: "2e70864e57d04e6aad93b08eee122b49" is_pre_election: true
I20260630 12:21:36.870414 29996 leader_election.cc:304] T ced42db431594854af5287895a2cde7b P 91749ba41534486d848deeb81d9d3670 [CANDIDATE]: Term 1 pre-election: Election decided. Result: candidate lost. Election summary: received 3 responses out of 3 voters: 1 yes votes; 2 no votes. yes voters: 91749ba41534486d848deeb81d9d3670; no voters: 1946412c5acf42aaa52e06c18fdc319a, 2e70864e57d04e6aad93b08eee122b49
I20260630 12:21:36.871486 30106 raft_consensus.cc:3060] T ced42db431594854af5287895a2cde7b P 91749ba41534486d848deeb81d9d3670 [term 0 FOLLOWER]: Advancing to term 1
I20260630 12:21:36.878589 30106 raft_consensus.cc:2749] T ced42db431594854af5287895a2cde7b P 91749ba41534486d848deeb81d9d3670 [term 1 FOLLOWER]: Leader pre-election lost for term 1. Reason: could not achieve majority
I20260630 12:21:36.883054 30106 raft_consensus.cc:493] T 45e48f281bdd4973b0459b6728a391dd P 91749ba41534486d848deeb81d9d3670 [term 0 FOLLOWER]: Starting pre-election (no leader contacted us within the election timeout)
