I20260630 12:20:25.310504 31043 consensus_queue.cc:1048] T 20bbaaca30e242f184a98712adc460b4 P 09f1ea52948847fb8ec52a7eb7ebf514 [LEADER]: Connected to new peer: Peer: permanent_uuid: "52d7c95507e14d2ab36eb590f27ae46f" member_type: VOTER last_known_addr { host: "127.29.109.195" port: 38433 }, Status: LMP_MISMATCH, Last received: 0.0, Next index: 1, Last known committed idx: 0, Time since last communication: 0.000s
I20260630 12:20:25.325420 31023 consensus_queue.cc:1048] T fa0cd1a7380142fcafa4b859cabec4fb P 09f1ea52948847fb8ec52a7eb7ebf514 [LEADER]: Connected to new peer: Peer: permanent_uuid: "52d7c95507e14d2ab36eb590f27ae46f" member_type: VOTER last_known_addr { host: "127.29.109.195" port: 38433 }, Status: LMP_MISMATCH, Last received: 0.0, Next index: 1, Last known committed idx: 0, Time since last communication: 0.000s
I20260630 12:20:25.333709 31056 consensus_queue.cc:1048] T 22a3530f7da648d5a32b824146616c9a P d8861608c60a49639e2fdfac289ebb14 [LEADER]: Connected to new peer: Peer: permanent_uuid: "09f1ea52948847fb8ec52a7eb7ebf514" member_type: VOTER last_known_addr { host: "127.29.109.193" port: 45625 }, Status: LMP_MISMATCH, Last received: 0.0, Next index: 1, Last known committed idx: 0, Time since last communication: 0.001s
I20260630 12:20:25.341203 31043 consensus_queue.cc:1048] T fa0cd1a7380142fcafa4b859cabec4fb P 09f1ea52948847fb8ec52a7eb7ebf514 [LEADER]: Connected to new peer: Peer: permanent_uuid: "d8861608c60a49639e2fdfac289ebb14" member_type: VOTER last_known_addr { host: "127.29.109.194" port: 32841 }, Status: LMP_MISMATCH, Last received: 0.0, Next index: 1, Last known committed idx: 0, Time since last communication: 0.000s
I20260630 12:20:25.346715 30135 rpc_server.cc:225] running with OpenSSL 1.1.1  11 Sep 2018
I20260630 12:20:25.347857 30135 kserver.cc:163] Server-wide thread pool size limit: 3276
I20260630 12:20:25.355189 30135 txn_system_client.cc:432] TxnSystemClient initialization is disabled...
I20260630 12:20:25.361856 31004 consensus_queue.cc:1048] T 22a3530f7da648d5a32b824146616c9a P d8861608c60a49639e2fdfac289ebb14 [LEADER]: Connected to new peer: Peer: permanent_uuid: "52d7c95507e14d2ab36eb590f27ae46f" member_type: VOTER last_known_addr { host: "127.29.109.195" port: 38433 }, Status: LMP_MISMATCH, Last received: 0.0, Next index: 1, Last known committed idx: 0, Time since last communication: 0.000s
I20260630 12:20:25.365309 30135 ts_tablet_manager.cc:585] Loaded tablet metadata (0 total tablets, 0 live tablets)
I20260630 12:20:25.366006 30135 ts_tablet_manager.cc:531] Time spent load tablet metadata: real 0.001s	user 0.001s	sys 0.000s
I20260630 12:20:25.372141 30135 ts_tablet_manager.cc:616] Registered 0 tablets
I20260630 12:20:25.372597 30135 ts_tablet_manager.cc:595] Time spent register tablets: real 0.006s	user 0.000s	sys 0.000s
I20260630 12:20:25.423338 30135 rpc_server.cc:307] RPC server started. Bound to: 127.29.109.196:33213
I20260630 12:20:25.423424 31139 acceptor_pool.cc:272] collecting diagnostics on the listening RPC socket 127.29.109.196:33213 every 8 connection(s)
I20260630 12:20:25.439493 31140 heartbeater.cc:344] Connected to a master server at 127.29.109.254:39361
I20260630 12:20:25.440014 31140 heartbeater.cc:461] Registering TS with master...
I20260630 12:20:25.441071 31140 heartbeater.cc:507] Master 127.29.109.254:39361 requested a full tablet report, sending...
I20260630 12:20:25.443413 30699 ts_manager.cc:194] Registered new tserver with Master: 6e223681e16a43999b0d331334a82073 (127.29.109.196:33213)
I20260630 12:20:25.444967 30699 master_service.cc:502] Signed X509 certificate for tserver {username='slave'} at 127.0.0.1:43682
I20260630 12:20:25.545706 31024 consensus_queue.cc:1048] T 085d05f6fb90414bb73b685cf31ee68c P 52d7c95507e14d2ab36eb590f27ae46f [LEADER]: Connected to new peer: Peer: permanent_uuid: "09f1ea52948847fb8ec52a7eb7ebf514" member_type: VOTER last_known_addr { host: "127.29.109.193" port: 45625 }, Status: LMP_MISMATCH, Last received: 0.0, Next index: 1, Last known committed idx: 0, Time since last communication: 0.000s
I20260630 12:20:25.555449 31024 consensus_queue.cc:1048] T 085d05f6fb90414bb73b685cf31ee68c P 52d7c95507e14d2ab36eb590f27ae46f [LEADER]: Connected to new peer: Peer: permanent_uuid: "d8861608c60a49639e2fdfac289ebb14" member_type: VOTER last_known_addr { host: "127.29.109.194" port: 32841 }, Status: LMP_MISMATCH, Last received: 0.0, Next index: 1, Last known committed idx: 0, Time since last communication: 0.000s
I20260630 12:20:26.448210 31140 heartbeater.cc:499] Master 127.29.109.254:39361 was elected leader, sending a full tablet report...
I20260630 12:20:26.622685 30753 auto_leader_rebalancer.cc:141] leader rebalance for table test-workload
I20260630 12:20:26.628141 30753 auto_leader_rebalancer.cc:440] table: test-workload, leader rebalance finish, leader transfer count: 0
I20260630 12:20:26.628607 30753 auto_leader_rebalancer.cc:515] All tables' leader rebalancing finished this round
I20260630 12:20:28.629638 30753 auto_leader_rebalancer.cc:141] leader rebalance for table test-workload
I20260630 12:20:28.635550 30753 auto_leader_rebalancer.cc:440] table: test-workload, leader rebalance finish, leader transfer count: 0
I20260630 12:20:28.636255 30753 auto_leader_rebalancer.cc:515] All tables' leader rebalancing finished this round
I20260630 12:20:30.637389 30753 auto_leader_rebalancer.cc:141] leader rebalance for table test-workload
I20260630 12:20:30.642689 30753 auto_leader_rebalancer.cc:440] table: test-workload, leader rebalance finish, leader transfer count: 0
I20260630 12:20:30.643126 30753 auto_leader_rebalancer.cc:515] All tables' leader rebalancing finished this round
I20260630 12:20:30.649654 30801 consensus_queue.cc:237] T fa0cd1a7380142fcafa4b859cabec4fb P 09f1ea52948847fb8ec52a7eb7ebf514 [LEADER]: Queue going to LEADER mode. State: All replicated index: 0, Majority replicated index: 1, Committed index: 1, Last appended: 1.1, Last appended by leader: 0, Current term: 1, Majority size: 2, State: 0, Mode: LEADER, active raft config: opid_index: 2 OBSOLETE_local: false peers { permanent_uuid: "09f1ea52948847fb8ec52a7eb7ebf514" member_type: VOTER last_known_addr { host: "127.29.109.193" port: 45625 } } peers { permanent_uuid: "d8861608c60a49639e2fdfac289ebb14" member_type: VOTER last_known_addr { host: "127.29.109.194" port: 32841 } } peers { permanent_uuid: "52d7c95507e14d2ab36eb590f27ae46f" member_type: VOTER last_known_addr { host: "127.29.109.195" port: 38433 } attrs { replace: true } } peers { permanent_uuid: "6e223681e16a43999b0d331334a82073" member_type: NON_VOTER last_known_addr { host: "127.29.109.196" port: 33213 } attrs { promote: true } }
I20260630 12:20:30.657752 30950 raft_consensus.cc:1275] T fa0cd1a7380142fcafa4b859cabec4fb P 52d7c95507e14d2ab36eb590f27ae46f [term 1 FOLLOWER]: Refusing update from remote peer 09f1ea52948847fb8ec52a7eb7ebf514: Log matching property violated. Preceding OpId in replica: term: 1 index: 1. Preceding OpId from leader: term: 1 index: 2. (index mismatch)
I20260630 12:20:30.659104 30876 raft_consensus.cc:1275] T fa0cd1a7380142fcafa4b859cabec4fb P d8861608c60a49639e2fdfac289ebb14 [term 1 FOLLOWER]: Refusing update from remote peer 09f1ea52948847fb8ec52a7eb7ebf514: Log matching property violated. Preceding OpId in replica: term: 1 index: 1. Preceding OpId from leader: term: 1 index: 2. (index mismatch)
I20260630 12:20:30.659674 31003 consensus_queue.cc:1048] T fa0cd1a7380142fcafa4b859cabec4fb P 09f1ea52948847fb8ec52a7eb7ebf514 [LEADER]: Connected to new peer: Peer: permanent_uuid: "52d7c95507e14d2ab36eb590f27ae46f" member_type: VOTER last_known_addr { host: "127.29.109.195" port: 38433 } attrs { replace: true }, Status: LMP_MISMATCH, Last received: 0.0, Next index: 2, Last known committed idx: 1, Time since last communication: 0.001s
I20260630 12:20:30.660775 31155 consensus_queue.cc:1048] T fa0cd1a7380142fcafa4b859cabec4fb P 09f1ea52948847fb8ec52a7eb7ebf514 [LEADER]: Connected to new peer: Peer: permanent_uuid: "d8861608c60a49639e2fdfac289ebb14" member_type: VOTER last_known_addr { host: "127.29.109.194" port: 32841 }, Status: LMP_MISMATCH, Last received: 0.0, Next index: 2, Last known committed idx: 1, Time since last communication: 0.000s
I20260630 12:20:30.670753 31155 raft_consensus.cc:2955] T fa0cd1a7380142fcafa4b859cabec4fb P 09f1ea52948847fb8ec52a7eb7ebf514 [term 1 LEADER]: Committing config change with OpId 1.2: config changed from index -1 to 2, NON_VOTER 6e223681e16a43999b0d331334a82073 (127.29.109.196) added. New config: { opid_index: 2 OBSOLETE_local: false peers { permanent_uuid: "09f1ea52948847fb8ec52a7eb7ebf514" member_type: VOTER last_known_addr { host: "127.29.109.193" port: 45625 } } peers { permanent_uuid: "d8861608c60a49639e2fdfac289ebb14" member_type: VOTER last_known_addr { host: "127.29.109.194" port: 32841 } } peers { permanent_uuid: "52d7c95507e14d2ab36eb590f27ae46f" member_type: VOTER last_known_addr { host: "127.29.109.195" port: 38433 } attrs { replace: true } } peers { permanent_uuid: "6e223681e16a43999b0d331334a82073" member_type: NON_VOTER last_known_addr { host: "127.29.109.196" port: 33213 } attrs { promote: true } } }
I20260630 12:20:30.672472 30877 raft_consensus.cc:2955] T fa0cd1a7380142fcafa4b859cabec4fb P d8861608c60a49639e2fdfac289ebb14 [term 1 FOLLOWER]: Committing config change with OpId 1.2: config changed from index -1 to 2, NON_VOTER 6e223681e16a43999b0d331334a82073 (127.29.109.196) added. New config: { opid_index: 2 OBSOLETE_local: false peers { permanent_uuid: "09f1ea52948847fb8ec52a7eb7ebf514" member_type: VOTER last_known_addr { host: "127.29.109.193" port: 45625 } } peers { permanent_uuid: "d8861608c60a49639e2fdfac289ebb14" member_type: VOTER last_known_addr { host: "127.29.109.194" port: 32841 } } peers { permanent_uuid: "52d7c95507e14d2ab36eb590f27ae46f" member_type: VOTER last_known_addr { host: "127.29.109.195" port: 38433 } attrs { replace: true } } peers { permanent_uuid: "6e223681e16a43999b0d331334a82073" member_type: NON_VOTER last_known_addr { host: "127.29.109.196" port: 33213 } attrs { promote: true } } }
W20260630 12:20:30.673832 30767 consensus_peers.cc:597] T fa0cd1a7380142fcafa4b859cabec4fb P 09f1ea52948847fb8ec52a7eb7ebf514 -> Peer 6e223681e16a43999b0d331334a82073 (127.29.109.196:33213): Couldn't send request to peer 6e223681e16a43999b0d331334a82073. Error code: TABLET_NOT_FOUND (6). Status: Not found: Tablet not found: fa0cd1a7380142fcafa4b859cabec4fb. This is attempt 1: this message will repeat every 5th retry.
I20260630 12:20:30.679562 30950 raft_consensus.cc:2955] T fa0cd1a7380142fcafa4b859cabec4fb P 52d7c95507e14d2ab36eb590f27ae46f [term 1 FOLLOWER]: Committing config change with OpId 1.2: config changed from index -1 to 2, NON_VOTER 6e223681e16a43999b0d331334a82073 (127.29.109.196) added. New config: { opid_index: 2 OBSOLETE_local: false peers { permanent_uuid: "09f1ea52948847fb8ec52a7eb7ebf514" member_type: VOTER last_known_addr { host: "127.29.109.193" port: 45625 } } peers { permanent_uuid: "d8861608c60a49639e2fdfac289ebb14" member_type: VOTER last_known_addr { host: "127.29.109.194" port: 32841 } } peers { permanent_uuid: "52d7c95507e14d2ab36eb590f27ae46f" member_type: VOTER last_known_addr { host: "127.29.109.195" port: 38433 } attrs { replace: true } } peers { permanent_uuid: "6e223681e16a43999b0d331334a82073" member_type: NON_VOTER last_known_addr { host: "127.29.109.196" port: 33213 } attrs { promote: true } } }
I20260630 12:20:30.686559 30699 catalog_manager.cc:5697] T fa0cd1a7380142fcafa4b859cabec4fb P 09f1ea52948847fb8ec52a7eb7ebf514 reported cstate change: config changed from index -1 to 2, NON_VOTER 6e223681e16a43999b0d331334a82073 (127.29.109.196) added. New cstate: current_term: 1 leader_uuid: "09f1ea52948847fb8ec52a7eb7ebf514" committed_config { opid_index: 2 OBSOLETE_local: false peers { permanent_uuid: "09f1ea52948847fb8ec52a7eb7ebf514" member_type: VOTER last_known_addr { host: "127.29.109.193" port: 45625 } health_report { overall_health: HEALTHY } } peers { permanent_uuid: "d8861608c60a49639e2fdfac289ebb14" member_type: VOTER last_known_addr { host: "127.29.109.194" port: 32841 } health_report { overall_health: HEALTHY } } peers { permanent_uuid: "52d7c95507e14d2ab36eb590f27ae46f" member_type: VOTER last_known_addr { host: "127.29.109.195" port: 38433 } attrs { replace: true } health_report { overall_health: HEALTHY } } peers { permanent_uuid: "6e223681e16a43999b0d331334a82073" member_type: NON_VOTER last_known_addr { host: "127.29.109.196" port: 33213 } attrs { promote: true } health_report { overall_health: UNKNOWN } } }
I20260630 12:20:30.701033 30950 consensus_queue.cc:237] T 085d05f6fb90414bb73b685cf31ee68c P 52d7c95507e14d2ab36eb590f27ae46f [LEADER]: Queue going to LEADER mode. State: All replicated index: 0, Majority replicated index: 1, Committed index: 1, Last appended: 1.1, Last appended by leader: 0, Current term: 1, Majority size: 2, State: 0, Mode: LEADER, active raft config: opid_index: 2 OBSOLETE_local: false peers { permanent_uuid: "09f1ea52948847fb8ec52a7eb7ebf514" member_type: VOTER last_known_addr { host: "127.29.109.193" port: 45625 } } peers { permanent_uuid: "d8861608c60a49639e2fdfac289ebb14" member_type: VOTER last_known_addr { host: "127.29.109.194" port: 32841 } attrs { replace: true } } peers { permanent_uuid: "52d7c95507e14d2ab36eb590f27ae46f" member_type: VOTER last_known_addr { host: "127.29.109.195" port: 38433 } } peers { permanent_uuid: "6e223681e16a43999b0d331334a82073" member_type: NON_VOTER last_known_addr { host: "127.29.109.196" port: 33213 } attrs { promote: true } }
I20260630 12:20:30.712265 30801 raft_consensus.cc:1275] T 085d05f6fb90414bb73b685cf31ee68c P 09f1ea52948847fb8ec52a7eb7ebf514 [term 1 FOLLOWER]: Refusing update from remote peer 52d7c95507e14d2ab36eb590f27ae46f: Log matching property violated. Preceding OpId in replica: term: 1 index: 1. Preceding OpId from leader: term: 1 index: 2. (index mismatch)
I20260630 12:20:30.713672 30877 raft_consensus.cc:1275] T 085d05f6fb90414bb73b685cf31ee68c P d8861608c60a49639e2fdfac289ebb14 [term 1 FOLLOWER]: Refusing update from remote peer 52d7c95507e14d2ab36eb590f27ae46f: Log matching property violated. Preceding OpId in replica: term: 1 index: 1. Preceding OpId from leader: term: 1 index: 2. (index mismatch)
I20260630 12:20:30.716697 31148 consensus_queue.cc:1048] T 085d05f6fb90414bb73b685cf31ee68c P 52d7c95507e14d2ab36eb590f27ae46f [LEADER]: Connected to new peer: Peer: permanent_uuid: "d8861608c60a49639e2fdfac289ebb14" member_type: VOTER last_known_addr { host: "127.29.109.194" port: 32841 } attrs { replace: true }, Status: LMP_MISMATCH, Last received: 0.0, Next index: 2, Last known committed idx: 1, Time since last communication: 0.001s
I20260630 12:20:30.718622 31148 consensus_queue.cc:1048] T 085d05f6fb90414bb73b685cf31ee68c P 52d7c95507e14d2ab36eb590f27ae46f [LEADER]: Connected to new peer: Peer: permanent_uuid: "09f1ea52948847fb8ec52a7eb7ebf514" member_type: VOTER last_known_addr { host: "127.29.109.193" port: 45625 }, Status: LMP_MISMATCH, Last received: 0.0, Next index: 2, Last known committed idx: 1, Time since last communication: 0.006s
W20260630 12:20:30.725705 30916 consensus_peers.cc:597] T 085d05f6fb90414bb73b685cf31ee68c P 52d7c95507e14d2ab36eb590f27ae46f -> Peer 6e223681e16a43999b0d331334a82073 (127.29.109.196:33213): Couldn't send request to peer 6e223681e16a43999b0d331334a82073. Error code: TABLET_NOT_FOUND (6). Status: Not found: Tablet not found: 085d05f6fb90414bb73b685cf31ee68c. This is attempt 1: this message will repeat every 5th retry.
I20260630 12:20:30.727939 31169 raft_consensus.cc:2955] T 085d05f6fb90414bb73b685cf31ee68c P 52d7c95507e14d2ab36eb590f27ae46f [term 1 LEADER]: Committing config change with OpId 1.2: config changed from index -1 to 2, NON_VOTER 6e223681e16a43999b0d331334a82073 (127.29.109.196) added. New config: { opid_index: 2 OBSOLETE_local: false peers { permanent_uuid: "09f1ea52948847fb8ec52a7eb7ebf514" member_type: VOTER last_known_addr { host: "127.29.109.193" port: 45625 } } peers { permanent_uuid: "d8861608c60a49639e2fdfac289ebb14" member_type: VOTER last_known_addr { host: "127.29.109.194" port: 32841 } attrs { replace: true } } peers { permanent_uuid: "52d7c95507e14d2ab36eb590f27ae46f" member_type: VOTER last_known_addr { host: "127.29.109.195" port: 38433 } } peers { permanent_uuid: "6e223681e16a43999b0d331334a82073" member_type: NON_VOTER last_known_addr { host: "127.29.109.196" port: 33213 } attrs { promote: true } } }
I20260630 12:20:30.729712 30877 raft_consensus.cc:2955] T 085d05f6fb90414bb73b685cf31ee68c P d8861608c60a49639e2fdfac289ebb14 [term 1 FOLLOWER]: Committing config change with OpId 1.2: config changed from index -1 to 2, NON_VOTER 6e223681e16a43999b0d331334a82073 (127.29.109.196) added. New config: { opid_index: 2 OBSOLETE_local: false peers { permanent_uuid: "09f1ea52948847fb8ec52a7eb7ebf514" member_type: VOTER last_known_addr { host: "127.29.109.193" port: 45625 } } peers { permanent_uuid: "d8861608c60a49639e2fdfac289ebb14" member_type: VOTER last_known_addr { host: "127.29.109.194" port: 32841 } attrs { replace: true } } peers { permanent_uuid: "52d7c95507e14d2ab36eb590f27ae46f" member_type: VOTER last_known_addr { host: "127.29.109.195" port: 38433 } } peers { permanent_uuid: "6e223681e16a43999b0d331334a82073" member_type: NON_VOTER last_known_addr { host: "127.29.109.196" port: 33213 } attrs { promote: true } } }
I20260630 12:20:30.732146 30802 raft_consensus.cc:2955] T 085d05f6fb90414bb73b685cf31ee68c P 09f1ea52948847fb8ec52a7eb7ebf514 [term 1 FOLLOWER]: Committing config change with OpId 1.2: config changed from index -1 to 2, NON_VOTER 6e223681e16a43999b0d331334a82073 (127.29.109.196) added. New config: { opid_index: 2 OBSOLETE_local: false peers { permanent_uuid: "09f1ea52948847fb8ec52a7eb7ebf514" member_type: VOTER last_known_addr { host: "127.29.109.193" port: 45625 } } peers { permanent_uuid: "d8861608c60a49639e2fdfac289ebb14" member_type: VOTER last_known_addr { host: "127.29.109.194" port: 32841 } attrs { replace: true } } peers { permanent_uuid: "52d7c95507e14d2ab36eb590f27ae46f" member_type: VOTER last_known_addr { host: "127.29.109.195" port: 38433 } } peers { permanent_uuid: "6e223681e16a43999b0d331334a82073" member_type: NON_VOTER last_known_addr { host: "127.29.109.196" port: 33213 } attrs { promote: true } } }
I20260630 12:20:30.744477 30696 catalog_manager.cc:5697] T 085d05f6fb90414bb73b685cf31ee68c P d8861608c60a49639e2fdfac289ebb14 reported cstate change: config changed from index -1 to 2, NON_VOTER 6e223681e16a43999b0d331334a82073 (127.29.109.196) added. New cstate: current_term: 1 leader_uuid: "52d7c95507e14d2ab36eb590f27ae46f" committed_config { opid_index: 2 OBSOLETE_local: false peers { permanent_uuid: "09f1ea52948847fb8ec52a7eb7ebf514" member_type: VOTER last_known_addr { host: "127.29.109.193" port: 45625 } } peers { permanent_uuid: "d8861608c60a49639e2fdfac289ebb14" member_type: VOTER last_known_addr { host: "127.29.109.194" port: 32841 } attrs { replace: true } } peers { permanent_uuid: "52d7c95507e14d2ab36eb590f27ae46f" member_type: VOTER last_known_addr { host: "127.29.109.195" port: 38433 } } peers { permanent_uuid: "6e223681e16a43999b0d331334a82073" member_type: NON_VOTER last_known_addr { host: "127.29.109.196" port: 33213 } attrs { promote: true } } }
I20260630 12:20:30.763732 30877 consensus_queue.cc:237] T c5f05134ac5f493cb887100db5089c1c P d8861608c60a49639e2fdfac289ebb14 [LEADER]: Queue going to LEADER mode. State: All replicated index: 0, Majority replicated index: 1, Committed index: 1, Last appended: 1.1, Last appended by leader: 0, Current term: 1, Majority size: 2, State: 0, Mode: LEADER, active raft config: opid_index: 2 OBSOLETE_local: false peers { permanent_uuid: "09f1ea52948847fb8ec52a7eb7ebf514" member_type: VOTER last_known_addr { host: "127.29.109.193" port: 45625 } attrs { replace: true } } peers { permanent_uuid: "d8861608c60a49639e2fdfac289ebb14" member_type: VOTER last_known_addr { host: "127.29.109.194" port: 32841 } } peers { permanent_uuid: "52d7c95507e14d2ab36eb590f27ae46f" member_type: VOTER last_known_addr { host: "127.29.109.195" port: 38433 } } peers { permanent_uuid: "6e223681e16a43999b0d331334a82073" member_type: NON_VOTER last_known_addr { host: "127.29.109.196" port: 33213 } attrs { promote: true } }
I20260630 12:20:30.773437 30950 raft_consensus.cc:1275] T c5f05134ac5f493cb887100db5089c1c P 52d7c95507e14d2ab36eb590f27ae46f [term 1 FOLLOWER]: Refusing update from remote peer d8861608c60a49639e2fdfac289ebb14: Log matching property violated. Preceding OpId in replica: term: 1 index: 1. Preceding OpId from leader: term: 1 index: 2. (index mismatch)
I20260630 12:20:30.773772 30802 raft_consensus.cc:1275] T c5f05134ac5f493cb887100db5089c1c P 09f1ea52948847fb8ec52a7eb7ebf514 [term 1 FOLLOWER]: Refusing update from remote peer d8861608c60a49639e2fdfac289ebb14: Log matching property violated. Preceding OpId in replica: term: 1 index: 1. Preceding OpId from leader: term: 1 index: 2. (index mismatch)
I20260630 12:20:30.774935 31028 consensus_queue.cc:1048] T c5f05134ac5f493cb887100db5089c1c P d8861608c60a49639e2fdfac289ebb14 [LEADER]: Connected to new peer: Peer: permanent_uuid: "52d7c95507e14d2ab36eb590f27ae46f" member_type: VOTER last_known_addr { host: "127.29.109.195" port: 38433 }, Status: LMP_MISMATCH, Last received: 0.0, Next index: 2, Last known committed idx: 1, Time since last communication: 0.000s
I20260630 12:20:30.775859 31174 consensus_queue.cc:1048] T c5f05134ac5f493cb887100db5089c1c P d8861608c60a49639e2fdfac289ebb14 [LEADER]: Connected to new peer: Peer: permanent_uuid: "09f1ea52948847fb8ec52a7eb7ebf514" member_type: VOTER last_known_addr { host: "127.29.109.193" port: 45625 } attrs { replace: true }, Status: LMP_MISMATCH, Last received: 0.0, Next index: 2, Last known committed idx: 1, Time since last communication: 0.001s
W20260630 12:20:30.782280 30842 consensus_peers.cc:597] T c5f05134ac5f493cb887100db5089c1c P d8861608c60a49639e2fdfac289ebb14 -> Peer 6e223681e16a43999b0d331334a82073 (127.29.109.196:33213): Couldn't send request to peer 6e223681e16a43999b0d331334a82073. Error code: TABLET_NOT_FOUND (6). Status: Not found: Tablet not found: c5f05134ac5f493cb887100db5089c1c. This is attempt 1: this message will repeat every 5th retry.
I20260630 12:20:30.785630 31028 raft_consensus.cc:2955] T c5f05134ac5f493cb887100db5089c1c P d8861608c60a49639e2fdfac289ebb14 [term 1 LEADER]: Committing config change with OpId 1.2: config changed from index -1 to 2, NON_VOTER 6e223681e16a43999b0d331334a82073 (127.29.109.196) added. New config: { opid_index: 2 OBSOLETE_local: false peers { permanent_uuid: "09f1ea52948847fb8ec52a7eb7ebf514" member_type: VOTER last_known_addr { host: "127.29.109.193" port: 45625 } attrs { replace: true } } peers { permanent_uuid: "d8861608c60a49639e2fdfac289ebb14" member_type: VOTER last_known_addr { host: "127.29.109.194" port: 32841 } } peers { permanent_uuid: "52d7c95507e14d2ab36eb590f27ae46f" member_type: VOTER last_known_addr { host: "127.29.109.195" port: 38433 } } peers { permanent_uuid: "6e223681e16a43999b0d331334a82073" member_type: NON_VOTER last_known_addr { host: "127.29.109.196" port: 33213 } attrs { promote: true } } }
I20260630 12:20:30.788103 30950 raft_consensus.cc:2955] T c5f05134ac5f493cb887100db5089c1c P 52d7c95507e14d2ab36eb590f27ae46f [term 1 FOLLOWER]: Committing config change with OpId 1.2: config changed from index -1 to 2, NON_VOTER 6e223681e16a43999b0d331334a82073 (127.29.109.196) added. New config: { opid_index: 2 OBSOLETE_local: false peers { permanent_uuid: "09f1ea52948847fb8ec52a7eb7ebf514" member_type: VOTER last_known_addr { host: "127.29.109.193" port: 45625 } attrs { replace: true } } peers { permanent_uuid: "d8861608c60a49639e2fdfac289ebb14" member_type: VOTER last_known_addr { host: "127.29.109.194" port: 32841 } } peers { permanent_uuid: "52d7c95507e14d2ab36eb590f27ae46f" member_type: VOTER last_known_addr { host: "127.29.109.195" port: 38433 } } peers { permanent_uuid: "6e223681e16a43999b0d331334a82073" member_type: NON_VOTER last_known_addr { host: "127.29.109.196" port: 33213 } attrs { promote: true } } }
I20260630 12:20:30.788379 30802 raft_consensus.cc:2955] T c5f05134ac5f493cb887100db5089c1c P 09f1ea52948847fb8ec52a7eb7ebf514 [term 1 FOLLOWER]: Committing config change with OpId 1.2: config changed from index -1 to 2, NON_VOTER 6e223681e16a43999b0d331334a82073 (127.29.109.196) added. New config: { opid_index: 2 OBSOLETE_local: false peers { permanent_uuid: "09f1ea52948847fb8ec52a7eb7ebf514" member_type: VOTER last_known_addr { host: "127.29.109.193" port: 45625 } attrs { replace: true } } peers { permanent_uuid: "d8861608c60a49639e2fdfac289ebb14" member_type: VOTER last_known_addr { host: "127.29.109.194" port: 32841 } } peers { permanent_uuid: "52d7c95507e14d2ab36eb590f27ae46f" member_type: VOTER last_known_addr { host: "127.29.109.195" port: 38433 } } peers { permanent_uuid: "6e223681e16a43999b0d331334a82073" member_type: NON_VOTER last_known_addr { host: "127.29.109.196" port: 33213 } attrs { promote: true } } }
I20260630 12:20:30.798466 30699 catalog_manager.cc:5697] T c5f05134ac5f493cb887100db5089c1c P 52d7c95507e14d2ab36eb590f27ae46f reported cstate change: config changed from index -1 to 2, NON_VOTER 6e223681e16a43999b0d331334a82073 (127.29.109.196) added. New cstate: current_term: 1 leader_uuid: "d8861608c60a49639e2fdfac289ebb14" committed_config { opid_index: 2 OBSOLETE_local: false peers { permanent_uuid: "09f1ea52948847fb8ec52a7eb7ebf514" member_type: VOTER last_known_addr { host: "127.29.109.193" port: 45625 } attrs { replace: true } } peers { permanent_uuid: "d8861608c60a49639e2fdfac289ebb14" member_type: VOTER last_known_addr { host: "127.29.109.194" port: 32841 } } peers { permanent_uuid: "52d7c95507e14d2ab36eb590f27ae46f" member_type: VOTER last_known_addr { host: "127.29.109.195" port: 38433 } } peers { permanent_uuid: "6e223681e16a43999b0d331334a82073" member_type: NON_VOTER last_known_addr { host: "127.29.109.196" port: 33213 } attrs { promote: true } } }
I20260630 12:20:30.800158 30801 consensus_queue.cc:237] T 0cbb4823810d465a95068dbf7863e05d P 09f1ea52948847fb8ec52a7eb7ebf514 [LEADER]: Queue going to LEADER mode. State: All replicated index: 0, Majority replicated index: 1, Committed index: 1, Last appended: 1.1, Last appended by leader: 0, Current term: 1, Majority size: 2, State: 0, Mode: LEADER, active raft config: opid_index: 2 OBSOLETE_local: false peers { permanent_uuid: "09f1ea52948847fb8ec52a7eb7ebf514" member_type: VOTER last_known_addr { host: "127.29.109.193" port: 45625 } } peers { permanent_uuid: "d8861608c60a49639e2fdfac289ebb14" member_type: VOTER last_known_addr { host: "127.29.109.194" port: 32841 } attrs { replace: true } } peers { permanent_uuid: "52d7c95507e14d2ab36eb590f27ae46f" member_type: VOTER last_known_addr { host: "127.29.109.195" port: 38433 } } peers { permanent_uuid: "6e223681e16a43999b0d331334a82073" member_type: NON_VOTER last_known_addr { host: "127.29.109.196" port: 33213 } attrs { promote: true } }
I20260630 12:20:30.807853 30950 raft_consensus.cc:1275] T 0cbb4823810d465a95068dbf7863e05d P 52d7c95507e14d2ab36eb590f27ae46f [term 1 FOLLOWER]: Refusing update from remote peer 09f1ea52948847fb8ec52a7eb7ebf514: Log matching property violated. Preceding OpId in replica: term: 1 index: 1. Preceding OpId from leader: term: 1 index: 2. (index mismatch)
W20260630 12:20:30.808691 30767 consensus_peers.cc:597] T 0cbb4823810d465a95068dbf7863e05d P 09f1ea52948847fb8ec52a7eb7ebf514 -> Peer 6e223681e16a43999b0d331334a82073 (127.29.109.196:33213): Couldn't send request to peer 6e223681e16a43999b0d331334a82073. Error code: TABLET_NOT_FOUND (6). Status: Not found: Tablet not found: 0cbb4823810d465a95068dbf7863e05d. This is attempt 1: this message will repeat every 5th retry.
I20260630 12:20:30.809136 30877 raft_consensus.cc:1275] T 0cbb4823810d465a95068dbf7863e05d P d8861608c60a49639e2fdfac289ebb14 [term 1 FOLLOWER]: Refusing update from remote peer 09f1ea52948847fb8ec52a7eb7ebf514: Log matching property violated. Preceding OpId in replica: term: 1 index: 1. Preceding OpId from leader: term: 1 index: 2. (index mismatch)
I20260630 12:20:30.810786 31156 consensus_queue.cc:1048] T 0cbb4823810d465a95068dbf7863e05d P 09f1ea52948847fb8ec52a7eb7ebf514 [LEADER]: Connected to new peer: Peer: permanent_uuid: "52d7c95507e14d2ab36eb590f27ae46f" member_type: VOTER last_known_addr { host: "127.29.109.195" port: 38433 }, Status: LMP_MISMATCH, Last received: 0.0, Next index: 2, Last known committed idx: 1, Time since last communication: 0.001s
I20260630 12:20:30.812353 31156 consensus_queue.cc:1048] T 0cbb4823810d465a95068dbf7863e05d P 09f1ea52948847fb8ec52a7eb7ebf514 [LEADER]: Connected to new peer: Peer: permanent_uuid: "d8861608c60a49639e2fdfac289ebb14" member_type: VOTER last_known_addr { host: "127.29.109.194" port: 32841 } attrs { replace: true }, Status: LMP_MISMATCH, Last received: 0.0, Next index: 2, Last known committed idx: 1, Time since last communication: 0.000s
I20260630 12:20:30.819533 31155 raft_consensus.cc:2955] T 0cbb4823810d465a95068dbf7863e05d P 09f1ea52948847fb8ec52a7eb7ebf514 [term 1 LEADER]: Committing config change with OpId 1.2: config changed from index -1 to 2, NON_VOTER 6e223681e16a43999b0d331334a82073 (127.29.109.196) added. New config: { opid_index: 2 OBSOLETE_local: false peers { permanent_uuid: "09f1ea52948847fb8ec52a7eb7ebf514" member_type: VOTER last_known_addr { host: "127.29.109.193" port: 45625 } } peers { permanent_uuid: "d8861608c60a49639e2fdfac289ebb14" member_type: VOTER last_known_addr { host: "127.29.109.194" port: 32841 } attrs { replace: true } } peers { permanent_uuid: "52d7c95507e14d2ab36eb590f27ae46f" member_type: VOTER last_known_addr { host: "127.29.109.195" port: 38433 } } peers { permanent_uuid: "6e223681e16a43999b0d331334a82073" member_type: NON_VOTER last_known_addr { host: "127.29.109.196" port: 33213 } attrs { promote: true } } }
I20260630 12:20:30.821383 30950 raft_consensus.cc:2955] T 0cbb4823810d465a95068dbf7863e05d P 52d7c95507e14d2ab36eb590f27ae46f [term 1 FOLLOWER]: Committing config change with OpId 1.2: config changed from index -1 to 2, NON_VOTER 6e223681e16a43999b0d331334a82073 (127.29.109.196) added. New config: { opid_index: 2 OBSOLETE_local: false peers { permanent_uuid: "09f1ea52948847fb8ec52a7eb7ebf514" member_type: VOTER last_known_addr { host: "127.29.109.193" port: 45625 } } peers { permanent_uuid: "d8861608c60a49639e2fdfac289ebb14" member_type: VOTER last_known_addr { host: "127.29.109.194" port: 32841 } attrs { replace: true } } peers { permanent_uuid: "52d7c95507e14d2ab36eb590f27ae46f" member_type: VOTER last_known_addr { host: "127.29.109.195" port: 38433 } } peers { permanent_uuid: "6e223681e16a43999b0d331334a82073" member_type: NON_VOTER last_known_addr { host: "127.29.109.196" port: 33213 } attrs { promote: true } } }
I20260630 12:20:30.822677 30877 raft_consensus.cc:2955] T 0cbb4823810d465a95068dbf7863e05d P d8861608c60a49639e2fdfac289ebb14 [term 1 FOLLOWER]: Committing config change with OpId 1.2: config changed from index -1 to 2, NON_VOTER 6e223681e16a43999b0d331334a82073 (127.29.109.196) added. New config: { opid_index: 2 OBSOLETE_local: false peers { permanent_uuid: "09f1ea52948847fb8ec52a7eb7ebf514" member_type: VOTER last_known_addr { host: "127.29.109.193" port: 45625 } } peers { permanent_uuid: "d8861608c60a49639e2fdfac289ebb14" member_type: VOTER last_known_addr { host: "127.29.109.194" port: 32841 } attrs { replace: true } } peers { permanent_uuid: "52d7c95507e14d2ab36eb590f27ae46f" member_type: VOTER last_known_addr { host: "127.29.109.195" port: 38433 } } peers { permanent_uuid: "6e223681e16a43999b0d331334a82073" member_type: NON_VOTER last_known_addr { host: "127.29.109.196" port: 33213 } attrs { promote: true } } }
I20260630 12:20:30.830951 30700 catalog_manager.cc:5697] T 0cbb4823810d465a95068dbf7863e05d P 09f1ea52948847fb8ec52a7eb7ebf514 reported cstate change: config changed from index -1 to 2, NON_VOTER 6e223681e16a43999b0d331334a82073 (127.29.109.196) added. New cstate: current_term: 1 leader_uuid: "09f1ea52948847fb8ec52a7eb7ebf514" committed_config { opid_index: 2 OBSOLETE_local: false peers { permanent_uuid: "09f1ea52948847fb8ec52a7eb7ebf514" member_type: VOTER last_known_addr { host: "127.29.109.193" port: 45625 } health_report { overall_health: HEALTHY } } peers { permanent_uuid: "d8861608c60a49639e2fdfac289ebb14" member_type: VOTER last_known_addr { host: "127.29.109.194" port: 32841 } attrs { replace: true } health_report { overall_health: HEALTHY } } peers { permanent_uuid: "52d7c95507e14d2ab36eb590f27ae46f" member_type: VOTER last_known_addr { host: "127.29.109.195" port: 38433 } health_report { overall_health: HEALTHY } } peers { permanent_uuid: "6e223681e16a43999b0d331334a82073" member_type: NON_VOTER last_known_addr { host: "127.29.109.196" port: 33213 } attrs { promote: true } health_report { overall_health: UNKNOWN } } }
I20260630 12:20:30.950668 30135 tablet_server.cc:179] TabletServer@127.29.109.193:0 shutting down...
I20260630 12:20:30.984421 30135 ts_tablet_manager.cc:1507] Shutting down tablet manager...
I20260630 12:20:30.985356 30135 tablet_replica.cc:333] T 085d05f6fb90414bb73b685cf31ee68c P 09f1ea52948847fb8ec52a7eb7ebf514: stopping tablet replica
I20260630 12:20:30.986240 30135 raft_consensus.cc:2243] T 085d05f6fb90414bb73b685cf31ee68c P 09f1ea52948847fb8ec52a7eb7ebf514 [term 1 FOLLOWER]: Raft consensus shutting down.
I20260630 12:20:30.986841 30135 raft_consensus.cc:2272] T 085d05f6fb90414bb73b685cf31ee68c P 09f1ea52948847fb8ec52a7eb7ebf514 [term 1 FOLLOWER]: Raft consensus is shut down!
I20260630 12:20:30.989784 30135 tablet_replica.cc:333] T fa0cd1a7380142fcafa4b859cabec4fb P 09f1ea52948847fb8ec52a7eb7ebf514: stopping tablet replica
I20260630 12:20:30.990476 30135 raft_consensus.cc:2243] T fa0cd1a7380142fcafa4b859cabec4fb P 09f1ea52948847fb8ec52a7eb7ebf514 [term 1 LEADER]: Raft consensus shutting down.
I20260630 12:20:30.991583 30135 raft_consensus.cc:2272] T fa0cd1a7380142fcafa4b859cabec4fb P 09f1ea52948847fb8ec52a7eb7ebf514 [term 1 FOLLOWER]: Raft consensus is shut down!
I20260630 12:20:30.994323 30135 tablet_replica.cc:333] T 22a3530f7da648d5a32b824146616c9a P 09f1ea52948847fb8ec52a7eb7ebf514: stopping tablet replica
I20260630 12:20:30.995046 30135 raft_consensus.cc:2243] T 22a3530f7da648d5a32b824146616c9a P 09f1ea52948847fb8ec52a7eb7ebf514 [term 1 FOLLOWER]: Raft consensus shutting down.
I20260630 12:20:30.995544 30135 raft_consensus.cc:2272] T 22a3530f7da648d5a32b824146616c9a P 09f1ea52948847fb8ec52a7eb7ebf514 [term 1 FOLLOWER]: Raft consensus is shut down!
I20260630 12:20:30.997797 30135 tablet_replica.cc:333] T 20bbaaca30e242f184a98712adc460b4 P 09f1ea52948847fb8ec52a7eb7ebf514: stopping tablet replica
I20260630 12:20:30.998449 30135 raft_consensus.cc:2243] T 20bbaaca30e242f184a98712adc460b4 P 09f1ea52948847fb8ec52a7eb7ebf514 [term 1 LEADER]: Raft consensus shutting down.
I20260630 12:20:30.999395 30135 raft_consensus.cc:2272] T 20bbaaca30e242f184a98712adc460b4 P 09f1ea52948847fb8ec52a7eb7ebf514 [term 1 FOLLOWER]: Raft consensus is shut down!
I20260630 12:20:31.001713 30135 tablet_replica.cc:333] T c6a433b9add4413b90635c89d291a83b P 09f1ea52948847fb8ec52a7eb7ebf514: stopping tablet replica
I20260630 12:20:31.002408 30135 raft_consensus.cc:2243] T c6a433b9add4413b90635c89d291a83b P 09f1ea52948847fb8ec52a7eb7ebf514 [term 1 FOLLOWER]: Raft consensus shutting down.
I20260630 12:20:31.003001 30135 raft_consensus.cc:2272] T c6a433b9add4413b90635c89d291a83b P 09f1ea52948847fb8ec52a7eb7ebf514 [term 1 FOLLOWER]: Raft consensus is shut down!
I20260630 12:20:31.005323 30135 tablet_replica.cc:333] T c5f05134ac5f493cb887100db5089c1c P 09f1ea52948847fb8ec52a7eb7ebf514: stopping tablet replica
I20260630 12:20:31.006001 30135 raft_consensus.cc:2243] T c5f05134ac5f493cb887100db5089c1c P 09f1ea52948847fb8ec52a7eb7ebf514 [term 1 FOLLOWER]: Raft consensus shutting down.
I20260630 12:20:31.006511 30135 raft_consensus.cc:2272] T c5f05134ac5f493cb887100db5089c1c P 09f1ea52948847fb8ec52a7eb7ebf514 [term 1 FOLLOWER]: Raft consensus is shut down!
I20260630 12:20:31.009356 30135 tablet_replica.cc:333] T 0cbb4823810d465a95068dbf7863e05d P 09f1ea52948847fb8ec52a7eb7ebf514: stopping tablet replica
I20260630 12:20:31.009991 30135 raft_consensus.cc:2243] T 0cbb4823810d465a95068dbf7863e05d P 09f1ea52948847fb8ec52a7eb7ebf514 [term 1 LEADER]: Raft consensus shutting down.
I20260630 12:20:31.011102 30135 raft_consensus.cc:2272] T 0cbb4823810d465a95068dbf7863e05d P 09f1ea52948847fb8ec52a7eb7ebf514 [term 1 FOLLOWER]: Raft consensus is shut down!
I20260630 12:20:31.013882 30135 tablet_replica.cc:333] T 3e366ecd3091460786b06174080d44c8 P 09f1ea52948847fb8ec52a7eb7ebf514: stopping tablet replica
I20260630 12:20:31.014497 30135 raft_consensus.cc:2243] T 3e366ecd3091460786b06174080d44c8 P 09f1ea52948847fb8ec52a7eb7ebf514 [term 1 FOLLOWER]: Raft consensus shutting down.
I20260630 12:20:31.014936 30135 raft_consensus.cc:2272] T 3e366ecd3091460786b06174080d44c8 P 09f1ea52948847fb8ec52a7eb7ebf514 [term 1 FOLLOWER]: Raft consensus is shut down!
I20260630 12:20:31.051719 30135 tablet_server.cc:196] TabletServer@127.29.109.193:0 shutdown complete.
W20260630 12:20:31.058072 30917 proxy.cc:239] Call had error, refreshing address and retrying: Network error: Client connection negotiation failed: client connection to 127.29.109.193:45625: connect: Connection refused (error 111)
W20260630 12:20:31.062326 30917 consensus_peers.cc:597] T c6a433b9add4413b90635c89d291a83b P 52d7c95507e14d2ab36eb590f27ae46f -> Peer 09f1ea52948847fb8ec52a7eb7ebf514 (127.29.109.193:45625): Couldn't send request to peer 09f1ea52948847fb8ec52a7eb7ebf514. Status: Network error: Client connection negotiation failed: client connection to 127.29.109.193:45625: connect: Connection refused (error 111). This is attempt 1: this message will repeat every 5th retry.
I20260630 12:20:31.074942 30135 tablet_server.cc:179] TabletServer@127.29.109.194:0 shutting down...
I20260630 12:20:31.111115 30135 ts_tablet_manager.cc:1507] Shutting down tablet manager...
I20260630 12:20:31.112084 30135 tablet_replica.cc:333] T 22a3530f7da648d5a32b824146616c9a P d8861608c60a49639e2fdfac289ebb14: stopping tablet replica
I20260630 12:20:31.112793 30135 raft_consensus.cc:2243] T 22a3530f7da648d5a32b824146616c9a P d8861608c60a49639e2fdfac289ebb14 [term 1 LEADER]: Raft consensus shutting down.
I20260630 12:20:31.113509 30135 raft_consensus.cc:2272] T 22a3530f7da648d5a32b824146616c9a P d8861608c60a49639e2fdfac289ebb14 [term 1 FOLLOWER]: Raft consensus is shut down!
I20260630 12:20:31.115617 30135 tablet_replica.cc:333] T fa0cd1a7380142fcafa4b859cabec4fb P d8861608c60a49639e2fdfac289ebb14: stopping tablet replica
I20260630 12:20:31.116200 30135 raft_consensus.cc:2243] T fa0cd1a7380142fcafa4b859cabec4fb P d8861608c60a49639e2fdfac289ebb14 [term 1 FOLLOWER]: Raft consensus shutting down.
I20260630 12:20:31.116696 30135 raft_consensus.cc:2272] T fa0cd1a7380142fcafa4b859cabec4fb P d8861608c60a49639e2fdfac289ebb14 [term 1 FOLLOWER]: Raft consensus is shut down!
I20260630 12:20:31.118773 30135 tablet_replica.cc:333] T 3e366ecd3091460786b06174080d44c8 P d8861608c60a49639e2fdfac289ebb14: stopping tablet replica
I20260630 12:20:31.119298 30135 raft_consensus.cc:2243] T 3e366ecd3091460786b06174080d44c8 P d8861608c60a49639e2fdfac289ebb14 [term 1 FOLLOWER]: Raft consensus shutting down.
I20260630 12:20:31.119765 30135 raft_consensus.cc:2272] T 3e366ecd3091460786b06174080d44c8 P d8861608c60a49639e2fdfac289ebb14 [term 1 FOLLOWER]: Raft consensus is shut down!
I20260630 12:20:31.121524 30135 tablet_replica.cc:333] T 20bbaaca30e242f184a98712adc460b4 P d8861608c60a49639e2fdfac289ebb14: stopping tablet replica
I20260630 12:20:31.122020 30135 raft_consensus.cc:2243] T 20bbaaca30e242f184a98712adc460b4 P d8861608c60a49639e2fdfac289ebb14 [term 1 FOLLOWER]: Raft consensus shutting down.
I20260630 12:20:31.122570 30135 raft_consensus.cc:2272] T 20bbaaca30e242f184a98712adc460b4 P d8861608c60a49639e2fdfac289ebb14 [term 1 FOLLOWER]: Raft consensus is shut down!
I20260630 12:20:31.124480 30135 tablet_replica.cc:333] T 085d05f6fb90414bb73b685cf31ee68c P d8861608c60a49639e2fdfac289ebb14: stopping tablet replica
I20260630 12:20:31.124953 30135 raft_consensus.cc:2243] T 085d05f6fb90414bb73b685cf31ee68c P d8861608c60a49639e2fdfac289ebb14 [term 1 FOLLOWER]: Raft consensus shutting down.
I20260630 12:20:31.125351 30135 raft_consensus.cc:2272] T 085d05f6fb90414bb73b685cf31ee68c P d8861608c60a49639e2fdfac289ebb14 [term 1 FOLLOWER]: Raft consensus is shut down!
I20260630 12:20:31.127311 30135 tablet_replica.cc:333] T 0cbb4823810d465a95068dbf7863e05d P d8861608c60a49639e2fdfac289ebb14: stopping tablet replica
I20260630 12:20:31.127777 30135 raft_consensus.cc:2243] T 0cbb4823810d465a95068dbf7863e05d P d8861608c60a49639e2fdfac289ebb14 [term 1 FOLLOWER]: Raft consensus shutting down.
I20260630 12:20:31.128191 30135 raft_consensus.cc:2272] T 0cbb4823810d465a95068dbf7863e05d P d8861608c60a49639e2fdfac289ebb14 [term 1 FOLLOWER]: Raft consensus is shut down!
I20260630 12:20:31.130380 30135 tablet_replica.cc:333] T c5f05134ac5f493cb887100db5089c1c P d8861608c60a49639e2fdfac289ebb14: stopping tablet replica
I20260630 12:20:31.130856 30135 raft_consensus.cc:2243] T c5f05134ac5f493cb887100db5089c1c P d8861608c60a49639e2fdfac289ebb14 [term 1 LEADER]: Raft consensus shutting down.
I20260630 12:20:31.131670 30135 raft_consensus.cc:2272] T c5f05134ac5f493cb887100db5089c1c P d8861608c60a49639e2fdfac289ebb14 [term 1 FOLLOWER]: Raft consensus is shut down!
I20260630 12:20:31.133723 30135 tablet_replica.cc:333] T c6a433b9add4413b90635c89d291a83b P d8861608c60a49639e2fdfac289ebb14: stopping tablet replica
I20260630 12:20:31.134219 30135 raft_consensus.cc:2243] T c6a433b9add4413b90635c89d291a83b P d8861608c60a49639e2fdfac289ebb14 [term 1 FOLLOWER]: Raft consensus shutting down.
I20260630 12:20:31.134608 30135 raft_consensus.cc:2272] T c6a433b9add4413b90635c89d291a83b P d8861608c60a49639e2fdfac289ebb14 [term 1 FOLLOWER]: Raft consensus is shut down!
W20260630 12:20:31.158747 30917 consensus_peers.cc:597] T 3e366ecd3091460786b06174080d44c8 P 52d7c95507e14d2ab36eb590f27ae46f -> Peer 09f1ea52948847fb8ec52a7eb7ebf514 (127.29.109.193:45625): Couldn't send request to peer 09f1ea52948847fb8ec52a7eb7ebf514. Status: Network error: Client connection negotiation failed: client connection to 127.29.109.193:45625: connect: Connection refused (error 111). This is attempt 1: this message will repeat every 5th retry.
I20260630 12:20:31.162266 30135 tablet_server.cc:196] TabletServer@127.29.109.194:0 shutdown complete.
I20260630 12:20:31.186905 30135 tablet_server.cc:179] TabletServer@127.29.109.195:0 shutting down...
W20260630 12:20:31.221011 30916 consensus_peers.cc:597] T 3e366ecd3091460786b06174080d44c8 P 52d7c95507e14d2ab36eb590f27ae46f -> Peer d8861608c60a49639e2fdfac289ebb14 (127.29.109.194:32841): Couldn't send request to peer d8861608c60a49639e2fdfac289ebb14. Status: Network error: Client connection negotiation failed: client connection to 127.29.109.194:32841: connect: Connection refused (error 111). This is attempt 1: this message will repeat every 5th retry.
I20260630 12:20:31.223882 30135 ts_tablet_manager.cc:1507] Shutting down tablet manager...
I20260630 12:20:31.224888 30135 tablet_replica.cc:333] T 085d05f6fb90414bb73b685cf31ee68c P 52d7c95507e14d2ab36eb590f27ae46f: stopping tablet replica
I20260630 12:20:31.225662 30135 raft_consensus.cc:2243] T 085d05f6fb90414bb73b685cf31ee68c P 52d7c95507e14d2ab36eb590f27ae46f [term 1 LEADER]: Raft consensus shutting down.
I20260630 12:20:31.226854 30135 raft_consensus.cc:2272] T 085d05f6fb90414bb73b685cf31ee68c P 52d7c95507e14d2ab36eb590f27ae46f [term 1 FOLLOWER]: Raft consensus is shut down!
I20260630 12:20:31.229748 30135 tablet_replica.cc:333] T 20bbaaca30e242f184a98712adc460b4 P 52d7c95507e14d2ab36eb590f27ae46f: stopping tablet replica
I20260630 12:20:31.230481 30135 raft_consensus.cc:2243] T 20bbaaca30e242f184a98712adc460b4 P 52d7c95507e14d2ab36eb590f27ae46f [term 1 FOLLOWER]: Raft consensus shutting down.
I20260630 12:20:31.230968 30135 raft_consensus.cc:2272] T 20bbaaca30e242f184a98712adc460b4 P 52d7c95507e14d2ab36eb590f27ae46f [term 1 FOLLOWER]: Raft consensus is shut down!
I20260630 12:20:31.233228 30135 tablet_replica.cc:333] T 22a3530f7da648d5a32b824146616c9a P 52d7c95507e14d2ab36eb590f27ae46f: stopping tablet replica
I20260630 12:20:31.233878 30135 raft_consensus.cc:2243] T 22a3530f7da648d5a32b824146616c9a P 52d7c95507e14d2ab36eb590f27ae46f [term 1 FOLLOWER]: Raft consensus shutting down.
I20260630 12:20:31.234364 30135 raft_consensus.cc:2272] T 22a3530f7da648d5a32b824146616c9a P 52d7c95507e14d2ab36eb590f27ae46f [term 1 FOLLOWER]: Raft consensus is shut down!
I20260630 12:20:31.236867 30135 tablet_replica.cc:333] T fa0cd1a7380142fcafa4b859cabec4fb P 52d7c95507e14d2ab36eb590f27ae46f: stopping tablet replica
I20260630 12:20:31.237547 30135 raft_consensus.cc:2243] T fa0cd1a7380142fcafa4b859cabec4fb P 52d7c95507e14d2ab36eb590f27ae46f [term 1 FOLLOWER]: Raft consensus shutting down.
I20260630 12:20:31.238065 30135 raft_consensus.cc:2272] T fa0cd1a7380142fcafa4b859cabec4fb P 52d7c95507e14d2ab36eb590f27ae46f [term 1 FOLLOWER]: Raft consensus is shut down!
I20260630 12:20:31.240566 30135 tablet_replica.cc:333] T c6a433b9add4413b90635c89d291a83b P 52d7c95507e14d2ab36eb590f27ae46f: stopping tablet replica
I20260630 12:20:31.241269 30135 raft_consensus.cc:2243] T c6a433b9add4413b90635c89d291a83b P 52d7c95507e14d2ab36eb590f27ae46f [term 1 LEADER]: Raft consensus shutting down.
I20260630 12:20:31.242159 30135 raft_consensus.cc:2272] T c6a433b9add4413b90635c89d291a83b P 52d7c95507e14d2ab36eb590f27ae46f [term 1 FOLLOWER]: Raft consensus is shut down!
I20260630 12:20:31.244388 30135 tablet_replica.cc:333] T c5f05134ac5f493cb887100db5089c1c P 52d7c95507e14d2ab36eb590f27ae46f: stopping tablet replica
I20260630 12:20:31.245015 30135 raft_consensus.cc:2243] T c5f05134ac5f493cb887100db5089c1c P 52d7c95507e14d2ab36eb590f27ae46f [term 1 FOLLOWER]: Raft consensus shutting down.
I20260630 12:20:31.245990 30135 raft_consensus.cc:2272] T c5f05134ac5f493cb887100db5089c1c P 52d7c95507e14d2ab36eb590f27ae46f [term 1 FOLLOWER]: Raft consensus is shut down!
I20260630 12:20:31.248638 30135 tablet_replica.cc:333] T 0cbb4823810d465a95068dbf7863e05d P 52d7c95507e14d2ab36eb590f27ae46f: stopping tablet replica
I20260630 12:20:31.249267 30135 raft_consensus.cc:2243] T 0cbb4823810d465a95068dbf7863e05d P 52d7c95507e14d2ab36eb590f27ae46f [term 1 FOLLOWER]: Raft consensus shutting down.
I20260630 12:20:31.249763 30135 raft_consensus.cc:2272] T 0cbb4823810d465a95068dbf7863e05d P 52d7c95507e14d2ab36eb590f27ae46f [term 1 FOLLOWER]: Raft consensus is shut down!
I20260630 12:20:31.252236 30135 tablet_replica.cc:333] T 3e366ecd3091460786b06174080d44c8 P 52d7c95507e14d2ab36eb590f27ae46f: stopping tablet replica
I20260630 12:20:31.252828 30135 raft_consensus.cc:2243] T 3e366ecd3091460786b06174080d44c8 P 52d7c95507e14d2ab36eb590f27ae46f [term 1 LEADER]: Raft consensus shutting down.
I20260630 12:20:31.253780 30135 raft_consensus.cc:2272] T 3e366ecd3091460786b06174080d44c8 P 52d7c95507e14d2ab36eb590f27ae46f [term 1 FOLLOWER]: Raft consensus is shut down!
I20260630 12:20:31.286245 30135 tablet_server.cc:196] TabletServer@127.29.109.195:0 shutdown complete.
I20260630 12:20:31.313730 30135 tablet_server.cc:179] TabletServer@127.29.109.196:0 shutting down...
I20260630 12:20:31.347796 30135 ts_tablet_manager.cc:1507] Shutting down tablet manager...
I20260630 12:20:31.364801 30135 tablet_server.cc:196] TabletServer@127.29.109.196:0 shutdown complete.
I20260630 12:20:31.373235 30135 master.cc:562] Master@127.29.109.254:39361 shutting down...
W20260630 12:20:31.404449 30748 auto_rebalancer.cc:340] scheduled replica move failed to complete: Service unavailable: Catalog manager is not initialized. State: Closing
I20260630 12:20:31.405552 30135 raft_consensus.cc:2243] T 00000000000000000000000000000000 P 4932e776369a4e72827c783899e2aa67 [term 1 LEADER]: Raft consensus shutting down.
I20260630 12:20:31.406050 30135 raft_consensus.cc:2272] T 00000000000000000000000000000000 P 4932e776369a4e72827c783899e2aa67 [term 1 FOLLOWER]: Raft consensus is shut down!
I20260630 12:20:31.406404 30135 tablet_replica.cc:333] T 00000000000000000000000000000000 P 4932e776369a4e72827c783899e2aa67: stopping tablet replica
I20260630 12:20:31.427762 30135 master.cc:584] Master@127.29.109.254:39361 shutdown complete.
[       OK ] AutoRebalancerTest.AutoRebalancingTurnOffAndOn (8968 ms)
[ RUN      ] AutoRebalancerTest.NextLeaderResumesAutoRebalancing
I20260630 12:20:31.469465 30135 internal_mini_cluster.cc:156] Creating distributed mini masters. Addrs: 127.29.109.254:41561,127.29.109.253:37895,127.29.109.252:33945
I20260630 12:20:31.470990 30135 file_cache.cc:492] Constructed file cache file cache with capacity 419430
W20260630 12:20:31.477169 31184 instance_detector.cc:116] could not retrieve Azure instance metadata: Network error: curl error: HTTP response code said error: The requested URL returned error: 404
W20260630 12:20:31.477259 31183 instance_detector.cc:116] could not retrieve AWS instance metadata: Network error: curl error: HTTP response code said error: The requested URL returned error: 404
W20260630 12:20:31.479079 31186 instance_detector.cc:116] could not retrieve OpenStack instance metadata: Network error: curl error: HTTP response code said error: The requested URL returned error: 404
I20260630 12:20:31.479957 30135 server_base.cc:1061] running on GCE node
I20260630 12:20:31.481026 30135 hybrid_clock.cc:584] initializing the hybrid clock with 'system_unsync' time source
W20260630 12:20:31.481240 30135 system_unsync_time.cc:38] NTP support is disabled. Clock error bounds will not be accurate. This configuration is not suitable for distributed clusters.
