I20260630 12:20:39.799691 28438 consensus_queue.cc:260] T afbac92d39ca43168bc5def92d11fc47 P e78c5378e5c243689c4b30974a348fdd [NON_LEADER]: Queue going to NON_LEADER mode. State: All replicated index: 0, Majority replicated index: 0, Committed index: 0, Last appended: 0.0, Last appended by leader: 0, Current term: 0, Majority size: -1, State: 0, Mode: NON_LEADER, active raft config: opid_index: -1 OBSOLETE_local: false peers { permanent_uuid: "e78c5378e5c243689c4b30974a348fdd" member_type: VOTER last_known_addr { host: "127.25.230.66" port: 36989 } } peers { permanent_uuid: "aebf0690aee54038a30274194163250c" member_type: VOTER last_known_addr { host: "127.25.230.67" port: 44103 } } peers { permanent_uuid: "6646b882842e4eff8862a32aa4e7df88" member_type: VOTER last_known_addr { host: "127.25.230.65" port: 35075 } }
I20260630 12:20:39.799961 28442 raft_consensus.cc:359] T ed89f463cc20430e809ae24743a2e658 P 6646b882842e4eff8862a32aa4e7df88 [term 0 FOLLOWER]: Replica starting. Triggering 0 pending ops. Active config: opid_index: -1 OBSOLETE_local: false peers { permanent_uuid: "6646b882842e4eff8862a32aa4e7df88" member_type: VOTER last_known_addr { host: "127.25.230.65" port: 35075 } } peers { permanent_uuid: "e78c5378e5c243689c4b30974a348fdd" member_type: VOTER last_known_addr { host: "127.25.230.66" port: 36989 } } peers { permanent_uuid: "aebf0690aee54038a30274194163250c" member_type: VOTER last_known_addr { host: "127.25.230.67" port: 44103 } }
I20260630 12:20:39.800660 28442 raft_consensus.cc:385] T ed89f463cc20430e809ae24743a2e658 P 6646b882842e4eff8862a32aa4e7df88 [term 0 FOLLOWER]: Consensus starting up: Expiring failure detector timer to make a prompt election more likely
I20260630 12:20:39.801003 28442 raft_consensus.cc:740] T ed89f463cc20430e809ae24743a2e658 P 6646b882842e4eff8862a32aa4e7df88 [term 0 FOLLOWER]: Becoming Follower/Learner. State: Replica: 6646b882842e4eff8862a32aa4e7df88, State: Initialized, Role: FOLLOWER
I20260630 12:20:39.801669 28438 ts_tablet_manager.cc:1434] T afbac92d39ca43168bc5def92d11fc47 P e78c5378e5c243689c4b30974a348fdd: Time spent starting tablet: real 0.006s	user 0.003s	sys 0.003s
I20260630 12:20:39.801806 28442 consensus_queue.cc:260] T ed89f463cc20430e809ae24743a2e658 P 6646b882842e4eff8862a32aa4e7df88 [NON_LEADER]: Queue going to NON_LEADER mode. State: All replicated index: 0, Majority replicated index: 0, Committed index: 0, Last appended: 0.0, Last appended by leader: 0, Current term: 0, Majority size: -1, State: 0, Mode: NON_LEADER, active raft config: opid_index: -1 OBSOLETE_local: false peers { permanent_uuid: "6646b882842e4eff8862a32aa4e7df88" member_type: VOTER last_known_addr { host: "127.25.230.65" port: 35075 } } peers { permanent_uuid: "e78c5378e5c243689c4b30974a348fdd" member_type: VOTER last_known_addr { host: "127.25.230.66" port: 36989 } } peers { permanent_uuid: "aebf0690aee54038a30274194163250c" member_type: VOTER last_known_addr { host: "127.25.230.67" port: 44103 } }
I20260630 12:20:39.804076 28442 ts_tablet_manager.cc:1434] T ed89f463cc20430e809ae24743a2e658 P 6646b882842e4eff8862a32aa4e7df88: Time spent starting tablet: real 0.006s	user 0.004s	sys 0.000s
I20260630 12:20:39.856200 28443 raft_consensus.cc:493] T ed89f463cc20430e809ae24743a2e658 P aebf0690aee54038a30274194163250c [term 0 FOLLOWER]: Starting pre-election (no leader contacted us within the election timeout)
I20260630 12:20:39.856807 28443 raft_consensus.cc:515] T ed89f463cc20430e809ae24743a2e658 P aebf0690aee54038a30274194163250c [term 0 FOLLOWER]: Starting pre-election with config: opid_index: -1 OBSOLETE_local: false peers { permanent_uuid: "6646b882842e4eff8862a32aa4e7df88" member_type: VOTER last_known_addr { host: "127.25.230.65" port: 35075 } } peers { permanent_uuid: "e78c5378e5c243689c4b30974a348fdd" member_type: VOTER last_known_addr { host: "127.25.230.66" port: 36989 } } peers { permanent_uuid: "aebf0690aee54038a30274194163250c" member_type: VOTER last_known_addr { host: "127.25.230.67" port: 44103 } }
I20260630 12:20:39.858945 28443 leader_election.cc:290] T ed89f463cc20430e809ae24743a2e658 P aebf0690aee54038a30274194163250c [CANDIDATE]: Term 1 pre-election: Requested pre-vote from peers 6646b882842e4eff8862a32aa4e7df88 (127.25.230.65:35075), e78c5378e5c243689c4b30974a348fdd (127.25.230.66:36989)
I20260630 12:20:39.870710 28244 tablet_service.cc:1917] Received RequestConsensusVote() RPC: tablet_id: "ed89f463cc20430e809ae24743a2e658" candidate_uuid: "aebf0690aee54038a30274194163250c" candidate_term: 1 candidate_status { last_received { term: 0 index: 0 } } ignore_live_leader: false dest_uuid: "6646b882842e4eff8862a32aa4e7df88" is_pre_election: true
I20260630 12:20:39.871589 28244 raft_consensus.cc:2468] T ed89f463cc20430e809ae24743a2e658 P 6646b882842e4eff8862a32aa4e7df88 [term 0 FOLLOWER]: Leader pre-election vote request: Granting yes vote for candidate aebf0690aee54038a30274194163250c in term 0.
I20260630 12:20:39.871963 28319 tablet_service.cc:1917] Received RequestConsensusVote() RPC: tablet_id: "ed89f463cc20430e809ae24743a2e658" candidate_uuid: "aebf0690aee54038a30274194163250c" candidate_term: 1 candidate_status { last_received { term: 0 index: 0 } } ignore_live_leader: false dest_uuid: "e78c5378e5c243689c4b30974a348fdd" is_pre_election: true
I20260630 12:20:39.872634 28319 raft_consensus.cc:2468] T ed89f463cc20430e809ae24743a2e658 P e78c5378e5c243689c4b30974a348fdd [term 0 FOLLOWER]: Leader pre-election vote request: Granting yes vote for candidate aebf0690aee54038a30274194163250c in term 0.
I20260630 12:20:39.872928 28359 leader_election.cc:304] T ed89f463cc20430e809ae24743a2e658 P aebf0690aee54038a30274194163250c [CANDIDATE]: Term 1 pre-election: Election decided. Result: candidate won. Election summary: received 2 responses out of 3 voters: 2 yes votes; 0 no votes. yes voters: 6646b882842e4eff8862a32aa4e7df88, aebf0690aee54038a30274194163250c; no voters: 
I20260630 12:20:39.873805 28443 raft_consensus.cc:2804] T ed89f463cc20430e809ae24743a2e658 P aebf0690aee54038a30274194163250c [term 0 FOLLOWER]: Leader pre-election won for term 1
I20260630 12:20:39.874106 28443 raft_consensus.cc:493] T ed89f463cc20430e809ae24743a2e658 P aebf0690aee54038a30274194163250c [term 0 FOLLOWER]: Starting leader election (no leader contacted us within the election timeout)
I20260630 12:20:39.874461 28443 raft_consensus.cc:3060] T ed89f463cc20430e809ae24743a2e658 P aebf0690aee54038a30274194163250c [term 0 FOLLOWER]: Advancing to term 1
I20260630 12:20:39.879027 28443 raft_consensus.cc:515] T ed89f463cc20430e809ae24743a2e658 P aebf0690aee54038a30274194163250c [term 1 FOLLOWER]: Starting leader election with config: opid_index: -1 OBSOLETE_local: false peers { permanent_uuid: "6646b882842e4eff8862a32aa4e7df88" member_type: VOTER last_known_addr { host: "127.25.230.65" port: 35075 } } peers { permanent_uuid: "e78c5378e5c243689c4b30974a348fdd" member_type: VOTER last_known_addr { host: "127.25.230.66" port: 36989 } } peers { permanent_uuid: "aebf0690aee54038a30274194163250c" member_type: VOTER last_known_addr { host: "127.25.230.67" port: 44103 } }
I20260630 12:20:39.880501 28443 leader_election.cc:290] T ed89f463cc20430e809ae24743a2e658 P aebf0690aee54038a30274194163250c [CANDIDATE]: Term 1 election: Requested vote from peers 6646b882842e4eff8862a32aa4e7df88 (127.25.230.65:35075), e78c5378e5c243689c4b30974a348fdd (127.25.230.66:36989)
I20260630 12:20:39.881392 28244 tablet_service.cc:1917] Received RequestConsensusVote() RPC: tablet_id: "ed89f463cc20430e809ae24743a2e658" candidate_uuid: "aebf0690aee54038a30274194163250c" candidate_term: 1 candidate_status { last_received { term: 0 index: 0 } } ignore_live_leader: false dest_uuid: "6646b882842e4eff8862a32aa4e7df88"
I20260630 12:20:39.881613 28319 tablet_service.cc:1917] Received RequestConsensusVote() RPC: tablet_id: "ed89f463cc20430e809ae24743a2e658" candidate_uuid: "aebf0690aee54038a30274194163250c" candidate_term: 1 candidate_status { last_received { term: 0 index: 0 } } ignore_live_leader: false dest_uuid: "e78c5378e5c243689c4b30974a348fdd"
I20260630 12:20:39.881866 28244 raft_consensus.cc:3060] T ed89f463cc20430e809ae24743a2e658 P 6646b882842e4eff8862a32aa4e7df88 [term 0 FOLLOWER]: Advancing to term 1
I20260630 12:20:39.882190 28319 raft_consensus.cc:3060] T ed89f463cc20430e809ae24743a2e658 P e78c5378e5c243689c4b30974a348fdd [term 0 FOLLOWER]: Advancing to term 1
I20260630 12:20:39.886823 28244 raft_consensus.cc:2468] T ed89f463cc20430e809ae24743a2e658 P 6646b882842e4eff8862a32aa4e7df88 [term 1 FOLLOWER]: Leader election vote request: Granting yes vote for candidate aebf0690aee54038a30274194163250c in term 1.
I20260630 12:20:39.886936 28319 raft_consensus.cc:2468] T ed89f463cc20430e809ae24743a2e658 P e78c5378e5c243689c4b30974a348fdd [term 1 FOLLOWER]: Leader election vote request: Granting yes vote for candidate aebf0690aee54038a30274194163250c in term 1.
I20260630 12:20:39.887931 28359 leader_election.cc:304] T ed89f463cc20430e809ae24743a2e658 P aebf0690aee54038a30274194163250c [CANDIDATE]: Term 1 election: Election decided. Result: candidate won. Election summary: received 2 responses out of 3 voters: 2 yes votes; 0 no votes. yes voters: 6646b882842e4eff8862a32aa4e7df88, aebf0690aee54038a30274194163250c; no voters: 
I20260630 12:20:39.888629 28443 raft_consensus.cc:2804] T ed89f463cc20430e809ae24743a2e658 P aebf0690aee54038a30274194163250c [term 1 FOLLOWER]: Leader election won for term 1
I20260630 12:20:39.889783 28443 raft_consensus.cc:697] T ed89f463cc20430e809ae24743a2e658 P aebf0690aee54038a30274194163250c [term 1 LEADER]: Becoming Leader. State: Replica: aebf0690aee54038a30274194163250c, State: Running, Role: LEADER
I20260630 12:20:39.890560 28443 consensus_queue.cc:237] T ed89f463cc20430e809ae24743a2e658 P aebf0690aee54038a30274194163250c [LEADER]: Queue going to LEADER mode. State: All replicated index: 0, Majority replicated index: 0, Committed index: 0, Last appended: 0.0, Last appended by leader: 0, Current term: 1, Majority size: 2, State: 0, Mode: LEADER, active raft config: opid_index: -1 OBSOLETE_local: false peers { permanent_uuid: "6646b882842e4eff8862a32aa4e7df88" member_type: VOTER last_known_addr { host: "127.25.230.65" port: 35075 } } peers { permanent_uuid: "e78c5378e5c243689c4b30974a348fdd" member_type: VOTER last_known_addr { host: "127.25.230.66" port: 36989 } } peers { permanent_uuid: "aebf0690aee54038a30274194163250c" member_type: VOTER last_known_addr { host: "127.25.230.67" port: 44103 } }
I20260630 12:20:39.897528 28141 catalog_manager.cc:5697] T ed89f463cc20430e809ae24743a2e658 P aebf0690aee54038a30274194163250c reported cstate change: term changed from 0 to 1, leader changed from <none> to aebf0690aee54038a30274194163250c (127.25.230.67). New cstate: current_term: 1 leader_uuid: "aebf0690aee54038a30274194163250c" committed_config { opid_index: -1 OBSOLETE_local: false peers { permanent_uuid: "6646b882842e4eff8862a32aa4e7df88" member_type: VOTER last_known_addr { host: "127.25.230.65" port: 35075 } health_report { overall_health: UNKNOWN } } peers { permanent_uuid: "e78c5378e5c243689c4b30974a348fdd" member_type: VOTER last_known_addr { host: "127.25.230.66" port: 36989 } health_report { overall_health: UNKNOWN } } peers { permanent_uuid: "aebf0690aee54038a30274194163250c" member_type: VOTER last_known_addr { host: "127.25.230.67" port: 44103 } health_report { overall_health: HEALTHY } } }
I20260630 12:20:40.000590 28443 raft_consensus.cc:493] T afbac92d39ca43168bc5def92d11fc47 P aebf0690aee54038a30274194163250c [term 0 FOLLOWER]: Starting pre-election (no leader contacted us within the election timeout)
I20260630 12:20:40.001144 28443 raft_consensus.cc:515] T afbac92d39ca43168bc5def92d11fc47 P aebf0690aee54038a30274194163250c [term 0 FOLLOWER]: Starting pre-election with config: opid_index: -1 OBSOLETE_local: false peers { permanent_uuid: "e78c5378e5c243689c4b30974a348fdd" member_type: VOTER last_known_addr { host: "127.25.230.66" port: 36989 } } peers { permanent_uuid: "aebf0690aee54038a30274194163250c" member_type: VOTER last_known_addr { host: "127.25.230.67" port: 44103 } } peers { permanent_uuid: "6646b882842e4eff8862a32aa4e7df88" member_type: VOTER last_known_addr { host: "127.25.230.65" port: 35075 } }
I20260630 12:20:40.002887 28443 leader_election.cc:290] T afbac92d39ca43168bc5def92d11fc47 P aebf0690aee54038a30274194163250c [CANDIDATE]: Term 1 pre-election: Requested pre-vote from peers e78c5378e5c243689c4b30974a348fdd (127.25.230.66:36989), 6646b882842e4eff8862a32aa4e7df88 (127.25.230.65:35075)
I20260630 12:20:40.003638 28447 raft_consensus.cc:493] T afbac92d39ca43168bc5def92d11fc47 P 6646b882842e4eff8862a32aa4e7df88 [term 0 FOLLOWER]: Starting pre-election (no leader contacted us within the election timeout)
I20260630 12:20:40.004051 28319 tablet_service.cc:1917] Received RequestConsensusVote() RPC: tablet_id: "afbac92d39ca43168bc5def92d11fc47" candidate_uuid: "aebf0690aee54038a30274194163250c" candidate_term: 1 candidate_status { last_received { term: 0 index: 0 } } ignore_live_leader: false dest_uuid: "e78c5378e5c243689c4b30974a348fdd" is_pre_election: true
I20260630 12:20:40.004338 28244 tablet_service.cc:1917] Received RequestConsensusVote() RPC: tablet_id: "afbac92d39ca43168bc5def92d11fc47" candidate_uuid: "aebf0690aee54038a30274194163250c" candidate_term: 1 candidate_status { last_received { term: 0 index: 0 } } ignore_live_leader: false dest_uuid: "6646b882842e4eff8862a32aa4e7df88" is_pre_election: true
I20260630 12:20:40.004118 28447 raft_consensus.cc:515] T afbac92d39ca43168bc5def92d11fc47 P 6646b882842e4eff8862a32aa4e7df88 [term 0 FOLLOWER]: Starting pre-election with config: opid_index: -1 OBSOLETE_local: false peers { permanent_uuid: "e78c5378e5c243689c4b30974a348fdd" member_type: VOTER last_known_addr { host: "127.25.230.66" port: 36989 } } peers { permanent_uuid: "aebf0690aee54038a30274194163250c" member_type: VOTER last_known_addr { host: "127.25.230.67" port: 44103 } } peers { permanent_uuid: "6646b882842e4eff8862a32aa4e7df88" member_type: VOTER last_known_addr { host: "127.25.230.65" port: 35075 } }
I20260630 12:20:40.005086 28319 raft_consensus.cc:2468] T afbac92d39ca43168bc5def92d11fc47 P e78c5378e5c243689c4b30974a348fdd [term 0 FOLLOWER]: Leader pre-election vote request: Granting yes vote for candidate aebf0690aee54038a30274194163250c in term 0.
I20260630 12:20:40.005554 28244 raft_consensus.cc:2468] T afbac92d39ca43168bc5def92d11fc47 P 6646b882842e4eff8862a32aa4e7df88 [term 0 FOLLOWER]: Leader pre-election vote request: Granting yes vote for candidate aebf0690aee54038a30274194163250c in term 0.
I20260630 12:20:40.006428 28359 leader_election.cc:304] T afbac92d39ca43168bc5def92d11fc47 P aebf0690aee54038a30274194163250c [CANDIDATE]: Term 1 pre-election: Election decided. Result: candidate won. Election summary: received 2 responses out of 3 voters: 2 yes votes; 0 no votes. yes voters: aebf0690aee54038a30274194163250c, e78c5378e5c243689c4b30974a348fdd; no voters: 
I20260630 12:20:40.007205 28447 leader_election.cc:290] T afbac92d39ca43168bc5def92d11fc47 P 6646b882842e4eff8862a32aa4e7df88 [CANDIDATE]: Term 1 pre-election: Requested pre-vote from peers e78c5378e5c243689c4b30974a348fdd (127.25.230.66:36989), aebf0690aee54038a30274194163250c (127.25.230.67:44103)
I20260630 12:20:40.007478 28443 raft_consensus.cc:2804] T afbac92d39ca43168bc5def92d11fc47 P aebf0690aee54038a30274194163250c [term 0 FOLLOWER]: Leader pre-election won for term 1
I20260630 12:20:40.007987 28443 raft_consensus.cc:493] T afbac92d39ca43168bc5def92d11fc47 P aebf0690aee54038a30274194163250c [term 0 FOLLOWER]: Starting leader election (no leader contacted us within the election timeout)
I20260630 12:20:40.009959 28443 raft_consensus.cc:3060] T afbac92d39ca43168bc5def92d11fc47 P aebf0690aee54038a30274194163250c [term 0 FOLLOWER]: Advancing to term 1
I20260630 12:20:40.017531 28443 raft_consensus.cc:515] T afbac92d39ca43168bc5def92d11fc47 P aebf0690aee54038a30274194163250c [term 1 FOLLOWER]: Starting leader election with config: opid_index: -1 OBSOLETE_local: false peers { permanent_uuid: "e78c5378e5c243689c4b30974a348fdd" member_type: VOTER last_known_addr { host: "127.25.230.66" port: 36989 } } peers { permanent_uuid: "aebf0690aee54038a30274194163250c" member_type: VOTER last_known_addr { host: "127.25.230.67" port: 44103 } } peers { permanent_uuid: "6646b882842e4eff8862a32aa4e7df88" member_type: VOTER last_known_addr { host: "127.25.230.65" port: 35075 } }
I20260630 12:20:40.019519 28319 tablet_service.cc:1917] Received RequestConsensusVote() RPC: tablet_id: "afbac92d39ca43168bc5def92d11fc47" candidate_uuid: "6646b882842e4eff8862a32aa4e7df88" candidate_term: 1 candidate_status { last_received { term: 0 index: 0 } } ignore_live_leader: false dest_uuid: "e78c5378e5c243689c4b30974a348fdd" is_pre_election: true
I20260630 12:20:40.020263 28319 raft_consensus.cc:2468] T afbac92d39ca43168bc5def92d11fc47 P e78c5378e5c243689c4b30974a348fdd [term 0 FOLLOWER]: Leader pre-election vote request: Granting yes vote for candidate 6646b882842e4eff8862a32aa4e7df88 in term 0.
I20260630 12:20:40.020766 28318 tablet_service.cc:1917] Received RequestConsensusVote() RPC: tablet_id: "afbac92d39ca43168bc5def92d11fc47" candidate_uuid: "aebf0690aee54038a30274194163250c" candidate_term: 1 candidate_status { last_received { term: 0 index: 0 } } ignore_live_leader: false dest_uuid: "e78c5378e5c243689c4b30974a348fdd"
I20260630 12:20:40.021443 28318 raft_consensus.cc:3060] T afbac92d39ca43168bc5def92d11fc47 P e78c5378e5c243689c4b30974a348fdd [term 0 FOLLOWER]: Advancing to term 1
I20260630 12:20:40.021951 28443 leader_election.cc:290] T afbac92d39ca43168bc5def92d11fc47 P aebf0690aee54038a30274194163250c [CANDIDATE]: Term 1 election: Requested vote from peers e78c5378e5c243689c4b30974a348fdd (127.25.230.66:36989), 6646b882842e4eff8862a32aa4e7df88 (127.25.230.65:35075)
I20260630 12:20:40.021713 28393 tablet_service.cc:1917] Received RequestConsensusVote() RPC: tablet_id: "afbac92d39ca43168bc5def92d11fc47" candidate_uuid: "6646b882842e4eff8862a32aa4e7df88" candidate_term: 1 candidate_status { last_received { term: 0 index: 0 } } ignore_live_leader: false dest_uuid: "aebf0690aee54038a30274194163250c" is_pre_election: true
I20260630 12:20:40.022984 28393 raft_consensus.cc:2393] T afbac92d39ca43168bc5def92d11fc47 P aebf0690aee54038a30274194163250c [term 1 FOLLOWER]: Leader pre-election vote request: Denying vote to candidate 6646b882842e4eff8862a32aa4e7df88 in current term 1: Already voted for candidate aebf0690aee54038a30274194163250c in this term.
I20260630 12:20:40.021773 28210 leader_election.cc:304] T afbac92d39ca43168bc5def92d11fc47 P 6646b882842e4eff8862a32aa4e7df88 [CANDIDATE]: Term 1 pre-election: Election decided. Result: candidate won. Election summary: received 2 responses out of 3 voters: 2 yes votes; 0 no votes. yes voters: 6646b882842e4eff8862a32aa4e7df88, e78c5378e5c243689c4b30974a348fdd; no voters: 
I20260630 12:20:40.024502 28447 raft_consensus.cc:2804] T afbac92d39ca43168bc5def92d11fc47 P 6646b882842e4eff8862a32aa4e7df88 [term 0 FOLLOWER]: Leader pre-election won for term 1
I20260630 12:20:40.024623 28244 tablet_service.cc:1917] Received RequestConsensusVote() RPC: tablet_id: "afbac92d39ca43168bc5def92d11fc47" candidate_uuid: "aebf0690aee54038a30274194163250c" candidate_term: 1 candidate_status { last_received { term: 0 index: 0 } } ignore_live_leader: false dest_uuid: "6646b882842e4eff8862a32aa4e7df88"
I20260630 12:20:40.024923 28447 raft_consensus.cc:493] T afbac92d39ca43168bc5def92d11fc47 P 6646b882842e4eff8862a32aa4e7df88 [term 0 FOLLOWER]: Starting leader election (no leader contacted us within the election timeout)
I20260630 12:20:40.025280 28447 raft_consensus.cc:3060] T afbac92d39ca43168bc5def92d11fc47 P 6646b882842e4eff8862a32aa4e7df88 [term 0 FOLLOWER]: Advancing to term 1
I20260630 12:20:40.027402 28318 raft_consensus.cc:2468] T afbac92d39ca43168bc5def92d11fc47 P e78c5378e5c243689c4b30974a348fdd [term 1 FOLLOWER]: Leader election vote request: Granting yes vote for candidate aebf0690aee54038a30274194163250c in term 1.
I20260630 12:20:40.028427 28359 leader_election.cc:304] T afbac92d39ca43168bc5def92d11fc47 P aebf0690aee54038a30274194163250c [CANDIDATE]: Term 1 election: Election decided. Result: candidate won. Election summary: received 2 responses out of 3 voters: 2 yes votes; 0 no votes. yes voters: aebf0690aee54038a30274194163250c, e78c5378e5c243689c4b30974a348fdd; no voters: 
I20260630 12:20:40.029256 28443 raft_consensus.cc:2804] T afbac92d39ca43168bc5def92d11fc47 P aebf0690aee54038a30274194163250c [term 1 FOLLOWER]: Leader election won for term 1
I20260630 12:20:40.029724 28443 raft_consensus.cc:697] T afbac92d39ca43168bc5def92d11fc47 P aebf0690aee54038a30274194163250c [term 1 LEADER]: Becoming Leader. State: Replica: aebf0690aee54038a30274194163250c, State: Running, Role: LEADER
I20260630 12:20:40.030577 28447 raft_consensus.cc:515] T afbac92d39ca43168bc5def92d11fc47 P 6646b882842e4eff8862a32aa4e7df88 [term 1 FOLLOWER]: Starting leader election with config: opid_index: -1 OBSOLETE_local: false peers { permanent_uuid: "e78c5378e5c243689c4b30974a348fdd" member_type: VOTER last_known_addr { host: "127.25.230.66" port: 36989 } } peers { permanent_uuid: "aebf0690aee54038a30274194163250c" member_type: VOTER last_known_addr { host: "127.25.230.67" port: 44103 } } peers { permanent_uuid: "6646b882842e4eff8862a32aa4e7df88" member_type: VOTER last_known_addr { host: "127.25.230.65" port: 35075 } }
I20260630 12:20:40.030539 28443 consensus_queue.cc:237] T afbac92d39ca43168bc5def92d11fc47 P aebf0690aee54038a30274194163250c [LEADER]: Queue going to LEADER mode. State: All replicated index: 0, Majority replicated index: 0, Committed index: 0, Last appended: 0.0, Last appended by leader: 0, Current term: 1, Majority size: 2, State: 0, Mode: LEADER, active raft config: opid_index: -1 OBSOLETE_local: false peers { permanent_uuid: "e78c5378e5c243689c4b30974a348fdd" member_type: VOTER last_known_addr { host: "127.25.230.66" port: 36989 } } peers { permanent_uuid: "aebf0690aee54038a30274194163250c" member_type: VOTER last_known_addr { host: "127.25.230.67" port: 44103 } } peers { permanent_uuid: "6646b882842e4eff8862a32aa4e7df88" member_type: VOTER last_known_addr { host: "127.25.230.65" port: 35075 } }
I20260630 12:20:40.031718 28244 raft_consensus.cc:2393] T afbac92d39ca43168bc5def92d11fc47 P 6646b882842e4eff8862a32aa4e7df88 [term 1 FOLLOWER]: Leader election vote request: Denying vote to candidate aebf0690aee54038a30274194163250c in current term 1: Already voted for candidate 6646b882842e4eff8862a32aa4e7df88 in this term.
I20260630 12:20:40.033562 28318 tablet_service.cc:1917] Received RequestConsensusVote() RPC: tablet_id: "afbac92d39ca43168bc5def92d11fc47" candidate_uuid: "6646b882842e4eff8862a32aa4e7df88" candidate_term: 1 candidate_status { last_received { term: 0 index: 0 } } ignore_live_leader: false dest_uuid: "e78c5378e5c243689c4b30974a348fdd"
I20260630 12:20:40.034400 28393 tablet_service.cc:1917] Received RequestConsensusVote() RPC: tablet_id: "afbac92d39ca43168bc5def92d11fc47" candidate_uuid: "6646b882842e4eff8862a32aa4e7df88" candidate_term: 1 candidate_status { last_received { term: 0 index: 0 } } ignore_live_leader: false dest_uuid: "aebf0690aee54038a30274194163250c"
I20260630 12:20:40.034646 28318 raft_consensus.cc:2393] T afbac92d39ca43168bc5def92d11fc47 P e78c5378e5c243689c4b30974a348fdd [term 1 FOLLOWER]: Leader election vote request: Denying vote to candidate 6646b882842e4eff8862a32aa4e7df88 in current term 1: Already voted for candidate aebf0690aee54038a30274194163250c in this term.
I20260630 12:20:40.036717 28447 leader_election.cc:290] T afbac92d39ca43168bc5def92d11fc47 P 6646b882842e4eff8862a32aa4e7df88 [CANDIDATE]: Term 1 election: Requested vote from peers e78c5378e5c243689c4b30974a348fdd (127.25.230.66:36989), aebf0690aee54038a30274194163250c (127.25.230.67:44103)
I20260630 12:20:40.037649 28210 leader_election.cc:304] T afbac92d39ca43168bc5def92d11fc47 P 6646b882842e4eff8862a32aa4e7df88 [CANDIDATE]: Term 1 election: Election decided. Result: candidate lost. Election summary: received 3 responses out of 3 voters: 1 yes votes; 2 no votes. yes voters: 6646b882842e4eff8862a32aa4e7df88; no voters: aebf0690aee54038a30274194163250c, e78c5378e5c243689c4b30974a348fdd
I20260630 12:20:40.038484 28447 raft_consensus.cc:2749] T afbac92d39ca43168bc5def92d11fc47 P 6646b882842e4eff8862a32aa4e7df88 [term 1 FOLLOWER]: Leader election lost for term 1. Reason: could not achieve majority
I20260630 12:20:40.040071 28141 catalog_manager.cc:5697] T afbac92d39ca43168bc5def92d11fc47 P aebf0690aee54038a30274194163250c reported cstate change: term changed from 0 to 1, leader changed from <none> to aebf0690aee54038a30274194163250c (127.25.230.67). New cstate: current_term: 1 leader_uuid: "aebf0690aee54038a30274194163250c" committed_config { opid_index: -1 OBSOLETE_local: false peers { permanent_uuid: "e78c5378e5c243689c4b30974a348fdd" member_type: VOTER last_known_addr { host: "127.25.230.66" port: 36989 } health_report { overall_health: UNKNOWN } } peers { permanent_uuid: "aebf0690aee54038a30274194163250c" member_type: VOTER last_known_addr { host: "127.25.230.67" port: 44103 } health_report { overall_health: HEALTHY } } peers { permanent_uuid: "6646b882842e4eff8862a32aa4e7df88" member_type: VOTER last_known_addr { host: "127.25.230.65" port: 35075 } health_report { overall_health: UNKNOWN } } }
I20260630 12:20:40.202019 28195 auto_leader_rebalancer.cc:141] leader rebalance for table test-workload
I20260630 12:20:40.214908 28393 tablet_service.cc:2072] Received LeaderStepDown RPC: tablet_id: "afbac92d39ca43168bc5def92d11fc47"
dest_uuid: "aebf0690aee54038a30274194163250c"
mode: GRACEFUL
new_leader_uuid: "6646b882842e4eff8862a32aa4e7df88"
 from {username='slave'} at 127.0.0.1:52474
I20260630 12:20:40.215613 28393 raft_consensus.cc:606] T afbac92d39ca43168bc5def92d11fc47 P aebf0690aee54038a30274194163250c [term 1 LEADER]: Received request to transfer leadership to TS 6646b882842e4eff8862a32aa4e7df88
I20260630 12:20:40.216859 28195 auto_leader_rebalancer.cc:440] table: test-workload, leader rebalance finish, leader transfer count: 1
I20260630 12:20:40.217206 28195 auto_leader_rebalancer.cc:515] All tables' leader rebalancing finished this round
I20260630 12:20:40.381408 28443 consensus_queue.cc:1048] T ed89f463cc20430e809ae24743a2e658 P aebf0690aee54038a30274194163250c [LEADER]: Connected to new peer: Peer: permanent_uuid: "e78c5378e5c243689c4b30974a348fdd" member_type: VOTER last_known_addr { host: "127.25.230.66" port: 36989 }, Status: LMP_MISMATCH, Last received: 0.0, Next index: 1, Last known committed idx: 0, Time since last communication: 0.000s
I20260630 12:20:40.393951 28461 consensus_queue.cc:1048] T ed89f463cc20430e809ae24743a2e658 P aebf0690aee54038a30274194163250c [LEADER]: Connected to new peer: Peer: permanent_uuid: "6646b882842e4eff8862a32aa4e7df88" member_type: VOTER last_known_addr { host: "127.25.230.65" port: 35075 }, Status: LMP_MISMATCH, Last received: 0.0, Next index: 1, Last known committed idx: 0, Time since last communication: 0.000s
I20260630 12:20:40.464736 28443 consensus_queue.cc:1048] T afbac92d39ca43168bc5def92d11fc47 P aebf0690aee54038a30274194163250c [LEADER]: Connected to new peer: Peer: permanent_uuid: "e78c5378e5c243689c4b30974a348fdd" member_type: VOTER last_known_addr { host: "127.25.230.66" port: 36989 }, Status: LMP_MISMATCH, Last received: 0.0, Next index: 1, Last known committed idx: 0, Time since last communication: 0.000s
I20260630 12:20:40.476305 28466 consensus_queue.cc:1048] T afbac92d39ca43168bc5def92d11fc47 P aebf0690aee54038a30274194163250c [LEADER]: Connected to new peer: Peer: permanent_uuid: "6646b882842e4eff8862a32aa4e7df88" member_type: VOTER last_known_addr { host: "127.25.230.65" port: 35075 }, Status: LMP_MISMATCH, Last received: 0.0, Next index: 1, Last known committed idx: 0, Time since last communication: 0.001s
I20260630 12:20:40.483980 28466 raft_consensus.cc:993] T afbac92d39ca43168bc5def92d11fc47 P aebf0690aee54038a30274194163250c: : Instructing follower 6646b882842e4eff8862a32aa4e7df88 to start an election
I20260630 12:20:40.484483 28443 raft_consensus.cc:1081] T afbac92d39ca43168bc5def92d11fc47 P aebf0690aee54038a30274194163250c [term 1 LEADER]: Signalling peer 6646b882842e4eff8862a32aa4e7df88 to start an election
I20260630 12:20:40.486173 28244 tablet_service.cc:2044] Received Run Leader Election RPC: tablet_id: "afbac92d39ca43168bc5def92d11fc47"
dest_uuid: "6646b882842e4eff8862a32aa4e7df88"
 from {username='slave'} at 127.0.0.1:37192
I20260630 12:20:40.486727 28244 raft_consensus.cc:493] T afbac92d39ca43168bc5def92d11fc47 P 6646b882842e4eff8862a32aa4e7df88 [term 1 FOLLOWER]: Starting forced leader election (received explicit request)
I20260630 12:20:40.487102 28244 raft_consensus.cc:3060] T afbac92d39ca43168bc5def92d11fc47 P 6646b882842e4eff8862a32aa4e7df88 [term 1 FOLLOWER]: Advancing to term 2
I20260630 12:20:40.491945 28244 raft_consensus.cc:515] T afbac92d39ca43168bc5def92d11fc47 P 6646b882842e4eff8862a32aa4e7df88 [term 2 FOLLOWER]: Starting forced leader election with config: opid_index: -1 OBSOLETE_local: false peers { permanent_uuid: "e78c5378e5c243689c4b30974a348fdd" member_type: VOTER last_known_addr { host: "127.25.230.66" port: 36989 } } peers { permanent_uuid: "aebf0690aee54038a30274194163250c" member_type: VOTER last_known_addr { host: "127.25.230.67" port: 44103 } } peers { permanent_uuid: "6646b882842e4eff8862a32aa4e7df88" member_type: VOTER last_known_addr { host: "127.25.230.65" port: 35075 } }
I20260630 12:20:40.494220 28244 leader_election.cc:290] T afbac92d39ca43168bc5def92d11fc47 P 6646b882842e4eff8862a32aa4e7df88 [CANDIDATE]: Term 2 election: Requested vote from peers e78c5378e5c243689c4b30974a348fdd (127.25.230.66:36989), aebf0690aee54038a30274194163250c (127.25.230.67:44103)
I20260630 12:20:40.494787 28318 tablet_service.cc:1917] Received RequestConsensusVote() RPC: tablet_id: "afbac92d39ca43168bc5def92d11fc47" candidate_uuid: "6646b882842e4eff8862a32aa4e7df88" candidate_term: 2 candidate_status { last_received { term: 1 index: 1 } } ignore_live_leader: true dest_uuid: "e78c5378e5c243689c4b30974a348fdd"
I20260630 12:20:40.494849 28393 tablet_service.cc:1917] Received RequestConsensusVote() RPC: tablet_id: "afbac92d39ca43168bc5def92d11fc47" candidate_uuid: "6646b882842e4eff8862a32aa4e7df88" candidate_term: 2 candidate_status { last_received { term: 1 index: 1 } } ignore_live_leader: true dest_uuid: "aebf0690aee54038a30274194163250c"
I20260630 12:20:40.495570 28318 raft_consensus.cc:3060] T afbac92d39ca43168bc5def92d11fc47 P e78c5378e5c243689c4b30974a348fdd [term 1 FOLLOWER]: Advancing to term 2
I20260630 12:20:40.495970 28393 raft_consensus.cc:3055] T afbac92d39ca43168bc5def92d11fc47 P aebf0690aee54038a30274194163250c [term 1 LEADER]: Stepping down as leader of term 1
I20260630 12:20:40.496292 28393 raft_consensus.cc:740] T afbac92d39ca43168bc5def92d11fc47 P aebf0690aee54038a30274194163250c [term 1 LEADER]: Becoming Follower/Learner. State: Replica: aebf0690aee54038a30274194163250c, State: Running, Role: LEADER
I20260630 12:20:40.497203 28393 consensus_queue.cc:260] T afbac92d39ca43168bc5def92d11fc47 P aebf0690aee54038a30274194163250c [NON_LEADER]: Queue going to NON_LEADER mode. State: All replicated index: 0, Majority replicated index: 1, Committed index: 1, Last appended: 1.1, Last appended by leader: 1, Current term: 1, Majority size: -1, State: 0, Mode: NON_LEADER, active raft config: opid_index: -1 OBSOLETE_local: false peers { permanent_uuid: "e78c5378e5c243689c4b30974a348fdd" member_type: VOTER last_known_addr { host: "127.25.230.66" port: 36989 } } peers { permanent_uuid: "aebf0690aee54038a30274194163250c" member_type: VOTER last_known_addr { host: "127.25.230.67" port: 44103 } } peers { permanent_uuid: "6646b882842e4eff8862a32aa4e7df88" member_type: VOTER last_known_addr { host: "127.25.230.65" port: 35075 } }
I20260630 12:20:40.498461 28393 raft_consensus.cc:3060] T afbac92d39ca43168bc5def92d11fc47 P aebf0690aee54038a30274194163250c [term 1 FOLLOWER]: Advancing to term 2
I20260630 12:20:40.502581 28318 raft_consensus.cc:2468] T afbac92d39ca43168bc5def92d11fc47 P e78c5378e5c243689c4b30974a348fdd [term 2 FOLLOWER]: Leader election vote request: Granting yes vote for candidate 6646b882842e4eff8862a32aa4e7df88 in term 2.
I20260630 12:20:40.503746 28210 leader_election.cc:304] T afbac92d39ca43168bc5def92d11fc47 P 6646b882842e4eff8862a32aa4e7df88 [CANDIDATE]: Term 2 election: Election decided. Result: candidate won. Election summary: received 2 responses out of 3 voters: 2 yes votes; 0 no votes. yes voters: 6646b882842e4eff8862a32aa4e7df88, e78c5378e5c243689c4b30974a348fdd; no voters: 
I20260630 12:20:40.504441 28447 raft_consensus.cc:2804] T afbac92d39ca43168bc5def92d11fc47 P 6646b882842e4eff8862a32aa4e7df88 [term 2 FOLLOWER]: Leader election won for term 2
I20260630 12:20:40.505234 28393 raft_consensus.cc:2468] T afbac92d39ca43168bc5def92d11fc47 P aebf0690aee54038a30274194163250c [term 2 FOLLOWER]: Leader election vote request: Granting yes vote for candidate 6646b882842e4eff8862a32aa4e7df88 in term 2.
I20260630 12:20:40.505774 28447 raft_consensus.cc:697] T afbac92d39ca43168bc5def92d11fc47 P 6646b882842e4eff8862a32aa4e7df88 [term 2 LEADER]: Becoming Leader. State: Replica: 6646b882842e4eff8862a32aa4e7df88, State: Running, Role: LEADER
I20260630 12:20:40.506614 28447 consensus_queue.cc:237] T afbac92d39ca43168bc5def92d11fc47 P 6646b882842e4eff8862a32aa4e7df88 [LEADER]: Queue going to LEADER mode. State: All replicated index: 0, Majority replicated index: 1, Committed index: 1, Last appended: 1.1, Last appended by leader: 1, Current term: 2, Majority size: 2, State: 0, Mode: LEADER, active raft config: opid_index: -1 OBSOLETE_local: false peers { permanent_uuid: "e78c5378e5c243689c4b30974a348fdd" member_type: VOTER last_known_addr { host: "127.25.230.66" port: 36989 } } peers { permanent_uuid: "aebf0690aee54038a30274194163250c" member_type: VOTER last_known_addr { host: "127.25.230.67" port: 44103 } } peers { permanent_uuid: "6646b882842e4eff8862a32aa4e7df88" member_type: VOTER last_known_addr { host: "127.25.230.65" port: 35075 } }
I20260630 12:20:40.512640 28141 catalog_manager.cc:5697] T afbac92d39ca43168bc5def92d11fc47 P 6646b882842e4eff8862a32aa4e7df88 reported cstate change: term changed from 1 to 2, leader changed from aebf0690aee54038a30274194163250c (127.25.230.67) to 6646b882842e4eff8862a32aa4e7df88 (127.25.230.65). New cstate: current_term: 2 leader_uuid: "6646b882842e4eff8862a32aa4e7df88" committed_config { opid_index: -1 OBSOLETE_local: false peers { permanent_uuid: "e78c5378e5c243689c4b30974a348fdd" member_type: VOTER last_known_addr { host: "127.25.230.66" port: 36989 } health_report { overall_health: UNKNOWN } } peers { permanent_uuid: "aebf0690aee54038a30274194163250c" member_type: VOTER last_known_addr { host: "127.25.230.67" port: 44103 } health_report { overall_health: UNKNOWN } } peers { permanent_uuid: "6646b882842e4eff8862a32aa4e7df88" member_type: VOTER last_known_addr { host: "127.25.230.65" port: 35075 } health_report { overall_health: HEALTHY } } }
I20260630 12:20:41.050995 28318 raft_consensus.cc:1275] T afbac92d39ca43168bc5def92d11fc47 P e78c5378e5c243689c4b30974a348fdd [term 2 FOLLOWER]: Refusing update from remote peer 6646b882842e4eff8862a32aa4e7df88: Log matching property violated. Preceding OpId in replica: term: 1 index: 1. Preceding OpId from leader: term: 2 index: 2. (index mismatch)
I20260630 12:20:41.052419 28469 consensus_queue.cc:1048] T afbac92d39ca43168bc5def92d11fc47 P 6646b882842e4eff8862a32aa4e7df88 [LEADER]: Connected to new peer: Peer: permanent_uuid: "e78c5378e5c243689c4b30974a348fdd" member_type: VOTER last_known_addr { host: "127.25.230.66" port: 36989 }, Status: LMP_MISMATCH, Last received: 0.0, Next index: 2, Last known committed idx: 1, Time since last communication: 0.000s
I20260630 12:20:41.064122 28393 raft_consensus.cc:1275] T afbac92d39ca43168bc5def92d11fc47 P aebf0690aee54038a30274194163250c [term 2 FOLLOWER]: Refusing update from remote peer 6646b882842e4eff8862a32aa4e7df88: Log matching property violated. Preceding OpId in replica: term: 1 index: 1. Preceding OpId from leader: term: 2 index: 2. (index mismatch)
I20260630 12:20:41.065706 28471 consensus_queue.cc:1048] T afbac92d39ca43168bc5def92d11fc47 P 6646b882842e4eff8862a32aa4e7df88 [LEADER]: Connected to new peer: Peer: permanent_uuid: "aebf0690aee54038a30274194163250c" member_type: VOTER last_known_addr { host: "127.25.230.67" port: 44103 }, Status: LMP_MISMATCH, Last received: 0.0, Next index: 2, Last known committed idx: 1, Time since last communication: 0.000s
I20260630 12:20:42.218099 28195 auto_leader_rebalancer.cc:141] leader rebalance for table test-workload
I20260630 12:20:42.220912 28195 auto_leader_rebalancer.cc:440] table: test-workload, leader rebalance finish, leader transfer count: 0
I20260630 12:20:42.221405 28195 auto_leader_rebalancer.cc:515] All tables' leader rebalancing finished this round
I20260630 12:20:44.222421 28195 auto_leader_rebalancer.cc:141] leader rebalance for table test-workload
I20260630 12:20:44.224746 28195 auto_leader_rebalancer.cc:440] table: test-workload, leader rebalance finish, leader transfer count: 0
I20260630 12:20:44.225183 28195 auto_leader_rebalancer.cc:515] All tables' leader rebalancing finished this round
I20260630 12:20:46.226785 28195 auto_leader_rebalancer.cc:141] leader rebalance for table test-workload
I20260630 12:20:46.230458 28195 auto_leader_rebalancer.cc:440] table: test-workload, leader rebalance finish, leader transfer count: 0
I20260630 12:20:46.230974 28195 auto_leader_rebalancer.cc:515] All tables' leader rebalancing finished this round
I20260630 12:20:48.232074 28195 auto_leader_rebalancer.cc:141] leader rebalance for table test-workload
I20260630 12:20:48.233986 28195 auto_leader_rebalancer.cc:440] table: test-workload, leader rebalance finish, leader transfer count: 0
I20260630 12:20:48.234265 28195 auto_leader_rebalancer.cc:515] All tables' leader rebalancing finished this round
I20260630 12:20:50.235200 28195 auto_leader_rebalancer.cc:141] leader rebalance for table test-workload
I20260630 12:20:50.237277 28195 auto_leader_rebalancer.cc:440] table: test-workload, leader rebalance finish, leader transfer count: 0
I20260630 12:20:50.237584 28195 auto_leader_rebalancer.cc:515] All tables' leader rebalancing finished this round
I20260630 12:20:51.115759 26521 file_cache.cc:492] Constructed file cache file cache with capacity 419430
W20260630 12:20:51.122548 28481 instance_detector.cc:116] could not retrieve AWS instance metadata: Network error: curl error: HTTP response code said error: The requested URL returned error: 404
W20260630 12:20:51.123696 28482 instance_detector.cc:116] could not retrieve Azure instance metadata: Network error: curl error: HTTP response code said error: The requested URL returned error: 404
W20260630 12:20:51.126549 28484 instance_detector.cc:116] could not retrieve OpenStack instance metadata: Network error: curl error: HTTP response code said error: The requested URL returned error: 404
I20260630 12:20:51.126921 26521 server_base.cc:1061] running on GCE node
I20260630 12:20:51.128530 26521 hybrid_clock.cc:584] initializing the hybrid clock with 'system_unsync' time source
W20260630 12:20:51.128779 26521 system_unsync_time.cc:38] NTP support is disabled. Clock error bounds will not be accurate. This configuration is not suitable for distributed clusters.
I20260630 12:20:51.128993 26521 hybrid_clock.cc:648] HybridClock initialized: now 1782822051128979 us; error 0 us; skew 500 ppm
I20260630 12:20:51.129490 26521 server_base.cc:861] Flag tcmalloc_max_total_thread_cache_bytes is not working since tcmalloc is not enabled.
I20260630 12:20:51.132228 26521 webserver.cc:533] Webserver started at http://127.25.230.68:34005/ using document root <none> and password file <none>
I20260630 12:20:51.132752 26521 fs_manager.cc:362] Metadata directory not provided
I20260630 12:20:51.132987 26521 fs_manager.cc:368] Using write-ahead log directory (fs_wal_dir) as metadata directory
I20260630 12:20:51.133298 26521 server_base.cc:909] This appears to be a new deployment of Kudu; creating new FS layout
I20260630 12:20:51.134618 26521 fs_manager.cc:1068] Generated new instance metadata in path /tmp/dist-test-taskYOa2oh/test-tmp/auto_rebalancer-test.0.AutoRebalancerTest.MovesScheduledIfAddTserver.1782822015090711-26521-0/minicluster-data/ts-3-root/instance:
uuid: "ddcd25faf74e410698d4b8c7003e5ecd"
format_stamp: "Formatted at 2026-06-30 12:20:51 on dist-test-slave-9tsv"
I20260630 12:20:51.139513 26521 fs_manager.cc:696] Time spent creating directory manager: real 0.004s	user 0.005s	sys 0.001s
I20260630 12:20:51.143069 28489 log_block_manager.cc:4031] Time spent loading block containers with low live blocks: real 0.000s	user 0.000s	sys 0.000s
I20260630 12:20:51.143918 26521 fs_manager.cc:730] Time spent opening block manager: real 0.002s	user 0.002s	sys 0.000s
I20260630 12:20:51.144219 26521 fs_manager.cc:647] Opened local filesystem: /tmp/dist-test-taskYOa2oh/test-tmp/auto_rebalancer-test.0.AutoRebalancerTest.MovesScheduledIfAddTserver.1782822015090711-26521-0/minicluster-data/ts-3-root
uuid: "ddcd25faf74e410698d4b8c7003e5ecd"
format_stamp: "Formatted at 2026-06-30 12:20:51 on dist-test-slave-9tsv"
I20260630 12:20:51.144522 26521 fs_report.cc:389] FS layout report
--------------------
wal directory: /tmp/dist-test-taskYOa2oh/test-tmp/auto_rebalancer-test.0.AutoRebalancerTest.MovesScheduledIfAddTserver.1782822015090711-26521-0/minicluster-data/ts-3-root
metadata directory: /tmp/dist-test-taskYOa2oh/test-tmp/auto_rebalancer-test.0.AutoRebalancerTest.MovesScheduledIfAddTserver.1782822015090711-26521-0/minicluster-data/ts-3-root
1 data directories: /tmp/dist-test-taskYOa2oh/test-tmp/auto_rebalancer-test.0.AutoRebalancerTest.MovesScheduledIfAddTserver.1782822015090711-26521-0/minicluster-data/ts-3-root/data
Total live blocks: 0
Total live bytes: 0
Total live bytes (after alignment): 0
Total number of LBM containers: 0 (0 full)
Did not check for missing blocks
Did not check for orphaned blocks
Total full LBM containers with extra space: 0 (0 repaired)
Total full LBM container extra space in bytes: 0 (0 repaired)
Total incomplete LBM containers: 0 (0 repaired)
Total LBM partial records: 0 (0 repaired)
Total corrupted LBM metadata records in RocksDB: 0 (0 repaired)
I20260630 12:20:51.162822 26521 rpc_server.cc:225] running with OpenSSL 1.1.1  11 Sep 2018
I20260630 12:20:51.164168 26521 kserver.cc:163] Server-wide thread pool size limit: 3276
I20260630 12:20:51.165696 26521 txn_system_client.cc:432] TxnSystemClient initialization is disabled...
I20260630 12:20:51.168141 26521 ts_tablet_manager.cc:585] Loaded tablet metadata (0 total tablets, 0 live tablets)
I20260630 12:20:51.168380 26521 ts_tablet_manager.cc:531] Time spent load tablet metadata: real 0.000s	user 0.000s	sys 0.000s
I20260630 12:20:51.168628 26521 ts_tablet_manager.cc:616] Registered 0 tablets
I20260630 12:20:51.168813 26521 ts_tablet_manager.cc:595] Time spent register tablets: real 0.000s	user 0.000s	sys 0.000s
I20260630 12:20:51.211162 26521 rpc_server.cc:307] RPC server started. Bound to: 127.25.230.68:43139
I20260630 12:20:51.211283 28551 acceptor_pool.cc:272] collecting diagnostics on the listening RPC socket 127.25.230.68:43139 every 8 connection(s)
I20260630 12:20:51.229241 28552 heartbeater.cc:344] Connected to a master server at 127.25.230.126:43847
I20260630 12:20:51.229640 28552 heartbeater.cc:461] Registering TS with master...
I20260630 12:20:51.230379 28552 heartbeater.cc:507] Master 127.25.230.126:43847 requested a full tablet report, sending...
I20260630 12:20:51.232468 28140 ts_manager.cc:194] Registered new tserver with Master: ddcd25faf74e410698d4b8c7003e5ecd (127.25.230.68:43139)
I20260630 12:20:51.234005 28140 master_service.cc:502] Signed X509 certificate for tserver {username='slave'} at 127.0.0.1:57870
I20260630 12:20:51.271943 28393 consensus_queue.cc:237] T ed89f463cc20430e809ae24743a2e658 P aebf0690aee54038a30274194163250c [LEADER]: Queue going to LEADER mode. State: All replicated index: 0, Majority replicated index: 1, Committed index: 1, Last appended: 1.1, Last appended by leader: 0, Current term: 1, Majority size: 2, State: 0, Mode: LEADER, active raft config: opid_index: 2 OBSOLETE_local: false peers { permanent_uuid: "6646b882842e4eff8862a32aa4e7df88" member_type: VOTER last_known_addr { host: "127.25.230.65" port: 35075 } attrs { replace: true } } peers { permanent_uuid: "e78c5378e5c243689c4b30974a348fdd" member_type: VOTER last_known_addr { host: "127.25.230.66" port: 36989 } } peers { permanent_uuid: "aebf0690aee54038a30274194163250c" member_type: VOTER last_known_addr { host: "127.25.230.67" port: 44103 } } peers { permanent_uuid: "ddcd25faf74e410698d4b8c7003e5ecd" member_type: NON_VOTER last_known_addr { host: "127.25.230.68" port: 43139 } attrs { promote: true } }
I20260630 12:20:51.279467 28318 raft_consensus.cc:1275] T ed89f463cc20430e809ae24743a2e658 P e78c5378e5c243689c4b30974a348fdd [term 1 FOLLOWER]: Refusing update from remote peer aebf0690aee54038a30274194163250c: Log matching property violated. Preceding OpId in replica: term: 1 index: 1. Preceding OpId from leader: term: 1 index: 2. (index mismatch)
I20260630 12:20:51.280860 28244 raft_consensus.cc:1275] T ed89f463cc20430e809ae24743a2e658 P 6646b882842e4eff8862a32aa4e7df88 [term 1 FOLLOWER]: Refusing update from remote peer aebf0690aee54038a30274194163250c: Log matching property violated. Preceding OpId in replica: term: 1 index: 1. Preceding OpId from leader: term: 1 index: 2. (index mismatch)
I20260630 12:20:51.282210 28480 consensus_queue.cc:1048] T ed89f463cc20430e809ae24743a2e658 P aebf0690aee54038a30274194163250c [LEADER]: Connected to new peer: Peer: permanent_uuid: "e78c5378e5c243689c4b30974a348fdd" member_type: VOTER last_known_addr { host: "127.25.230.66" port: 36989 }, Status: LMP_MISMATCH, Last received: 0.0, Next index: 2, Last known committed idx: 1, Time since last communication: 0.001s
I20260630 12:20:51.283440 28559 consensus_queue.cc:1048] T ed89f463cc20430e809ae24743a2e658 P aebf0690aee54038a30274194163250c [LEADER]: Connected to new peer: Peer: permanent_uuid: "6646b882842e4eff8862a32aa4e7df88" member_type: VOTER last_known_addr { host: "127.25.230.65" port: 35075 } attrs { replace: true }, Status: LMP_MISMATCH, Last received: 0.0, Next index: 2, Last known committed idx: 1, Time since last communication: 0.000s
I20260630 12:20:51.293491 28559 raft_consensus.cc:2955] T ed89f463cc20430e809ae24743a2e658 P aebf0690aee54038a30274194163250c [term 1 LEADER]: Committing config change with OpId 1.2: config changed from index -1 to 2, NON_VOTER ddcd25faf74e410698d4b8c7003e5ecd (127.25.230.68) added. New config: { opid_index: 2 OBSOLETE_local: false peers { permanent_uuid: "6646b882842e4eff8862a32aa4e7df88" member_type: VOTER last_known_addr { host: "127.25.230.65" port: 35075 } attrs { replace: true } } peers { permanent_uuid: "e78c5378e5c243689c4b30974a348fdd" member_type: VOTER last_known_addr { host: "127.25.230.66" port: 36989 } } peers { permanent_uuid: "aebf0690aee54038a30274194163250c" member_type: VOTER last_known_addr { host: "127.25.230.67" port: 44103 } } peers { permanent_uuid: "ddcd25faf74e410698d4b8c7003e5ecd" member_type: NON_VOTER last_known_addr { host: "127.25.230.68" port: 43139 } attrs { promote: true } } }
I20260630 12:20:51.295410 28244 raft_consensus.cc:2955] T ed89f463cc20430e809ae24743a2e658 P 6646b882842e4eff8862a32aa4e7df88 [term 1 FOLLOWER]: Committing config change with OpId 1.2: config changed from index -1 to 2, NON_VOTER ddcd25faf74e410698d4b8c7003e5ecd (127.25.230.68) added. New config: { opid_index: 2 OBSOLETE_local: false peers { permanent_uuid: "6646b882842e4eff8862a32aa4e7df88" member_type: VOTER last_known_addr { host: "127.25.230.65" port: 35075 } attrs { replace: true } } peers { permanent_uuid: "e78c5378e5c243689c4b30974a348fdd" member_type: VOTER last_known_addr { host: "127.25.230.66" port: 36989 } } peers { permanent_uuid: "aebf0690aee54038a30274194163250c" member_type: VOTER last_known_addr { host: "127.25.230.67" port: 44103 } } peers { permanent_uuid: "ddcd25faf74e410698d4b8c7003e5ecd" member_type: NON_VOTER last_known_addr { host: "127.25.230.68" port: 43139 } attrs { promote: true } } }
W20260630 12:20:51.298447 28357 consensus_peers.cc:597] T ed89f463cc20430e809ae24743a2e658 P aebf0690aee54038a30274194163250c -> Peer ddcd25faf74e410698d4b8c7003e5ecd (127.25.230.68:43139): Couldn't send request to peer ddcd25faf74e410698d4b8c7003e5ecd. Error code: TABLET_NOT_FOUND (6). Status: Not found: Tablet not found: ed89f463cc20430e809ae24743a2e658. This is attempt 1: this message will repeat every 5th retry.
I20260630 12:20:51.299118 28318 raft_consensus.cc:2955] T ed89f463cc20430e809ae24743a2e658 P e78c5378e5c243689c4b30974a348fdd [term 1 FOLLOWER]: Committing config change with OpId 1.2: config changed from index -1 to 2, NON_VOTER ddcd25faf74e410698d4b8c7003e5ecd (127.25.230.68) added. New config: { opid_index: 2 OBSOLETE_local: false peers { permanent_uuid: "6646b882842e4eff8862a32aa4e7df88" member_type: VOTER last_known_addr { host: "127.25.230.65" port: 35075 } attrs { replace: true } } peers { permanent_uuid: "e78c5378e5c243689c4b30974a348fdd" member_type: VOTER last_known_addr { host: "127.25.230.66" port: 36989 } } peers { permanent_uuid: "aebf0690aee54038a30274194163250c" member_type: VOTER last_known_addr { host: "127.25.230.67" port: 44103 } } peers { permanent_uuid: "ddcd25faf74e410698d4b8c7003e5ecd" member_type: NON_VOTER last_known_addr { host: "127.25.230.68" port: 43139 } attrs { promote: true } } }
