I20260630 12:21:37.249255 29868 consensus_queue.cc:1048] T 59b5487fb25a49188b8a1dd72178e40e P 52ff551eca0942f39e0b8f7e0a14534e [LEADER]: Connected to new peer: Peer: permanent_uuid: "d6f02d4f94794a178712e640c57d3d76" member_type: VOTER last_known_addr { host: "127.25.230.66" port: 34201 }, Status: LMP_MISMATCH, Last received: 0.0, Next index: 2, Last known committed idx: 1, Time since last communication: 0.000s
W20260630 12:21:37.253945 29425 consensus_peers.cc:597] T 59b5487fb25a49188b8a1dd72178e40e P 52ff551eca0942f39e0b8f7e0a14534e -> Peer d52413131f194648a18d43b8431a6fc3 (127.25.230.68:32967): Couldn't send request to peer d52413131f194648a18d43b8431a6fc3. Error code: TABLET_NOT_FOUND (6). Status: Not found: Tablet not found: 59b5487fb25a49188b8a1dd72178e40e. This is attempt 1: this message will repeat every 5th retry.
I20260630 12:21:37.254053 29662 raft_consensus.cc:993] T c4d332b908324bc68273db178b994066 P 8569af0b24454a51b10f473a92ebae8b: : Instructing follower 52ff551eca0942f39e0b8f7e0a14534e to start an election
I20260630 12:21:37.254688 29662 raft_consensus.cc:1081] T c4d332b908324bc68273db178b994066 P 8569af0b24454a51b10f473a92ebae8b [term 1 LEADER]: Signalling peer 52ff551eca0942f39e0b8f7e0a14534e to start an election
I20260630 12:21:37.255110 29611 raft_consensus.cc:1275] T 59b5487fb25a49188b8a1dd72178e40e P 8569af0b24454a51b10f473a92ebae8b [term 1 FOLLOWER]: Refusing update from remote peer 52ff551eca0942f39e0b8f7e0a14534e: Log matching property violated. Preceding OpId in replica: term: 1 index: 1. Preceding OpId from leader: term: 1 index: 2. (index mismatch)
I20260630 12:21:37.256573 29462 tablet_service.cc:2044] Received Run Leader Election RPC: tablet_id: "c4d332b908324bc68273db178b994066"
dest_uuid: "52ff551eca0942f39e0b8f7e0a14534e"
 from {username='slave'} at 127.0.0.1:43770
I20260630 12:21:37.257470 29462 raft_consensus.cc:493] T c4d332b908324bc68273db178b994066 P 52ff551eca0942f39e0b8f7e0a14534e [term 1 FOLLOWER]: Starting forced leader election (received explicit request)
I20260630 12:21:37.257478 29868 consensus_queue.cc:1048] T 59b5487fb25a49188b8a1dd72178e40e P 52ff551eca0942f39e0b8f7e0a14534e [LEADER]: Connected to new peer: Peer: permanent_uuid: "8569af0b24454a51b10f473a92ebae8b" member_type: VOTER last_known_addr { host: "127.25.230.67" port: 35641 } attrs { replace: true }, Status: LMP_MISMATCH, Last received: 0.0, Next index: 2, Last known committed idx: 1, Time since last communication: 0.001s
I20260630 12:21:37.258278 29462 raft_consensus.cc:3060] T c4d332b908324bc68273db178b994066 P 52ff551eca0942f39e0b8f7e0a14534e [term 1 FOLLOWER]: Advancing to term 2
I20260630 12:21:37.259249 29879 consensus_queue.cc:1048] T 2541a744c2884b66a466cd2897e06c0f P 8569af0b24454a51b10f473a92ebae8b [LEADER]: Connected to new peer: Peer: permanent_uuid: "d52413131f194648a18d43b8431a6fc3" member_type: VOTER last_known_addr { host: "127.25.230.68" port: 32967 }, Status: LMP_MISMATCH, Last received: 0.0, Next index: 1, Last known committed idx: 0, Time since last communication: 0.000s
I20260630 12:21:37.267422 29462 raft_consensus.cc:515] T c4d332b908324bc68273db178b994066 P 52ff551eca0942f39e0b8f7e0a14534e [term 2 FOLLOWER]: Starting forced leader election with config: opid_index: -1 OBSOLETE_local: false peers { permanent_uuid: "d6f02d4f94794a178712e640c57d3d76" member_type: VOTER last_known_addr { host: "127.25.230.66" port: 34201 } } peers { permanent_uuid: "52ff551eca0942f39e0b8f7e0a14534e" member_type: VOTER last_known_addr { host: "127.25.230.65" port: 33623 } } peers { permanent_uuid: "8569af0b24454a51b10f473a92ebae8b" member_type: VOTER last_known_addr { host: "127.25.230.67" port: 35641 } }
I20260630 12:21:37.273063 29611 tablet_service.cc:1917] Received RequestConsensusVote() RPC: tablet_id: "c4d332b908324bc68273db178b994066" candidate_uuid: "52ff551eca0942f39e0b8f7e0a14534e" candidate_term: 2 candidate_status { last_received { term: 1 index: 1 } } ignore_live_leader: true dest_uuid: "8569af0b24454a51b10f473a92ebae8b"
I20260630 12:21:37.274250 29611 raft_consensus.cc:3055] T c4d332b908324bc68273db178b994066 P 8569af0b24454a51b10f473a92ebae8b [term 1 LEADER]: Stepping down as leader of term 1
I20260630 12:21:37.275266 29611 raft_consensus.cc:740] T c4d332b908324bc68273db178b994066 P 8569af0b24454a51b10f473a92ebae8b [term 1 LEADER]: Becoming Follower/Learner. State: Replica: 8569af0b24454a51b10f473a92ebae8b, State: Running, Role: LEADER
I20260630 12:21:37.276351 29537 tablet_service.cc:1917] Received RequestConsensusVote() RPC: tablet_id: "c4d332b908324bc68273db178b994066" candidate_uuid: "52ff551eca0942f39e0b8f7e0a14534e" candidate_term: 2 candidate_status { last_received { term: 1 index: 1 } } ignore_live_leader: true dest_uuid: "d6f02d4f94794a178712e640c57d3d76"
I20260630 12:21:37.274765 29462 leader_election.cc:290] T c4d332b908324bc68273db178b994066 P 52ff551eca0942f39e0b8f7e0a14534e [CANDIDATE]: Term 2 election: Requested vote from peers d6f02d4f94794a178712e640c57d3d76 (127.25.230.66:34201), 8569af0b24454a51b10f473a92ebae8b (127.25.230.67:35641)
I20260630 12:21:37.276996 29537 raft_consensus.cc:3060] T c4d332b908324bc68273db178b994066 P d6f02d4f94794a178712e640c57d3d76 [term 1 FOLLOWER]: Advancing to term 2
I20260630 12:21:37.276438 29611 consensus_queue.cc:260] T c4d332b908324bc68273db178b994066 P 8569af0b24454a51b10f473a92ebae8b [NON_LEADER]: Queue going to NON_LEADER mode. State: All replicated index: 0, Majority replicated index: 1, Committed index: 1, Last appended: 1.1, Last appended by leader: 1, Current term: 1, Majority size: -1, State: 0, Mode: NON_LEADER, active raft config: opid_index: -1 OBSOLETE_local: false peers { permanent_uuid: "d6f02d4f94794a178712e640c57d3d76" member_type: VOTER last_known_addr { host: "127.25.230.66" port: 34201 } } peers { permanent_uuid: "52ff551eca0942f39e0b8f7e0a14534e" member_type: VOTER last_known_addr { host: "127.25.230.65" port: 33623 } } peers { permanent_uuid: "8569af0b24454a51b10f473a92ebae8b" member_type: VOTER last_known_addr { host: "127.25.230.67" port: 35641 } }
I20260630 12:21:37.276501 29868 raft_consensus.cc:2955] T 59b5487fb25a49188b8a1dd72178e40e P 52ff551eca0942f39e0b8f7e0a14534e [term 1 LEADER]: Committing config change with OpId 1.2: config changed from index -1 to 2, NON_VOTER d52413131f194648a18d43b8431a6fc3 (127.25.230.68) added. New config: { opid_index: 2 OBSOLETE_local: false peers { permanent_uuid: "52ff551eca0942f39e0b8f7e0a14534e" member_type: VOTER last_known_addr { host: "127.25.230.65" port: 33623 } } peers { permanent_uuid: "d6f02d4f94794a178712e640c57d3d76" member_type: VOTER last_known_addr { host: "127.25.230.66" port: 34201 } } peers { permanent_uuid: "8569af0b24454a51b10f473a92ebae8b" member_type: VOTER last_known_addr { host: "127.25.230.67" port: 35641 } attrs { replace: true } } peers { permanent_uuid: "d52413131f194648a18d43b8431a6fc3" member_type: NON_VOTER last_known_addr { host: "127.25.230.68" port: 32967 } attrs { promote: true } } }
I20260630 12:21:37.282720 29879 consensus_queue.cc:1048] T 09074789e8764437ba9ec8dfd8b40c8b P 8569af0b24454a51b10f473a92ebae8b [LEADER]: Connected to new peer: Peer: permanent_uuid: "d52413131f194648a18d43b8431a6fc3" member_type: VOTER last_known_addr { host: "127.25.230.68" port: 32967 }, Status: LMP_MISMATCH, Last received: 0.0, Next index: 1, Last known committed idx: 0, Time since last communication: 0.000s
I20260630 12:21:37.283550 29703 consensus_queue.cc:1048] T 09074789e8764437ba9ec8dfd8b40c8b P 8569af0b24454a51b10f473a92ebae8b [LEADER]: Connected to new peer: Peer: permanent_uuid: "d6f02d4f94794a178712e640c57d3d76" member_type: VOTER last_known_addr { host: "127.25.230.66" port: 34201 }, Status: LMP_MISMATCH, Last received: 0.0, Next index: 1, Last known committed idx: 0, Time since last communication: 0.000s
I20260630 12:21:37.286577 29611 raft_consensus.cc:3060] T c4d332b908324bc68273db178b994066 P 8569af0b24454a51b10f473a92ebae8b [term 1 FOLLOWER]: Advancing to term 2
I20260630 12:21:37.289726 29610 raft_consensus.cc:2955] T 59b5487fb25a49188b8a1dd72178e40e P 8569af0b24454a51b10f473a92ebae8b [term 1 FOLLOWER]: Committing config change with OpId 1.2: config changed from index -1 to 2, NON_VOTER d52413131f194648a18d43b8431a6fc3 (127.25.230.68) added. New config: { opid_index: 2 OBSOLETE_local: false peers { permanent_uuid: "52ff551eca0942f39e0b8f7e0a14534e" member_type: VOTER last_known_addr { host: "127.25.230.65" port: 33623 } } peers { permanent_uuid: "d6f02d4f94794a178712e640c57d3d76" member_type: VOTER last_known_addr { host: "127.25.230.66" port: 34201 } } peers { permanent_uuid: "8569af0b24454a51b10f473a92ebae8b" member_type: VOTER last_known_addr { host: "127.25.230.67" port: 35641 } attrs { replace: true } } peers { permanent_uuid: "d52413131f194648a18d43b8431a6fc3" member_type: NON_VOTER last_known_addr { host: "127.25.230.68" port: 32967 } attrs { promote: true } } }
W20260630 12:21:37.293681 29408 auto_rebalancer.cc:639] Failed to schedule move for tablet 2e3a5e866f6d452383a0d4fc09a1727e: Remote error: Service unavailable: leader transfer in progress
I20260630 12:21:37.293356 29536 raft_consensus.cc:2955] T 59b5487fb25a49188b8a1dd72178e40e P d6f02d4f94794a178712e640c57d3d76 [term 1 FOLLOWER]: Committing config change with OpId 1.2: config changed from index -1 to 2, NON_VOTER d52413131f194648a18d43b8431a6fc3 (127.25.230.68) added. New config: { opid_index: 2 OBSOLETE_local: false peers { permanent_uuid: "52ff551eca0942f39e0b8f7e0a14534e" member_type: VOTER last_known_addr { host: "127.25.230.65" port: 33623 } } peers { permanent_uuid: "d6f02d4f94794a178712e640c57d3d76" member_type: VOTER last_known_addr { host: "127.25.230.66" port: 34201 } } peers { permanent_uuid: "8569af0b24454a51b10f473a92ebae8b" member_type: VOTER last_known_addr { host: "127.25.230.67" port: 35641 } attrs { replace: true } } peers { permanent_uuid: "d52413131f194648a18d43b8431a6fc3" member_type: NON_VOTER last_known_addr { host: "127.25.230.68" port: 32967 } attrs { promote: true } } }
I20260630 12:21:37.298794 29534 consensus_queue.cc:237] T afedc23649344b5292c2121b903aaab0 P d6f02d4f94794a178712e640c57d3d76 [LEADER]: Queue going to LEADER mode. State: All replicated index: 0, Majority replicated index: 1, Committed index: 1, Last appended: 1.1, Last appended by leader: 0, Current term: 1, Majority size: 2, State: 0, Mode: LEADER, active raft config: opid_index: 2 OBSOLETE_local: false peers { permanent_uuid: "d6f02d4f94794a178712e640c57d3d76" member_type: VOTER last_known_addr { host: "127.25.230.66" port: 34201 } } peers { permanent_uuid: "52ff551eca0942f39e0b8f7e0a14534e" member_type: VOTER last_known_addr { host: "127.25.230.65" port: 33623 } attrs { replace: true } } peers { permanent_uuid: "8569af0b24454a51b10f473a92ebae8b" member_type: VOTER last_known_addr { host: "127.25.230.67" port: 35641 } } peers { permanent_uuid: "d52413131f194648a18d43b8431a6fc3" member_type: NON_VOTER last_known_addr { host: "127.25.230.68" port: 32967 } attrs { promote: true } }
I20260630 12:21:37.300760 29879 consensus_queue.cc:1048] T 2541a744c2884b66a466cd2897e06c0f P 8569af0b24454a51b10f473a92ebae8b [LEADER]: Connected to new peer: Peer: permanent_uuid: "52ff551eca0942f39e0b8f7e0a14534e" member_type: VOTER last_known_addr { host: "127.25.230.65" port: 33623 }, Status: LMP_MISMATCH, Last received: 0.0, Next index: 1, Last known committed idx: 0, Time since last communication: 0.000s
I20260630 12:21:37.302336 29537 raft_consensus.cc:2468] T c4d332b908324bc68273db178b994066 P d6f02d4f94794a178712e640c57d3d76 [term 2 FOLLOWER]: Leader election vote request: Granting yes vote for candidate 52ff551eca0942f39e0b8f7e0a14534e in term 2.
I20260630 12:21:37.303646 29425 leader_election.cc:304] T c4d332b908324bc68273db178b994066 P 52ff551eca0942f39e0b8f7e0a14534e [CANDIDATE]: Term 2 election: Election decided. Result: candidate won. Election summary: received 2 responses out of 3 voters: 2 yes votes; 0 no votes. yes voters: 52ff551eca0942f39e0b8f7e0a14534e, d6f02d4f94794a178712e640c57d3d76; no voters: 
I20260630 12:21:37.304598 29663 raft_consensus.cc:2804] T c4d332b908324bc68273db178b994066 P 52ff551eca0942f39e0b8f7e0a14534e [term 2 FOLLOWER]: Leader election won for term 2
I20260630 12:21:37.305102 29663 raft_consensus.cc:697] T c4d332b908324bc68273db178b994066 P 52ff551eca0942f39e0b8f7e0a14534e [term 2 LEADER]: Becoming Leader. State: Replica: 52ff551eca0942f39e0b8f7e0a14534e, State: Running, Role: LEADER
I20260630 12:21:37.305871 29663 consensus_queue.cc:237] T c4d332b908324bc68273db178b994066 P 52ff551eca0942f39e0b8f7e0a14534e [LEADER]: Queue going to LEADER mode. State: All replicated index: 0, Majority replicated index: 1, Committed index: 1, Last appended: 1.1, Last appended by leader: 1, Current term: 2, Majority size: 2, State: 0, Mode: LEADER, active raft config: opid_index: -1 OBSOLETE_local: false peers { permanent_uuid: "d6f02d4f94794a178712e640c57d3d76" member_type: VOTER last_known_addr { host: "127.25.230.66" port: 34201 } } peers { permanent_uuid: "52ff551eca0942f39e0b8f7e0a14534e" member_type: VOTER last_known_addr { host: "127.25.230.65" port: 33623 } } peers { permanent_uuid: "8569af0b24454a51b10f473a92ebae8b" member_type: VOTER last_known_addr { host: "127.25.230.67" port: 35641 } }
I20260630 12:21:37.337345 29462 raft_consensus.cc:1275] T afedc23649344b5292c2121b903aaab0 P 52ff551eca0942f39e0b8f7e0a14534e [term 1 FOLLOWER]: Refusing update from remote peer d6f02d4f94794a178712e640c57d3d76: Log matching property violated. Preceding OpId in replica: term: 1 index: 1. Preceding OpId from leader: term: 1 index: 2. (index mismatch)
W20260630 12:21:37.338618 29500 consensus_peers.cc:597] T afedc23649344b5292c2121b903aaab0 P d6f02d4f94794a178712e640c57d3d76 -> Peer d52413131f194648a18d43b8431a6fc3 (127.25.230.68:32967): Couldn't send request to peer d52413131f194648a18d43b8431a6fc3. Error code: TABLET_NOT_FOUND (6). Status: Not found: Tablet not found: afedc23649344b5292c2121b903aaab0. This is attempt 1: this message will repeat every 5th retry.
I20260630 12:21:37.339633 29663 raft_consensus.cc:993] T 5553cbbfd14f4fdcac9bc81f30606824 P 52ff551eca0942f39e0b8f7e0a14534e: : Instructing follower d6f02d4f94794a178712e640c57d3d76 to start an election
I20260630 12:21:37.339556 29889 consensus_queue.cc:1048] T afedc23649344b5292c2121b903aaab0 P d6f02d4f94794a178712e640c57d3d76 [LEADER]: Connected to new peer: Peer: permanent_uuid: "52ff551eca0942f39e0b8f7e0a14534e" member_type: VOTER last_known_addr { host: "127.25.230.65" port: 33623 } attrs { replace: true }, Status: LMP_MISMATCH, Last received: 0.0, Next index: 2, Last known committed idx: 1, Time since last communication: 0.000s
I20260630 12:21:37.340152 29894 raft_consensus.cc:1081] T 5553cbbfd14f4fdcac9bc81f30606824 P 52ff551eca0942f39e0b8f7e0a14534e [term 1 LEADER]: Signalling peer d6f02d4f94794a178712e640c57d3d76 to start an election
I20260630 12:21:37.340950 29663 consensus_queue.cc:1048] T d568e7ede09f441da356ceb1511c0844 P 52ff551eca0942f39e0b8f7e0a14534e [LEADER]: Connected to new peer: Peer: permanent_uuid: "d52413131f194648a18d43b8431a6fc3" member_type: VOTER last_known_addr { host: "127.25.230.68" port: 32967 }, Status: LMP_MISMATCH, Last received: 0.0, Next index: 1, Last known committed idx: 0, Time since last communication: 0.000s
I20260630 12:21:37.342682 29610 raft_consensus.cc:1275] T afedc23649344b5292c2121b903aaab0 P 8569af0b24454a51b10f473a92ebae8b [term 1 FOLLOWER]: Refusing update from remote peer d6f02d4f94794a178712e640c57d3d76: Log matching property violated. Preceding OpId in replica: term: 1 index: 1. Preceding OpId from leader: term: 1 index: 2. (index mismatch)
I20260630 12:21:37.342979 29535 tablet_service.cc:2044] Received Run Leader Election RPC: tablet_id: "5553cbbfd14f4fdcac9bc81f30606824"
dest_uuid: "d6f02d4f94794a178712e640c57d3d76"
 from {username='slave'} at 127.0.0.1:57434
I20260630 12:21:37.343575 29535 raft_consensus.cc:493] T 5553cbbfd14f4fdcac9bc81f30606824 P d6f02d4f94794a178712e640c57d3d76 [term 1 FOLLOWER]: Starting forced leader election (received explicit request)
I20260630 12:21:37.343931 29535 raft_consensus.cc:3060] T 5553cbbfd14f4fdcac9bc81f30606824 P d6f02d4f94794a178712e640c57d3d76 [term 1 FOLLOWER]: Advancing to term 2
I20260630 12:21:37.324105 29360 catalog_manager.cc:5697] T 59b5487fb25a49188b8a1dd72178e40e P d6f02d4f94794a178712e640c57d3d76 reported cstate change: config changed from index -1 to 2, NON_VOTER d52413131f194648a18d43b8431a6fc3 (127.25.230.68) added. New cstate: current_term: 1 leader_uuid: "52ff551eca0942f39e0b8f7e0a14534e" committed_config { opid_index: 2 OBSOLETE_local: false peers { permanent_uuid: "52ff551eca0942f39e0b8f7e0a14534e" member_type: VOTER last_known_addr { host: "127.25.230.65" port: 33623 } } peers { permanent_uuid: "d6f02d4f94794a178712e640c57d3d76" member_type: VOTER last_known_addr { host: "127.25.230.66" port: 34201 } } peers { permanent_uuid: "8569af0b24454a51b10f473a92ebae8b" member_type: VOTER last_known_addr { host: "127.25.230.67" port: 35641 } attrs { replace: true } } peers { permanent_uuid: "d52413131f194648a18d43b8431a6fc3" member_type: NON_VOTER last_known_addr { host: "127.25.230.68" port: 32967 } attrs { promote: true } } }
I20260630 12:21:37.349112 29663 consensus_queue.cc:1048] T d568e7ede09f441da356ceb1511c0844 P 52ff551eca0942f39e0b8f7e0a14534e [LEADER]: Connected to new peer: Peer: permanent_uuid: "d6f02d4f94794a178712e640c57d3d76" member_type: VOTER last_known_addr { host: "127.25.230.66" port: 34201 }, Status: LMP_MISMATCH, Last received: 0.0, Next index: 1, Last known committed idx: 0, Time since last communication: 0.000s
I20260630 12:21:37.350090 29611 raft_consensus.cc:2468] T c4d332b908324bc68273db178b994066 P 8569af0b24454a51b10f473a92ebae8b [term 2 FOLLOWER]: Leader election vote request: Granting yes vote for candidate 52ff551eca0942f39e0b8f7e0a14534e in term 2.
I20260630 12:21:37.354128 29889 consensus_queue.cc:1048] T afedc23649344b5292c2121b903aaab0 P d6f02d4f94794a178712e640c57d3d76 [LEADER]: Connected to new peer: Peer: permanent_uuid: "8569af0b24454a51b10f473a92ebae8b" member_type: VOTER last_known_addr { host: "127.25.230.67" port: 35641 }, Status: LMP_MISMATCH, Last received: 0.0, Next index: 2, Last known committed idx: 1, Time since last communication: 0.000s
I20260630 12:21:37.363902 29535 raft_consensus.cc:515] T 5553cbbfd14f4fdcac9bc81f30606824 P d6f02d4f94794a178712e640c57d3d76 [term 2 FOLLOWER]: Starting forced leader election with config: opid_index: -1 OBSOLETE_local: false peers { permanent_uuid: "52ff551eca0942f39e0b8f7e0a14534e" member_type: VOTER last_known_addr { host: "127.25.230.65" port: 33623 } } peers { permanent_uuid: "d6f02d4f94794a178712e640c57d3d76" member_type: VOTER last_known_addr { host: "127.25.230.66" port: 34201 } } peers { permanent_uuid: "8569af0b24454a51b10f473a92ebae8b" member_type: VOTER last_known_addr { host: "127.25.230.67" port: 35641 } }
I20260630 12:21:37.367175 29460 tablet_service.cc:1917] Received RequestConsensusVote() RPC: tablet_id: "5553cbbfd14f4fdcac9bc81f30606824" candidate_uuid: "d6f02d4f94794a178712e640c57d3d76" candidate_term: 2 candidate_status { last_received { term: 1 index: 1 } } ignore_live_leader: true dest_uuid: "52ff551eca0942f39e0b8f7e0a14534e"
I20260630 12:21:37.367854 29460 raft_consensus.cc:3055] T 5553cbbfd14f4fdcac9bc81f30606824 P 52ff551eca0942f39e0b8f7e0a14534e [term 1 LEADER]: Stepping down as leader of term 1
I20260630 12:21:37.368165 29460 raft_consensus.cc:740] T 5553cbbfd14f4fdcac9bc81f30606824 P 52ff551eca0942f39e0b8f7e0a14534e [term 1 LEADER]: Becoming Follower/Learner. State: Replica: 52ff551eca0942f39e0b8f7e0a14534e, State: Running, Role: LEADER
I20260630 12:21:37.368948 29460 consensus_queue.cc:260] T 5553cbbfd14f4fdcac9bc81f30606824 P 52ff551eca0942f39e0b8f7e0a14534e [NON_LEADER]: Queue going to NON_LEADER mode. State: All replicated index: 0, Majority replicated index: 1, Committed index: 1, Last appended: 1.1, Last appended by leader: 1, Current term: 1, Majority size: -1, State: 0, Mode: NON_LEADER, active raft config: opid_index: -1 OBSOLETE_local: false peers { permanent_uuid: "52ff551eca0942f39e0b8f7e0a14534e" member_type: VOTER last_known_addr { host: "127.25.230.65" port: 33623 } } peers { permanent_uuid: "d6f02d4f94794a178712e640c57d3d76" member_type: VOTER last_known_addr { host: "127.25.230.66" port: 34201 } } peers { permanent_uuid: "8569af0b24454a51b10f473a92ebae8b" member_type: VOTER last_known_addr { host: "127.25.230.67" port: 35641 } }
I20260630 12:21:37.370039 29460 raft_consensus.cc:3060] T 5553cbbfd14f4fdcac9bc81f30606824 P 52ff551eca0942f39e0b8f7e0a14534e [term 1 FOLLOWER]: Advancing to term 2
I20260630 12:21:37.384373 29609 tablet_service.cc:1917] Received RequestConsensusVote() RPC: tablet_id: "5553cbbfd14f4fdcac9bc81f30606824" candidate_uuid: "d6f02d4f94794a178712e640c57d3d76" candidate_term: 2 candidate_status { last_received { term: 1 index: 1 } } ignore_live_leader: true dest_uuid: "8569af0b24454a51b10f473a92ebae8b"
I20260630 12:21:37.385273 29609 raft_consensus.cc:3060] T 5553cbbfd14f4fdcac9bc81f30606824 P 8569af0b24454a51b10f473a92ebae8b [term 1 FOLLOWER]: Advancing to term 2
I20260630 12:21:37.372216 29356 catalog_manager.cc:5697] T c4d332b908324bc68273db178b994066 P 52ff551eca0942f39e0b8f7e0a14534e reported cstate change: term changed from 1 to 2, leader changed from 8569af0b24454a51b10f473a92ebae8b (127.25.230.67) to 52ff551eca0942f39e0b8f7e0a14534e (127.25.230.65). New cstate: current_term: 2 leader_uuid: "52ff551eca0942f39e0b8f7e0a14534e" committed_config { opid_index: -1 OBSOLETE_local: false peers { permanent_uuid: "d6f02d4f94794a178712e640c57d3d76" member_type: VOTER last_known_addr { host: "127.25.230.66" port: 34201 } health_report { overall_health: UNKNOWN } } peers { permanent_uuid: "52ff551eca0942f39e0b8f7e0a14534e" member_type: VOTER last_known_addr { host: "127.25.230.65" port: 33623 } health_report { overall_health: HEALTHY } } peers { permanent_uuid: "8569af0b24454a51b10f473a92ebae8b" member_type: VOTER last_known_addr { host: "127.25.230.67" port: 35641 } health_report { overall_health: UNKNOWN } } }
I20260630 12:21:37.395560 29609 raft_consensus.cc:2468] T 5553cbbfd14f4fdcac9bc81f30606824 P 8569af0b24454a51b10f473a92ebae8b [term 2 FOLLOWER]: Leader election vote request: Granting yes vote for candidate d6f02d4f94794a178712e640c57d3d76 in term 2.
I20260630 12:21:37.400032 29535 leader_election.cc:290] T 5553cbbfd14f4fdcac9bc81f30606824 P d6f02d4f94794a178712e640c57d3d76 [CANDIDATE]: Term 2 election: Requested vote from peers 52ff551eca0942f39e0b8f7e0a14534e (127.25.230.65:33623), 8569af0b24454a51b10f473a92ebae8b (127.25.230.67:35641)
I20260630 12:21:37.405826 29503 leader_election.cc:304] T 5553cbbfd14f4fdcac9bc81f30606824 P d6f02d4f94794a178712e640c57d3d76 [CANDIDATE]: Term 2 election: Election decided. Result: candidate won. Election summary: received 2 responses out of 3 voters: 2 yes votes; 0 no votes. yes voters: 8569af0b24454a51b10f473a92ebae8b, d6f02d4f94794a178712e640c57d3d76; no voters: 
I20260630 12:21:37.404320 29460 raft_consensus.cc:2468] T 5553cbbfd14f4fdcac9bc81f30606824 P 52ff551eca0942f39e0b8f7e0a14534e [term 2 FOLLOWER]: Leader election vote request: Granting yes vote for candidate d6f02d4f94794a178712e640c57d3d76 in term 2.
I20260630 12:21:37.406793 29889 raft_consensus.cc:2804] T 5553cbbfd14f4fdcac9bc81f30606824 P d6f02d4f94794a178712e640c57d3d76 [term 2 FOLLOWER]: Leader election won for term 2
I20260630 12:21:37.407428 29889 raft_consensus.cc:697] T 5553cbbfd14f4fdcac9bc81f30606824 P d6f02d4f94794a178712e640c57d3d76 [term 2 LEADER]: Becoming Leader. State: Replica: d6f02d4f94794a178712e640c57d3d76, State: Running, Role: LEADER
I20260630 12:21:37.408587 29889 consensus_queue.cc:237] T 5553cbbfd14f4fdcac9bc81f30606824 P d6f02d4f94794a178712e640c57d3d76 [LEADER]: Queue going to LEADER mode. State: All replicated index: 0, Majority replicated index: 1, Committed index: 1, Last appended: 1.1, Last appended by leader: 1, Current term: 2, Majority size: 2, State: 0, Mode: LEADER, active raft config: opid_index: -1 OBSOLETE_local: false peers { permanent_uuid: "52ff551eca0942f39e0b8f7e0a14534e" member_type: VOTER last_known_addr { host: "127.25.230.65" port: 33623 } } peers { permanent_uuid: "d6f02d4f94794a178712e640c57d3d76" member_type: VOTER last_known_addr { host: "127.25.230.66" port: 34201 } } peers { permanent_uuid: "8569af0b24454a51b10f473a92ebae8b" member_type: VOTER last_known_addr { host: "127.25.230.67" port: 35641 } }
I20260630 12:21:37.415928 29888 raft_consensus.cc:2955] T afedc23649344b5292c2121b903aaab0 P d6f02d4f94794a178712e640c57d3d76 [term 1 LEADER]: Committing config change with OpId 1.2: config changed from index -1 to 2, NON_VOTER d52413131f194648a18d43b8431a6fc3 (127.25.230.68) added. New config: { opid_index: 2 OBSOLETE_local: false peers { permanent_uuid: "d6f02d4f94794a178712e640c57d3d76" member_type: VOTER last_known_addr { host: "127.25.230.66" port: 34201 } } peers { permanent_uuid: "52ff551eca0942f39e0b8f7e0a14534e" member_type: VOTER last_known_addr { host: "127.25.230.65" port: 33623 } attrs { replace: true } } peers { permanent_uuid: "8569af0b24454a51b10f473a92ebae8b" member_type: VOTER last_known_addr { host: "127.25.230.67" port: 35641 } } peers { permanent_uuid: "d52413131f194648a18d43b8431a6fc3" member_type: NON_VOTER last_known_addr { host: "127.25.230.68" port: 32967 } attrs { promote: true } } }
I20260630 12:21:37.419447 29462 raft_consensus.cc:2955] T afedc23649344b5292c2121b903aaab0 P 52ff551eca0942f39e0b8f7e0a14534e [term 1 FOLLOWER]: Committing config change with OpId 1.2: config changed from index -1 to 2, NON_VOTER d52413131f194648a18d43b8431a6fc3 (127.25.230.68) added. New config: { opid_index: 2 OBSOLETE_local: false peers { permanent_uuid: "d6f02d4f94794a178712e640c57d3d76" member_type: VOTER last_known_addr { host: "127.25.230.66" port: 34201 } } peers { permanent_uuid: "52ff551eca0942f39e0b8f7e0a14534e" member_type: VOTER last_known_addr { host: "127.25.230.65" port: 33623 } attrs { replace: true } } peers { permanent_uuid: "8569af0b24454a51b10f473a92ebae8b" member_type: VOTER last_known_addr { host: "127.25.230.67" port: 35641 } } peers { permanent_uuid: "d52413131f194648a18d43b8431a6fc3" member_type: NON_VOTER last_known_addr { host: "127.25.230.68" port: 32967 } attrs { promote: true } } }
I20260630 12:21:37.436035 29663 raft_consensus.cc:993] T 91b1578a441146e49436ee4cb718cfc7 P 52ff551eca0942f39e0b8f7e0a14534e: : Instructing follower d52413131f194648a18d43b8431a6fc3 to start an election
I20260630 12:21:37.436676 29799 raft_consensus.cc:1081] T 91b1578a441146e49436ee4cb718cfc7 P 52ff551eca0942f39e0b8f7e0a14534e [term 1 LEADER]: Signalling peer d52413131f194648a18d43b8431a6fc3 to start an election
I20260630 12:21:37.438555 29753 tablet_service.cc:2044] Received Run Leader Election RPC: tablet_id: "91b1578a441146e49436ee4cb718cfc7"
dest_uuid: "d52413131f194648a18d43b8431a6fc3"
 from {username='slave'} at 127.0.0.1:43664
I20260630 12:21:37.439198 29753 raft_consensus.cc:493] T 91b1578a441146e49436ee4cb718cfc7 P d52413131f194648a18d43b8431a6fc3 [term 1 FOLLOWER]: Starting forced leader election (received explicit request)
I20260630 12:21:37.439627 29753 raft_consensus.cc:3060] T 91b1578a441146e49436ee4cb718cfc7 P d52413131f194648a18d43b8431a6fc3 [term 1 FOLLOWER]: Advancing to term 2
I20260630 12:21:37.435143 29357 catalog_manager.cc:5697] T afedc23649344b5292c2121b903aaab0 P 52ff551eca0942f39e0b8f7e0a14534e reported cstate change: config changed from index -1 to 2, NON_VOTER d52413131f194648a18d43b8431a6fc3 (127.25.230.68) added. New cstate: current_term: 1 leader_uuid: "d6f02d4f94794a178712e640c57d3d76" committed_config { opid_index: 2 OBSOLETE_local: false peers { permanent_uuid: "d6f02d4f94794a178712e640c57d3d76" member_type: VOTER last_known_addr { host: "127.25.230.66" port: 34201 } } peers { permanent_uuid: "52ff551eca0942f39e0b8f7e0a14534e" member_type: VOTER last_known_addr { host: "127.25.230.65" port: 33623 } attrs { replace: true } } peers { permanent_uuid: "8569af0b24454a51b10f473a92ebae8b" member_type: VOTER last_known_addr { host: "127.25.230.67" port: 35641 } } peers { permanent_uuid: "d52413131f194648a18d43b8431a6fc3" member_type: NON_VOTER last_known_addr { host: "127.25.230.68" port: 32967 } attrs { promote: true } } }
I20260630 12:21:37.445005 29611 raft_consensus.cc:2955] T afedc23649344b5292c2121b903aaab0 P 8569af0b24454a51b10f473a92ebae8b [term 1 FOLLOWER]: Committing config change with OpId 1.2: config changed from index -1 to 2, NON_VOTER d52413131f194648a18d43b8431a6fc3 (127.25.230.68) added. New config: { opid_index: 2 OBSOLETE_local: false peers { permanent_uuid: "d6f02d4f94794a178712e640c57d3d76" member_type: VOTER last_known_addr { host: "127.25.230.66" port: 34201 } } peers { permanent_uuid: "52ff551eca0942f39e0b8f7e0a14534e" member_type: VOTER last_known_addr { host: "127.25.230.65" port: 33623 } attrs { replace: true } } peers { permanent_uuid: "8569af0b24454a51b10f473a92ebae8b" member_type: VOTER last_known_addr { host: "127.25.230.67" port: 35641 } } peers { permanent_uuid: "d52413131f194648a18d43b8431a6fc3" member_type: NON_VOTER last_known_addr { host: "127.25.230.68" port: 32967 } attrs { promote: true } } }
I20260630 12:21:37.448737 29753 raft_consensus.cc:515] T 91b1578a441146e49436ee4cb718cfc7 P d52413131f194648a18d43b8431a6fc3 [term 2 FOLLOWER]: Starting forced leader election with config: opid_index: -1 OBSOLETE_local: false peers { permanent_uuid: "52ff551eca0942f39e0b8f7e0a14534e" member_type: VOTER last_known_addr { host: "127.25.230.65" port: 33623 } } peers { permanent_uuid: "d6f02d4f94794a178712e640c57d3d76" member_type: VOTER last_known_addr { host: "127.25.230.66" port: 34201 } } peers { permanent_uuid: "d52413131f194648a18d43b8431a6fc3" member_type: VOTER last_known_addr { host: "127.25.230.68" port: 32967 } }
I20260630 12:21:37.450374 29360 catalog_manager.cc:5697] T 5553cbbfd14f4fdcac9bc81f30606824 P d6f02d4f94794a178712e640c57d3d76 reported cstate change: term changed from 1 to 2, leader changed from 52ff551eca0942f39e0b8f7e0a14534e (127.25.230.65) to d6f02d4f94794a178712e640c57d3d76 (127.25.230.66). New cstate: current_term: 2 leader_uuid: "d6f02d4f94794a178712e640c57d3d76" committed_config { opid_index: -1 OBSOLETE_local: false peers { permanent_uuid: "52ff551eca0942f39e0b8f7e0a14534e" member_type: VOTER last_known_addr { host: "127.25.230.65" port: 33623 } health_report { overall_health: UNKNOWN } } peers { permanent_uuid: "d6f02d4f94794a178712e640c57d3d76" member_type: VOTER last_known_addr { host: "127.25.230.66" port: 34201 } health_report { overall_health: HEALTHY } } peers { permanent_uuid: "8569af0b24454a51b10f473a92ebae8b" member_type: VOTER last_known_addr { host: "127.25.230.67" port: 35641 } health_report { overall_health: UNKNOWN } } }
I20260630 12:21:37.453255 29753 leader_election.cc:290] T 91b1578a441146e49436ee4cb718cfc7 P d52413131f194648a18d43b8431a6fc3 [CANDIDATE]: Term 2 election: Requested vote from peers 52ff551eca0942f39e0b8f7e0a14534e (127.25.230.65:33623), d6f02d4f94794a178712e640c57d3d76 (127.25.230.66:34201)
I20260630 12:21:37.454358 29462 tablet_service.cc:1917] Received RequestConsensusVote() RPC: tablet_id: "91b1578a441146e49436ee4cb718cfc7" candidate_uuid: "d52413131f194648a18d43b8431a6fc3" candidate_term: 2 candidate_status { last_received { term: 1 index: 1 } } ignore_live_leader: true dest_uuid: "52ff551eca0942f39e0b8f7e0a14534e"
I20260630 12:21:37.454926 29462 raft_consensus.cc:3055] T 91b1578a441146e49436ee4cb718cfc7 P 52ff551eca0942f39e0b8f7e0a14534e [term 1 LEADER]: Stepping down as leader of term 1
I20260630 12:21:37.455183 29462 raft_consensus.cc:740] T 91b1578a441146e49436ee4cb718cfc7 P 52ff551eca0942f39e0b8f7e0a14534e [term 1 LEADER]: Becoming Follower/Learner. State: Replica: 52ff551eca0942f39e0b8f7e0a14534e, State: Running, Role: LEADER
I20260630 12:21:37.455893 29462 consensus_queue.cc:260] T 91b1578a441146e49436ee4cb718cfc7 P 52ff551eca0942f39e0b8f7e0a14534e [NON_LEADER]: Queue going to NON_LEADER mode. State: All replicated index: 0, Majority replicated index: 1, Committed index: 1, Last appended: 1.1, Last appended by leader: 1, Current term: 1, Majority size: -1, State: 0, Mode: NON_LEADER, active raft config: opid_index: -1 OBSOLETE_local: false peers { permanent_uuid: "52ff551eca0942f39e0b8f7e0a14534e" member_type: VOTER last_known_addr { host: "127.25.230.65" port: 33623 } } peers { permanent_uuid: "d6f02d4f94794a178712e640c57d3d76" member_type: VOTER last_known_addr { host: "127.25.230.66" port: 34201 } } peers { permanent_uuid: "d52413131f194648a18d43b8431a6fc3" member_type: VOTER last_known_addr { host: "127.25.230.68" port: 32967 } }
I20260630 12:21:37.457157 29462 raft_consensus.cc:3060] T 91b1578a441146e49436ee4cb718cfc7 P 52ff551eca0942f39e0b8f7e0a14534e [term 1 FOLLOWER]: Advancing to term 2
I20260630 12:21:37.463356 29535 tablet_service.cc:1917] Received RequestConsensusVote() RPC: tablet_id: "91b1578a441146e49436ee4cb718cfc7" candidate_uuid: "d52413131f194648a18d43b8431a6fc3" candidate_term: 2 candidate_status { last_received { term: 1 index: 1 } } ignore_live_leader: true dest_uuid: "d6f02d4f94794a178712e640c57d3d76"
I20260630 12:21:37.463979 29535 raft_consensus.cc:3060] T 91b1578a441146e49436ee4cb718cfc7 P d6f02d4f94794a178712e640c57d3d76 [term 1 FOLLOWER]: Advancing to term 2
I20260630 12:21:37.465808 29462 raft_consensus.cc:2468] T 91b1578a441146e49436ee4cb718cfc7 P 52ff551eca0942f39e0b8f7e0a14534e [term 2 FOLLOWER]: Leader election vote request: Granting yes vote for candidate d52413131f194648a18d43b8431a6fc3 in term 2.
I20260630 12:21:37.467087 29718 leader_election.cc:304] T 91b1578a441146e49436ee4cb718cfc7 P d52413131f194648a18d43b8431a6fc3 [CANDIDATE]: Term 2 election: Election decided. Result: candidate won. Election summary: received 2 responses out of 3 voters: 2 yes votes; 0 no votes. yes voters: 52ff551eca0942f39e0b8f7e0a14534e, d52413131f194648a18d43b8431a6fc3; no voters: 
I20260630 12:21:37.468001 29845 raft_consensus.cc:2804] T 91b1578a441146e49436ee4cb718cfc7 P d52413131f194648a18d43b8431a6fc3 [term 2 FOLLOWER]: Leader election won for term 2
I20260630 12:21:37.468456 29845 raft_consensus.cc:697] T 91b1578a441146e49436ee4cb718cfc7 P d52413131f194648a18d43b8431a6fc3 [term 2 LEADER]: Becoming Leader. State: Replica: d52413131f194648a18d43b8431a6fc3, State: Running, Role: LEADER
I20260630 12:21:37.469240 29845 consensus_queue.cc:237] T 91b1578a441146e49436ee4cb718cfc7 P d52413131f194648a18d43b8431a6fc3 [LEADER]: Queue going to LEADER mode. State: All replicated index: 0, Majority replicated index: 1, Committed index: 1, Last appended: 1.1, Last appended by leader: 1, Current term: 2, Majority size: 2, State: 0, Mode: LEADER, active raft config: opid_index: -1 OBSOLETE_local: false peers { permanent_uuid: "52ff551eca0942f39e0b8f7e0a14534e" member_type: VOTER last_known_addr { host: "127.25.230.65" port: 33623 } } peers { permanent_uuid: "d6f02d4f94794a178712e640c57d3d76" member_type: VOTER last_known_addr { host: "127.25.230.66" port: 34201 } } peers { permanent_uuid: "d52413131f194648a18d43b8431a6fc3" member_type: VOTER last_known_addr { host: "127.25.230.68" port: 32967 } }
I20260630 12:21:37.472558 29535 raft_consensus.cc:2468] T 91b1578a441146e49436ee4cb718cfc7 P d6f02d4f94794a178712e640c57d3d76 [term 2 FOLLOWER]: Leader election vote request: Granting yes vote for candidate d52413131f194648a18d43b8431a6fc3 in term 2.
I20260630 12:21:37.480026 29663 consensus_queue.cc:1048] T 5cf5653f168d4cd3968e4b30433d813f P 52ff551eca0942f39e0b8f7e0a14534e [LEADER]: Connected to new peer: Peer: permanent_uuid: "d52413131f194648a18d43b8431a6fc3" member_type: VOTER last_known_addr { host: "127.25.230.68" port: 32967 }, Status: LMP_MISMATCH, Last received: 0.0, Next index: 1, Last known committed idx: 0, Time since last communication: 0.000s
I20260630 12:21:37.486776 29360 catalog_manager.cc:5697] T 91b1578a441146e49436ee4cb718cfc7 P d52413131f194648a18d43b8431a6fc3 reported cstate change: term changed from 1 to 2, leader changed from 52ff551eca0942f39e0b8f7e0a14534e (127.25.230.65) to d52413131f194648a18d43b8431a6fc3 (127.25.230.68). New cstate: current_term: 2 leader_uuid: "d52413131f194648a18d43b8431a6fc3" committed_config { opid_index: -1 OBSOLETE_local: false peers { permanent_uuid: "52ff551eca0942f39e0b8f7e0a14534e" member_type: VOTER last_known_addr { host: "127.25.230.65" port: 33623 } health_report { overall_health: UNKNOWN } } peers { permanent_uuid: "d6f02d4f94794a178712e640c57d3d76" member_type: VOTER last_known_addr { host: "127.25.230.66" port: 34201 } health_report { overall_health: UNKNOWN } } peers { permanent_uuid: "d52413131f194648a18d43b8431a6fc3" member_type: VOTER last_known_addr { host: "127.25.230.68" port: 32967 } health_report { overall_health: HEALTHY } } }
I20260630 12:21:37.495348 29799 consensus_queue.cc:1048] T 5cf5653f168d4cd3968e4b30433d813f P 52ff551eca0942f39e0b8f7e0a14534e [LEADER]: Connected to new peer: Peer: permanent_uuid: "8569af0b24454a51b10f473a92ebae8b" member_type: VOTER last_known_addr { host: "127.25.230.67" port: 35641 }, Status: LMP_MISMATCH, Last received: 0.0, Next index: 1, Last known committed idx: 0, Time since last communication: 0.001s
I20260630 12:21:37.596614 29868 raft_consensus.cc:993] T 2e3a5e866f6d452383a0d4fc09a1727e P 52ff551eca0942f39e0b8f7e0a14534e: : Instructing follower d6f02d4f94794a178712e640c57d3d76 to start an election
I20260630 12:21:37.597225 29799 raft_consensus.cc:1081] T 2e3a5e866f6d452383a0d4fc09a1727e P 52ff551eca0942f39e0b8f7e0a14534e [term 1 LEADER]: Signalling peer d6f02d4f94794a178712e640c57d3d76 to start an election
I20260630 12:21:37.599076 29535 tablet_service.cc:2044] Received Run Leader Election RPC: tablet_id: "2e3a5e866f6d452383a0d4fc09a1727e"
dest_uuid: "d6f02d4f94794a178712e640c57d3d76"
 from {username='slave'} at 127.0.0.1:57434
I20260630 12:21:37.599727 29535 raft_consensus.cc:493] T 2e3a5e866f6d452383a0d4fc09a1727e P d6f02d4f94794a178712e640c57d3d76 [term 1 FOLLOWER]: Starting forced leader election (received explicit request)
I20260630 12:21:37.600171 29535 raft_consensus.cc:3060] T 2e3a5e866f6d452383a0d4fc09a1727e P d6f02d4f94794a178712e640c57d3d76 [term 1 FOLLOWER]: Advancing to term 2
I20260630 12:21:37.607455 29535 raft_consensus.cc:515] T 2e3a5e866f6d452383a0d4fc09a1727e P d6f02d4f94794a178712e640c57d3d76 [term 2 FOLLOWER]: Starting forced leader election with config: opid_index: -1 OBSOLETE_local: false peers { permanent_uuid: "d6f02d4f94794a178712e640c57d3d76" member_type: VOTER last_known_addr { host: "127.25.230.66" port: 34201 } } peers { permanent_uuid: "52ff551eca0942f39e0b8f7e0a14534e" member_type: VOTER last_known_addr { host: "127.25.230.65" port: 33623 } } peers { permanent_uuid: "8569af0b24454a51b10f473a92ebae8b" member_type: VOTER last_known_addr { host: "127.25.230.67" port: 35641 } }
I20260630 12:21:37.610678 29462 tablet_service.cc:1917] Received RequestConsensusVote() RPC: tablet_id: "2e3a5e866f6d452383a0d4fc09a1727e" candidate_uuid: "d6f02d4f94794a178712e640c57d3d76" candidate_term: 2 candidate_status { last_received { term: 1 index: 1 } } ignore_live_leader: true dest_uuid: "52ff551eca0942f39e0b8f7e0a14534e"
I20260630 12:21:37.610926 29611 tablet_service.cc:1917] Received RequestConsensusVote() RPC: tablet_id: "2e3a5e866f6d452383a0d4fc09a1727e" candidate_uuid: "d6f02d4f94794a178712e640c57d3d76" candidate_term: 2 candidate_status { last_received { term: 1 index: 1 } } ignore_live_leader: true dest_uuid: "8569af0b24454a51b10f473a92ebae8b"
I20260630 12:21:37.611310 29462 raft_consensus.cc:3055] T 2e3a5e866f6d452383a0d4fc09a1727e P 52ff551eca0942f39e0b8f7e0a14534e [term 1 LEADER]: Stepping down as leader of term 1
I20260630 12:21:37.611588 29611 raft_consensus.cc:3060] T 2e3a5e866f6d452383a0d4fc09a1727e P 8569af0b24454a51b10f473a92ebae8b [term 1 FOLLOWER]: Advancing to term 2
I20260630 12:21:37.611685 29462 raft_consensus.cc:740] T 2e3a5e866f6d452383a0d4fc09a1727e P 52ff551eca0942f39e0b8f7e0a14534e [term 1 LEADER]: Becoming Follower/Learner. State: Replica: 52ff551eca0942f39e0b8f7e0a14534e, State: Running, Role: LEADER
I20260630 12:21:37.612622 29462 consensus_queue.cc:260] T 2e3a5e866f6d452383a0d4fc09a1727e P 52ff551eca0942f39e0b8f7e0a14534e [NON_LEADER]: Queue going to NON_LEADER mode. State: All replicated index: 0, Majority replicated index: 1, Committed index: 1, Last appended: 1.1, Last appended by leader: 1, Current term: 1, Majority size: -1, State: 0, Mode: NON_LEADER, active raft config: opid_index: -1 OBSOLETE_local: false peers { permanent_uuid: "d6f02d4f94794a178712e640c57d3d76" member_type: VOTER last_known_addr { host: "127.25.230.66" port: 34201 } } peers { permanent_uuid: "52ff551eca0942f39e0b8f7e0a14534e" member_type: VOTER last_known_addr { host: "127.25.230.65" port: 33623 } } peers { permanent_uuid: "8569af0b24454a51b10f473a92ebae8b" member_type: VOTER last_known_addr { host: "127.25.230.67" port: 35641 } }
I20260630 12:21:37.613716 29462 raft_consensus.cc:3060] T 2e3a5e866f6d452383a0d4fc09a1727e P 52ff551eca0942f39e0b8f7e0a14534e [term 1 FOLLOWER]: Advancing to term 2
I20260630 12:21:37.617079 29611 raft_consensus.cc:2468] T 2e3a5e866f6d452383a0d4fc09a1727e P 8569af0b24454a51b10f473a92ebae8b [term 2 FOLLOWER]: Leader election vote request: Granting yes vote for candidate d6f02d4f94794a178712e640c57d3d76 in term 2.
I20260630 12:21:37.618186 29503 leader_election.cc:304] T 2e3a5e866f6d452383a0d4fc09a1727e P d6f02d4f94794a178712e640c57d3d76 [CANDIDATE]: Term 2 election: Election decided. Result: candidate won. Election summary: received 2 responses out of 3 voters: 2 yes votes; 0 no votes. yes voters: 8569af0b24454a51b10f473a92ebae8b, d6f02d4f94794a178712e640c57d3d76; no voters: 
I20260630 12:21:37.618883 29889 raft_consensus.cc:2804] T 2e3a5e866f6d452383a0d4fc09a1727e P d6f02d4f94794a178712e640c57d3d76 [term 2 FOLLOWER]: Leader election won for term 2
I20260630 12:21:37.618993 29535 leader_election.cc:290] T 2e3a5e866f6d452383a0d4fc09a1727e P d6f02d4f94794a178712e640c57d3d76 [CANDIDATE]: Term 2 election: Requested vote from peers 52ff551eca0942f39e0b8f7e0a14534e (127.25.230.65:33623), 8569af0b24454a51b10f473a92ebae8b (127.25.230.67:35641)
I20260630 12:21:37.619403 29889 raft_consensus.cc:697] T 2e3a5e866f6d452383a0d4fc09a1727e P d6f02d4f94794a178712e640c57d3d76 [term 2 LEADER]: Becoming Leader. State: Replica: d6f02d4f94794a178712e640c57d3d76, State: Running, Role: LEADER
I20260630 12:21:37.620230 29889 consensus_queue.cc:237] T 2e3a5e866f6d452383a0d4fc09a1727e P d6f02d4f94794a178712e640c57d3d76 [LEADER]: Queue going to LEADER mode. State: All replicated index: 0, Majority replicated index: 1, Committed index: 1, Last appended: 1.1, Last appended by leader: 1, Current term: 2, Majority size: 2, State: 0, Mode: LEADER, active raft config: opid_index: -1 OBSOLETE_local: false peers { permanent_uuid: "d6f02d4f94794a178712e640c57d3d76" member_type: VOTER last_known_addr { host: "127.25.230.66" port: 34201 } } peers { permanent_uuid: "52ff551eca0942f39e0b8f7e0a14534e" member_type: VOTER last_known_addr { host: "127.25.230.65" port: 33623 } } peers { permanent_uuid: "8569af0b24454a51b10f473a92ebae8b" member_type: VOTER last_known_addr { host: "127.25.230.67" port: 35641 } }
I20260630 12:21:37.620805 29462 raft_consensus.cc:2468] T 2e3a5e866f6d452383a0d4fc09a1727e P 52ff551eca0942f39e0b8f7e0a14534e [term 2 FOLLOWER]: Leader election vote request: Granting yes vote for candidate d6f02d4f94794a178712e640c57d3d76 in term 2.
I20260630 12:21:37.629141 29356 catalog_manager.cc:5697] T 2e3a5e866f6d452383a0d4fc09a1727e P d6f02d4f94794a178712e640c57d3d76 reported cstate change: term changed from 1 to 2, leader changed from 52ff551eca0942f39e0b8f7e0a14534e (127.25.230.65) to d6f02d4f94794a178712e640c57d3d76 (127.25.230.66). New cstate: current_term: 2 leader_uuid: "d6f02d4f94794a178712e640c57d3d76" committed_config { opid_index: -1 OBSOLETE_local: false peers { permanent_uuid: "d6f02d4f94794a178712e640c57d3d76" member_type: VOTER last_known_addr { host: "127.25.230.66" port: 34201 } health_report { overall_health: HEALTHY } } peers { permanent_uuid: "52ff551eca0942f39e0b8f7e0a14534e" member_type: VOTER last_known_addr { host: "127.25.230.65" port: 33623 } health_report { overall_health: UNKNOWN } } peers { permanent_uuid: "8569af0b24454a51b10f473a92ebae8b" member_type: VOTER last_known_addr { host: "127.25.230.67" port: 35641 } health_report { overall_health: UNKNOWN } } }
I20260630 12:21:37.674022 29908 ts_tablet_manager.cc:933] T a8bfbd21c9ca4dc08cc724c795be2544 P d52413131f194648a18d43b8431a6fc3: Initiating tablet copy from peer d6f02d4f94794a178712e640c57d3d76 (127.25.230.66:34201)
I20260630 12:21:37.680848 29908 tablet_copy_client.cc:323] T a8bfbd21c9ca4dc08cc724c795be2544 P d52413131f194648a18d43b8431a6fc3: tablet copy: Beginning tablet copy session from remote peer at address 127.25.230.66:34201
I20260630 12:21:37.683368 29547 tablet_copy_service.cc:140] P d6f02d4f94794a178712e640c57d3d76: Received BeginTabletCopySession request for tablet a8bfbd21c9ca4dc08cc724c795be2544 from peer d52413131f194648a18d43b8431a6fc3 ({username='slave'} at 127.0.0.1:57456)
I20260630 12:21:37.683986 29547 tablet_copy_service.cc:161] P d6f02d4f94794a178712e640c57d3d76: Beginning new tablet copy session on tablet a8bfbd21c9ca4dc08cc724c795be2544 from peer d52413131f194648a18d43b8431a6fc3 at {username='slave'} at 127.0.0.1:57456: session id = d52413131f194648a18d43b8431a6fc3-a8bfbd21c9ca4dc08cc724c795be2544
I20260630 12:21:37.694561 29662 raft_consensus.cc:993] T eaf61a5e080041a5bd3fa314f311386f P 8569af0b24454a51b10f473a92ebae8b: : Instructing follower d52413131f194648a18d43b8431a6fc3 to start an election
I20260630 12:21:37.695099 29703 raft_consensus.cc:1081] T eaf61a5e080041a5bd3fa314f311386f P 8569af0b24454a51b10f473a92ebae8b [term 1 LEADER]: Signalling peer d52413131f194648a18d43b8431a6fc3 to start an election
I20260630 12:21:37.696931 29753 tablet_service.cc:2044] Received Run Leader Election RPC: tablet_id: "eaf61a5e080041a5bd3fa314f311386f"
dest_uuid: "d52413131f194648a18d43b8431a6fc3"
 from {username='slave'} at 127.0.0.1:43660
I20260630 12:21:37.697188 29547 tablet_copy_source_session.cc:215] T a8bfbd21c9ca4dc08cc724c795be2544 P d6f02d4f94794a178712e640c57d3d76: Tablet Copy: opened 0 blocks and 1 log segments
I20260630 12:21:37.697512 29753 raft_consensus.cc:493] T eaf61a5e080041a5bd3fa314f311386f P d52413131f194648a18d43b8431a6fc3 [term 1 FOLLOWER]: Starting forced leader election (received explicit request)
I20260630 12:21:37.697914 29753 raft_consensus.cc:3060] T eaf61a5e080041a5bd3fa314f311386f P d52413131f194648a18d43b8431a6fc3 [term 1 FOLLOWER]: Advancing to term 2
I20260630 12:21:37.699743 29908 data_dirs.cc:400] Could only allocate 1 dirs of requested 3 for tablet a8bfbd21c9ca4dc08cc724c795be2544. 1 dirs total, 0 dirs full, 0 dirs failed
I20260630 12:21:37.704501 29753 raft_consensus.cc:515] T eaf61a5e080041a5bd3fa314f311386f P d52413131f194648a18d43b8431a6fc3 [term 2 FOLLOWER]: Starting forced leader election with config: opid_index: -1 OBSOLETE_local: false peers { permanent_uuid: "d52413131f194648a18d43b8431a6fc3" member_type: VOTER last_known_addr { host: "127.25.230.68" port: 32967 } } peers { permanent_uuid: "8569af0b24454a51b10f473a92ebae8b" member_type: VOTER last_known_addr { host: "127.25.230.67" port: 35641 } } peers { permanent_uuid: "d6f02d4f94794a178712e640c57d3d76" member_type: VOTER last_known_addr { host: "127.25.230.66" port: 34201 } }
I20260630 12:21:37.707288 29753 leader_election.cc:290] T eaf61a5e080041a5bd3fa314f311386f P d52413131f194648a18d43b8431a6fc3 [CANDIDATE]: Term 2 election: Requested vote from peers 8569af0b24454a51b10f473a92ebae8b (127.25.230.67:35641), d6f02d4f94794a178712e640c57d3d76 (127.25.230.66:34201)
I20260630 12:21:37.707904 29535 tablet_service.cc:1917] Received RequestConsensusVote() RPC: tablet_id: "eaf61a5e080041a5bd3fa314f311386f" candidate_uuid: "d52413131f194648a18d43b8431a6fc3" candidate_term: 2 candidate_status { last_received { term: 1 index: 1 } } ignore_live_leader: true dest_uuid: "d6f02d4f94794a178712e640c57d3d76"
I20260630 12:21:37.708526 29535 raft_consensus.cc:3060] T eaf61a5e080041a5bd3fa314f311386f P d6f02d4f94794a178712e640c57d3d76 [term 1 FOLLOWER]: Advancing to term 2
I20260630 12:21:37.717293 29908 tablet_copy_client.cc:806] T a8bfbd21c9ca4dc08cc724c795be2544 P d52413131f194648a18d43b8431a6fc3: tablet copy: Starting download of 0 data blocks...
I20260630 12:21:37.717931 29908 tablet_copy_client.cc:670] T a8bfbd21c9ca4dc08cc724c795be2544 P d52413131f194648a18d43b8431a6fc3: tablet copy: Starting download of 1 WAL segments...
I20260630 12:21:37.717804 29535 raft_consensus.cc:2468] T eaf61a5e080041a5bd3fa314f311386f P d6f02d4f94794a178712e640c57d3d76 [term 2 FOLLOWER]: Leader election vote request: Granting yes vote for candidate d52413131f194648a18d43b8431a6fc3 in term 2.
I20260630 12:21:37.719405 29718 leader_election.cc:304] T eaf61a5e080041a5bd3fa314f311386f P d52413131f194648a18d43b8431a6fc3 [CANDIDATE]: Term 2 election: Election decided. Result: candidate won. Election summary: received 2 responses out of 3 voters: 2 yes votes; 0 no votes. yes voters: d52413131f194648a18d43b8431a6fc3, d6f02d4f94794a178712e640c57d3d76; no voters: 
I20260630 12:21:37.720582 29845 raft_consensus.cc:2804] T eaf61a5e080041a5bd3fa314f311386f P d52413131f194648a18d43b8431a6fc3 [term 2 FOLLOWER]: Leader election won for term 2
I20260630 12:21:37.721069 29845 raft_consensus.cc:697] T eaf61a5e080041a5bd3fa314f311386f P d52413131f194648a18d43b8431a6fc3 [term 2 LEADER]: Becoming Leader. State: Replica: d52413131f194648a18d43b8431a6fc3, State: Running, Role: LEADER
