I20260630 12:21:32.402166 29304 consensus_queue.cc:260] T b1006071184b4f3e9adc41067a9b54ec P 332c9768cd1b49af92d1456ed5d90707 [NON_LEADER]: Queue going to NON_LEADER mode. State: All replicated index: 0, Majority replicated index: 0, Committed index: 0, Last appended: 0.0, Last appended by leader: 0, Current term: 0, Majority size: -1, State: 0, Mode: NON_LEADER, active raft config: opid_index: -1 OBSOLETE_local: false peers { permanent_uuid: "08f5bb5a0a0041cc85e2d7f842f158d6" member_type: VOTER last_known_addr { host: "127.25.230.65" port: 40237 } } peers { permanent_uuid: "b6c67c8c0f944d38889ceb7fb971a5f6" member_type: VOTER last_known_addr { host: "127.25.230.66" port: 38197 } } peers { permanent_uuid: "332c9768cd1b49af92d1456ed5d90707" member_type: VOTER last_known_addr { host: "127.25.230.67" port: 46779 } }
I20260630 12:21:32.404098 29308 ts_tablet_manager.cc:1434] T b1006071184b4f3e9adc41067a9b54ec P 08f5bb5a0a0041cc85e2d7f842f158d6: Time spent starting tablet: real 0.008s	user 0.006s	sys 0.000s
I20260630 12:21:32.405261 29304 ts_tablet_manager.cc:1434] T b1006071184b4f3e9adc41067a9b54ec P 332c9768cd1b49af92d1456ed5d90707: Time spent starting tablet: real 0.009s	user 0.008s	sys 0.000s
I20260630 12:21:32.410914 29006 catalog_manager.cc:5697] T 6cff1998eb0d4e44a972e29958ceb3fa P 332c9768cd1b49af92d1456ed5d90707 reported cstate change: term changed from 0 to 1, leader changed from <none> to 332c9768cd1b49af92d1456ed5d90707 (127.25.230.67). New cstate: current_term: 1 leader_uuid: "332c9768cd1b49af92d1456ed5d90707" committed_config { opid_index: -1 OBSOLETE_local: false peers { permanent_uuid: "08f5bb5a0a0041cc85e2d7f842f158d6" member_type: VOTER last_known_addr { host: "127.25.230.65" port: 40237 } health_report { overall_health: UNKNOWN } } peers { permanent_uuid: "b6c67c8c0f944d38889ceb7fb971a5f6" member_type: VOTER last_known_addr { host: "127.25.230.66" port: 38197 } health_report { overall_health: UNKNOWN } } peers { permanent_uuid: "332c9768cd1b49af92d1456ed5d90707" member_type: VOTER last_known_addr { host: "127.25.230.67" port: 46779 } health_report { overall_health: HEALTHY } } }
I20260630 12:21:32.437047 29312 raft_consensus.cc:493] T 2f423c5e2e194ffba6a1323b096ad005 P 08f5bb5a0a0041cc85e2d7f842f158d6 [term 0 FOLLOWER]: Starting pre-election (no leader contacted us within the election timeout)
I20260630 12:21:32.437529 29312 raft_consensus.cc:515] T 2f423c5e2e194ffba6a1323b096ad005 P 08f5bb5a0a0041cc85e2d7f842f158d6 [term 0 FOLLOWER]: Starting pre-election with config: opid_index: -1 OBSOLETE_local: false peers { permanent_uuid: "332c9768cd1b49af92d1456ed5d90707" member_type: VOTER last_known_addr { host: "127.25.230.67" port: 46779 } } peers { permanent_uuid: "b6c67c8c0f944d38889ceb7fb971a5f6" member_type: VOTER last_known_addr { host: "127.25.230.66" port: 38197 } } peers { permanent_uuid: "08f5bb5a0a0041cc85e2d7f842f158d6" member_type: VOTER last_known_addr { host: "127.25.230.65" port: 40237 } }
I20260630 12:21:32.440577 29312 leader_election.cc:290] T 2f423c5e2e194ffba6a1323b096ad005 P 08f5bb5a0a0041cc85e2d7f842f158d6 [CANDIDATE]: Term 1 pre-election: Requested pre-vote from peers 332c9768cd1b49af92d1456ed5d90707 (127.25.230.67:46779), b6c67c8c0f944d38889ceb7fb971a5f6 (127.25.230.66:38197)
I20260630 12:21:32.450315 29316 raft_consensus.cc:493] T 2f423c5e2e194ffba6a1323b096ad005 P 332c9768cd1b49af92d1456ed5d90707 [term 0 FOLLOWER]: Starting pre-election (no leader contacted us within the election timeout)
I20260630 12:21:32.450884 29316 raft_consensus.cc:515] T 2f423c5e2e194ffba6a1323b096ad005 P 332c9768cd1b49af92d1456ed5d90707 [term 0 FOLLOWER]: Starting pre-election with config: opid_index: -1 OBSOLETE_local: false peers { permanent_uuid: "332c9768cd1b49af92d1456ed5d90707" member_type: VOTER last_known_addr { host: "127.25.230.67" port: 46779 } } peers { permanent_uuid: "b6c67c8c0f944d38889ceb7fb971a5f6" member_type: VOTER last_known_addr { host: "127.25.230.66" port: 38197 } } peers { permanent_uuid: "08f5bb5a0a0041cc85e2d7f842f158d6" member_type: VOTER last_known_addr { host: "127.25.230.65" port: 40237 } }
I20260630 12:21:32.453234 29316 leader_election.cc:290] T 2f423c5e2e194ffba6a1323b096ad005 P 332c9768cd1b49af92d1456ed5d90707 [CANDIDATE]: Term 1 pre-election: Requested pre-vote from peers b6c67c8c0f944d38889ceb7fb971a5f6 (127.25.230.66:38197), 08f5bb5a0a0041cc85e2d7f842f158d6 (127.25.230.65:40237)
I20260630 12:21:32.453882 29184 tablet_service.cc:1917] Received RequestConsensusVote() RPC: tablet_id: "2f423c5e2e194ffba6a1323b096ad005" candidate_uuid: "332c9768cd1b49af92d1456ed5d90707" candidate_term: 1 candidate_status { last_received { term: 0 index: 0 } } ignore_live_leader: false dest_uuid: "b6c67c8c0f944d38889ceb7fb971a5f6" is_pre_election: true
I20260630 12:21:32.454322 29184 raft_consensus.cc:2468] T 2f423c5e2e194ffba6a1323b096ad005 P b6c67c8c0f944d38889ceb7fb971a5f6 [term 0 FOLLOWER]: Leader pre-election vote request: Granting yes vote for candidate 332c9768cd1b49af92d1456ed5d90707 in term 0.
I20260630 12:21:32.454939 29258 tablet_service.cc:1917] Received RequestConsensusVote() RPC: tablet_id: "2f423c5e2e194ffba6a1323b096ad005" candidate_uuid: "08f5bb5a0a0041cc85e2d7f842f158d6" candidate_term: 1 candidate_status { last_received { term: 0 index: 0 } } ignore_live_leader: false dest_uuid: "332c9768cd1b49af92d1456ed5d90707" is_pre_election: true
I20260630 12:21:32.455574 29307 raft_consensus.cc:493] T b1006071184b4f3e9adc41067a9b54ec P b6c67c8c0f944d38889ceb7fb971a5f6 [term 0 FOLLOWER]: Starting pre-election (no leader contacted us within the election timeout)
I20260630 12:21:32.456045 29307 raft_consensus.cc:515] T b1006071184b4f3e9adc41067a9b54ec P b6c67c8c0f944d38889ceb7fb971a5f6 [term 0 FOLLOWER]: Starting pre-election with config: opid_index: -1 OBSOLETE_local: false peers { permanent_uuid: "08f5bb5a0a0041cc85e2d7f842f158d6" member_type: VOTER last_known_addr { host: "127.25.230.65" port: 40237 } } peers { permanent_uuid: "b6c67c8c0f944d38889ceb7fb971a5f6" member_type: VOTER last_known_addr { host: "127.25.230.66" port: 38197 } } peers { permanent_uuid: "332c9768cd1b49af92d1456ed5d90707" member_type: VOTER last_known_addr { host: "127.25.230.67" port: 46779 } }
I20260630 12:21:32.456393 29109 tablet_service.cc:1917] Received RequestConsensusVote() RPC: tablet_id: "2f423c5e2e194ffba6a1323b096ad005" candidate_uuid: "332c9768cd1b49af92d1456ed5d90707" candidate_term: 1 candidate_status { last_received { term: 0 index: 0 } } ignore_live_leader: false dest_uuid: "08f5bb5a0a0041cc85e2d7f842f158d6" is_pre_election: true
I20260630 12:21:32.457047 29109 raft_consensus.cc:2468] T 2f423c5e2e194ffba6a1323b096ad005 P 08f5bb5a0a0041cc85e2d7f842f158d6 [term 0 FOLLOWER]: Leader pre-election vote request: Granting yes vote for candidate 332c9768cd1b49af92d1456ed5d90707 in term 0.
I20260630 12:21:32.455574 29258 raft_consensus.cc:2468] T 2f423c5e2e194ffba6a1323b096ad005 P 332c9768cd1b49af92d1456ed5d90707 [term 0 FOLLOWER]: Leader pre-election vote request: Granting yes vote for candidate 08f5bb5a0a0041cc85e2d7f842f158d6 in term 0.
I20260630 12:21:32.461810 29073 leader_election.cc:304] T 2f423c5e2e194ffba6a1323b096ad005 P 08f5bb5a0a0041cc85e2d7f842f158d6 [CANDIDATE]: Term 1 pre-election: Election decided. Result: candidate won. Election summary: received 2 responses out of 3 voters: 2 yes votes; 0 no votes. yes voters: 08f5bb5a0a0041cc85e2d7f842f158d6, 332c9768cd1b49af92d1456ed5d90707; no voters: 
I20260630 12:21:32.462728 29312 raft_consensus.cc:2804] T 2f423c5e2e194ffba6a1323b096ad005 P 08f5bb5a0a0041cc85e2d7f842f158d6 [term 0 FOLLOWER]: Leader pre-election won for term 1
I20260630 12:21:32.463135 29312 raft_consensus.cc:493] T 2f423c5e2e194ffba6a1323b096ad005 P 08f5bb5a0a0041cc85e2d7f842f158d6 [term 0 FOLLOWER]: Starting leader election (no leader contacted us within the election timeout)
I20260630 12:21:32.463454 29312 raft_consensus.cc:3060] T 2f423c5e2e194ffba6a1323b096ad005 P 08f5bb5a0a0041cc85e2d7f842f158d6 [term 0 FOLLOWER]: Advancing to term 1
I20260630 12:21:32.455421 29224 leader_election.cc:304] T 2f423c5e2e194ffba6a1323b096ad005 P 332c9768cd1b49af92d1456ed5d90707 [CANDIDATE]: Term 1 pre-election: Election decided. Result: candidate won. Election summary: received 2 responses out of 3 voters: 2 yes votes; 0 no votes. yes voters: 332c9768cd1b49af92d1456ed5d90707, b6c67c8c0f944d38889ceb7fb971a5f6; no voters: 
I20260630 12:21:32.465502 29316 raft_consensus.cc:2804] T 2f423c5e2e194ffba6a1323b096ad005 P 332c9768cd1b49af92d1456ed5d90707 [term 0 FOLLOWER]: Leader pre-election won for term 1
I20260630 12:21:32.465901 29316 raft_consensus.cc:493] T 2f423c5e2e194ffba6a1323b096ad005 P 332c9768cd1b49af92d1456ed5d90707 [term 0 FOLLOWER]: Starting leader election (no leader contacted us within the election timeout)
I20260630 12:21:32.466225 29316 raft_consensus.cc:3060] T 2f423c5e2e194ffba6a1323b096ad005 P 332c9768cd1b49af92d1456ed5d90707 [term 0 FOLLOWER]: Advancing to term 1
I20260630 12:21:32.473055 29109 tablet_service.cc:1917] Received RequestConsensusVote() RPC: tablet_id: "b1006071184b4f3e9adc41067a9b54ec" candidate_uuid: "b6c67c8c0f944d38889ceb7fb971a5f6" candidate_term: 1 candidate_status { last_received { term: 0 index: 0 } } ignore_live_leader: false dest_uuid: "08f5bb5a0a0041cc85e2d7f842f158d6" is_pre_election: true
I20260630 12:21:32.473729 29109 raft_consensus.cc:2468] T b1006071184b4f3e9adc41067a9b54ec P 08f5bb5a0a0041cc85e2d7f842f158d6 [term 0 FOLLOWER]: Leader pre-election vote request: Granting yes vote for candidate b6c67c8c0f944d38889ceb7fb971a5f6 in term 0.
I20260630 12:21:32.474284 29184 tablet_service.cc:1917] Received RequestConsensusVote() RPC: tablet_id: "2f423c5e2e194ffba6a1323b096ad005" candidate_uuid: "08f5bb5a0a0041cc85e2d7f842f158d6" candidate_term: 1 candidate_status { last_received { term: 0 index: 0 } } ignore_live_leader: false dest_uuid: "b6c67c8c0f944d38889ceb7fb971a5f6" is_pre_election: true
I20260630 12:21:32.474915 29184 raft_consensus.cc:2468] T 2f423c5e2e194ffba6a1323b096ad005 P b6c67c8c0f944d38889ceb7fb971a5f6 [term 0 FOLLOWER]: Leader pre-election vote request: Granting yes vote for candidate 08f5bb5a0a0041cc85e2d7f842f158d6 in term 0.
I20260630 12:21:32.475137 29147 leader_election.cc:304] T b1006071184b4f3e9adc41067a9b54ec P b6c67c8c0f944d38889ceb7fb971a5f6 [CANDIDATE]: Term 1 pre-election: Election decided. Result: candidate won. Election summary: received 2 responses out of 3 voters: 2 yes votes; 0 no votes. yes voters: 08f5bb5a0a0041cc85e2d7f842f158d6, b6c67c8c0f944d38889ceb7fb971a5f6; no voters: 
I20260630 12:21:32.476788 29307 leader_election.cc:290] T b1006071184b4f3e9adc41067a9b54ec P b6c67c8c0f944d38889ceb7fb971a5f6 [CANDIDATE]: Term 1 pre-election: Requested pre-vote from peers 08f5bb5a0a0041cc85e2d7f842f158d6 (127.25.230.65:40237), 332c9768cd1b49af92d1456ed5d90707 (127.25.230.67:46779)
I20260630 12:21:32.477859 29312 raft_consensus.cc:515] T 2f423c5e2e194ffba6a1323b096ad005 P 08f5bb5a0a0041cc85e2d7f842f158d6 [term 1 FOLLOWER]: Starting leader election with config: opid_index: -1 OBSOLETE_local: false peers { permanent_uuid: "332c9768cd1b49af92d1456ed5d90707" member_type: VOTER last_known_addr { host: "127.25.230.67" port: 46779 } } peers { permanent_uuid: "b6c67c8c0f944d38889ceb7fb971a5f6" member_type: VOTER last_known_addr { host: "127.25.230.66" port: 38197 } } peers { permanent_uuid: "08f5bb5a0a0041cc85e2d7f842f158d6" member_type: VOTER last_known_addr { host: "127.25.230.65" port: 40237 } }
I20260630 12:21:32.481288 29307 raft_consensus.cc:2804] T b1006071184b4f3e9adc41067a9b54ec P b6c67c8c0f944d38889ceb7fb971a5f6 [term 0 FOLLOWER]: Leader pre-election won for term 1
I20260630 12:21:32.481680 29307 raft_consensus.cc:493] T b1006071184b4f3e9adc41067a9b54ec P b6c67c8c0f944d38889ceb7fb971a5f6 [term 0 FOLLOWER]: Starting leader election (no leader contacted us within the election timeout)
I20260630 12:21:32.482046 29307 raft_consensus.cc:3060] T b1006071184b4f3e9adc41067a9b54ec P b6c67c8c0f944d38889ceb7fb971a5f6 [term 0 FOLLOWER]: Advancing to term 1
I20260630 12:21:32.483963 29258 tablet_service.cc:1917] Received RequestConsensusVote() RPC: tablet_id: "2f423c5e2e194ffba6a1323b096ad005" candidate_uuid: "08f5bb5a0a0041cc85e2d7f842f158d6" candidate_term: 1 candidate_status { last_received { term: 0 index: 0 } } ignore_live_leader: false dest_uuid: "332c9768cd1b49af92d1456ed5d90707"
I20260630 12:21:32.485394 29312 leader_election.cc:290] T 2f423c5e2e194ffba6a1323b096ad005 P 08f5bb5a0a0041cc85e2d7f842f158d6 [CANDIDATE]: Term 1 election: Requested vote from peers 332c9768cd1b49af92d1456ed5d90707 (127.25.230.67:46779), b6c67c8c0f944d38889ceb7fb971a5f6 (127.25.230.66:38197)
I20260630 12:21:32.487071 29316 raft_consensus.cc:515] T 2f423c5e2e194ffba6a1323b096ad005 P 332c9768cd1b49af92d1456ed5d90707 [term 1 FOLLOWER]: Starting leader election with config: opid_index: -1 OBSOLETE_local: false peers { permanent_uuid: "332c9768cd1b49af92d1456ed5d90707" member_type: VOTER last_known_addr { host: "127.25.230.67" port: 46779 } } peers { permanent_uuid: "b6c67c8c0f944d38889ceb7fb971a5f6" member_type: VOTER last_known_addr { host: "127.25.230.66" port: 38197 } } peers { permanent_uuid: "08f5bb5a0a0041cc85e2d7f842f158d6" member_type: VOTER last_known_addr { host: "127.25.230.65" port: 40237 } }
I20260630 12:21:32.488142 29184 tablet_service.cc:1917] Received RequestConsensusVote() RPC: tablet_id: "2f423c5e2e194ffba6a1323b096ad005" candidate_uuid: "08f5bb5a0a0041cc85e2d7f842f158d6" candidate_term: 1 candidate_status { last_received { term: 0 index: 0 } } ignore_live_leader: false dest_uuid: "b6c67c8c0f944d38889ceb7fb971a5f6"
I20260630 12:21:32.488360 29258 raft_consensus.cc:2393] T 2f423c5e2e194ffba6a1323b096ad005 P 332c9768cd1b49af92d1456ed5d90707 [term 1 FOLLOWER]: Leader election vote request: Denying vote to candidate 08f5bb5a0a0041cc85e2d7f842f158d6 in current term 1: Already voted for candidate 332c9768cd1b49af92d1456ed5d90707 in this term.
I20260630 12:21:32.488718 29184 raft_consensus.cc:3060] T 2f423c5e2e194ffba6a1323b096ad005 P b6c67c8c0f944d38889ceb7fb971a5f6 [term 0 FOLLOWER]: Advancing to term 1
I20260630 12:21:32.489238 29316 leader_election.cc:290] T 2f423c5e2e194ffba6a1323b096ad005 P 332c9768cd1b49af92d1456ed5d90707 [CANDIDATE]: Term 1 election: Requested vote from peers b6c67c8c0f944d38889ceb7fb971a5f6 (127.25.230.66:38197), 08f5bb5a0a0041cc85e2d7f842f158d6 (127.25.230.65:40237)
I20260630 12:21:32.490489 29109 tablet_service.cc:1917] Received RequestConsensusVote() RPC: tablet_id: "2f423c5e2e194ffba6a1323b096ad005" candidate_uuid: "332c9768cd1b49af92d1456ed5d90707" candidate_term: 1 candidate_status { last_received { term: 0 index: 0 } } ignore_live_leader: false dest_uuid: "08f5bb5a0a0041cc85e2d7f842f158d6"
I20260630 12:21:32.491263 29109 raft_consensus.cc:2393] T 2f423c5e2e194ffba6a1323b096ad005 P 08f5bb5a0a0041cc85e2d7f842f158d6 [term 1 FOLLOWER]: Leader election vote request: Denying vote to candidate 332c9768cd1b49af92d1456ed5d90707 in current term 1: Already voted for candidate 08f5bb5a0a0041cc85e2d7f842f158d6 in this term.
I20260630 12:21:32.491637 29183 tablet_service.cc:1917] Received RequestConsensusVote() RPC: tablet_id: "2f423c5e2e194ffba6a1323b096ad005" candidate_uuid: "332c9768cd1b49af92d1456ed5d90707" candidate_term: 1 candidate_status { last_received { term: 0 index: 0 } } ignore_live_leader: false dest_uuid: "b6c67c8c0f944d38889ceb7fb971a5f6"
I20260630 12:21:32.494220 29224 leader_election.cc:304] T 2f423c5e2e194ffba6a1323b096ad005 P 332c9768cd1b49af92d1456ed5d90707 [CANDIDATE]: Term 1 election: Election decided. Result: candidate lost. Election summary: received 3 responses out of 3 voters: 1 yes votes; 2 no votes. yes voters: 332c9768cd1b49af92d1456ed5d90707; no voters: 08f5bb5a0a0041cc85e2d7f842f158d6, b6c67c8c0f944d38889ceb7fb971a5f6
I20260630 12:21:32.494902 29316 raft_consensus.cc:2749] T 2f423c5e2e194ffba6a1323b096ad005 P 332c9768cd1b49af92d1456ed5d90707 [term 1 FOLLOWER]: Leader election lost for term 1. Reason: could not achieve majority
I20260630 12:21:32.497687 29258 tablet_service.cc:1917] Received RequestConsensusVote() RPC: tablet_id: "b1006071184b4f3e9adc41067a9b54ec" candidate_uuid: "b6c67c8c0f944d38889ceb7fb971a5f6" candidate_term: 1 candidate_status { last_received { term: 0 index: 0 } } ignore_live_leader: false dest_uuid: "332c9768cd1b49af92d1456ed5d90707" is_pre_election: true
I20260630 12:21:32.498236 29258 raft_consensus.cc:2468] T b1006071184b4f3e9adc41067a9b54ec P 332c9768cd1b49af92d1456ed5d90707 [term 0 FOLLOWER]: Leader pre-election vote request: Granting yes vote for candidate b6c67c8c0f944d38889ceb7fb971a5f6 in term 0.
I20260630 12:21:32.498387 29184 raft_consensus.cc:2468] T 2f423c5e2e194ffba6a1323b096ad005 P b6c67c8c0f944d38889ceb7fb971a5f6 [term 1 FOLLOWER]: Leader election vote request: Granting yes vote for candidate 08f5bb5a0a0041cc85e2d7f842f158d6 in term 1.
I20260630 12:21:32.499154 29307 raft_consensus.cc:515] T b1006071184b4f3e9adc41067a9b54ec P b6c67c8c0f944d38889ceb7fb971a5f6 [term 1 FOLLOWER]: Starting leader election with config: opid_index: -1 OBSOLETE_local: false peers { permanent_uuid: "08f5bb5a0a0041cc85e2d7f842f158d6" member_type: VOTER last_known_addr { host: "127.25.230.65" port: 40237 } } peers { permanent_uuid: "b6c67c8c0f944d38889ceb7fb971a5f6" member_type: VOTER last_known_addr { host: "127.25.230.66" port: 38197 } } peers { permanent_uuid: "332c9768cd1b49af92d1456ed5d90707" member_type: VOTER last_known_addr { host: "127.25.230.67" port: 46779 } }
I20260630 12:21:32.500023 29075 leader_election.cc:304] T 2f423c5e2e194ffba6a1323b096ad005 P 08f5bb5a0a0041cc85e2d7f842f158d6 [CANDIDATE]: Term 1 election: Election decided. Result: candidate won. Election summary: received 3 responses out of 3 voters: 2 yes votes; 1 no votes. yes voters: 08f5bb5a0a0041cc85e2d7f842f158d6, b6c67c8c0f944d38889ceb7fb971a5f6; no voters: 332c9768cd1b49af92d1456ed5d90707
I20260630 12:21:32.500941 29312 raft_consensus.cc:2804] T 2f423c5e2e194ffba6a1323b096ad005 P 08f5bb5a0a0041cc85e2d7f842f158d6 [term 1 FOLLOWER]: Leader election won for term 1
I20260630 12:21:32.501305 29307 leader_election.cc:290] T b1006071184b4f3e9adc41067a9b54ec P b6c67c8c0f944d38889ceb7fb971a5f6 [CANDIDATE]: Term 1 election: Requested vote from peers 08f5bb5a0a0041cc85e2d7f842f158d6 (127.25.230.65:40237), 332c9768cd1b49af92d1456ed5d90707 (127.25.230.67:46779)
I20260630 12:21:32.502039 29109 tablet_service.cc:1917] Received RequestConsensusVote() RPC: tablet_id: "b1006071184b4f3e9adc41067a9b54ec" candidate_uuid: "b6c67c8c0f944d38889ceb7fb971a5f6" candidate_term: 1 candidate_status { last_received { term: 0 index: 0 } } ignore_live_leader: false dest_uuid: "08f5bb5a0a0041cc85e2d7f842f158d6"
I20260630 12:21:32.502322 29312 raft_consensus.cc:697] T 2f423c5e2e194ffba6a1323b096ad005 P 08f5bb5a0a0041cc85e2d7f842f158d6 [term 1 LEADER]: Becoming Leader. State: Replica: 08f5bb5a0a0041cc85e2d7f842f158d6, State: Running, Role: LEADER
I20260630 12:21:32.502477 29258 tablet_service.cc:1917] Received RequestConsensusVote() RPC: tablet_id: "b1006071184b4f3e9adc41067a9b54ec" candidate_uuid: "b6c67c8c0f944d38889ceb7fb971a5f6" candidate_term: 1 candidate_status { last_received { term: 0 index: 0 } } ignore_live_leader: false dest_uuid: "332c9768cd1b49af92d1456ed5d90707"
I20260630 12:21:32.502665 29109 raft_consensus.cc:3060] T b1006071184b4f3e9adc41067a9b54ec P 08f5bb5a0a0041cc85e2d7f842f158d6 [term 0 FOLLOWER]: Advancing to term 1
I20260630 12:21:32.503000 29258 raft_consensus.cc:3060] T b1006071184b4f3e9adc41067a9b54ec P 332c9768cd1b49af92d1456ed5d90707 [term 0 FOLLOWER]: Advancing to term 1
I20260630 12:21:32.503257 29312 consensus_queue.cc:237] T 2f423c5e2e194ffba6a1323b096ad005 P 08f5bb5a0a0041cc85e2d7f842f158d6 [LEADER]: Queue going to LEADER mode. State: All replicated index: 0, Majority replicated index: 0, Committed index: 0, Last appended: 0.0, Last appended by leader: 0, Current term: 1, Majority size: 2, State: 0, Mode: LEADER, active raft config: opid_index: -1 OBSOLETE_local: false peers { permanent_uuid: "332c9768cd1b49af92d1456ed5d90707" member_type: VOTER last_known_addr { host: "127.25.230.67" port: 46779 } } peers { permanent_uuid: "b6c67c8c0f944d38889ceb7fb971a5f6" member_type: VOTER last_known_addr { host: "127.25.230.66" port: 38197 } } peers { permanent_uuid: "08f5bb5a0a0041cc85e2d7f842f158d6" member_type: VOTER last_known_addr { host: "127.25.230.65" port: 40237 } }
I20260630 12:21:32.508512 29109 raft_consensus.cc:2468] T b1006071184b4f3e9adc41067a9b54ec P 08f5bb5a0a0041cc85e2d7f842f158d6 [term 1 FOLLOWER]: Leader election vote request: Granting yes vote for candidate b6c67c8c0f944d38889ceb7fb971a5f6 in term 1.
I20260630 12:21:32.510160 29147 leader_election.cc:304] T b1006071184b4f3e9adc41067a9b54ec P b6c67c8c0f944d38889ceb7fb971a5f6 [CANDIDATE]: Term 1 election: Election decided. Result: candidate won. Election summary: received 2 responses out of 3 voters: 2 yes votes; 0 no votes. yes voters: 08f5bb5a0a0041cc85e2d7f842f158d6, b6c67c8c0f944d38889ceb7fb971a5f6; no voters: 
I20260630 12:21:32.510438 29258 raft_consensus.cc:2468] T b1006071184b4f3e9adc41067a9b54ec P 332c9768cd1b49af92d1456ed5d90707 [term 1 FOLLOWER]: Leader election vote request: Granting yes vote for candidate b6c67c8c0f944d38889ceb7fb971a5f6 in term 1.
I20260630 12:21:32.511014 29307 raft_consensus.cc:2804] T b1006071184b4f3e9adc41067a9b54ec P b6c67c8c0f944d38889ceb7fb971a5f6 [term 1 FOLLOWER]: Leader election won for term 1
I20260630 12:21:32.511514 29307 raft_consensus.cc:697] T b1006071184b4f3e9adc41067a9b54ec P b6c67c8c0f944d38889ceb7fb971a5f6 [term 1 LEADER]: Becoming Leader. State: Replica: b6c67c8c0f944d38889ceb7fb971a5f6, State: Running, Role: LEADER
I20260630 12:21:32.512300 29307 consensus_queue.cc:237] T b1006071184b4f3e9adc41067a9b54ec P b6c67c8c0f944d38889ceb7fb971a5f6 [LEADER]: Queue going to LEADER mode. State: All replicated index: 0, Majority replicated index: 0, Committed index: 0, Last appended: 0.0, Last appended by leader: 0, Current term: 1, Majority size: 2, State: 0, Mode: LEADER, active raft config: opid_index: -1 OBSOLETE_local: false peers { permanent_uuid: "08f5bb5a0a0041cc85e2d7f842f158d6" member_type: VOTER last_known_addr { host: "127.25.230.65" port: 40237 } } peers { permanent_uuid: "b6c67c8c0f944d38889ceb7fb971a5f6" member_type: VOTER last_known_addr { host: "127.25.230.66" port: 38197 } } peers { permanent_uuid: "332c9768cd1b49af92d1456ed5d90707" member_type: VOTER last_known_addr { host: "127.25.230.67" port: 46779 } }
I20260630 12:21:32.511938 29006 catalog_manager.cc:5697] T 2f423c5e2e194ffba6a1323b096ad005 P 08f5bb5a0a0041cc85e2d7f842f158d6 reported cstate change: term changed from 0 to 1, leader changed from <none> to 08f5bb5a0a0041cc85e2d7f842f158d6 (127.25.230.65). New cstate: current_term: 1 leader_uuid: "08f5bb5a0a0041cc85e2d7f842f158d6" committed_config { opid_index: -1 OBSOLETE_local: false peers { permanent_uuid: "332c9768cd1b49af92d1456ed5d90707" member_type: VOTER last_known_addr { host: "127.25.230.67" port: 46779 } health_report { overall_health: UNKNOWN } } peers { permanent_uuid: "b6c67c8c0f944d38889ceb7fb971a5f6" member_type: VOTER last_known_addr { host: "127.25.230.66" port: 38197 } health_report { overall_health: UNKNOWN } } peers { permanent_uuid: "08f5bb5a0a0041cc85e2d7f842f158d6" member_type: VOTER last_known_addr { host: "127.25.230.65" port: 40237 } health_report { overall_health: HEALTHY } } }
I20260630 12:21:32.520787 29005 catalog_manager.cc:5697] T b1006071184b4f3e9adc41067a9b54ec P b6c67c8c0f944d38889ceb7fb971a5f6 reported cstate change: term changed from 0 to 1, leader changed from <none> to b6c67c8c0f944d38889ceb7fb971a5f6 (127.25.230.66). New cstate: current_term: 1 leader_uuid: "b6c67c8c0f944d38889ceb7fb971a5f6" committed_config { opid_index: -1 OBSOLETE_local: false peers { permanent_uuid: "08f5bb5a0a0041cc85e2d7f842f158d6" member_type: VOTER last_known_addr { host: "127.25.230.65" port: 40237 } health_report { overall_health: UNKNOWN } } peers { permanent_uuid: "b6c67c8c0f944d38889ceb7fb971a5f6" member_type: VOTER last_known_addr { host: "127.25.230.66" port: 38197 } health_report { overall_health: HEALTHY } } peers { permanent_uuid: "332c9768cd1b49af92d1456ed5d90707" member_type: VOTER last_known_addr { host: "127.25.230.67" port: 46779 } health_report { overall_health: UNKNOWN } } }
W20260630 12:21:32.629135 29055 auto_rebalancer.cc:298] Could not retrieve cluster info: Service unavailable: Tablet not running
I20260630 12:21:32.631783 29060 auto_leader_rebalancer.cc:141] leader rebalance for table range_aware_auto_rebalancer_test
W20260630 12:21:32.634284 29060 auto_leader_rebalancer.cc:524] the master instance isn't leader: Service unavailable: Tablet not running
I20260630 12:21:32.638644 29312 raft_consensus.cc:493] T 75fddba747b447e4ae5c3c0e0f4e722b P 08f5bb5a0a0041cc85e2d7f842f158d6 [term 0 FOLLOWER]: Starting pre-election (no leader contacted us within the election timeout)
I20260630 12:21:32.639108 29312 raft_consensus.cc:515] T 75fddba747b447e4ae5c3c0e0f4e722b P 08f5bb5a0a0041cc85e2d7f842f158d6 [term 0 FOLLOWER]: Starting pre-election with config: opid_index: -1 OBSOLETE_local: false peers { permanent_uuid: "08f5bb5a0a0041cc85e2d7f842f158d6" member_type: VOTER last_known_addr { host: "127.25.230.65" port: 40237 } } peers { permanent_uuid: "b6c67c8c0f944d38889ceb7fb971a5f6" member_type: VOTER last_known_addr { host: "127.25.230.66" port: 38197 } } peers { permanent_uuid: "332c9768cd1b49af92d1456ed5d90707" member_type: VOTER last_known_addr { host: "127.25.230.67" port: 46779 } }
I20260630 12:21:32.640861 29312 leader_election.cc:290] T 75fddba747b447e4ae5c3c0e0f4e722b P 08f5bb5a0a0041cc85e2d7f842f158d6 [CANDIDATE]: Term 1 pre-election: Requested pre-vote from peers b6c67c8c0f944d38889ceb7fb971a5f6 (127.25.230.66:38197), 332c9768cd1b49af92d1456ed5d90707 (127.25.230.67:46779)
I20260630 12:21:32.641691 29184 tablet_service.cc:1917] Received RequestConsensusVote() RPC: tablet_id: "75fddba747b447e4ae5c3c0e0f4e722b" candidate_uuid: "08f5bb5a0a0041cc85e2d7f842f158d6" candidate_term: 1 candidate_status { last_received { term: 0 index: 0 } } ignore_live_leader: false dest_uuid: "b6c67c8c0f944d38889ceb7fb971a5f6" is_pre_election: true
I20260630 12:21:32.641955 29258 tablet_service.cc:1917] Received RequestConsensusVote() RPC: tablet_id: "75fddba747b447e4ae5c3c0e0f4e722b" candidate_uuid: "08f5bb5a0a0041cc85e2d7f842f158d6" candidate_term: 1 candidate_status { last_received { term: 0 index: 0 } } ignore_live_leader: false dest_uuid: "332c9768cd1b49af92d1456ed5d90707" is_pre_election: true
I20260630 12:21:32.642207 29184 raft_consensus.cc:2468] T 75fddba747b447e4ae5c3c0e0f4e722b P b6c67c8c0f944d38889ceb7fb971a5f6 [term 0 FOLLOWER]: Leader pre-election vote request: Granting yes vote for candidate 08f5bb5a0a0041cc85e2d7f842f158d6 in term 0.
I20260630 12:21:32.642556 29258 raft_consensus.cc:2468] T 75fddba747b447e4ae5c3c0e0f4e722b P 332c9768cd1b49af92d1456ed5d90707 [term 0 FOLLOWER]: Leader pre-election vote request: Granting yes vote for candidate 08f5bb5a0a0041cc85e2d7f842f158d6 in term 0.
I20260630 12:21:32.643221 29075 leader_election.cc:304] T 75fddba747b447e4ae5c3c0e0f4e722b P 08f5bb5a0a0041cc85e2d7f842f158d6 [CANDIDATE]: Term 1 pre-election: Election decided. Result: candidate won. Election summary: received 2 responses out of 3 voters: 2 yes votes; 0 no votes. yes voters: 08f5bb5a0a0041cc85e2d7f842f158d6, b6c67c8c0f944d38889ceb7fb971a5f6; no voters: 
I20260630 12:21:32.643918 29312 raft_consensus.cc:2804] T 75fddba747b447e4ae5c3c0e0f4e722b P 08f5bb5a0a0041cc85e2d7f842f158d6 [term 0 FOLLOWER]: Leader pre-election won for term 1
I20260630 12:21:32.644281 29312 raft_consensus.cc:493] T 75fddba747b447e4ae5c3c0e0f4e722b P 08f5bb5a0a0041cc85e2d7f842f158d6 [term 0 FOLLOWER]: Starting leader election (no leader contacted us within the election timeout)
I20260630 12:21:32.644503 29312 raft_consensus.cc:3060] T 75fddba747b447e4ae5c3c0e0f4e722b P 08f5bb5a0a0041cc85e2d7f842f158d6 [term 0 FOLLOWER]: Advancing to term 1
I20260630 12:21:32.649060 29312 raft_consensus.cc:515] T 75fddba747b447e4ae5c3c0e0f4e722b P 08f5bb5a0a0041cc85e2d7f842f158d6 [term 1 FOLLOWER]: Starting leader election with config: opid_index: -1 OBSOLETE_local: false peers { permanent_uuid: "08f5bb5a0a0041cc85e2d7f842f158d6" member_type: VOTER last_known_addr { host: "127.25.230.65" port: 40237 } } peers { permanent_uuid: "b6c67c8c0f944d38889ceb7fb971a5f6" member_type: VOTER last_known_addr { host: "127.25.230.66" port: 38197 } } peers { permanent_uuid: "332c9768cd1b49af92d1456ed5d90707" member_type: VOTER last_known_addr { host: "127.25.230.67" port: 46779 } }
I20260630 12:21:32.650552 29312 leader_election.cc:290] T 75fddba747b447e4ae5c3c0e0f4e722b P 08f5bb5a0a0041cc85e2d7f842f158d6 [CANDIDATE]: Term 1 election: Requested vote from peers b6c67c8c0f944d38889ceb7fb971a5f6 (127.25.230.66:38197), 332c9768cd1b49af92d1456ed5d90707 (127.25.230.67:46779)
I20260630 12:21:32.651336 29184 tablet_service.cc:1917] Received RequestConsensusVote() RPC: tablet_id: "75fddba747b447e4ae5c3c0e0f4e722b" candidate_uuid: "08f5bb5a0a0041cc85e2d7f842f158d6" candidate_term: 1 candidate_status { last_received { term: 0 index: 0 } } ignore_live_leader: false dest_uuid: "b6c67c8c0f944d38889ceb7fb971a5f6"
I20260630 12:21:32.651496 29258 tablet_service.cc:1917] Received RequestConsensusVote() RPC: tablet_id: "75fddba747b447e4ae5c3c0e0f4e722b" candidate_uuid: "08f5bb5a0a0041cc85e2d7f842f158d6" candidate_term: 1 candidate_status { last_received { term: 0 index: 0 } } ignore_live_leader: false dest_uuid: "332c9768cd1b49af92d1456ed5d90707"
I20260630 12:21:32.651854 29184 raft_consensus.cc:3060] T 75fddba747b447e4ae5c3c0e0f4e722b P b6c67c8c0f944d38889ceb7fb971a5f6 [term 0 FOLLOWER]: Advancing to term 1
I20260630 12:21:32.652097 29258 raft_consensus.cc:3060] T 75fddba747b447e4ae5c3c0e0f4e722b P 332c9768cd1b49af92d1456ed5d90707 [term 0 FOLLOWER]: Advancing to term 1
I20260630 12:21:32.656411 29184 raft_consensus.cc:2468] T 75fddba747b447e4ae5c3c0e0f4e722b P b6c67c8c0f944d38889ceb7fb971a5f6 [term 1 FOLLOWER]: Leader election vote request: Granting yes vote for candidate 08f5bb5a0a0041cc85e2d7f842f158d6 in term 1.
I20260630 12:21:32.656761 29258 raft_consensus.cc:2468] T 75fddba747b447e4ae5c3c0e0f4e722b P 332c9768cd1b49af92d1456ed5d90707 [term 1 FOLLOWER]: Leader election vote request: Granting yes vote for candidate 08f5bb5a0a0041cc85e2d7f842f158d6 in term 1.
I20260630 12:21:32.657474 29075 leader_election.cc:304] T 75fddba747b447e4ae5c3c0e0f4e722b P 08f5bb5a0a0041cc85e2d7f842f158d6 [CANDIDATE]: Term 1 election: Election decided. Result: candidate won. Election summary: received 2 responses out of 3 voters: 2 yes votes; 0 no votes. yes voters: 08f5bb5a0a0041cc85e2d7f842f158d6, b6c67c8c0f944d38889ceb7fb971a5f6; no voters: 
I20260630 12:21:32.658388 29312 raft_consensus.cc:2804] T 75fddba747b447e4ae5c3c0e0f4e722b P 08f5bb5a0a0041cc85e2d7f842f158d6 [term 1 FOLLOWER]: Leader election won for term 1
I20260630 12:21:32.659050 29312 raft_consensus.cc:697] T 75fddba747b447e4ae5c3c0e0f4e722b P 08f5bb5a0a0041cc85e2d7f842f158d6 [term 1 LEADER]: Becoming Leader. State: Replica: 08f5bb5a0a0041cc85e2d7f842f158d6, State: Running, Role: LEADER
I20260630 12:21:32.659866 29312 consensus_queue.cc:237] T 75fddba747b447e4ae5c3c0e0f4e722b P 08f5bb5a0a0041cc85e2d7f842f158d6 [LEADER]: Queue going to LEADER mode. State: All replicated index: 0, Majority replicated index: 0, Committed index: 0, Last appended: 0.0, Last appended by leader: 0, Current term: 1, Majority size: 2, State: 0, Mode: LEADER, active raft config: opid_index: -1 OBSOLETE_local: false peers { permanent_uuid: "08f5bb5a0a0041cc85e2d7f842f158d6" member_type: VOTER last_known_addr { host: "127.25.230.65" port: 40237 } } peers { permanent_uuid: "b6c67c8c0f944d38889ceb7fb971a5f6" member_type: VOTER last_known_addr { host: "127.25.230.66" port: 38197 } } peers { permanent_uuid: "332c9768cd1b49af92d1456ed5d90707" member_type: VOTER last_known_addr { host: "127.25.230.67" port: 46779 } }
I20260630 12:21:32.667172 29005 catalog_manager.cc:5697] T 75fddba747b447e4ae5c3c0e0f4e722b P 08f5bb5a0a0041cc85e2d7f842f158d6 reported cstate change: term changed from 0 to 1, leader changed from <none> to 08f5bb5a0a0041cc85e2d7f842f158d6 (127.25.230.65). New cstate: current_term: 1 leader_uuid: "08f5bb5a0a0041cc85e2d7f842f158d6" committed_config { opid_index: -1 OBSOLETE_local: false peers { permanent_uuid: "08f5bb5a0a0041cc85e2d7f842f158d6" member_type: VOTER last_known_addr { host: "127.25.230.65" port: 40237 } health_report { overall_health: HEALTHY } } peers { permanent_uuid: "b6c67c8c0f944d38889ceb7fb971a5f6" member_type: VOTER last_known_addr { host: "127.25.230.66" port: 38197 } health_report { overall_health: UNKNOWN } } peers { permanent_uuid: "332c9768cd1b49af92d1456ed5d90707" member_type: VOTER last_known_addr { host: "127.25.230.67" port: 46779 } health_report { overall_health: UNKNOWN } } }
I20260630 12:21:32.738646 26521 tablet_server.cc:179] TabletServer@127.25.230.65:0 shutting down...
I20260630 12:21:32.757836 26521 ts_tablet_manager.cc:1507] Shutting down tablet manager...
I20260630 12:21:32.758668 26521 tablet_replica.cc:333] T b1006071184b4f3e9adc41067a9b54ec P 08f5bb5a0a0041cc85e2d7f842f158d6: stopping tablet replica
I20260630 12:21:32.759263 26521 raft_consensus.cc:2243] T b1006071184b4f3e9adc41067a9b54ec P 08f5bb5a0a0041cc85e2d7f842f158d6 [term 1 FOLLOWER]: Raft consensus shutting down.
I20260630 12:21:32.759663 26521 raft_consensus.cc:2272] T b1006071184b4f3e9adc41067a9b54ec P 08f5bb5a0a0041cc85e2d7f842f158d6 [term 1 FOLLOWER]: Raft consensus is shut down!
I20260630 12:21:32.761849 26521 tablet_replica.cc:333] T 2f423c5e2e194ffba6a1323b096ad005 P 08f5bb5a0a0041cc85e2d7f842f158d6: stopping tablet replica
I20260630 12:21:32.762362 26521 raft_consensus.cc:2243] T 2f423c5e2e194ffba6a1323b096ad005 P 08f5bb5a0a0041cc85e2d7f842f158d6 [term 1 LEADER]: Raft consensus shutting down.
I20260630 12:21:32.762900 26521 pending_rounds.cc:70] T 2f423c5e2e194ffba6a1323b096ad005 P 08f5bb5a0a0041cc85e2d7f842f158d6: Trying to abort 1 pending ops.
I20260630 12:21:32.763120 26521 pending_rounds.cc:77] T 2f423c5e2e194ffba6a1323b096ad005 P 08f5bb5a0a0041cc85e2d7f842f158d6: Aborting op as it isn't in flight: id { term: 1 index: 1 } timestamp: 7302439290902970368 op_type: NO_OP noop_request { }
I20260630 12:21:32.763463 26521 raft_consensus.cc:2889] T 2f423c5e2e194ffba6a1323b096ad005 P 08f5bb5a0a0041cc85e2d7f842f158d6 [term 1 LEADER]: NO_OP replication failed: Aborted: Op aborted
I20260630 12:21:32.763738 26521 raft_consensus.cc:2272] T 2f423c5e2e194ffba6a1323b096ad005 P 08f5bb5a0a0041cc85e2d7f842f158d6 [term 1 FOLLOWER]: Raft consensus is shut down!
I20260630 12:21:32.765895 26521 tablet_replica.cc:333] T 6cff1998eb0d4e44a972e29958ceb3fa P 08f5bb5a0a0041cc85e2d7f842f158d6: stopping tablet replica
I20260630 12:21:32.766391 26521 raft_consensus.cc:2243] T 6cff1998eb0d4e44a972e29958ceb3fa P 08f5bb5a0a0041cc85e2d7f842f158d6 [term 1 FOLLOWER]: Raft consensus shutting down.
I20260630 12:21:32.766739 26521 raft_consensus.cc:2272] T 6cff1998eb0d4e44a972e29958ceb3fa P 08f5bb5a0a0041cc85e2d7f842f158d6 [term 1 FOLLOWER]: Raft consensus is shut down!
I20260630 12:21:32.768417 26521 tablet_replica.cc:333] T 75fddba747b447e4ae5c3c0e0f4e722b P 08f5bb5a0a0041cc85e2d7f842f158d6: stopping tablet replica
I20260630 12:21:32.768929 26521 raft_consensus.cc:2243] T 75fddba747b447e4ae5c3c0e0f4e722b P 08f5bb5a0a0041cc85e2d7f842f158d6 [term 1 LEADER]: Raft consensus shutting down.
I20260630 12:21:32.769474 26521 pending_rounds.cc:70] T 75fddba747b447e4ae5c3c0e0f4e722b P 08f5bb5a0a0041cc85e2d7f842f158d6: Trying to abort 1 pending ops.
I20260630 12:21:32.769644 26521 pending_rounds.cc:77] T 75fddba747b447e4ae5c3c0e0f4e722b P 08f5bb5a0a0041cc85e2d7f842f158d6: Aborting op as it isn't in flight: id { term: 1 index: 1 } timestamp: 7302439291543007232 op_type: NO_OP noop_request { }
I20260630 12:21:32.769999 26521 raft_consensus.cc:2889] T 75fddba747b447e4ae5c3c0e0f4e722b P 08f5bb5a0a0041cc85e2d7f842f158d6 [term 1 LEADER]: NO_OP replication failed: Aborted: Op aborted
I20260630 12:21:32.770303 26521 raft_consensus.cc:2272] T 75fddba747b447e4ae5c3c0e0f4e722b P 08f5bb5a0a0041cc85e2d7f842f158d6 [term 1 FOLLOWER]: Raft consensus is shut down!
I20260630 12:21:32.793465 26521 tablet_server.cc:196] TabletServer@127.25.230.65:0 shutdown complete.
W20260630 12:21:32.800663 29221 proxy.cc:239] Call had error, refreshing address and retrying: Network error: Client connection negotiation failed: client connection to 127.25.230.65:40237: connect: Connection refused (error 111) [suppressed 3 similar messages]
W20260630 12:21:32.804103 29221 consensus_peers.cc:597] T 6cff1998eb0d4e44a972e29958ceb3fa P 332c9768cd1b49af92d1456ed5d90707 -> Peer 08f5bb5a0a0041cc85e2d7f842f158d6 (127.25.230.65:40237): Couldn't send request to peer 08f5bb5a0a0041cc85e2d7f842f158d6. Status: Network error: Client connection negotiation failed: client connection to 127.25.230.65:40237: connect: Connection refused (error 111). This is attempt 1: this message will repeat every 5th retry.
I20260630 12:21:32.805785 26521 tablet_server.cc:179] TabletServer@127.25.230.66:0 shutting down...
I20260630 12:21:32.824457 26521 ts_tablet_manager.cc:1507] Shutting down tablet manager...
I20260630 12:21:32.825389 26521 tablet_replica.cc:333] T 75fddba747b447e4ae5c3c0e0f4e722b P b6c67c8c0f944d38889ceb7fb971a5f6: stopping tablet replica
I20260630 12:21:32.826030 26521 raft_consensus.cc:2243] T 75fddba747b447e4ae5c3c0e0f4e722b P b6c67c8c0f944d38889ceb7fb971a5f6 [term 1 FOLLOWER]: Raft consensus shutting down.
I20260630 12:21:32.826459 26521 raft_consensus.cc:2272] T 75fddba747b447e4ae5c3c0e0f4e722b P b6c67c8c0f944d38889ceb7fb971a5f6 [term 1 FOLLOWER]: Raft consensus is shut down!
I20260630 12:21:32.828145 26521 tablet_replica.cc:333] T b1006071184b4f3e9adc41067a9b54ec P b6c67c8c0f944d38889ceb7fb971a5f6: stopping tablet replica
I20260630 12:21:32.828641 26521 raft_consensus.cc:2243] T b1006071184b4f3e9adc41067a9b54ec P b6c67c8c0f944d38889ceb7fb971a5f6 [term 1 LEADER]: Raft consensus shutting down.
I20260630 12:21:32.829263 26521 pending_rounds.cc:70] T b1006071184b4f3e9adc41067a9b54ec P b6c67c8c0f944d38889ceb7fb971a5f6: Trying to abort 1 pending ops.
I20260630 12:21:32.829465 26521 pending_rounds.cc:77] T b1006071184b4f3e9adc41067a9b54ec P b6c67c8c0f944d38889ceb7fb971a5f6: Aborting op as it isn't in flight: id { term: 1 index: 1 } timestamp: 7302439290939645952 op_type: NO_OP noop_request { }
I20260630 12:21:32.829761 26521 raft_consensus.cc:2889] T b1006071184b4f3e9adc41067a9b54ec P b6c67c8c0f944d38889ceb7fb971a5f6 [term 1 LEADER]: NO_OP replication failed: Aborted: Op aborted
I20260630 12:21:32.830026 26521 raft_consensus.cc:2272] T b1006071184b4f3e9adc41067a9b54ec P b6c67c8c0f944d38889ceb7fb971a5f6 [term 1 FOLLOWER]: Raft consensus is shut down!
I20260630 12:21:32.832309 26521 tablet_replica.cc:333] T 2f423c5e2e194ffba6a1323b096ad005 P b6c67c8c0f944d38889ceb7fb971a5f6: stopping tablet replica
I20260630 12:21:32.832813 26521 raft_consensus.cc:2243] T 2f423c5e2e194ffba6a1323b096ad005 P b6c67c8c0f944d38889ceb7fb971a5f6 [term 1 FOLLOWER]: Raft consensus shutting down.
I20260630 12:21:32.833276 26521 raft_consensus.cc:2272] T 2f423c5e2e194ffba6a1323b096ad005 P b6c67c8c0f944d38889ceb7fb971a5f6 [term 1 FOLLOWER]: Raft consensus is shut down!
I20260630 12:21:32.834810 26521 tablet_replica.cc:333] T 6cff1998eb0d4e44a972e29958ceb3fa P b6c67c8c0f944d38889ceb7fb971a5f6: stopping tablet replica
I20260630 12:21:32.835249 26521 raft_consensus.cc:2243] T 6cff1998eb0d4e44a972e29958ceb3fa P b6c67c8c0f944d38889ceb7fb971a5f6 [term 1 FOLLOWER]: Raft consensus shutting down.
I20260630 12:21:32.835598 26521 raft_consensus.cc:2272] T 6cff1998eb0d4e44a972e29958ceb3fa P b6c67c8c0f944d38889ceb7fb971a5f6 [term 1 FOLLOWER]: Raft consensus is shut down!
I20260630 12:21:32.858192 26521 tablet_server.cc:196] TabletServer@127.25.230.66:0 shutdown complete.
I20260630 12:21:32.870036 26521 tablet_server.cc:179] TabletServer@127.25.230.67:0 shutting down...
I20260630 12:21:32.887732 26521 ts_tablet_manager.cc:1507] Shutting down tablet manager...
I20260630 12:21:32.888543 26521 tablet_replica.cc:333] T 75fddba747b447e4ae5c3c0e0f4e722b P 332c9768cd1b49af92d1456ed5d90707: stopping tablet replica
I20260630 12:21:32.889205 26521 raft_consensus.cc:2243] T 75fddba747b447e4ae5c3c0e0f4e722b P 332c9768cd1b49af92d1456ed5d90707 [term 1 FOLLOWER]: Raft consensus shutting down.
I20260630 12:21:32.889619 26521 raft_consensus.cc:2272] T 75fddba747b447e4ae5c3c0e0f4e722b P 332c9768cd1b49af92d1456ed5d90707 [term 1 FOLLOWER]: Raft consensus is shut down!
I20260630 12:21:32.891314 26521 tablet_replica.cc:333] T b1006071184b4f3e9adc41067a9b54ec P 332c9768cd1b49af92d1456ed5d90707: stopping tablet replica
I20260630 12:21:32.891806 26521 raft_consensus.cc:2243] T b1006071184b4f3e9adc41067a9b54ec P 332c9768cd1b49af92d1456ed5d90707 [term 1 FOLLOWER]: Raft consensus shutting down.
I20260630 12:21:32.892165 26521 raft_consensus.cc:2272] T b1006071184b4f3e9adc41067a9b54ec P 332c9768cd1b49af92d1456ed5d90707 [term 1 FOLLOWER]: Raft consensus is shut down!
I20260630 12:21:32.893909 26521 tablet_replica.cc:333] T 2f423c5e2e194ffba6a1323b096ad005 P 332c9768cd1b49af92d1456ed5d90707: stopping tablet replica
I20260630 12:21:32.894385 26521 raft_consensus.cc:2243] T 2f423c5e2e194ffba6a1323b096ad005 P 332c9768cd1b49af92d1456ed5d90707 [term 1 FOLLOWER]: Raft consensus shutting down.
I20260630 12:21:32.894737 26521 raft_consensus.cc:2272] T 2f423c5e2e194ffba6a1323b096ad005 P 332c9768cd1b49af92d1456ed5d90707 [term 1 FOLLOWER]: Raft consensus is shut down!
I20260630 12:21:32.896209 26521 tablet_replica.cc:333] T 6cff1998eb0d4e44a972e29958ceb3fa P 332c9768cd1b49af92d1456ed5d90707: stopping tablet replica
I20260630 12:21:32.896641 26521 raft_consensus.cc:2243] T 6cff1998eb0d4e44a972e29958ceb3fa P 332c9768cd1b49af92d1456ed5d90707 [term 1 LEADER]: Raft consensus shutting down.
I20260630 12:21:32.897275 26521 pending_rounds.cc:70] T 6cff1998eb0d4e44a972e29958ceb3fa P 332c9768cd1b49af92d1456ed5d90707: Trying to abort 1 pending ops.
I20260630 12:21:32.897481 26521 pending_rounds.cc:77] T 6cff1998eb0d4e44a972e29958ceb3fa P 332c9768cd1b49af92d1456ed5d90707: Aborting op as it isn't in flight: id { term: 1 index: 1 } timestamp: 7302439290460012544 op_type: NO_OP noop_request { }
I20260630 12:21:32.897758 26521 raft_consensus.cc:2889] T 6cff1998eb0d4e44a972e29958ceb3fa P 332c9768cd1b49af92d1456ed5d90707 [term 1 LEADER]: NO_OP replication failed: Aborted: Op aborted
I20260630 12:21:32.898022 26521 raft_consensus.cc:2272] T 6cff1998eb0d4e44a972e29958ceb3fa P 332c9768cd1b49af92d1456ed5d90707 [term 1 FOLLOWER]: Raft consensus is shut down!
I20260630 12:21:32.920068 26521 tablet_server.cc:196] TabletServer@127.25.230.67:0 shutdown complete.
I20260630 12:21:32.931003 26521 master.cc:562] Master@127.25.230.126:35505 shutting down...
I20260630 12:21:32.945226 26521 raft_consensus.cc:2243] T 00000000000000000000000000000000 P a214b43cd64540a2b504c00066808dfa [term 1 LEADER]: Raft consensus shutting down.
I20260630 12:21:32.945745 26521 raft_consensus.cc:2272] T 00000000000000000000000000000000 P a214b43cd64540a2b504c00066808dfa [term 1 FOLLOWER]: Raft consensus is shut down!
I20260630 12:21:32.946041 26521 tablet_replica.cc:333] T 00000000000000000000000000000000 P a214b43cd64540a2b504c00066808dfa: stopping tablet replica
I20260630 12:21:32.955629 26521 master.cc:584] Master@127.25.230.126:35505 shutdown complete.
[       OK ] AutoRebalancerTest.RangeAwareBuildClusterInfoGroupsByRange (2505 ms)
[ RUN      ] AutoRebalancerTest.RangeAwareRebalancesNewRangeReplicas
I20260630 12:21:32.988479 26521 internal_mini_cluster.cc:156] Creating distributed mini masters. Addrs: 127.25.230.126:46651
I20260630 12:21:32.989589 26521 file_cache.cc:492] Constructed file cache file cache with capacity 419430
W20260630 12:21:32.994499 29335 instance_detector.cc:116] could not retrieve AWS instance metadata: Network error: curl error: HTTP response code said error: The requested URL returned error: 404
W20260630 12:21:32.995921 29336 instance_detector.cc:116] could not retrieve Azure instance metadata: Network error: curl error: HTTP response code said error: The requested URL returned error: 404
W20260630 12:21:32.996068 29338 instance_detector.cc:116] could not retrieve OpenStack instance metadata: Network error: curl error: HTTP response code said error: The requested URL returned error: 404
I20260630 12:21:32.996733 26521 server_base.cc:1061] running on GCE node
I20260630 12:21:32.997658 26521 hybrid_clock.cc:584] initializing the hybrid clock with 'system_unsync' time source
W20260630 12:21:32.997855 26521 system_unsync_time.cc:38] NTP support is disabled. Clock error bounds will not be accurate. This configuration is not suitable for distributed clusters.
I20260630 12:21:32.997972 26521 hybrid_clock.cc:648] HybridClock initialized: now 1782822092997961 us; error 0 us; skew 500 ppm
I20260630 12:21:32.998401 26521 server_base.cc:861] Flag tcmalloc_max_total_thread_cache_bytes is not working since tcmalloc is not enabled.
I20260630 12:21:33.000628 26521 webserver.cc:533] Webserver started at http://127.25.230.126:40677/ using document root <none> and password file <none>
I20260630 12:21:33.001305 26521 fs_manager.cc:362] Metadata directory not provided
I20260630 12:21:33.001464 26521 fs_manager.cc:368] Using write-ahead log directory (fs_wal_dir) as metadata directory
I20260630 12:21:33.001672 26521 server_base.cc:909] This appears to be a new deployment of Kudu; creating new FS layout
I20260630 12:21:33.002662 26521 fs_manager.cc:1068] Generated new instance metadata in path /tmp/dist-test-taskYOa2oh/test-tmp/auto_rebalancer-test.0.AutoRebalancerTest.RangeAwareRebalancesNewRangeReplicas.1782822015090711-26521-0/minicluster-data/master-0-root/instance:
uuid: "a13332cab77e45f68d7a5156a6947ca3"
format_stamp: "Formatted at 2026-06-30 12:21:33 on dist-test-slave-9tsv"
I20260630 12:21:33.007388 26521 fs_manager.cc:696] Time spent creating directory manager: real 0.004s	user 0.006s	sys 0.000s
I20260630 12:21:33.010754 29343 log_block_manager.cc:4031] Time spent loading block containers with low live blocks: real 0.000s	user 0.000s	sys 0.000s
I20260630 12:21:33.011518 26521 fs_manager.cc:730] Time spent opening block manager: real 0.002s	user 0.001s	sys 0.000s
I20260630 12:21:33.011755 26521 fs_manager.cc:647] Opened local filesystem: /tmp/dist-test-taskYOa2oh/test-tmp/auto_rebalancer-test.0.AutoRebalancerTest.RangeAwareRebalancesNewRangeReplicas.1782822015090711-26521-0/minicluster-data/master-0-root
uuid: "a13332cab77e45f68d7a5156a6947ca3"
format_stamp: "Formatted at 2026-06-30 12:21:33 on dist-test-slave-9tsv"
I20260630 12:21:33.011996 26521 fs_report.cc:389] FS layout report
--------------------
wal directory: /tmp/dist-test-taskYOa2oh/test-tmp/auto_rebalancer-test.0.AutoRebalancerTest.RangeAwareRebalancesNewRangeReplicas.1782822015090711-26521-0/minicluster-data/master-0-root
metadata directory: /tmp/dist-test-taskYOa2oh/test-tmp/auto_rebalancer-test.0.AutoRebalancerTest.RangeAwareRebalancesNewRangeReplicas.1782822015090711-26521-0/minicluster-data/master-0-root
1 data directories: /tmp/dist-test-taskYOa2oh/test-tmp/auto_rebalancer-test.0.AutoRebalancerTest.RangeAwareRebalancesNewRangeReplicas.1782822015090711-26521-0/minicluster-data/master-0-root/data
Total live blocks: 0
Total live bytes: 0
Total live bytes (after alignment): 0
Total number of LBM containers: 0 (0 full)
Did not check for missing blocks
Did not check for orphaned blocks
Total full LBM containers with extra space: 0 (0 repaired)
Total full LBM container extra space in bytes: 0 (0 repaired)
Total incomplete LBM containers: 0 (0 repaired)
Total LBM partial records: 0 (0 repaired)
Total corrupted LBM metadata records in RocksDB: 0 (0 repaired)
I20260630 12:21:33.022545 26521 rpc_server.cc:225] running with OpenSSL 1.1.1  11 Sep 2018
I20260630 12:21:33.023622 26521 kserver.cc:163] Server-wide thread pool size limit: 3276
I20260630 12:21:33.062466 26521 rpc_server.cc:307] RPC server started. Bound to: 127.25.230.126:46651
I20260630 12:21:33.062547 29394 acceptor_pool.cc:272] collecting diagnostics on the listening RPC socket 127.25.230.126:46651 every 8 connection(s)
I20260630 12:21:33.066651 29395 data_dirs.cc:400] Could only allocate 1 dirs of requested 3 for tablet 00000000000000000000000000000000. 1 dirs total, 0 dirs full, 0 dirs failed
I20260630 12:21:33.076242 29395 tablet_bootstrap.cc:492] T 00000000000000000000000000000000 P a13332cab77e45f68d7a5156a6947ca3: Bootstrap starting.
I20260630 12:21:33.080381 29395 tablet_bootstrap.cc:654] T 00000000000000000000000000000000 P a13332cab77e45f68d7a5156a6947ca3: Neither blocks nor log segments found. Creating new log.
I20260630 12:21:33.084108 29395 tablet_bootstrap.cc:492] T 00000000000000000000000000000000 P a13332cab77e45f68d7a5156a6947ca3: No bootstrap required, opened a new log
I20260630 12:21:33.086089 29395 raft_consensus.cc:359] T 00000000000000000000000000000000 P a13332cab77e45f68d7a5156a6947ca3 [term 0 FOLLOWER]: Replica starting. Triggering 0 pending ops. Active config: opid_index: -1 OBSOLETE_local: true peers { permanent_uuid: "a13332cab77e45f68d7a5156a6947ca3" member_type: VOTER }
I20260630 12:21:33.086442 29395 raft_consensus.cc:385] T 00000000000000000000000000000000 P a13332cab77e45f68d7a5156a6947ca3 [term 0 FOLLOWER]: Consensus starting up: Expiring failure detector timer to make a prompt election more likely
I20260630 12:21:33.086627 29395 raft_consensus.cc:740] T 00000000000000000000000000000000 P a13332cab77e45f68d7a5156a6947ca3 [term 0 FOLLOWER]: Becoming Follower/Learner. State: Replica: a13332cab77e45f68d7a5156a6947ca3, State: Initialized, Role: FOLLOWER
