I20260630 12:20:23.724332 27467 consensus_queue.cc:260] T 8d22137b76794424951119d7b9927558 P 5eb5da2da4ed44aca6ba2cb54cbf6ea1 [NON_LEADER]: Queue going to NON_LEADER mode. State: All replicated index: 0, Majority replicated index: 0, Committed index: 0, Last appended: 0.0, Last appended by leader: 0, Current term: 0, Majority size: -1, State: 0, Mode: NON_LEADER, active raft config: opid_index: -1 OBSOLETE_local: false peers { permanent_uuid: "0c307cdd9e684ffb960d60e254cbbc80" member_type: VOTER last_known_addr { host: "127.25.250.193" port: 38237 } } peers { permanent_uuid: "5eb5da2da4ed44aca6ba2cb54cbf6ea1" member_type: VOTER last_known_addr { host: "127.25.250.194" port: 43369 } } peers { permanent_uuid: "3f5d03083356458fac00ad89fba2ea94" member_type: VOTER last_known_addr { host: "127.25.250.195" port: 37543 } }
I20260630 12:20:23.726205 27466 ts_tablet_manager.cc:1434] T 9642a2b3bc304e0888857ebbe607e559 P 0c307cdd9e684ffb960d60e254cbbc80: Time spent starting tablet: real 0.007s	user 0.005s	sys 0.000s
I20260630 12:20:23.724726 27468 consensus_queue.cc:260] T 1f8be543aa814368a3c0b5cf202b741d P 3f5d03083356458fac00ad89fba2ea94 [NON_LEADER]: Queue going to NON_LEADER mode. State: All replicated index: 0, Majority replicated index: 0, Committed index: 0, Last appended: 0.0, Last appended by leader: 0, Current term: 0, Majority size: -1, State: 0, Mode: NON_LEADER, active raft config: opid_index: -1 OBSOLETE_local: false peers { permanent_uuid: "0c307cdd9e684ffb960d60e254cbbc80" member_type: VOTER last_known_addr { host: "127.25.250.193" port: 38237 } } peers { permanent_uuid: "5eb5da2da4ed44aca6ba2cb54cbf6ea1" member_type: VOTER last_known_addr { host: "127.25.250.194" port: 43369 } } peers { permanent_uuid: "3f5d03083356458fac00ad89fba2ea94" member_type: VOTER last_known_addr { host: "127.25.250.195" port: 37543 } }
I20260630 12:20:23.727197 27466 tablet_bootstrap.cc:492] T 45b86c3cd37d4defada346e30ff0f074 P 0c307cdd9e684ffb960d60e254cbbc80: Bootstrap starting.
I20260630 12:20:23.734414 27466 tablet_bootstrap.cc:654] T 45b86c3cd37d4defada346e30ff0f074 P 0c307cdd9e684ffb960d60e254cbbc80: Neither blocks nor log segments found. Creating new log.
I20260630 12:20:23.734344 27467 ts_tablet_manager.cc:1434] T 8d22137b76794424951119d7b9927558 P 5eb5da2da4ed44aca6ba2cb54cbf6ea1: Time spent starting tablet: real 0.014s	user 0.004s	sys 0.002s
I20260630 12:20:23.744057 27467 tablet_bootstrap.cc:492] T 45b86c3cd37d4defada346e30ff0f074 P 5eb5da2da4ed44aca6ba2cb54cbf6ea1: Bootstrap starting.
I20260630 12:20:23.748088 27466 tablet_bootstrap.cc:492] T 45b86c3cd37d4defada346e30ff0f074 P 0c307cdd9e684ffb960d60e254cbbc80: No bootstrap required, opened a new log
I20260630 12:20:23.748842 27466 ts_tablet_manager.cc:1403] T 45b86c3cd37d4defada346e30ff0f074 P 0c307cdd9e684ffb960d60e254cbbc80: Time spent bootstrapping tablet: real 0.022s	user 0.011s	sys 0.010s
I20260630 12:20:23.749819 27476 raft_consensus.cc:493] T 1f8be543aa814368a3c0b5cf202b741d P 3f5d03083356458fac00ad89fba2ea94 [term 0 FOLLOWER]: Starting pre-election (no leader contacted us within the election timeout)
I20260630 12:20:23.752116 27467 tablet_bootstrap.cc:654] T 45b86c3cd37d4defada346e30ff0f074 P 5eb5da2da4ed44aca6ba2cb54cbf6ea1: Neither blocks nor log segments found. Creating new log.
I20260630 12:20:23.752503 27476 raft_consensus.cc:515] T 1f8be543aa814368a3c0b5cf202b741d P 3f5d03083356458fac00ad89fba2ea94 [term 0 FOLLOWER]: Starting pre-election with config: opid_index: -1 OBSOLETE_local: false peers { permanent_uuid: "0c307cdd9e684ffb960d60e254cbbc80" member_type: VOTER last_known_addr { host: "127.25.250.193" port: 38237 } } peers { permanent_uuid: "5eb5da2da4ed44aca6ba2cb54cbf6ea1" member_type: VOTER last_known_addr { host: "127.25.250.194" port: 43369 } } peers { permanent_uuid: "3f5d03083356458fac00ad89fba2ea94" member_type: VOTER last_known_addr { host: "127.25.250.195" port: 37543 } }
I20260630 12:20:23.752336 27466 raft_consensus.cc:359] T 45b86c3cd37d4defada346e30ff0f074 P 0c307cdd9e684ffb960d60e254cbbc80 [term 0 FOLLOWER]: Replica starting. Triggering 0 pending ops. Active config: opid_index: -1 OBSOLETE_local: false peers { permanent_uuid: "0c307cdd9e684ffb960d60e254cbbc80" member_type: VOTER last_known_addr { host: "127.25.250.193" port: 38237 } } peers { permanent_uuid: "5eb5da2da4ed44aca6ba2cb54cbf6ea1" member_type: VOTER last_known_addr { host: "127.25.250.194" port: 43369 } } peers { permanent_uuid: "3f5d03083356458fac00ad89fba2ea94" member_type: VOTER last_known_addr { host: "127.25.250.195" port: 37543 } }
I20260630 12:20:23.753677 27466 raft_consensus.cc:385] T 45b86c3cd37d4defada346e30ff0f074 P 0c307cdd9e684ffb960d60e254cbbc80 [term 0 FOLLOWER]: Consensus starting up: Expiring failure detector timer to make a prompt election more likely
I20260630 12:20:23.754148 27466 raft_consensus.cc:740] T 45b86c3cd37d4defada346e30ff0f074 P 0c307cdd9e684ffb960d60e254cbbc80 [term 0 FOLLOWER]: Becoming Follower/Learner. State: Replica: 0c307cdd9e684ffb960d60e254cbbc80, State: Initialized, Role: FOLLOWER
I20260630 12:20:23.755300 27466 consensus_queue.cc:260] T 45b86c3cd37d4defada346e30ff0f074 P 0c307cdd9e684ffb960d60e254cbbc80 [NON_LEADER]: Queue going to NON_LEADER mode. State: All replicated index: 0, Majority replicated index: 0, Committed index: 0, Last appended: 0.0, Last appended by leader: 0, Current term: 0, Majority size: -1, State: 0, Mode: NON_LEADER, active raft config: opid_index: -1 OBSOLETE_local: false peers { permanent_uuid: "0c307cdd9e684ffb960d60e254cbbc80" member_type: VOTER last_known_addr { host: "127.25.250.193" port: 38237 } } peers { permanent_uuid: "5eb5da2da4ed44aca6ba2cb54cbf6ea1" member_type: VOTER last_known_addr { host: "127.25.250.194" port: 43369 } } peers { permanent_uuid: "3f5d03083356458fac00ad89fba2ea94" member_type: VOTER last_known_addr { host: "127.25.250.195" port: 37543 } }
I20260630 12:20:23.758175 27466 ts_tablet_manager.cc:1434] T 45b86c3cd37d4defada346e30ff0f074 P 0c307cdd9e684ffb960d60e254cbbc80: Time spent starting tablet: real 0.009s	user 0.007s	sys 0.000s
I20260630 12:20:23.759197 27466 tablet_bootstrap.cc:492] T a80a0fa97c3d46bd91995f3db54c98c9 P 0c307cdd9e684ffb960d60e254cbbc80: Bootstrap starting.
I20260630 12:20:23.765487 27466 tablet_bootstrap.cc:654] T a80a0fa97c3d46bd91995f3db54c98c9 P 0c307cdd9e684ffb960d60e254cbbc80: Neither blocks nor log segments found. Creating new log.
I20260630 12:20:23.772382 27468 ts_tablet_manager.cc:1434] T 1f8be543aa814368a3c0b5cf202b741d P 3f5d03083356458fac00ad89fba2ea94: Time spent starting tablet: real 0.052s	user 0.011s	sys 0.019s
I20260630 12:20:23.775223 27468 tablet_bootstrap.cc:492] T 8d22137b76794424951119d7b9927558 P 3f5d03083356458fac00ad89fba2ea94: Bootstrap starting.
I20260630 12:20:23.782579 27468 tablet_bootstrap.cc:654] T 8d22137b76794424951119d7b9927558 P 3f5d03083356458fac00ad89fba2ea94: Neither blocks nor log segments found. Creating new log.
I20260630 12:20:23.785329 27476 leader_election.cc:290] T 1f8be543aa814368a3c0b5cf202b741d P 3f5d03083356458fac00ad89fba2ea94 [CANDIDATE]: Term 1 pre-election: Requested pre-vote from peers 0c307cdd9e684ffb960d60e254cbbc80 (127.25.250.193:38237), 5eb5da2da4ed44aca6ba2cb54cbf6ea1 (127.25.250.194:43369)
I20260630 12:20:23.786118 27467 tablet_bootstrap.cc:492] T 45b86c3cd37d4defada346e30ff0f074 P 5eb5da2da4ed44aca6ba2cb54cbf6ea1: No bootstrap required, opened a new log
I20260630 12:20:23.787628 27470 raft_consensus.cc:493] T 45b86c3cd37d4defada346e30ff0f074 P 0c307cdd9e684ffb960d60e254cbbc80 [term 0 FOLLOWER]: Starting pre-election (no leader contacted us within the election timeout)
I20260630 12:20:23.787045 27467 ts_tablet_manager.cc:1403] T 45b86c3cd37d4defada346e30ff0f074 P 5eb5da2da4ed44aca6ba2cb54cbf6ea1: Time spent bootstrapping tablet: real 0.043s	user 0.020s	sys 0.019s
I20260630 12:20:23.788251 27470 raft_consensus.cc:515] T 45b86c3cd37d4defada346e30ff0f074 P 0c307cdd9e684ffb960d60e254cbbc80 [term 0 FOLLOWER]: Starting pre-election with config: opid_index: -1 OBSOLETE_local: false peers { permanent_uuid: "0c307cdd9e684ffb960d60e254cbbc80" member_type: VOTER last_known_addr { host: "127.25.250.193" port: 38237 } } peers { permanent_uuid: "5eb5da2da4ed44aca6ba2cb54cbf6ea1" member_type: VOTER last_known_addr { host: "127.25.250.194" port: 43369 } } peers { permanent_uuid: "3f5d03083356458fac00ad89fba2ea94" member_type: VOTER last_known_addr { host: "127.25.250.195" port: 37543 } }
I20260630 12:20:23.790988 27467 raft_consensus.cc:359] T 45b86c3cd37d4defada346e30ff0f074 P 5eb5da2da4ed44aca6ba2cb54cbf6ea1 [term 0 FOLLOWER]: Replica starting. Triggering 0 pending ops. Active config: opid_index: -1 OBSOLETE_local: false peers { permanent_uuid: "0c307cdd9e684ffb960d60e254cbbc80" member_type: VOTER last_known_addr { host: "127.25.250.193" port: 38237 } } peers { permanent_uuid: "5eb5da2da4ed44aca6ba2cb54cbf6ea1" member_type: VOTER last_known_addr { host: "127.25.250.194" port: 43369 } } peers { permanent_uuid: "3f5d03083356458fac00ad89fba2ea94" member_type: VOTER last_known_addr { host: "127.25.250.195" port: 37543 } }
I20260630 12:20:23.791709 27467 raft_consensus.cc:385] T 45b86c3cd37d4defada346e30ff0f074 P 5eb5da2da4ed44aca6ba2cb54cbf6ea1 [term 0 FOLLOWER]: Consensus starting up: Expiring failure detector timer to make a prompt election more likely
I20260630 12:20:23.792009 27467 raft_consensus.cc:740] T 45b86c3cd37d4defada346e30ff0f074 P 5eb5da2da4ed44aca6ba2cb54cbf6ea1 [term 0 FOLLOWER]: Becoming Follower/Learner. State: Replica: 5eb5da2da4ed44aca6ba2cb54cbf6ea1, State: Initialized, Role: FOLLOWER
I20260630 12:20:23.793012 27467 consensus_queue.cc:260] T 45b86c3cd37d4defada346e30ff0f074 P 5eb5da2da4ed44aca6ba2cb54cbf6ea1 [NON_LEADER]: Queue going to NON_LEADER mode. State: All replicated index: 0, Majority replicated index: 0, Committed index: 0, Last appended: 0.0, Last appended by leader: 0, Current term: 0, Majority size: -1, State: 0, Mode: NON_LEADER, active raft config: opid_index: -1 OBSOLETE_local: false peers { permanent_uuid: "0c307cdd9e684ffb960d60e254cbbc80" member_type: VOTER last_known_addr { host: "127.25.250.193" port: 38237 } } peers { permanent_uuid: "5eb5da2da4ed44aca6ba2cb54cbf6ea1" member_type: VOTER last_known_addr { host: "127.25.250.194" port: 43369 } } peers { permanent_uuid: "3f5d03083356458fac00ad89fba2ea94" member_type: VOTER last_known_addr { host: "127.25.250.195" port: 37543 } }
I20260630 12:20:23.795238 27470 leader_election.cc:290] T 45b86c3cd37d4defada346e30ff0f074 P 0c307cdd9e684ffb960d60e254cbbc80 [CANDIDATE]: Term 1 pre-election: Requested pre-vote from peers 5eb5da2da4ed44aca6ba2cb54cbf6ea1 (127.25.250.194:43369), 3f5d03083356458fac00ad89fba2ea94 (127.25.250.195:37543)
I20260630 12:20:23.798668 27467 ts_tablet_manager.cc:1434] T 45b86c3cd37d4defada346e30ff0f074 P 5eb5da2da4ed44aca6ba2cb54cbf6ea1: Time spent starting tablet: real 0.010s	user 0.003s	sys 0.002s
I20260630 12:20:23.802721 27467 tablet_bootstrap.cc:492] T 058006ba16df4af88a16fb728148989e P 5eb5da2da4ed44aca6ba2cb54cbf6ea1: Bootstrap starting.
I20260630 12:20:23.804171 27272 tablet_service.cc:1917] Received RequestConsensusVote() RPC: tablet_id: "1f8be543aa814368a3c0b5cf202b741d" candidate_uuid: "3f5d03083356458fac00ad89fba2ea94" candidate_term: 1 candidate_status { last_received { term: 0 index: 0 } } ignore_live_leader: false dest_uuid: "0c307cdd9e684ffb960d60e254cbbc80" is_pre_election: true
I20260630 12:20:23.805554 27466 tablet_bootstrap.cc:492] T a80a0fa97c3d46bd91995f3db54c98c9 P 0c307cdd9e684ffb960d60e254cbbc80: No bootstrap required, opened a new log
I20260630 12:20:23.806061 27466 ts_tablet_manager.cc:1403] T a80a0fa97c3d46bd91995f3db54c98c9 P 0c307cdd9e684ffb960d60e254cbbc80: Time spent bootstrapping tablet: real 0.047s	user 0.003s	sys 0.022s
W20260630 12:20:23.807781 27387 leader_election.cc:343] T 1f8be543aa814368a3c0b5cf202b741d P 3f5d03083356458fac00ad89fba2ea94 [CANDIDATE]: Term 1 pre-election: Tablet error from VoteRequest() call to peer 0c307cdd9e684ffb960d60e254cbbc80 (127.25.250.193:38237): Illegal state: must be running to vote when last-logged opid is not known
I20260630 12:20:23.809003 27467 tablet_bootstrap.cc:654] T 058006ba16df4af88a16fb728148989e P 5eb5da2da4ed44aca6ba2cb54cbf6ea1: Neither blocks nor log segments found. Creating new log.
I20260630 12:20:23.808928 27466 raft_consensus.cc:359] T a80a0fa97c3d46bd91995f3db54c98c9 P 0c307cdd9e684ffb960d60e254cbbc80 [term 0 FOLLOWER]: Replica starting. Triggering 0 pending ops. Active config: opid_index: -1 OBSOLETE_local: false peers { permanent_uuid: "0c307cdd9e684ffb960d60e254cbbc80" member_type: VOTER last_known_addr { host: "127.25.250.193" port: 38237 } } peers { permanent_uuid: "5eb5da2da4ed44aca6ba2cb54cbf6ea1" member_type: VOTER last_known_addr { host: "127.25.250.194" port: 43369 } } peers { permanent_uuid: "3f5d03083356458fac00ad89fba2ea94" member_type: VOTER last_known_addr { host: "127.25.250.195" port: 37543 } }
I20260630 12:20:23.809803 27466 raft_consensus.cc:385] T a80a0fa97c3d46bd91995f3db54c98c9 P 0c307cdd9e684ffb960d60e254cbbc80 [term 0 FOLLOWER]: Consensus starting up: Expiring failure detector timer to make a prompt election more likely
I20260630 12:20:23.810086 27468 tablet_bootstrap.cc:492] T 8d22137b76794424951119d7b9927558 P 3f5d03083356458fac00ad89fba2ea94: No bootstrap required, opened a new log
I20260630 12:20:23.810194 27466 raft_consensus.cc:740] T a80a0fa97c3d46bd91995f3db54c98c9 P 0c307cdd9e684ffb960d60e254cbbc80 [term 0 FOLLOWER]: Becoming Follower/Learner. State: Replica: 0c307cdd9e684ffb960d60e254cbbc80, State: Initialized, Role: FOLLOWER
I20260630 12:20:23.810806 27468 ts_tablet_manager.cc:1403] T 8d22137b76794424951119d7b9927558 P 3f5d03083356458fac00ad89fba2ea94: Time spent bootstrapping tablet: real 0.036s	user 0.005s	sys 0.012s
I20260630 12:20:23.811550 27466 consensus_queue.cc:260] T a80a0fa97c3d46bd91995f3db54c98c9 P 0c307cdd9e684ffb960d60e254cbbc80 [NON_LEADER]: Queue going to NON_LEADER mode. State: All replicated index: 0, Majority replicated index: 0, Committed index: 0, Last appended: 0.0, Last appended by leader: 0, Current term: 0, Majority size: -1, State: 0, Mode: NON_LEADER, active raft config: opid_index: -1 OBSOLETE_local: false peers { permanent_uuid: "0c307cdd9e684ffb960d60e254cbbc80" member_type: VOTER last_known_addr { host: "127.25.250.193" port: 38237 } } peers { permanent_uuid: "5eb5da2da4ed44aca6ba2cb54cbf6ea1" member_type: VOTER last_known_addr { host: "127.25.250.194" port: 43369 } } peers { permanent_uuid: "3f5d03083356458fac00ad89fba2ea94" member_type: VOTER last_known_addr { host: "127.25.250.195" port: 37543 } }
I20260630 12:20:23.815924 27468 raft_consensus.cc:359] T 8d22137b76794424951119d7b9927558 P 3f5d03083356458fac00ad89fba2ea94 [term 0 FOLLOWER]: Replica starting. Triggering 0 pending ops. Active config: opid_index: -1 OBSOLETE_local: false peers { permanent_uuid: "0c307cdd9e684ffb960d60e254cbbc80" member_type: VOTER last_known_addr { host: "127.25.250.193" port: 38237 } } peers { permanent_uuid: "5eb5da2da4ed44aca6ba2cb54cbf6ea1" member_type: VOTER last_known_addr { host: "127.25.250.194" port: 43369 } } peers { permanent_uuid: "3f5d03083356458fac00ad89fba2ea94" member_type: VOTER last_known_addr { host: "127.25.250.195" port: 37543 } }
I20260630 12:20:23.817001 27468 raft_consensus.cc:385] T 8d22137b76794424951119d7b9927558 P 3f5d03083356458fac00ad89fba2ea94 [term 0 FOLLOWER]: Consensus starting up: Expiring failure detector timer to make a prompt election more likely
I20260630 12:20:23.817442 27468 raft_consensus.cc:740] T 8d22137b76794424951119d7b9927558 P 3f5d03083356458fac00ad89fba2ea94 [term 0 FOLLOWER]: Becoming Follower/Learner. State: Replica: 3f5d03083356458fac00ad89fba2ea94, State: Initialized, Role: FOLLOWER
I20260630 12:20:23.818931 27466 ts_tablet_manager.cc:1434] T a80a0fa97c3d46bd91995f3db54c98c9 P 0c307cdd9e684ffb960d60e254cbbc80: Time spent starting tablet: real 0.013s	user 0.008s	sys 0.001s
I20260630 12:20:23.818732 27421 tablet_service.cc:1917] Received RequestConsensusVote() RPC: tablet_id: "45b86c3cd37d4defada346e30ff0f074" candidate_uuid: "0c307cdd9e684ffb960d60e254cbbc80" candidate_term: 1 candidate_status { last_received { term: 0 index: 0 } } ignore_live_leader: false dest_uuid: "3f5d03083356458fac00ad89fba2ea94" is_pre_election: true
I20260630 12:20:23.818475 27468 consensus_queue.cc:260] T 8d22137b76794424951119d7b9927558 P 3f5d03083356458fac00ad89fba2ea94 [NON_LEADER]: Queue going to NON_LEADER mode. State: All replicated index: 0, Majority replicated index: 0, Committed index: 0, Last appended: 0.0, Last appended by leader: 0, Current term: 0, Majority size: -1, State: 0, Mode: NON_LEADER, active raft config: opid_index: -1 OBSOLETE_local: false peers { permanent_uuid: "0c307cdd9e684ffb960d60e254cbbc80" member_type: VOTER last_known_addr { host: "127.25.250.193" port: 38237 } } peers { permanent_uuid: "5eb5da2da4ed44aca6ba2cb54cbf6ea1" member_type: VOTER last_known_addr { host: "127.25.250.194" port: 43369 } } peers { permanent_uuid: "3f5d03083356458fac00ad89fba2ea94" member_type: VOTER last_known_addr { host: "127.25.250.195" port: 37543 } }
I20260630 12:20:23.819965 27466 tablet_bootstrap.cc:492] T 058006ba16df4af88a16fb728148989e P 0c307cdd9e684ffb960d60e254cbbc80: Bootstrap starting.
W20260630 12:20:23.820497 27235 leader_election.cc:343] T 45b86c3cd37d4defada346e30ff0f074 P 0c307cdd9e684ffb960d60e254cbbc80 [CANDIDATE]: Term 1 pre-election: Tablet error from VoteRequest() call to peer 3f5d03083356458fac00ad89fba2ea94 (127.25.250.195:37543): Illegal state: must be running to vote when last-logged opid is not known
I20260630 12:20:23.822049 27468 ts_tablet_manager.cc:1434] T 8d22137b76794424951119d7b9927558 P 3f5d03083356458fac00ad89fba2ea94: Time spent starting tablet: real 0.011s	user 0.006s	sys 0.002s
I20260630 12:20:23.823431 27468 tablet_bootstrap.cc:492] T aa541e4edd404ea9bbdd0f3368713183 P 3f5d03083356458fac00ad89fba2ea94: Bootstrap starting.
I20260630 12:20:23.826152 27466 tablet_bootstrap.cc:654] T 058006ba16df4af88a16fb728148989e P 0c307cdd9e684ffb960d60e254cbbc80: Neither blocks nor log segments found. Creating new log.
I20260630 12:20:23.839524 27347 tablet_service.cc:1917] Received RequestConsensusVote() RPC: tablet_id: "45b86c3cd37d4defada346e30ff0f074" candidate_uuid: "0c307cdd9e684ffb960d60e254cbbc80" candidate_term: 1 candidate_status { last_received { term: 0 index: 0 } } ignore_live_leader: false dest_uuid: "5eb5da2da4ed44aca6ba2cb54cbf6ea1" is_pre_election: true
I20260630 12:20:23.840291 27347 raft_consensus.cc:2468] T 45b86c3cd37d4defada346e30ff0f074 P 5eb5da2da4ed44aca6ba2cb54cbf6ea1 [term 0 FOLLOWER]: Leader pre-election vote request: Granting yes vote for candidate 0c307cdd9e684ffb960d60e254cbbc80 in term 0.
I20260630 12:20:23.842231 27468 tablet_bootstrap.cc:654] T aa541e4edd404ea9bbdd0f3368713183 P 3f5d03083356458fac00ad89fba2ea94: Neither blocks nor log segments found. Creating new log.
I20260630 12:20:23.842623 27235 leader_election.cc:304] T 45b86c3cd37d4defada346e30ff0f074 P 0c307cdd9e684ffb960d60e254cbbc80 [CANDIDATE]: Term 1 pre-election: Election decided. Result: candidate won. Election summary: received 3 responses out of 3 voters: 2 yes votes; 1 no votes. yes voters: 0c307cdd9e684ffb960d60e254cbbc80, 5eb5da2da4ed44aca6ba2cb54cbf6ea1; no voters: 3f5d03083356458fac00ad89fba2ea94
I20260630 12:20:23.844977 27470 raft_consensus.cc:2804] T 45b86c3cd37d4defada346e30ff0f074 P 0c307cdd9e684ffb960d60e254cbbc80 [term 0 FOLLOWER]: Leader pre-election won for term 1
I20260630 12:20:23.845705 27470 raft_consensus.cc:493] T 45b86c3cd37d4defada346e30ff0f074 P 0c307cdd9e684ffb960d60e254cbbc80 [term 0 FOLLOWER]: Starting leader election (no leader contacted us within the election timeout)
I20260630 12:20:23.846131 27470 raft_consensus.cc:3060] T 45b86c3cd37d4defada346e30ff0f074 P 0c307cdd9e684ffb960d60e254cbbc80 [term 0 FOLLOWER]: Advancing to term 1
I20260630 12:20:23.851699 27466 tablet_bootstrap.cc:492] T 058006ba16df4af88a16fb728148989e P 0c307cdd9e684ffb960d60e254cbbc80: No bootstrap required, opened a new log
I20260630 12:20:23.852244 27466 ts_tablet_manager.cc:1403] T 058006ba16df4af88a16fb728148989e P 0c307cdd9e684ffb960d60e254cbbc80: Time spent bootstrapping tablet: real 0.032s	user 0.015s	sys 0.015s
I20260630 12:20:23.855103 27466 raft_consensus.cc:359] T 058006ba16df4af88a16fb728148989e P 0c307cdd9e684ffb960d60e254cbbc80 [term 0 FOLLOWER]: Replica starting. Triggering 0 pending ops. Active config: opid_index: -1 OBSOLETE_local: false peers { permanent_uuid: "3f5d03083356458fac00ad89fba2ea94" member_type: VOTER last_known_addr { host: "127.25.250.195" port: 37543 } } peers { permanent_uuid: "0c307cdd9e684ffb960d60e254cbbc80" member_type: VOTER last_known_addr { host: "127.25.250.193" port: 38237 } } peers { permanent_uuid: "5eb5da2da4ed44aca6ba2cb54cbf6ea1" member_type: VOTER last_known_addr { host: "127.25.250.194" port: 43369 } }
I20260630 12:20:23.855665 27347 tablet_service.cc:1917] Received RequestConsensusVote() RPC: tablet_id: "1f8be543aa814368a3c0b5cf202b741d" candidate_uuid: "3f5d03083356458fac00ad89fba2ea94" candidate_term: 1 candidate_status { last_received { term: 0 index: 0 } } ignore_live_leader: false dest_uuid: "5eb5da2da4ed44aca6ba2cb54cbf6ea1" is_pre_election: true
I20260630 12:20:23.856756 27467 tablet_bootstrap.cc:492] T 058006ba16df4af88a16fb728148989e P 5eb5da2da4ed44aca6ba2cb54cbf6ea1: No bootstrap required, opened a new log
I20260630 12:20:23.855810 27466 raft_consensus.cc:385] T 058006ba16df4af88a16fb728148989e P 0c307cdd9e684ffb960d60e254cbbc80 [term 0 FOLLOWER]: Consensus starting up: Expiring failure detector timer to make a prompt election more likely
W20260630 12:20:23.857754 27384 leader_election.cc:343] T 1f8be543aa814368a3c0b5cf202b741d P 3f5d03083356458fac00ad89fba2ea94 [CANDIDATE]: Term 1 pre-election: Tablet error from VoteRequest() call to peer 5eb5da2da4ed44aca6ba2cb54cbf6ea1 (127.25.250.194:43369): Illegal state: must be running to vote when last-logged opid is not known
I20260630 12:20:23.858024 27466 raft_consensus.cc:740] T 058006ba16df4af88a16fb728148989e P 0c307cdd9e684ffb960d60e254cbbc80 [term 0 FOLLOWER]: Becoming Follower/Learner. State: Replica: 0c307cdd9e684ffb960d60e254cbbc80, State: Initialized, Role: FOLLOWER
I20260630 12:20:23.858224 27384 leader_election.cc:304] T 1f8be543aa814368a3c0b5cf202b741d P 3f5d03083356458fac00ad89fba2ea94 [CANDIDATE]: Term 1 pre-election: Election decided. Result: candidate lost. Election summary: received 3 responses out of 3 voters: 1 yes votes; 2 no votes. yes voters: 3f5d03083356458fac00ad89fba2ea94; no voters: 0c307cdd9e684ffb960d60e254cbbc80, 5eb5da2da4ed44aca6ba2cb54cbf6ea1
I20260630 12:20:23.859019 27476 raft_consensus.cc:2749] T 1f8be543aa814368a3c0b5cf202b741d P 3f5d03083356458fac00ad89fba2ea94 [term 0 FOLLOWER]: Leader pre-election lost for term 1. Reason: could not achieve majority
I20260630 12:20:23.858860 27466 consensus_queue.cc:260] T 058006ba16df4af88a16fb728148989e P 0c307cdd9e684ffb960d60e254cbbc80 [NON_LEADER]: Queue going to NON_LEADER mode. State: All replicated index: 0, Majority replicated index: 0, Committed index: 0, Last appended: 0.0, Last appended by leader: 0, Current term: 0, Majority size: -1, State: 0, Mode: NON_LEADER, active raft config: opid_index: -1 OBSOLETE_local: false peers { permanent_uuid: "3f5d03083356458fac00ad89fba2ea94" member_type: VOTER last_known_addr { host: "127.25.250.195" port: 37543 } } peers { permanent_uuid: "0c307cdd9e684ffb960d60e254cbbc80" member_type: VOTER last_known_addr { host: "127.25.250.193" port: 38237 } } peers { permanent_uuid: "5eb5da2da4ed44aca6ba2cb54cbf6ea1" member_type: VOTER last_known_addr { host: "127.25.250.194" port: 43369 } }
I20260630 12:20:23.859401 27468 tablet_bootstrap.cc:492] T aa541e4edd404ea9bbdd0f3368713183 P 3f5d03083356458fac00ad89fba2ea94: No bootstrap required, opened a new log
I20260630 12:20:23.859949 27468 ts_tablet_manager.cc:1403] T aa541e4edd404ea9bbdd0f3368713183 P 3f5d03083356458fac00ad89fba2ea94: Time spent bootstrapping tablet: real 0.037s	user 0.015s	sys 0.009s
I20260630 12:20:23.857245 27467 ts_tablet_manager.cc:1403] T 058006ba16df4af88a16fb728148989e P 5eb5da2da4ed44aca6ba2cb54cbf6ea1: Time spent bootstrapping tablet: real 0.055s	user 0.008s	sys 0.022s
I20260630 12:20:23.860644 27470 raft_consensus.cc:515] T 45b86c3cd37d4defada346e30ff0f074 P 0c307cdd9e684ffb960d60e254cbbc80 [term 1 FOLLOWER]: Starting leader election with config: opid_index: -1 OBSOLETE_local: false peers { permanent_uuid: "0c307cdd9e684ffb960d60e254cbbc80" member_type: VOTER last_known_addr { host: "127.25.250.193" port: 38237 } } peers { permanent_uuid: "5eb5da2da4ed44aca6ba2cb54cbf6ea1" member_type: VOTER last_known_addr { host: "127.25.250.194" port: 43369 } } peers { permanent_uuid: "3f5d03083356458fac00ad89fba2ea94" member_type: VOTER last_known_addr { host: "127.25.250.195" port: 37543 } }
I20260630 12:20:23.862248 27470 leader_election.cc:290] T 45b86c3cd37d4defada346e30ff0f074 P 0c307cdd9e684ffb960d60e254cbbc80 [CANDIDATE]: Term 1 election: Requested vote from peers 5eb5da2da4ed44aca6ba2cb54cbf6ea1 (127.25.250.194:43369), 3f5d03083356458fac00ad89fba2ea94 (127.25.250.195:37543)
I20260630 12:20:23.863003 27468 raft_consensus.cc:359] T aa541e4edd404ea9bbdd0f3368713183 P 3f5d03083356458fac00ad89fba2ea94 [term 0 FOLLOWER]: Replica starting. Triggering 0 pending ops. Active config: opid_index: -1 OBSOLETE_local: false peers { permanent_uuid: "0c307cdd9e684ffb960d60e254cbbc80" member_type: VOTER last_known_addr { host: "127.25.250.193" port: 38237 } } peers { permanent_uuid: "5eb5da2da4ed44aca6ba2cb54cbf6ea1" member_type: VOTER last_known_addr { host: "127.25.250.194" port: 43369 } } peers { permanent_uuid: "3f5d03083356458fac00ad89fba2ea94" member_type: VOTER last_known_addr { host: "127.25.250.195" port: 37543 } }
I20260630 12:20:23.863469 27421 tablet_service.cc:1917] Received RequestConsensusVote() RPC: tablet_id: "45b86c3cd37d4defada346e30ff0f074" candidate_uuid: "0c307cdd9e684ffb960d60e254cbbc80" candidate_term: 1 candidate_status { last_received { term: 0 index: 0 } } ignore_live_leader: false dest_uuid: "3f5d03083356458fac00ad89fba2ea94"
I20260630 12:20:23.863816 27468 raft_consensus.cc:385] T aa541e4edd404ea9bbdd0f3368713183 P 3f5d03083356458fac00ad89fba2ea94 [term 0 FOLLOWER]: Consensus starting up: Expiring failure detector timer to make a prompt election more likely
I20260630 12:20:23.864141 27489 raft_consensus.cc:493] T 9642a2b3bc304e0888857ebbe607e559 P 0c307cdd9e684ffb960d60e254cbbc80 [term 0 FOLLOWER]: Starting pre-election (no leader contacted us within the election timeout)
I20260630 12:20:23.864573 27466 ts_tablet_manager.cc:1434] T 058006ba16df4af88a16fb728148989e P 0c307cdd9e684ffb960d60e254cbbc80: Time spent starting tablet: real 0.012s	user 0.002s	sys 0.006s
I20260630 12:20:23.864856 27489 raft_consensus.cc:515] T 9642a2b3bc304e0888857ebbe607e559 P 0c307cdd9e684ffb960d60e254cbbc80 [term 0 FOLLOWER]: Starting pre-election with config: opid_index: -1 OBSOLETE_local: false peers { permanent_uuid: "0c307cdd9e684ffb960d60e254cbbc80" member_type: VOTER last_known_addr { host: "127.25.250.193" port: 38237 } } peers { permanent_uuid: "5eb5da2da4ed44aca6ba2cb54cbf6ea1" member_type: VOTER last_known_addr { host: "127.25.250.194" port: 43369 } } peers { permanent_uuid: "3f5d03083356458fac00ad89fba2ea94" member_type: VOTER last_known_addr { host: "127.25.250.195" port: 37543 } }
I20260630 12:20:23.865648 27466 tablet_bootstrap.cc:492] T aa541e4edd404ea9bbdd0f3368713183 P 0c307cdd9e684ffb960d60e254cbbc80: Bootstrap starting.
I20260630 12:20:23.865582 27467 raft_consensus.cc:359] T 058006ba16df4af88a16fb728148989e P 5eb5da2da4ed44aca6ba2cb54cbf6ea1 [term 0 FOLLOWER]: Replica starting. Triggering 0 pending ops. Active config: opid_index: -1 OBSOLETE_local: false peers { permanent_uuid: "3f5d03083356458fac00ad89fba2ea94" member_type: VOTER last_known_addr { host: "127.25.250.195" port: 37543 } } peers { permanent_uuid: "0c307cdd9e684ffb960d60e254cbbc80" member_type: VOTER last_known_addr { host: "127.25.250.193" port: 38237 } } peers { permanent_uuid: "5eb5da2da4ed44aca6ba2cb54cbf6ea1" member_type: VOTER last_known_addr { host: "127.25.250.194" port: 43369 } }
I20260630 12:20:23.866430 27467 raft_consensus.cc:385] T 058006ba16df4af88a16fb728148989e P 5eb5da2da4ed44aca6ba2cb54cbf6ea1 [term 0 FOLLOWER]: Consensus starting up: Expiring failure detector timer to make a prompt election more likely
I20260630 12:20:23.866822 27467 raft_consensus.cc:740] T 058006ba16df4af88a16fb728148989e P 5eb5da2da4ed44aca6ba2cb54cbf6ea1 [term 0 FOLLOWER]: Becoming Follower/Learner. State: Replica: 5eb5da2da4ed44aca6ba2cb54cbf6ea1, State: Initialized, Role: FOLLOWER
I20260630 12:20:23.867465 27489 leader_election.cc:290] T 9642a2b3bc304e0888857ebbe607e559 P 0c307cdd9e684ffb960d60e254cbbc80 [CANDIDATE]: Term 1 pre-election: Requested pre-vote from peers 5eb5da2da4ed44aca6ba2cb54cbf6ea1 (127.25.250.194:43369), 3f5d03083356458fac00ad89fba2ea94 (127.25.250.195:37543)
I20260630 12:20:23.864179 27468 raft_consensus.cc:740] T aa541e4edd404ea9bbdd0f3368713183 P 3f5d03083356458fac00ad89fba2ea94 [term 0 FOLLOWER]: Becoming Follower/Learner. State: Replica: 3f5d03083356458fac00ad89fba2ea94, State: Initialized, Role: FOLLOWER
I20260630 12:20:23.867651 27467 consensus_queue.cc:260] T 058006ba16df4af88a16fb728148989e P 5eb5da2da4ed44aca6ba2cb54cbf6ea1 [NON_LEADER]: Queue going to NON_LEADER mode. State: All replicated index: 0, Majority replicated index: 0, Committed index: 0, Last appended: 0.0, Last appended by leader: 0, Current term: 0, Majority size: -1, State: 0, Mode: NON_LEADER, active raft config: opid_index: -1 OBSOLETE_local: false peers { permanent_uuid: "3f5d03083356458fac00ad89fba2ea94" member_type: VOTER last_known_addr { host: "127.25.250.195" port: 37543 } } peers { permanent_uuid: "0c307cdd9e684ffb960d60e254cbbc80" member_type: VOTER last_known_addr { host: "127.25.250.193" port: 38237 } } peers { permanent_uuid: "5eb5da2da4ed44aca6ba2cb54cbf6ea1" member_type: VOTER last_known_addr { host: "127.25.250.194" port: 43369 } }
I20260630 12:20:23.868588 27468 consensus_queue.cc:260] T aa541e4edd404ea9bbdd0f3368713183 P 3f5d03083356458fac00ad89fba2ea94 [NON_LEADER]: Queue going to NON_LEADER mode. State: All replicated index: 0, Majority replicated index: 0, Committed index: 0, Last appended: 0.0, Last appended by leader: 0, Current term: 0, Majority size: -1, State: 0, Mode: NON_LEADER, active raft config: opid_index: -1 OBSOLETE_local: false peers { permanent_uuid: "0c307cdd9e684ffb960d60e254cbbc80" member_type: VOTER last_known_addr { host: "127.25.250.193" port: 38237 } } peers { permanent_uuid: "5eb5da2da4ed44aca6ba2cb54cbf6ea1" member_type: VOTER last_known_addr { host: "127.25.250.194" port: 43369 } } peers { permanent_uuid: "3f5d03083356458fac00ad89fba2ea94" member_type: VOTER last_known_addr { host: "127.25.250.195" port: 37543 } }
I20260630 12:20:23.871496 27468 ts_tablet_manager.cc:1434] T aa541e4edd404ea9bbdd0f3368713183 P 3f5d03083356458fac00ad89fba2ea94: Time spent starting tablet: real 0.011s	user 0.007s	sys 0.000s
I20260630 12:20:23.871641 27466 tablet_bootstrap.cc:654] T aa541e4edd404ea9bbdd0f3368713183 P 0c307cdd9e684ffb960d60e254cbbc80: Neither blocks nor log segments found. Creating new log.
I20260630 12:20:23.871941 27467 ts_tablet_manager.cc:1434] T 058006ba16df4af88a16fb728148989e P 5eb5da2da4ed44aca6ba2cb54cbf6ea1: Time spent starting tablet: real 0.012s	user 0.005s	sys 0.000s
I20260630 12:20:23.872641 27468 tablet_bootstrap.cc:492] T 058006ba16df4af88a16fb728148989e P 3f5d03083356458fac00ad89fba2ea94: Bootstrap starting.
I20260630 12:20:23.873023 27467 tablet_bootstrap.cc:492] T aa541e4edd404ea9bbdd0f3368713183 P 5eb5da2da4ed44aca6ba2cb54cbf6ea1: Bootstrap starting.
I20260630 12:20:23.878906 27468 tablet_bootstrap.cc:654] T 058006ba16df4af88a16fb728148989e P 3f5d03083356458fac00ad89fba2ea94: Neither blocks nor log segments found. Creating new log.
I20260630 12:20:23.880927 27467 tablet_bootstrap.cc:654] T aa541e4edd404ea9bbdd0f3368713183 P 5eb5da2da4ed44aca6ba2cb54cbf6ea1: Neither blocks nor log segments found. Creating new log.
I20260630 12:20:23.887351 27466 tablet_bootstrap.cc:492] T aa541e4edd404ea9bbdd0f3368713183 P 0c307cdd9e684ffb960d60e254cbbc80: No bootstrap required, opened a new log
I20260630 12:20:23.887923 27466 ts_tablet_manager.cc:1403] T aa541e4edd404ea9bbdd0f3368713183 P 0c307cdd9e684ffb960d60e254cbbc80: Time spent bootstrapping tablet: real 0.023s	user 0.012s	sys 0.010s
W20260630 12:20:23.868186 27235 leader_election.cc:343] T 45b86c3cd37d4defada346e30ff0f074 P 0c307cdd9e684ffb960d60e254cbbc80 [CANDIDATE]: Term 1 election: Tablet error from VoteRequest() call to peer 3f5d03083356458fac00ad89fba2ea94 (127.25.250.195:37543): Illegal state: must be running to vote when last-logged opid is not known
I20260630 12:20:23.888538 27467 tablet_bootstrap.cc:492] T aa541e4edd404ea9bbdd0f3368713183 P 5eb5da2da4ed44aca6ba2cb54cbf6ea1: No bootstrap required, opened a new log
I20260630 12:20:23.889034 27467 ts_tablet_manager.cc:1403] T aa541e4edd404ea9bbdd0f3368713183 P 5eb5da2da4ed44aca6ba2cb54cbf6ea1: Time spent bootstrapping tablet: real 0.016s	user 0.007s	sys 0.007s
I20260630 12:20:23.889464 27421 tablet_service.cc:1917] Received RequestConsensusVote() RPC: tablet_id: "9642a2b3bc304e0888857ebbe607e559" candidate_uuid: "0c307cdd9e684ffb960d60e254cbbc80" candidate_term: 1 candidate_status { last_received { term: 0 index: 0 } } ignore_live_leader: false dest_uuid: "3f5d03083356458fac00ad89fba2ea94" is_pre_election: true
I20260630 12:20:23.890730 27466 raft_consensus.cc:359] T aa541e4edd404ea9bbdd0f3368713183 P 0c307cdd9e684ffb960d60e254cbbc80 [term 0 FOLLOWER]: Replica starting. Triggering 0 pending ops. Active config: opid_index: -1 OBSOLETE_local: false peers { permanent_uuid: "0c307cdd9e684ffb960d60e254cbbc80" member_type: VOTER last_known_addr { host: "127.25.250.193" port: 38237 } } peers { permanent_uuid: "5eb5da2da4ed44aca6ba2cb54cbf6ea1" member_type: VOTER last_known_addr { host: "127.25.250.194" port: 43369 } } peers { permanent_uuid: "3f5d03083356458fac00ad89fba2ea94" member_type: VOTER last_known_addr { host: "127.25.250.195" port: 37543 } }
I20260630 12:20:23.891484 27466 raft_consensus.cc:385] T aa541e4edd404ea9bbdd0f3368713183 P 0c307cdd9e684ffb960d60e254cbbc80 [term 0 FOLLOWER]: Consensus starting up: Expiring failure detector timer to make a prompt election more likely
I20260630 12:20:23.891816 27466 raft_consensus.cc:740] T aa541e4edd404ea9bbdd0f3368713183 P 0c307cdd9e684ffb960d60e254cbbc80 [term 0 FOLLOWER]: Becoming Follower/Learner. State: Replica: 0c307cdd9e684ffb960d60e254cbbc80, State: Initialized, Role: FOLLOWER
I20260630 12:20:23.892001 27467 raft_consensus.cc:359] T aa541e4edd404ea9bbdd0f3368713183 P 5eb5da2da4ed44aca6ba2cb54cbf6ea1 [term 0 FOLLOWER]: Replica starting. Triggering 0 pending ops. Active config: opid_index: -1 OBSOLETE_local: false peers { permanent_uuid: "0c307cdd9e684ffb960d60e254cbbc80" member_type: VOTER last_known_addr { host: "127.25.250.193" port: 38237 } } peers { permanent_uuid: "5eb5da2da4ed44aca6ba2cb54cbf6ea1" member_type: VOTER last_known_addr { host: "127.25.250.194" port: 43369 } } peers { permanent_uuid: "3f5d03083356458fac00ad89fba2ea94" member_type: VOTER last_known_addr { host: "127.25.250.195" port: 37543 } }
I20260630 12:20:23.892611 27466 consensus_queue.cc:260] T aa541e4edd404ea9bbdd0f3368713183 P 0c307cdd9e684ffb960d60e254cbbc80 [NON_LEADER]: Queue going to NON_LEADER mode. State: All replicated index: 0, Majority replicated index: 0, Committed index: 0, Last appended: 0.0, Last appended by leader: 0, Current term: 0, Majority size: -1, State: 0, Mode: NON_LEADER, active raft config: opid_index: -1 OBSOLETE_local: false peers { permanent_uuid: "0c307cdd9e684ffb960d60e254cbbc80" member_type: VOTER last_known_addr { host: "127.25.250.193" port: 38237 } } peers { permanent_uuid: "5eb5da2da4ed44aca6ba2cb54cbf6ea1" member_type: VOTER last_known_addr { host: "127.25.250.194" port: 43369 } } peers { permanent_uuid: "3f5d03083356458fac00ad89fba2ea94" member_type: VOTER last_known_addr { host: "127.25.250.195" port: 37543 } }
I20260630 12:20:23.892802 27347 tablet_service.cc:1917] Received RequestConsensusVote() RPC: tablet_id: "45b86c3cd37d4defada346e30ff0f074" candidate_uuid: "0c307cdd9e684ffb960d60e254cbbc80" candidate_term: 1 candidate_status { last_received { term: 0 index: 0 } } ignore_live_leader: false dest_uuid: "5eb5da2da4ed44aca6ba2cb54cbf6ea1"
I20260630 12:20:23.893738 27347 raft_consensus.cc:3060] T 45b86c3cd37d4defada346e30ff0f074 P 5eb5da2da4ed44aca6ba2cb54cbf6ea1 [term 0 FOLLOWER]: Advancing to term 1
I20260630 12:20:23.895260 27466 ts_tablet_manager.cc:1434] T aa541e4edd404ea9bbdd0f3368713183 P 0c307cdd9e684ffb960d60e254cbbc80: Time spent starting tablet: real 0.007s	user 0.000s	sys 0.005s
I20260630 12:20:23.892871 27467 raft_consensus.cc:385] T aa541e4edd404ea9bbdd0f3368713183 P 5eb5da2da4ed44aca6ba2cb54cbf6ea1 [term 0 FOLLOWER]: Consensus starting up: Expiring failure detector timer to make a prompt election more likely
I20260630 12:20:23.895625 27467 raft_consensus.cc:740] T aa541e4edd404ea9bbdd0f3368713183 P 5eb5da2da4ed44aca6ba2cb54cbf6ea1 [term 0 FOLLOWER]: Becoming Follower/Learner. State: Replica: 5eb5da2da4ed44aca6ba2cb54cbf6ea1, State: Initialized, Role: FOLLOWER
I20260630 12:20:23.896245 27466 tablet_bootstrap.cc:492] T 8d22137b76794424951119d7b9927558 P 0c307cdd9e684ffb960d60e254cbbc80: Bootstrap starting.
I20260630 12:20:23.896678 27467 consensus_queue.cc:260] T aa541e4edd404ea9bbdd0f3368713183 P 5eb5da2da4ed44aca6ba2cb54cbf6ea1 [NON_LEADER]: Queue going to NON_LEADER mode. State: All replicated index: 0, Majority replicated index: 0, Committed index: 0, Last appended: 0.0, Last appended by leader: 0, Current term: 0, Majority size: -1, State: 0, Mode: NON_LEADER, active raft config: opid_index: -1 OBSOLETE_local: false peers { permanent_uuid: "0c307cdd9e684ffb960d60e254cbbc80" member_type: VOTER last_known_addr { host: "127.25.250.193" port: 38237 } } peers { permanent_uuid: "5eb5da2da4ed44aca6ba2cb54cbf6ea1" member_type: VOTER last_known_addr { host: "127.25.250.194" port: 43369 } } peers { permanent_uuid: "3f5d03083356458fac00ad89fba2ea94" member_type: VOTER last_known_addr { host: "127.25.250.195" port: 37543 } }
I20260630 12:20:23.900252 27468 tablet_bootstrap.cc:492] T 058006ba16df4af88a16fb728148989e P 3f5d03083356458fac00ad89fba2ea94: No bootstrap required, opened a new log
I20260630 12:20:23.900751 27468 ts_tablet_manager.cc:1403] T 058006ba16df4af88a16fb728148989e P 3f5d03083356458fac00ad89fba2ea94: Time spent bootstrapping tablet: real 0.028s	user 0.014s	sys 0.009s
I20260630 12:20:23.902906 27466 tablet_bootstrap.cc:654] T 8d22137b76794424951119d7b9927558 P 0c307cdd9e684ffb960d60e254cbbc80: Neither blocks nor log segments found. Creating new log.
I20260630 12:20:23.903369 27347 raft_consensus.cc:2468] T 45b86c3cd37d4defada346e30ff0f074 P 5eb5da2da4ed44aca6ba2cb54cbf6ea1 [term 1 FOLLOWER]: Leader election vote request: Granting yes vote for candidate 0c307cdd9e684ffb960d60e254cbbc80 in term 1.
I20260630 12:20:23.903620 27468 raft_consensus.cc:359] T 058006ba16df4af88a16fb728148989e P 3f5d03083356458fac00ad89fba2ea94 [term 0 FOLLOWER]: Replica starting. Triggering 0 pending ops. Active config: opid_index: -1 OBSOLETE_local: false peers { permanent_uuid: "3f5d03083356458fac00ad89fba2ea94" member_type: VOTER last_known_addr { host: "127.25.250.195" port: 37543 } } peers { permanent_uuid: "0c307cdd9e684ffb960d60e254cbbc80" member_type: VOTER last_known_addr { host: "127.25.250.193" port: 38237 } } peers { permanent_uuid: "5eb5da2da4ed44aca6ba2cb54cbf6ea1" member_type: VOTER last_known_addr { host: "127.25.250.194" port: 43369 } }
I20260630 12:20:23.904408 27468 raft_consensus.cc:385] T 058006ba16df4af88a16fb728148989e P 3f5d03083356458fac00ad89fba2ea94 [term 0 FOLLOWER]: Consensus starting up: Expiring failure detector timer to make a prompt election more likely
I20260630 12:20:23.904691 27468 raft_consensus.cc:740] T 058006ba16df4af88a16fb728148989e P 3f5d03083356458fac00ad89fba2ea94 [term 0 FOLLOWER]: Becoming Follower/Learner. State: Replica: 3f5d03083356458fac00ad89fba2ea94, State: Initialized, Role: FOLLOWER
I20260630 12:20:23.905364 27468 consensus_queue.cc:260] T 058006ba16df4af88a16fb728148989e P 3f5d03083356458fac00ad89fba2ea94 [NON_LEADER]: Queue going to NON_LEADER mode. State: All replicated index: 0, Majority replicated index: 0, Committed index: 0, Last appended: 0.0, Last appended by leader: 0, Current term: 0, Majority size: -1, State: 0, Mode: NON_LEADER, active raft config: opid_index: -1 OBSOLETE_local: false peers { permanent_uuid: "3f5d03083356458fac00ad89fba2ea94" member_type: VOTER last_known_addr { host: "127.25.250.195" port: 37543 } } peers { permanent_uuid: "0c307cdd9e684ffb960d60e254cbbc80" member_type: VOTER last_known_addr { host: "127.25.250.193" port: 38237 } } peers { permanent_uuid: "5eb5da2da4ed44aca6ba2cb54cbf6ea1" member_type: VOTER last_known_addr { host: "127.25.250.194" port: 43369 } }
I20260630 12:20:23.907960 27468 ts_tablet_manager.cc:1434] T 058006ba16df4af88a16fb728148989e P 3f5d03083356458fac00ad89fba2ea94: Time spent starting tablet: real 0.007s	user 0.004s	sys 0.000s
I20260630 12:20:23.909152 27466 tablet_bootstrap.cc:492] T 8d22137b76794424951119d7b9927558 P 0c307cdd9e684ffb960d60e254cbbc80: No bootstrap required, opened a new log
I20260630 12:20:23.908885 27346 tablet_service.cc:1917] Received RequestConsensusVote() RPC: tablet_id: "9642a2b3bc304e0888857ebbe607e559" candidate_uuid: "0c307cdd9e684ffb960d60e254cbbc80" candidate_term: 1 candidate_status { last_received { term: 0 index: 0 } } ignore_live_leader: false dest_uuid: "5eb5da2da4ed44aca6ba2cb54cbf6ea1" is_pre_election: true
I20260630 12:20:23.909636 27466 ts_tablet_manager.cc:1403] T 8d22137b76794424951119d7b9927558 P 0c307cdd9e684ffb960d60e254cbbc80: Time spent bootstrapping tablet: real 0.014s	user 0.012s	sys 0.000s
I20260630 12:20:23.909682 27467 ts_tablet_manager.cc:1434] T aa541e4edd404ea9bbdd0f3368713183 P 5eb5da2da4ed44aca6ba2cb54cbf6ea1: Time spent starting tablet: real 0.020s	user 0.005s	sys 0.000s
I20260630 12:20:23.910498 27468 tablet_bootstrap.cc:492] T a80a0fa97c3d46bd91995f3db54c98c9 P 3f5d03083356458fac00ad89fba2ea94: Bootstrap starting.
I20260630 12:20:23.910748 27467 tablet_bootstrap.cc:492] T ada3fd8044df47318e50c563212cc43e P 5eb5da2da4ed44aca6ba2cb54cbf6ea1: Bootstrap starting.
I20260630 12:20:23.914871 27235 leader_election.cc:304] T 45b86c3cd37d4defada346e30ff0f074 P 0c307cdd9e684ffb960d60e254cbbc80 [CANDIDATE]: Term 1 election: Election decided. Result: candidate won. Election summary: received 3 responses out of 3 voters: 2 yes votes; 1 no votes. yes voters: 0c307cdd9e684ffb960d60e254cbbc80, 5eb5da2da4ed44aca6ba2cb54cbf6ea1; no voters: 3f5d03083356458fac00ad89fba2ea94
I20260630 12:20:23.915613 27489 raft_consensus.cc:2804] T 45b86c3cd37d4defada346e30ff0f074 P 0c307cdd9e684ffb960d60e254cbbc80 [term 1 FOLLOWER]: Leader election won for term 1
I20260630 12:20:23.916096 27489 raft_consensus.cc:697] T 45b86c3cd37d4defada346e30ff0f074 P 0c307cdd9e684ffb960d60e254cbbc80 [term 1 LEADER]: Becoming Leader. State: Replica: 0c307cdd9e684ffb960d60e254cbbc80, State: Running, Role: LEADER
I20260630 12:20:23.917122 27468 tablet_bootstrap.cc:654] T a80a0fa97c3d46bd91995f3db54c98c9 P 3f5d03083356458fac00ad89fba2ea94: Neither blocks nor log segments found. Creating new log.
I20260630 12:20:23.916885 27489 consensus_queue.cc:237] T 45b86c3cd37d4defada346e30ff0f074 P 0c307cdd9e684ffb960d60e254cbbc80 [LEADER]: Queue going to LEADER mode. State: All replicated index: 0, Majority replicated index: 0, Committed index: 0, Last appended: 0.0, Last appended by leader: 0, Current term: 1, Majority size: 2, State: 0, Mode: LEADER, active raft config: opid_index: -1 OBSOLETE_local: false peers { permanent_uuid: "0c307cdd9e684ffb960d60e254cbbc80" member_type: VOTER last_known_addr { host: "127.25.250.193" port: 38237 } } peers { permanent_uuid: "5eb5da2da4ed44aca6ba2cb54cbf6ea1" member_type: VOTER last_known_addr { host: "127.25.250.194" port: 43369 } } peers { permanent_uuid: "3f5d03083356458fac00ad89fba2ea94" member_type: VOTER last_known_addr { host: "127.25.250.195" port: 37543 } }
I20260630 12:20:23.919900 27466 raft_consensus.cc:359] T 8d22137b76794424951119d7b9927558 P 0c307cdd9e684ffb960d60e254cbbc80 [term 0 FOLLOWER]: Replica starting. Triggering 0 pending ops. Active config: opid_index: -1 OBSOLETE_local: false peers { permanent_uuid: "0c307cdd9e684ffb960d60e254cbbc80" member_type: VOTER last_known_addr { host: "127.25.250.193" port: 38237 } } peers { permanent_uuid: "5eb5da2da4ed44aca6ba2cb54cbf6ea1" member_type: VOTER last_known_addr { host: "127.25.250.194" port: 43369 } } peers { permanent_uuid: "3f5d03083356458fac00ad89fba2ea94" member_type: VOTER last_known_addr { host: "127.25.250.195" port: 37543 } }
I20260630 12:20:23.920904 27466 raft_consensus.cc:385] T 8d22137b76794424951119d7b9927558 P 0c307cdd9e684ffb960d60e254cbbc80 [term 0 FOLLOWER]: Consensus starting up: Expiring failure detector timer to make a prompt election more likely
I20260630 12:20:23.921283 27466 raft_consensus.cc:740] T 8d22137b76794424951119d7b9927558 P 0c307cdd9e684ffb960d60e254cbbc80 [term 0 FOLLOWER]: Becoming Follower/Learner. State: Replica: 0c307cdd9e684ffb960d60e254cbbc80, State: Initialized, Role: FOLLOWER
I20260630 12:20:23.922191 27466 consensus_queue.cc:260] T 8d22137b76794424951119d7b9927558 P 0c307cdd9e684ffb960d60e254cbbc80 [NON_LEADER]: Queue going to NON_LEADER mode. State: All replicated index: 0, Majority replicated index: 0, Committed index: 0, Last appended: 0.0, Last appended by leader: 0, Current term: 0, Majority size: -1, State: 0, Mode: NON_LEADER, active raft config: opid_index: -1 OBSOLETE_local: false peers { permanent_uuid: "0c307cdd9e684ffb960d60e254cbbc80" member_type: VOTER last_known_addr { host: "127.25.250.193" port: 38237 } } peers { permanent_uuid: "5eb5da2da4ed44aca6ba2cb54cbf6ea1" member_type: VOTER last_known_addr { host: "127.25.250.194" port: 43369 } } peers { permanent_uuid: "3f5d03083356458fac00ad89fba2ea94" member_type: VOTER last_known_addr { host: "127.25.250.195" port: 37543 } }
W20260630 12:20:23.915980 27235 leader_election.cc:343] T 9642a2b3bc304e0888857ebbe607e559 P 0c307cdd9e684ffb960d60e254cbbc80 [CANDIDATE]: Term 1 pre-election: Tablet error from VoteRequest() call to peer 5eb5da2da4ed44aca6ba2cb54cbf6ea1 (127.25.250.194:43369): Illegal state: must be running to vote when last-logged opid is not known
I20260630 12:20:23.925071 27466 ts_tablet_manager.cc:1434] T 8d22137b76794424951119d7b9927558 P 0c307cdd9e684ffb960d60e254cbbc80: Time spent starting tablet: real 0.008s	user 0.001s	sys 0.007s
I20260630 12:20:23.917122 27467 tablet_bootstrap.cc:654] T ada3fd8044df47318e50c563212cc43e P 5eb5da2da4ed44aca6ba2cb54cbf6ea1: Neither blocks nor log segments found. Creating new log.
I20260630 12:20:23.928823 27470 raft_consensus.cc:493] T aa541e4edd404ea9bbdd0f3368713183 P 0c307cdd9e684ffb960d60e254cbbc80 [term 0 FOLLOWER]: Starting pre-election (no leader contacted us within the election timeout)
I20260630 12:20:23.929417 27470 raft_consensus.cc:515] T aa541e4edd404ea9bbdd0f3368713183 P 0c307cdd9e684ffb960d60e254cbbc80 [term 0 FOLLOWER]: Starting pre-election with config: opid_index: -1 OBSOLETE_local: false peers { permanent_uuid: "0c307cdd9e684ffb960d60e254cbbc80" member_type: VOTER last_known_addr { host: "127.25.250.193" port: 38237 } } peers { permanent_uuid: "5eb5da2da4ed44aca6ba2cb54cbf6ea1" member_type: VOTER last_known_addr { host: "127.25.250.194" port: 43369 } } peers { permanent_uuid: "3f5d03083356458fac00ad89fba2ea94" member_type: VOTER last_known_addr { host: "127.25.250.195" port: 37543 } }
I20260630 12:20:23.931954 27470 leader_election.cc:290] T aa541e4edd404ea9bbdd0f3368713183 P 0c307cdd9e684ffb960d60e254cbbc80 [CANDIDATE]: Term 1 pre-election: Requested pre-vote from peers 5eb5da2da4ed44aca6ba2cb54cbf6ea1 (127.25.250.194:43369), 3f5d03083356458fac00ad89fba2ea94 (127.25.250.195:37543)
I20260630 12:20:23.933012 27466 tablet_bootstrap.cc:492] T 1f8be543aa814368a3c0b5cf202b741d P 0c307cdd9e684ffb960d60e254cbbc80: Bootstrap starting.
W20260630 12:20:23.933790 27235 leader_election.cc:343] T 9642a2b3bc304e0888857ebbe607e559 P 0c307cdd9e684ffb960d60e254cbbc80 [CANDIDATE]: Term 1 pre-election: Tablet error from VoteRequest() call to peer 3f5d03083356458fac00ad89fba2ea94 (127.25.250.195:37543): Illegal state: must be running to vote when last-logged opid is not known
I20260630 12:20:23.934386 27235 leader_election.cc:304] T 9642a2b3bc304e0888857ebbe607e559 P 0c307cdd9e684ffb960d60e254cbbc80 [CANDIDATE]: Term 1 pre-election: Election decided. Result: candidate lost. Election summary: received 3 responses out of 3 voters: 1 yes votes; 2 no votes. yes voters: 0c307cdd9e684ffb960d60e254cbbc80; no voters: 3f5d03083356458fac00ad89fba2ea94, 5eb5da2da4ed44aca6ba2cb54cbf6ea1
I20260630 12:20:23.936321 27468 tablet_bootstrap.cc:492] T a80a0fa97c3d46bd91995f3db54c98c9 P 3f5d03083356458fac00ad89fba2ea94: No bootstrap required, opened a new log
I20260630 12:20:23.936944 27468 ts_tablet_manager.cc:1403] T a80a0fa97c3d46bd91995f3db54c98c9 P 3f5d03083356458fac00ad89fba2ea94: Time spent bootstrapping tablet: real 0.027s	user 0.010s	sys 0.014s
I20260630 12:20:23.938014 27470 raft_consensus.cc:2749] T 9642a2b3bc304e0888857ebbe607e559 P 0c307cdd9e684ffb960d60e254cbbc80 [term 0 FOLLOWER]: Leader pre-election lost for term 1. Reason: could not achieve majority
