I20260630 12:20:14.696780 26809 sys_catalog.cc:455] T 00000000000000000000000000000000 P 34089ba216024a5f8d5ec04fabeaf170 [sys.catalog]: SysCatalogTable state changed. Reason: Peer health change. Latest consensus state: current_term: 1 leader_uuid: "34089ba216024a5f8d5ec04fabeaf170" committed_config { opid_index: -1 OBSOLETE_local: false peers { permanent_uuid: "9687ca43da38491882e95fb00b02e7df" member_type: VOTER last_known_addr { host: "127.25.250.254" port: 37153 } } peers { permanent_uuid: "b12120f847634bbba7ed3f0c444e1d1f" member_type: VOTER last_known_addr { host: "127.25.250.253" port: 40353 } } peers { permanent_uuid: "34089ba216024a5f8d5ec04fabeaf170" member_type: VOTER last_known_addr { host: "127.25.250.252" port: 41451 } } }
I20260630 12:20:14.697646 26809 sys_catalog.cc:458] T 00000000000000000000000000000000 P 34089ba216024a5f8d5ec04fabeaf170 [sys.catalog]: This master's current role is: LEADER
I20260630 12:20:14.702386 26810 sys_catalog.cc:455] T 00000000000000000000000000000000 P 9687ca43da38491882e95fb00b02e7df [sys.catalog]: SysCatalogTable state changed. Reason: Replicated consensus-only round. Latest consensus state: current_term: 1 leader_uuid: "34089ba216024a5f8d5ec04fabeaf170" committed_config { opid_index: -1 OBSOLETE_local: false peers { permanent_uuid: "9687ca43da38491882e95fb00b02e7df" member_type: VOTER last_known_addr { host: "127.25.250.254" port: 37153 } } peers { permanent_uuid: "b12120f847634bbba7ed3f0c444e1d1f" member_type: VOTER last_known_addr { host: "127.25.250.253" port: 40353 } } peers { permanent_uuid: "34089ba216024a5f8d5ec04fabeaf170" member_type: VOTER last_known_addr { host: "127.25.250.252" port: 41451 } } }
I20260630 12:20:14.703274 26810 sys_catalog.cc:458] T 00000000000000000000000000000000 P 9687ca43da38491882e95fb00b02e7df [sys.catalog]: This master's current role is: FOLLOWER
I20260630 12:20:14.709800 26811 sys_catalog.cc:455] T 00000000000000000000000000000000 P b12120f847634bbba7ed3f0c444e1d1f [sys.catalog]: SysCatalogTable state changed. Reason: Replicated consensus-only round. Latest consensus state: current_term: 1 leader_uuid: "34089ba216024a5f8d5ec04fabeaf170" committed_config { opid_index: -1 OBSOLETE_local: false peers { permanent_uuid: "9687ca43da38491882e95fb00b02e7df" member_type: VOTER last_known_addr { host: "127.25.250.254" port: 37153 } } peers { permanent_uuid: "b12120f847634bbba7ed3f0c444e1d1f" member_type: VOTER last_known_addr { host: "127.25.250.253" port: 40353 } } peers { permanent_uuid: "34089ba216024a5f8d5ec04fabeaf170" member_type: VOTER last_known_addr { host: "127.25.250.252" port: 41451 } } }
I20260630 12:20:14.710412 26811 sys_catalog.cc:458] T 00000000000000000000000000000000 P b12120f847634bbba7ed3f0c444e1d1f [sys.catalog]: This master's current role is: FOLLOWER
I20260630 12:20:14.734467 26866 catalog_manager.cc:1406] Generated new certificate authority record
I20260630 12:20:14.736508 26866 catalog_manager.cc:1540] Loading token signing keys...
I20260630 12:20:14.765005 26866 catalog_manager.cc:6070] T 00000000000000000000000000000000 P 34089ba216024a5f8d5ec04fabeaf170: Generated new TSK 0
I20260630 12:20:14.766099 26866 catalog_manager.cc:1550] Initializing in-progress tserver states...
I20260630 12:20:14.803162 26603 rpc_server.cc:307] RPC server started. Bound to: 127.25.250.193:45355
I20260630 12:20:14.803470 26928 acceptor_pool.cc:272] collecting diagnostics on the listening RPC socket 127.25.250.193:45355 every 8 connection(s)
I20260630 12:20:14.844739 26929 heartbeater.cc:344] Connected to a master server at 127.25.250.252:41451
I20260630 12:20:14.845218 26929 heartbeater.cc:461] Registering TS with master...
I20260630 12:20:14.846451 26929 heartbeater.cc:507] Master 127.25.250.252:41451 requested a full tablet report, sending...
I20260630 12:20:14.848666 26603 file_cache.cc:492] Constructed file cache file cache with capacity 419430
I20260630 12:20:14.849925 26765 ts_manager.cc:194] Registered new tserver with Master: ed88bfdf8ac040d5950400cbe75fb99d (127.25.250.193:45355)
I20260630 12:20:14.852826 26765 master_service.cc:502] Signed X509 certificate for tserver {username='slave'} at 127.0.0.1:56636
I20260630 12:20:14.855285 26931 heartbeater.cc:344] Connected to a master server at 127.25.250.254:37153
I20260630 12:20:14.855772 26931 heartbeater.cc:461] Registering TS with master...
I20260630 12:20:14.856700 26931 heartbeater.cc:507] Master 127.25.250.254:37153 requested a full tablet report, sending...
I20260630 12:20:14.860064 26635 ts_manager.cc:194] Registered new tserver with Master: ed88bfdf8ac040d5950400cbe75fb99d (127.25.250.193:45355)
W20260630 12:20:14.863260 26936 instance_detector.cc:116] could not retrieve AWS instance metadata: Network error: curl error: HTTP response code said error: The requested URL returned error: 404
W20260630 12:20:14.865828 26937 instance_detector.cc:116] could not retrieve Azure instance metadata: Network error: curl error: HTTP response code said error: The requested URL returned error: 404
I20260630 12:20:14.866034 26930 heartbeater.cc:344] Connected to a master server at 127.25.250.253:40353
I20260630 12:20:14.866662 26930 heartbeater.cc:461] Registering TS with master...
I20260630 12:20:14.867898 26930 heartbeater.cc:507] Master 127.25.250.253:40353 requested a full tablet report, sending...
I20260630 12:20:14.874406 26700 ts_manager.cc:194] Registered new tserver with Master: ed88bfdf8ac040d5950400cbe75fb99d (127.25.250.193:45355)
W20260630 12:20:14.875068 26939 instance_detector.cc:116] could not retrieve OpenStack instance metadata: Network error: curl error: HTTP response code said error: The requested URL returned error: 404
I20260630 12:20:14.875869 26603 server_base.cc:1061] running on GCE node
I20260630 12:20:14.876708 26603 hybrid_clock.cc:584] initializing the hybrid clock with 'system_unsync' time source
W20260630 12:20:14.876914 26603 system_unsync_time.cc:38] NTP support is disabled. Clock error bounds will not be accurate. This configuration is not suitable for distributed clusters.
I20260630 12:20:14.877113 26603 hybrid_clock.cc:648] HybridClock initialized: now 1782822014877095 us; error 0 us; skew 500 ppm
I20260630 12:20:14.877606 26603 server_base.cc:861] Flag tcmalloc_max_total_thread_cache_bytes is not working since tcmalloc is not enabled.
I20260630 12:20:14.879904 26603 webserver.cc:533] Webserver started at http://127.25.250.194:33919/ using document root <none> and password file <none>
I20260630 12:20:14.880368 26603 fs_manager.cc:362] Metadata directory not provided
I20260630 12:20:14.880560 26603 fs_manager.cc:368] Using write-ahead log directory (fs_wal_dir) as metadata directory
I20260630 12:20:14.880836 26603 server_base.cc:909] This appears to be a new deployment of Kudu; creating new FS layout
I20260630 12:20:14.882047 26603 fs_manager.cc:1068] Generated new instance metadata in path /tmp/dist-test-taskIdjBD2/test-tmp/auto_rebalancer-test.0.AutoRebalancerTest.OnlyLeaderDoesAutoRebalancing.1782822012520685-26603-0/minicluster-data/ts-1-root/instance:
uuid: "d0f03715bb39497ebce7ac18bb41916c"
format_stamp: "Formatted at 2026-06-30 12:20:14 on dist-test-slave-1zhs"
I20260630 12:20:14.886595 26603 fs_manager.cc:696] Time spent creating directory manager: real 0.004s	user 0.003s	sys 0.001s
I20260630 12:20:14.889786 26944 log_block_manager.cc:4031] Time spent loading block containers with low live blocks: real 0.000s	user 0.000s	sys 0.000s
I20260630 12:20:14.890625 26603 fs_manager.cc:730] Time spent opening block manager: real 0.002s	user 0.002s	sys 0.001s
I20260630 12:20:14.890921 26603 fs_manager.cc:647] Opened local filesystem: /tmp/dist-test-taskIdjBD2/test-tmp/auto_rebalancer-test.0.AutoRebalancerTest.OnlyLeaderDoesAutoRebalancing.1782822012520685-26603-0/minicluster-data/ts-1-root
uuid: "d0f03715bb39497ebce7ac18bb41916c"
format_stamp: "Formatted at 2026-06-30 12:20:14 on dist-test-slave-1zhs"
I20260630 12:20:14.891194 26603 fs_report.cc:389] FS layout report
--------------------
wal directory: /tmp/dist-test-taskIdjBD2/test-tmp/auto_rebalancer-test.0.AutoRebalancerTest.OnlyLeaderDoesAutoRebalancing.1782822012520685-26603-0/minicluster-data/ts-1-root
metadata directory: /tmp/dist-test-taskIdjBD2/test-tmp/auto_rebalancer-test.0.AutoRebalancerTest.OnlyLeaderDoesAutoRebalancing.1782822012520685-26603-0/minicluster-data/ts-1-root
1 data directories: /tmp/dist-test-taskIdjBD2/test-tmp/auto_rebalancer-test.0.AutoRebalancerTest.OnlyLeaderDoesAutoRebalancing.1782822012520685-26603-0/minicluster-data/ts-1-root/data
Total live blocks: 0
Total live bytes: 0
Total live bytes (after alignment): 0
Total number of LBM containers: 0 (0 full)
Did not check for missing blocks
Did not check for orphaned blocks
Total full LBM containers with extra space: 0 (0 repaired)
Total full LBM container extra space in bytes: 0 (0 repaired)
Total incomplete LBM containers: 0 (0 repaired)
Total LBM partial records: 0 (0 repaired)
Total corrupted LBM metadata records in RocksDB: 0 (0 repaired)
I20260630 12:20:14.915443 26603 rpc_server.cc:225] running with OpenSSL 1.1.1  11 Sep 2018
I20260630 12:20:14.916561 26603 kserver.cc:163] Server-wide thread pool size limit: 3276
I20260630 12:20:14.917888 26603 txn_system_client.cc:432] TxnSystemClient initialization is disabled...
I20260630 12:20:14.919912 26603 ts_tablet_manager.cc:585] Loaded tablet metadata (0 total tablets, 0 live tablets)
I20260630 12:20:14.920130 26603 ts_tablet_manager.cc:531] Time spent load tablet metadata: real 0.000s	user 0.000s	sys 0.000s
I20260630 12:20:14.920360 26603 ts_tablet_manager.cc:616] Registered 0 tablets
I20260630 12:20:14.920542 26603 ts_tablet_manager.cc:595] Time spent register tablets: real 0.000s	user 0.000s	sys 0.000s
I20260630 12:20:15.011632 26603 rpc_server.cc:307] RPC server started. Bound to: 127.25.250.194:42569
I20260630 12:20:15.011724 27006 acceptor_pool.cc:272] collecting diagnostics on the listening RPC socket 127.25.250.194:42569 every 8 connection(s)
I20260630 12:20:15.036229 27007 heartbeater.cc:344] Connected to a master server at 127.25.250.252:41451
I20260630 12:20:15.036628 27007 heartbeater.cc:461] Registering TS with master...
I20260630 12:20:15.037562 27007 heartbeater.cc:507] Master 127.25.250.252:41451 requested a full tablet report, sending...
I20260630 12:20:15.040851 26603 file_cache.cc:492] Constructed file cache file cache with capacity 419430
I20260630 12:20:15.041513 26765 ts_manager.cc:194] Registered new tserver with Master: d0f03715bb39497ebce7ac18bb41916c (127.25.250.194:42569)
I20260630 12:20:15.043221 26765 master_service.cc:502] Signed X509 certificate for tserver {username='slave'} at 127.0.0.1:56646
I20260630 12:20:15.050022 27008 heartbeater.cc:344] Connected to a master server at 127.25.250.253:40353
I20260630 12:20:15.050381 27008 heartbeater.cc:461] Registering TS with master...
I20260630 12:20:15.051015 27008 heartbeater.cc:507] Master 127.25.250.253:40353 requested a full tablet report, sending...
I20260630 12:20:15.053666 26700 ts_manager.cc:194] Registered new tserver with Master: d0f03715bb39497ebce7ac18bb41916c (127.25.250.194:42569)
W20260630 12:20:15.053962 27013 instance_detector.cc:116] could not retrieve AWS instance metadata: Network error: curl error: HTTP response code said error: The requested URL returned error: 404
I20260630 12:20:15.054304 27010 heartbeater.cc:344] Connected to a master server at 127.25.250.254:37153
I20260630 12:20:15.054713 27010 heartbeater.cc:461] Registering TS with master...
I20260630 12:20:15.055400 27010 heartbeater.cc:507] Master 127.25.250.254:37153 requested a full tablet report, sending...
W20260630 12:20:15.056453 27014 instance_detector.cc:116] could not retrieve Azure instance metadata: Network error: curl error: HTTP response code said error: The requested URL returned error: 404
I20260630 12:20:15.058419 26635 ts_manager.cc:194] Registered new tserver with Master: d0f03715bb39497ebce7ac18bb41916c (127.25.250.194:42569)
I20260630 12:20:15.064476 26603 server_base.cc:1061] running on GCE node
W20260630 12:20:15.065032 27016 instance_detector.cc:116] could not retrieve OpenStack instance metadata: Network error: curl error: HTTP response code said error: The requested URL returned error: 404
I20260630 12:20:15.066071 26603 hybrid_clock.cc:584] initializing the hybrid clock with 'system_unsync' time source
W20260630 12:20:15.066351 26603 system_unsync_time.cc:38] NTP support is disabled. Clock error bounds will not be accurate. This configuration is not suitable for distributed clusters.
I20260630 12:20:15.066558 26603 hybrid_clock.cc:648] HybridClock initialized: now 1782822015066542 us; error 0 us; skew 500 ppm
I20260630 12:20:15.067169 26603 server_base.cc:861] Flag tcmalloc_max_total_thread_cache_bytes is not working since tcmalloc is not enabled.
I20260630 12:20:15.069906 26603 webserver.cc:533] Webserver started at http://127.25.250.195:37033/ using document root <none> and password file <none>
I20260630 12:20:15.070521 26603 fs_manager.cc:362] Metadata directory not provided
I20260630 12:20:15.070752 26603 fs_manager.cc:368] Using write-ahead log directory (fs_wal_dir) as metadata directory
I20260630 12:20:15.071058 26603 server_base.cc:909] This appears to be a new deployment of Kudu; creating new FS layout
I20260630 12:20:15.072340 26603 fs_manager.cc:1068] Generated new instance metadata in path /tmp/dist-test-taskIdjBD2/test-tmp/auto_rebalancer-test.0.AutoRebalancerTest.OnlyLeaderDoesAutoRebalancing.1782822012520685-26603-0/minicluster-data/ts-2-root/instance:
uuid: "b768ae9e696f4b58831dc613c424b6ca"
format_stamp: "Formatted at 2026-06-30 12:20:15 on dist-test-slave-1zhs"
I20260630 12:20:15.077652 26603 fs_manager.cc:696] Time spent creating directory manager: real 0.005s	user 0.007s	sys 0.000s
I20260630 12:20:15.081596 27021 log_block_manager.cc:4031] Time spent loading block containers with low live blocks: real 0.000s	user 0.000s	sys 0.000s
I20260630 12:20:15.082432 26603 fs_manager.cc:730] Time spent opening block manager: real 0.002s	user 0.000s	sys 0.003s
I20260630 12:20:15.082755 26603 fs_manager.cc:647] Opened local filesystem: /tmp/dist-test-taskIdjBD2/test-tmp/auto_rebalancer-test.0.AutoRebalancerTest.OnlyLeaderDoesAutoRebalancing.1782822012520685-26603-0/minicluster-data/ts-2-root
uuid: "b768ae9e696f4b58831dc613c424b6ca"
format_stamp: "Formatted at 2026-06-30 12:20:15 on dist-test-slave-1zhs"
I20260630 12:20:15.083086 26603 fs_report.cc:389] FS layout report
--------------------
wal directory: /tmp/dist-test-taskIdjBD2/test-tmp/auto_rebalancer-test.0.AutoRebalancerTest.OnlyLeaderDoesAutoRebalancing.1782822012520685-26603-0/minicluster-data/ts-2-root
metadata directory: /tmp/dist-test-taskIdjBD2/test-tmp/auto_rebalancer-test.0.AutoRebalancerTest.OnlyLeaderDoesAutoRebalancing.1782822012520685-26603-0/minicluster-data/ts-2-root
1 data directories: /tmp/dist-test-taskIdjBD2/test-tmp/auto_rebalancer-test.0.AutoRebalancerTest.OnlyLeaderDoesAutoRebalancing.1782822012520685-26603-0/minicluster-data/ts-2-root/data
Total live blocks: 0
Total live bytes: 0
Total live bytes (after alignment): 0
Total number of LBM containers: 0 (0 full)
Did not check for missing blocks
Did not check for orphaned blocks
Total full LBM containers with extra space: 0 (0 repaired)
Total full LBM container extra space in bytes: 0 (0 repaired)
Total incomplete LBM containers: 0 (0 repaired)
Total LBM partial records: 0 (0 repaired)
Total corrupted LBM metadata records in RocksDB: 0 (0 repaired)
I20260630 12:20:15.115576 26603 rpc_server.cc:225] running with OpenSSL 1.1.1  11 Sep 2018
I20260630 12:20:15.116824 26603 kserver.cc:163] Server-wide thread pool size limit: 3276
I20260630 12:20:15.119238 26603 txn_system_client.cc:432] TxnSystemClient initialization is disabled...
I20260630 12:20:15.122525 26603 ts_tablet_manager.cc:585] Loaded tablet metadata (0 total tablets, 0 live tablets)
I20260630 12:20:15.122695 26603 ts_tablet_manager.cc:531] Time spent load tablet metadata: real 0.000s	user 0.000s	sys 0.000s
I20260630 12:20:15.122987 26603 ts_tablet_manager.cc:616] Registered 0 tablets
I20260630 12:20:15.123126 26603 ts_tablet_manager.cc:595] Time spent register tablets: real 0.000s	user 0.000s	sys 0.000s
I20260630 12:20:15.223086 26603 rpc_server.cc:307] RPC server started. Bound to: 127.25.250.195:44883
I20260630 12:20:15.223191 27083 acceptor_pool.cc:272] collecting diagnostics on the listening RPC socket 127.25.250.195:44883 every 8 connection(s)
I20260630 12:20:15.250262 27084 heartbeater.cc:344] Connected to a master server at 127.25.250.252:41451
I20260630 12:20:15.250663 27084 heartbeater.cc:461] Registering TS with master...
I20260630 12:20:15.251650 27084 heartbeater.cc:507] Master 127.25.250.252:41451 requested a full tablet report, sending...
I20260630 12:20:15.254894 26765 ts_manager.cc:194] Registered new tserver with Master: b768ae9e696f4b58831dc613c424b6ca (127.25.250.195:44883)
I20260630 12:20:15.256613 26765 master_service.cc:502] Signed X509 certificate for tserver {username='slave'} at 127.0.0.1:56662
I20260630 12:20:15.256879 27085 heartbeater.cc:344] Connected to a master server at 127.25.250.253:40353
I20260630 12:20:15.257256 27085 heartbeater.cc:461] Registering TS with master...
I20260630 12:20:15.258149 27085 heartbeater.cc:507] Master 127.25.250.253:40353 requested a full tablet report, sending...
I20260630 12:20:15.260656 26700 ts_manager.cc:194] Registered new tserver with Master: b768ae9e696f4b58831dc613c424b6ca (127.25.250.195:44883)
I20260630 12:20:15.261484 27087 heartbeater.cc:344] Connected to a master server at 127.25.250.254:37153
I20260630 12:20:15.261863 27087 heartbeater.cc:461] Registering TS with master...
I20260630 12:20:15.262450 27087 heartbeater.cc:507] Master 127.25.250.254:37153 requested a full tablet report, sending...
I20260630 12:20:15.265012 26635 ts_manager.cc:194] Registered new tserver with Master: b768ae9e696f4b58831dc613c424b6ca (127.25.250.195:44883)
I20260630 12:20:15.265244 26603 internal_mini_cluster.cc:371] 3 TS(s) registered with all masters after 0.012597694s
I20260630 12:20:15.498029 26842 catalog_manager.cc:1295] Loaded cluster ID: 7b05b58122bf4d439be6685249976372
I20260630 12:20:15.498402 26842 catalog_manager.cc:1588] T 00000000000000000000000000000000 P 9687ca43da38491882e95fb00b02e7df: loading cluster ID for follower catalog manager: success
I20260630 12:20:15.501055 26844 catalog_manager.cc:1295] Loaded cluster ID: 7b05b58122bf4d439be6685249976372
I20260630 12:20:15.501345 26844 catalog_manager.cc:1588] T 00000000000000000000000000000000 P b12120f847634bbba7ed3f0c444e1d1f: loading cluster ID for follower catalog manager: success
I20260630 12:20:15.505497 26842 catalog_manager.cc:1610] T 00000000000000000000000000000000 P 9687ca43da38491882e95fb00b02e7df: acquiring CA information for follower catalog manager: success
I20260630 12:20:15.507994 26844 catalog_manager.cc:1610] T 00000000000000000000000000000000 P b12120f847634bbba7ed3f0c444e1d1f: acquiring CA information for follower catalog manager: success
I20260630 12:20:15.510885 26842 catalog_manager.cc:1638] T 00000000000000000000000000000000 P 9687ca43da38491882e95fb00b02e7df: importing token verification keys for follower catalog manager: success; most recent TSK sequence number 0
I20260630 12:20:15.512418 26844 catalog_manager.cc:1638] T 00000000000000000000000000000000 P b12120f847634bbba7ed3f0c444e1d1f: importing token verification keys for follower catalog manager: success; most recent TSK sequence number 0
I20260630 12:20:15.857193 26929 heartbeater.cc:499] Master 127.25.250.252:41451 was elected leader, sending a full tablet report...
I20260630 12:20:16.046706 27007 heartbeater.cc:499] Master 127.25.250.252:41451 was elected leader, sending a full tablet report...
I20260630 12:20:16.259174 27084 heartbeater.cc:499] Master 127.25.250.252:41451 was elected leader, sending a full tablet report...
I20260630 12:20:16.482801 26840 auto_leader_rebalancer.cc:515] All tables' leader rebalancing finished this round
I20260630 12:20:16.626014 26765 catalog_manager.cc:2283] Servicing CreateTable request from {username='slave'} at 127.0.0.1:56674:
name: "test-workload"
schema {
  columns {
    name: "key"
    type: INT32
    is_key: true
    is_nullable: false
    encoding: AUTO_ENCODING
    compression: DEFAULT_COMPRESSION
    cfile_block_size: 0
    immutable: false
  }
  columns {
    name: "int_val"
    type: INT32
    is_key: false
    is_nullable: false
    encoding: AUTO_ENCODING
    compression: DEFAULT_COMPRESSION
    cfile_block_size: 0
    immutable: false
  }
  columns {
    name: "string_val"
    type: STRING
    is_key: false
    is_nullable: true
    encoding: AUTO_ENCODING
    compression: DEFAULT_COMPRESSION
    cfile_block_size: 0
    immutable: false
  }
}
num_replicas: 1
split_rows_range_bounds {
  rows: "\004\001\000\377\377\377\037\004\001\000\376\377\377?\004\001\000\375\377\377_""\004\001\000\377\377\377\037\004\001\000\376\377\377?\004\001\000\375\377\377_"
  indirect_data: """"
}
partition_schema {
  range_schema {
    columns {
      name: "key"
    }
  }
}
I20260630 12:20:16.709631 26972 tablet_service.cc:1511] Processing CreateTablet for tablet 50b3d052a4c54262943ddc61d3f62979 (DEFAULT_TABLE table=test-workload [id=689c88bfdda3402281bcbfc4389b383e]), partition=RANGE (key) PARTITION VALUES < 536870911
I20260630 12:20:16.711112 26972 data_dirs.cc:400] Could only allocate 1 dirs of requested 3 for tablet 50b3d052a4c54262943ddc61d3f62979. 1 dirs total, 0 dirs full, 0 dirs failed
I20260630 12:20:16.714185 26887 tablet_service.cc:1511] Processing CreateTablet for tablet 027440ba02cd4fea81f3b93c4f6d1295 (DEFAULT_TABLE table=test-workload [id=689c88bfdda3402281bcbfc4389b383e]), partition=RANGE (key) PARTITION 1610612733 <= VALUES
I20260630 12:20:16.713985 26890 tablet_service.cc:1511] Processing CreateTablet for tablet 2587bdbe613147feb20b5fd342480810 (DEFAULT_TABLE table=test-workload [id=689c88bfdda3402281bcbfc4389b383e]), partition=RANGE (key) PARTITION 536870911 <= VALUES < 1073741822
I20260630 12:20:16.715829 26887 data_dirs.cc:400] Could only allocate 1 dirs of requested 3 for tablet 027440ba02cd4fea81f3b93c4f6d1295. 1 dirs total, 0 dirs full, 0 dirs failed
I20260630 12:20:16.716836 26890 data_dirs.cc:400] Could only allocate 1 dirs of requested 3 for tablet 2587bdbe613147feb20b5fd342480810. 1 dirs total, 0 dirs full, 0 dirs failed
I20260630 12:20:16.727963 27049 tablet_service.cc:1511] Processing CreateTablet for tablet 9d4419650fe04ca9a76493b980a04304 (DEFAULT_TABLE table=test-workload [id=689c88bfdda3402281bcbfc4389b383e]), partition=RANGE (key) PARTITION 1073741822 <= VALUES < 1610612733
I20260630 12:20:16.729298 27049 data_dirs.cc:400] Could only allocate 1 dirs of requested 3 for tablet 9d4419650fe04ca9a76493b980a04304. 1 dirs total, 0 dirs full, 0 dirs failed
I20260630 12:20:16.733193 27120 tablet_bootstrap.cc:492] T 027440ba02cd4fea81f3b93c4f6d1295 P ed88bfdf8ac040d5950400cbe75fb99d: Bootstrap starting.
I20260630 12:20:16.739526 27119 tablet_bootstrap.cc:492] T 50b3d052a4c54262943ddc61d3f62979 P d0f03715bb39497ebce7ac18bb41916c: Bootstrap starting.
I20260630 12:20:16.740892 27120 tablet_bootstrap.cc:654] T 027440ba02cd4fea81f3b93c4f6d1295 P ed88bfdf8ac040d5950400cbe75fb99d: Neither blocks nor log segments found. Creating new log.
I20260630 12:20:16.745429 27119 tablet_bootstrap.cc:654] T 50b3d052a4c54262943ddc61d3f62979 P d0f03715bb39497ebce7ac18bb41916c: Neither blocks nor log segments found. Creating new log.
I20260630 12:20:16.748441 27121 tablet_bootstrap.cc:492] T 9d4419650fe04ca9a76493b980a04304 P b768ae9e696f4b58831dc613c424b6ca: Bootstrap starting.
I20260630 12:20:16.749298 27120 tablet_bootstrap.cc:492] T 027440ba02cd4fea81f3b93c4f6d1295 P ed88bfdf8ac040d5950400cbe75fb99d: No bootstrap required, opened a new log
I20260630 12:20:16.749783 27120 ts_tablet_manager.cc:1403] T 027440ba02cd4fea81f3b93c4f6d1295 P ed88bfdf8ac040d5950400cbe75fb99d: Time spent bootstrapping tablet: real 0.017s	user 0.010s	sys 0.005s
I20260630 12:20:16.752053 27119 tablet_bootstrap.cc:492] T 50b3d052a4c54262943ddc61d3f62979 P d0f03715bb39497ebce7ac18bb41916c: No bootstrap required, opened a new log
I20260630 12:20:16.752578 27119 ts_tablet_manager.cc:1403] T 50b3d052a4c54262943ddc61d3f62979 P d0f03715bb39497ebce7ac18bb41916c: Time spent bootstrapping tablet: real 0.013s	user 0.009s	sys 0.003s
I20260630 12:20:16.753140 27120 raft_consensus.cc:359] T 027440ba02cd4fea81f3b93c4f6d1295 P ed88bfdf8ac040d5950400cbe75fb99d [term 0 FOLLOWER]: Replica starting. Triggering 0 pending ops. Active config: opid_index: -1 OBSOLETE_local: true peers { permanent_uuid: "ed88bfdf8ac040d5950400cbe75fb99d" member_type: VOTER last_known_addr { host: "127.25.250.193" port: 45355 } }
I20260630 12:20:16.753757 27120 raft_consensus.cc:385] T 027440ba02cd4fea81f3b93c4f6d1295 P ed88bfdf8ac040d5950400cbe75fb99d [term 0 FOLLOWER]: Consensus starting up: Expiring failure detector timer to make a prompt election more likely
I20260630 12:20:16.754084 27120 raft_consensus.cc:740] T 027440ba02cd4fea81f3b93c4f6d1295 P ed88bfdf8ac040d5950400cbe75fb99d [term 0 FOLLOWER]: Becoming Follower/Learner. State: Replica: ed88bfdf8ac040d5950400cbe75fb99d, State: Initialized, Role: FOLLOWER
I20260630 12:20:16.755017 27119 raft_consensus.cc:359] T 50b3d052a4c54262943ddc61d3f62979 P d0f03715bb39497ebce7ac18bb41916c [term 0 FOLLOWER]: Replica starting. Triggering 0 pending ops. Active config: opid_index: -1 OBSOLETE_local: true peers { permanent_uuid: "d0f03715bb39497ebce7ac18bb41916c" member_type: VOTER last_known_addr { host: "127.25.250.194" port: 42569 } }
I20260630 12:20:16.755015 27120 consensus_queue.cc:260] T 027440ba02cd4fea81f3b93c4f6d1295 P ed88bfdf8ac040d5950400cbe75fb99d [NON_LEADER]: Queue going to NON_LEADER mode. State: All replicated index: 0, Majority replicated index: 0, Committed index: 0, Last appended: 0.0, Last appended by leader: 0, Current term: 0, Majority size: -1, State: 0, Mode: NON_LEADER, active raft config: opid_index: -1 OBSOLETE_local: true peers { permanent_uuid: "ed88bfdf8ac040d5950400cbe75fb99d" member_type: VOTER last_known_addr { host: "127.25.250.193" port: 45355 } }
I20260630 12:20:16.755604 27119 raft_consensus.cc:385] T 50b3d052a4c54262943ddc61d3f62979 P d0f03715bb39497ebce7ac18bb41916c [term 0 FOLLOWER]: Consensus starting up: Expiring failure detector timer to make a prompt election more likely
I20260630 12:20:16.755930 27119 raft_consensus.cc:740] T 50b3d052a4c54262943ddc61d3f62979 P d0f03715bb39497ebce7ac18bb41916c [term 0 FOLLOWER]: Becoming Follower/Learner. State: Replica: d0f03715bb39497ebce7ac18bb41916c, State: Initialized, Role: FOLLOWER
I20260630 12:20:16.756029 27120 raft_consensus.cc:399] T 027440ba02cd4fea81f3b93c4f6d1295 P ed88bfdf8ac040d5950400cbe75fb99d [term 0 FOLLOWER]: Only one voter in the Raft config. Triggering election immediately
I20260630 12:20:16.756485 27120 raft_consensus.cc:493] T 027440ba02cd4fea81f3b93c4f6d1295 P ed88bfdf8ac040d5950400cbe75fb99d [term 0 FOLLOWER]: Starting leader election (initial election of a single-replica configuration)
I20260630 12:20:16.756898 27120 raft_consensus.cc:3060] T 027440ba02cd4fea81f3b93c4f6d1295 P ed88bfdf8ac040d5950400cbe75fb99d [term 0 FOLLOWER]: Advancing to term 1
I20260630 12:20:16.756717 27119 consensus_queue.cc:260] T 50b3d052a4c54262943ddc61d3f62979 P d0f03715bb39497ebce7ac18bb41916c [NON_LEADER]: Queue going to NON_LEADER mode. State: All replicated index: 0, Majority replicated index: 0, Committed index: 0, Last appended: 0.0, Last appended by leader: 0, Current term: 0, Majority size: -1, State: 0, Mode: NON_LEADER, active raft config: opid_index: -1 OBSOLETE_local: true peers { permanent_uuid: "d0f03715bb39497ebce7ac18bb41916c" member_type: VOTER last_known_addr { host: "127.25.250.194" port: 42569 } }
I20260630 12:20:16.757453 27119 raft_consensus.cc:399] T 50b3d052a4c54262943ddc61d3f62979 P d0f03715bb39497ebce7ac18bb41916c [term 0 FOLLOWER]: Only one voter in the Raft config. Triggering election immediately
I20260630 12:20:16.757668 27121 tablet_bootstrap.cc:654] T 9d4419650fe04ca9a76493b980a04304 P b768ae9e696f4b58831dc613c424b6ca: Neither blocks nor log segments found. Creating new log.
I20260630 12:20:16.757725 27119 raft_consensus.cc:493] T 50b3d052a4c54262943ddc61d3f62979 P d0f03715bb39497ebce7ac18bb41916c [term 0 FOLLOWER]: Starting leader election (initial election of a single-replica configuration)
I20260630 12:20:16.758266 27119 raft_consensus.cc:3060] T 50b3d052a4c54262943ddc61d3f62979 P d0f03715bb39497ebce7ac18bb41916c [term 0 FOLLOWER]: Advancing to term 1
I20260630 12:20:16.763981 27120 raft_consensus.cc:515] T 027440ba02cd4fea81f3b93c4f6d1295 P ed88bfdf8ac040d5950400cbe75fb99d [term 1 FOLLOWER]: Starting leader election with config: opid_index: -1 OBSOLETE_local: true peers { permanent_uuid: "ed88bfdf8ac040d5950400cbe75fb99d" member_type: VOTER last_known_addr { host: "127.25.250.193" port: 45355 } }
I20260630 12:20:16.764442 27121 tablet_bootstrap.cc:492] T 9d4419650fe04ca9a76493b980a04304 P b768ae9e696f4b58831dc613c424b6ca: No bootstrap required, opened a new log
I20260630 12:20:16.764559 27120 leader_election.cc:304] T 027440ba02cd4fea81f3b93c4f6d1295 P ed88bfdf8ac040d5950400cbe75fb99d [CANDIDATE]: Term 1 election: Election decided. Result: candidate won. Election summary: received 1 responses out of 1 voters: 1 yes votes; 0 no votes. yes voters: ed88bfdf8ac040d5950400cbe75fb99d; no voters: 
I20260630 12:20:16.764732 27119 raft_consensus.cc:515] T 50b3d052a4c54262943ddc61d3f62979 P d0f03715bb39497ebce7ac18bb41916c [term 1 FOLLOWER]: Starting leader election with config: opid_index: -1 OBSOLETE_local: true peers { permanent_uuid: "d0f03715bb39497ebce7ac18bb41916c" member_type: VOTER last_known_addr { host: "127.25.250.194" port: 42569 } }
I20260630 12:20:16.764958 27121 ts_tablet_manager.cc:1403] T 9d4419650fe04ca9a76493b980a04304 P b768ae9e696f4b58831dc613c424b6ca: Time spent bootstrapping tablet: real 0.017s	user 0.010s	sys 0.003s
I20260630 12:20:16.765413 27119 leader_election.cc:304] T 50b3d052a4c54262943ddc61d3f62979 P d0f03715bb39497ebce7ac18bb41916c [CANDIDATE]: Term 1 election: Election decided. Result: candidate won. Election summary: received 1 responses out of 1 voters: 1 yes votes; 0 no votes. yes voters: d0f03715bb39497ebce7ac18bb41916c; no voters: 
I20260630 12:20:16.767364 27125 raft_consensus.cc:2804] T 027440ba02cd4fea81f3b93c4f6d1295 P ed88bfdf8ac040d5950400cbe75fb99d [term 1 FOLLOWER]: Leader election won for term 1
I20260630 12:20:16.767669 27120 leader_election.cc:290] T 027440ba02cd4fea81f3b93c4f6d1295 P ed88bfdf8ac040d5950400cbe75fb99d [CANDIDATE]: Term 1 election: Requested vote from peers 
I20260630 12:20:16.768534 27126 raft_consensus.cc:2804] T 50b3d052a4c54262943ddc61d3f62979 P d0f03715bb39497ebce7ac18bb41916c [term 1 FOLLOWER]: Leader election won for term 1
I20260630 12:20:16.768407 27121 raft_consensus.cc:359] T 9d4419650fe04ca9a76493b980a04304 P b768ae9e696f4b58831dc613c424b6ca [term 0 FOLLOWER]: Replica starting. Triggering 0 pending ops. Active config: opid_index: -1 OBSOLETE_local: true peers { permanent_uuid: "b768ae9e696f4b58831dc613c424b6ca" member_type: VOTER last_known_addr { host: "127.25.250.195" port: 44883 } }
I20260630 12:20:16.769179 27121 raft_consensus.cc:385] T 9d4419650fe04ca9a76493b980a04304 P b768ae9e696f4b58831dc613c424b6ca [term 0 FOLLOWER]: Consensus starting up: Expiring failure detector timer to make a prompt election more likely
I20260630 12:20:16.769649 27119 leader_election.cc:290] T 50b3d052a4c54262943ddc61d3f62979 P d0f03715bb39497ebce7ac18bb41916c [CANDIDATE]: Term 1 election: Requested vote from peers 
I20260630 12:20:16.769822 27121 raft_consensus.cc:740] T 9d4419650fe04ca9a76493b980a04304 P b768ae9e696f4b58831dc613c424b6ca [term 0 FOLLOWER]: Becoming Follower/Learner. State: Replica: b768ae9e696f4b58831dc613c424b6ca, State: Initialized, Role: FOLLOWER
I20260630 12:20:16.771298 27121 consensus_queue.cc:260] T 9d4419650fe04ca9a76493b980a04304 P b768ae9e696f4b58831dc613c424b6ca [NON_LEADER]: Queue going to NON_LEADER mode. State: All replicated index: 0, Majority replicated index: 0, Committed index: 0, Last appended: 0.0, Last appended by leader: 0, Current term: 0, Majority size: -1, State: 0, Mode: NON_LEADER, active raft config: opid_index: -1 OBSOLETE_local: true peers { permanent_uuid: "b768ae9e696f4b58831dc613c424b6ca" member_type: VOTER last_known_addr { host: "127.25.250.195" port: 44883 } }
I20260630 12:20:16.772217 27121 raft_consensus.cc:399] T 9d4419650fe04ca9a76493b980a04304 P b768ae9e696f4b58831dc613c424b6ca [term 0 FOLLOWER]: Only one voter in the Raft config. Triggering election immediately
I20260630 12:20:16.772835 27121 raft_consensus.cc:493] T 9d4419650fe04ca9a76493b980a04304 P b768ae9e696f4b58831dc613c424b6ca [term 0 FOLLOWER]: Starting leader election (initial election of a single-replica configuration)
I20260630 12:20:16.773105 27125 raft_consensus.cc:697] T 027440ba02cd4fea81f3b93c4f6d1295 P ed88bfdf8ac040d5950400cbe75fb99d [term 1 LEADER]: Becoming Leader. State: Replica: ed88bfdf8ac040d5950400cbe75fb99d, State: Running, Role: LEADER
I20260630 12:20:16.773346 27121 raft_consensus.cc:3060] T 9d4419650fe04ca9a76493b980a04304 P b768ae9e696f4b58831dc613c424b6ca [term 0 FOLLOWER]: Advancing to term 1
I20260630 12:20:16.774009 27125 consensus_queue.cc:237] T 027440ba02cd4fea81f3b93c4f6d1295 P ed88bfdf8ac040d5950400cbe75fb99d [LEADER]: Queue going to LEADER mode. State: All replicated index: 0, Majority replicated index: 0, Committed index: 0, Last appended: 0.0, Last appended by leader: 0, Current term: 1, Majority size: 1, State: 0, Mode: LEADER, active raft config: opid_index: -1 OBSOLETE_local: true peers { permanent_uuid: "ed88bfdf8ac040d5950400cbe75fb99d" member_type: VOTER last_known_addr { host: "127.25.250.193" port: 45355 } }
I20260630 12:20:16.774935 27120 ts_tablet_manager.cc:1434] T 027440ba02cd4fea81f3b93c4f6d1295 P ed88bfdf8ac040d5950400cbe75fb99d: Time spent starting tablet: real 0.025s	user 0.013s	sys 0.010s
I20260630 12:20:16.776558 27120 tablet_bootstrap.cc:492] T 2587bdbe613147feb20b5fd342480810 P ed88bfdf8ac040d5950400cbe75fb99d: Bootstrap starting.
I20260630 12:20:16.778478 27126 raft_consensus.cc:697] T 50b3d052a4c54262943ddc61d3f62979 P d0f03715bb39497ebce7ac18bb41916c [term 1 LEADER]: Becoming Leader. State: Replica: d0f03715bb39497ebce7ac18bb41916c, State: Running, Role: LEADER
I20260630 12:20:16.779469 27126 consensus_queue.cc:237] T 50b3d052a4c54262943ddc61d3f62979 P d0f03715bb39497ebce7ac18bb41916c [LEADER]: Queue going to LEADER mode. State: All replicated index: 0, Majority replicated index: 0, Committed index: 0, Last appended: 0.0, Last appended by leader: 0, Current term: 1, Majority size: 1, State: 0, Mode: LEADER, active raft config: opid_index: -1 OBSOLETE_local: true peers { permanent_uuid: "d0f03715bb39497ebce7ac18bb41916c" member_type: VOTER last_known_addr { host: "127.25.250.194" port: 42569 } }
I20260630 12:20:16.782802 27120 tablet_bootstrap.cc:654] T 2587bdbe613147feb20b5fd342480810 P ed88bfdf8ac040d5950400cbe75fb99d: Neither blocks nor log segments found. Creating new log.
I20260630 12:20:16.783445 27121 raft_consensus.cc:515] T 9d4419650fe04ca9a76493b980a04304 P b768ae9e696f4b58831dc613c424b6ca [term 1 FOLLOWER]: Starting leader election with config: opid_index: -1 OBSOLETE_local: true peers { permanent_uuid: "b768ae9e696f4b58831dc613c424b6ca" member_type: VOTER last_known_addr { host: "127.25.250.195" port: 44883 } }
I20260630 12:20:16.784425 27119 ts_tablet_manager.cc:1434] T 50b3d052a4c54262943ddc61d3f62979 P d0f03715bb39497ebce7ac18bb41916c: Time spent starting tablet: real 0.031s	user 0.016s	sys 0.004s
I20260630 12:20:16.784271 27121 leader_election.cc:304] T 9d4419650fe04ca9a76493b980a04304 P b768ae9e696f4b58831dc613c424b6ca [CANDIDATE]: Term 1 election: Election decided. Result: candidate won. Election summary: received 1 responses out of 1 voters: 1 yes votes; 0 no votes. yes voters: b768ae9e696f4b58831dc613c424b6ca; no voters: 
I20260630 12:20:16.807312 26765 catalog_manager.cc:5697] T 50b3d052a4c54262943ddc61d3f62979 P d0f03715bb39497ebce7ac18bb41916c reported cstate change: term changed from 0 to 1, leader changed from <none> to d0f03715bb39497ebce7ac18bb41916c (127.25.250.194). New cstate: current_term: 1 leader_uuid: "d0f03715bb39497ebce7ac18bb41916c" committed_config { opid_index: -1 OBSOLETE_local: true peers { permanent_uuid: "d0f03715bb39497ebce7ac18bb41916c" member_type: VOTER last_known_addr { host: "127.25.250.194" port: 42569 } health_report { overall_health: HEALTHY } } }
I20260630 12:20:16.814877 26764 catalog_manager.cc:5697] T 027440ba02cd4fea81f3b93c4f6d1295 P ed88bfdf8ac040d5950400cbe75fb99d reported cstate change: term changed from 0 to 1, leader changed from <none> to ed88bfdf8ac040d5950400cbe75fb99d (127.25.250.193). New cstate: current_term: 1 leader_uuid: "ed88bfdf8ac040d5950400cbe75fb99d" committed_config { opid_index: -1 OBSOLETE_local: true peers { permanent_uuid: "ed88bfdf8ac040d5950400cbe75fb99d" member_type: VOTER last_known_addr { host: "127.25.250.193" port: 45355 } health_report { overall_health: HEALTHY } } }
I20260630 12:20:16.827541 27134 raft_consensus.cc:2804] T 9d4419650fe04ca9a76493b980a04304 P b768ae9e696f4b58831dc613c424b6ca [term 1 FOLLOWER]: Leader election won for term 1
I20260630 12:20:16.828299 27120 tablet_bootstrap.cc:492] T 2587bdbe613147feb20b5fd342480810 P ed88bfdf8ac040d5950400cbe75fb99d: No bootstrap required, opened a new log
I20260630 12:20:16.828837 27120 ts_tablet_manager.cc:1403] T 2587bdbe613147feb20b5fd342480810 P ed88bfdf8ac040d5950400cbe75fb99d: Time spent bootstrapping tablet: real 0.052s	user 0.006s	sys 0.026s
I20260630 12:20:16.832085 27120 raft_consensus.cc:359] T 2587bdbe613147feb20b5fd342480810 P ed88bfdf8ac040d5950400cbe75fb99d [term 0 FOLLOWER]: Replica starting. Triggering 0 pending ops. Active config: opid_index: -1 OBSOLETE_local: true peers { permanent_uuid: "ed88bfdf8ac040d5950400cbe75fb99d" member_type: VOTER last_known_addr { host: "127.25.250.193" port: 45355 } }
I20260630 12:20:16.832779 27120 raft_consensus.cc:385] T 2587bdbe613147feb20b5fd342480810 P ed88bfdf8ac040d5950400cbe75fb99d [term 0 FOLLOWER]: Consensus starting up: Expiring failure detector timer to make a prompt election more likely
I20260630 12:20:16.833145 27120 raft_consensus.cc:740] T 2587bdbe613147feb20b5fd342480810 P ed88bfdf8ac040d5950400cbe75fb99d [term 0 FOLLOWER]: Becoming Follower/Learner. State: Replica: ed88bfdf8ac040d5950400cbe75fb99d, State: Initialized, Role: FOLLOWER
I20260630 12:20:16.833986 27120 consensus_queue.cc:260] T 2587bdbe613147feb20b5fd342480810 P ed88bfdf8ac040d5950400cbe75fb99d [NON_LEADER]: Queue going to NON_LEADER mode. State: All replicated index: 0, Majority replicated index: 0, Committed index: 0, Last appended: 0.0, Last appended by leader: 0, Current term: 0, Majority size: -1, State: 0, Mode: NON_LEADER, active raft config: opid_index: -1 OBSOLETE_local: true peers { permanent_uuid: "ed88bfdf8ac040d5950400cbe75fb99d" member_type: VOTER last_known_addr { host: "127.25.250.193" port: 45355 } }
I20260630 12:20:16.835389 27120 raft_consensus.cc:399] T 2587bdbe613147feb20b5fd342480810 P ed88bfdf8ac040d5950400cbe75fb99d [term 0 FOLLOWER]: Only one voter in the Raft config. Triggering election immediately
I20260630 12:20:16.835563 27134 raft_consensus.cc:697] T 9d4419650fe04ca9a76493b980a04304 P b768ae9e696f4b58831dc613c424b6ca [term 1 LEADER]: Becoming Leader. State: Replica: b768ae9e696f4b58831dc613c424b6ca, State: Running, Role: LEADER
I20260630 12:20:16.835783 27120 raft_consensus.cc:493] T 2587bdbe613147feb20b5fd342480810 P ed88bfdf8ac040d5950400cbe75fb99d [term 0 FOLLOWER]: Starting leader election (initial election of a single-replica configuration)
I20260630 12:20:16.837486 27120 raft_consensus.cc:3060] T 2587bdbe613147feb20b5fd342480810 P ed88bfdf8ac040d5950400cbe75fb99d [term 0 FOLLOWER]: Advancing to term 1
I20260630 12:20:16.836472 27134 consensus_queue.cc:237] T 9d4419650fe04ca9a76493b980a04304 P b768ae9e696f4b58831dc613c424b6ca [LEADER]: Queue going to LEADER mode. State: All replicated index: 0, Majority replicated index: 0, Committed index: 0, Last appended: 0.0, Last appended by leader: 0, Current term: 1, Majority size: 1, State: 0, Mode: LEADER, active raft config: opid_index: -1 OBSOLETE_local: true peers { permanent_uuid: "b768ae9e696f4b58831dc613c424b6ca" member_type: VOTER last_known_addr { host: "127.25.250.195" port: 44883 } }
I20260630 12:20:16.839224 27121 leader_election.cc:290] T 9d4419650fe04ca9a76493b980a04304 P b768ae9e696f4b58831dc613c424b6ca [CANDIDATE]: Term 1 election: Requested vote from peers 
I20260630 12:20:16.840764 27121 ts_tablet_manager.cc:1434] T 9d4419650fe04ca9a76493b980a04304 P b768ae9e696f4b58831dc613c424b6ca: Time spent starting tablet: real 0.075s	user 0.016s	sys 0.026s
I20260630 12:20:16.848490 27120 raft_consensus.cc:515] T 2587bdbe613147feb20b5fd342480810 P ed88bfdf8ac040d5950400cbe75fb99d [term 1 FOLLOWER]: Starting leader election with config: opid_index: -1 OBSOLETE_local: true peers { permanent_uuid: "ed88bfdf8ac040d5950400cbe75fb99d" member_type: VOTER last_known_addr { host: "127.25.250.193" port: 45355 } }
I20260630 12:20:16.849444 27120 leader_election.cc:304] T 2587bdbe613147feb20b5fd342480810 P ed88bfdf8ac040d5950400cbe75fb99d [CANDIDATE]: Term 1 election: Election decided. Result: candidate won. Election summary: received 1 responses out of 1 voters: 1 yes votes; 0 no votes. yes voters: ed88bfdf8ac040d5950400cbe75fb99d; no voters: 
I20260630 12:20:16.850634 27127 raft_consensus.cc:2804] T 2587bdbe613147feb20b5fd342480810 P ed88bfdf8ac040d5950400cbe75fb99d [term 1 FOLLOWER]: Leader election won for term 1
I20260630 12:20:16.851235 27127 raft_consensus.cc:697] T 2587bdbe613147feb20b5fd342480810 P ed88bfdf8ac040d5950400cbe75fb99d [term 1 LEADER]: Becoming Leader. State: Replica: ed88bfdf8ac040d5950400cbe75fb99d, State: Running, Role: LEADER
I20260630 12:20:16.852064 27127 consensus_queue.cc:237] T 2587bdbe613147feb20b5fd342480810 P ed88bfdf8ac040d5950400cbe75fb99d [LEADER]: Queue going to LEADER mode. State: All replicated index: 0, Majority replicated index: 0, Committed index: 0, Last appended: 0.0, Last appended by leader: 0, Current term: 1, Majority size: 1, State: 0, Mode: LEADER, active raft config: opid_index: -1 OBSOLETE_local: true peers { permanent_uuid: "ed88bfdf8ac040d5950400cbe75fb99d" member_type: VOTER last_known_addr { host: "127.25.250.193" port: 45355 } }
I20260630 12:20:16.855064 27120 leader_election.cc:290] T 2587bdbe613147feb20b5fd342480810 P ed88bfdf8ac040d5950400cbe75fb99d [CANDIDATE]: Term 1 election: Requested vote from peers 
I20260630 12:20:16.861543 27120 ts_tablet_manager.cc:1434] T 2587bdbe613147feb20b5fd342480810 P ed88bfdf8ac040d5950400cbe75fb99d: Time spent starting tablet: real 0.032s	user 0.020s	sys 0.000s
I20260630 12:20:16.862587 26762 catalog_manager.cc:5697] T 9d4419650fe04ca9a76493b980a04304 P b768ae9e696f4b58831dc613c424b6ca reported cstate change: term changed from 0 to 1, leader changed from <none> to b768ae9e696f4b58831dc613c424b6ca (127.25.250.195). New cstate: current_term: 1 leader_uuid: "b768ae9e696f4b58831dc613c424b6ca" committed_config { opid_index: -1 OBSOLETE_local: true peers { permanent_uuid: "b768ae9e696f4b58831dc613c424b6ca" member_type: VOTER last_known_addr { host: "127.25.250.195" port: 44883 } health_report { overall_health: HEALTHY } } }
I20260630 12:20:16.878495 26765 catalog_manager.cc:5697] T 2587bdbe613147feb20b5fd342480810 P ed88bfdf8ac040d5950400cbe75fb99d reported cstate change: term changed from 0 to 1, leader changed from <none> to ed88bfdf8ac040d5950400cbe75fb99d (127.25.250.193). New cstate: current_term: 1 leader_uuid: "ed88bfdf8ac040d5950400cbe75fb99d" committed_config { opid_index: -1 OBSOLETE_local: true peers { permanent_uuid: "ed88bfdf8ac040d5950400cbe75fb99d" member_type: VOTER last_known_addr { host: "127.25.250.193" port: 45355 } health_report { overall_health: HEALTHY } } }
I20260630 12:20:18.483932 26840 auto_leader_rebalancer.cc:141] leader rebalance for table test-workload
I20260630 12:20:18.486518 26840 auto_leader_rebalancer.cc:515] All tables' leader rebalancing finished this round
I20260630 12:20:18.960116 26603 tablet_server.cc:179] TabletServer@127.25.250.193:0 shutting down...
I20260630 12:20:18.977626 26603 ts_tablet_manager.cc:1507] Shutting down tablet manager...
I20260630 12:20:18.978331 26603 tablet_replica.cc:333] T 2587bdbe613147feb20b5fd342480810 P ed88bfdf8ac040d5950400cbe75fb99d: stopping tablet replica
I20260630 12:20:18.978902 26603 raft_consensus.cc:2243] T 2587bdbe613147feb20b5fd342480810 P ed88bfdf8ac040d5950400cbe75fb99d [term 1 LEADER]: Raft consensus shutting down.
I20260630 12:20:18.979362 26603 raft_consensus.cc:2272] T 2587bdbe613147feb20b5fd342480810 P ed88bfdf8ac040d5950400cbe75fb99d [term 1 FOLLOWER]: Raft consensus is shut down!
I20260630 12:20:18.981297 26603 tablet_replica.cc:333] T 027440ba02cd4fea81f3b93c4f6d1295 P ed88bfdf8ac040d5950400cbe75fb99d: stopping tablet replica
I20260630 12:20:18.981731 26603 raft_consensus.cc:2243] T 027440ba02cd4fea81f3b93c4f6d1295 P ed88bfdf8ac040d5950400cbe75fb99d [term 1 LEADER]: Raft consensus shutting down.
I20260630 12:20:18.982095 26603 raft_consensus.cc:2272] T 027440ba02cd4fea81f3b93c4f6d1295 P ed88bfdf8ac040d5950400cbe75fb99d [term 1 FOLLOWER]: Raft consensus is shut down!
I20260630 12:20:19.061843 26603 tablet_server.cc:196] TabletServer@127.25.250.193:0 shutdown complete.
I20260630 12:20:19.071022 26603 tablet_server.cc:179] TabletServer@127.25.250.194:0 shutting down...
I20260630 12:20:19.087013 26603 ts_tablet_manager.cc:1507] Shutting down tablet manager...
I20260630 12:20:19.087591 26603 tablet_replica.cc:333] T 50b3d052a4c54262943ddc61d3f62979 P d0f03715bb39497ebce7ac18bb41916c: stopping tablet replica
I20260630 12:20:19.088201 26603 raft_consensus.cc:2243] T 50b3d052a4c54262943ddc61d3f62979 P d0f03715bb39497ebce7ac18bb41916c [term 1 LEADER]: Raft consensus shutting down.
I20260630 12:20:19.088675 26603 raft_consensus.cc:2272] T 50b3d052a4c54262943ddc61d3f62979 P d0f03715bb39497ebce7ac18bb41916c [term 1 FOLLOWER]: Raft consensus is shut down!
I20260630 12:20:19.105998 26603 tablet_server.cc:196] TabletServer@127.25.250.194:0 shutdown complete.
I20260630 12:20:19.112869 26603 tablet_server.cc:179] TabletServer@127.25.250.195:0 shutting down...
I20260630 12:20:19.126977 26603 ts_tablet_manager.cc:1507] Shutting down tablet manager...
I20260630 12:20:19.127518 26603 tablet_replica.cc:333] T 9d4419650fe04ca9a76493b980a04304 P b768ae9e696f4b58831dc613c424b6ca: stopping tablet replica
I20260630 12:20:19.127970 26603 raft_consensus.cc:2243] T 9d4419650fe04ca9a76493b980a04304 P b768ae9e696f4b58831dc613c424b6ca [term 1 LEADER]: Raft consensus shutting down.
I20260630 12:20:19.128302 26603 raft_consensus.cc:2272] T 9d4419650fe04ca9a76493b980a04304 P b768ae9e696f4b58831dc613c424b6ca [term 1 FOLLOWER]: Raft consensus is shut down!
I20260630 12:20:19.145385 26603 tablet_server.cc:196] TabletServer@127.25.250.195:0 shutdown complete.
I20260630 12:20:19.152415 26603 master.cc:562] Master@127.25.250.254:37153 shutting down...
I20260630 12:20:19.310775 26603 raft_consensus.cc:2243] T 00000000000000000000000000000000 P 9687ca43da38491882e95fb00b02e7df [term 1 FOLLOWER]: Raft consensus shutting down.
I20260630 12:20:19.311273 26603 raft_consensus.cc:2272] T 00000000000000000000000000000000 P 9687ca43da38491882e95fb00b02e7df [term 1 FOLLOWER]: Raft consensus is shut down!
I20260630 12:20:19.311538 26603 tablet_replica.cc:333] T 00000000000000000000000000000000 P 9687ca43da38491882e95fb00b02e7df: stopping tablet replica
I20260630 12:20:19.328833 26603 master.cc:584] Master@127.25.250.254:37153 shutdown complete.
I20260630 12:20:19.338721 26603 master.cc:562] Master@127.25.250.253:40353 shutting down...
I20260630 12:20:19.351784 26603 raft_consensus.cc:2243] T 00000000000000000000000000000000 P b12120f847634bbba7ed3f0c444e1d1f [term 1 FOLLOWER]: Raft consensus shutting down.
I20260630 12:20:19.352218 26603 raft_consensus.cc:2272] T 00000000000000000000000000000000 P b12120f847634bbba7ed3f0c444e1d1f [term 1 FOLLOWER]: Raft consensus is shut down!
I20260630 12:20:19.352509 26603 tablet_replica.cc:333] T 00000000000000000000000000000000 P b12120f847634bbba7ed3f0c444e1d1f: stopping tablet replica
I20260630 12:20:19.385221 26603 master.cc:584] Master@127.25.250.253:40353 shutdown complete.
I20260630 12:20:19.393579 26603 master.cc:562] Master@127.25.250.252:41451 shutting down...
I20260630 12:20:19.406913 26603 raft_consensus.cc:2243] T 00000000000000000000000000000000 P 34089ba216024a5f8d5ec04fabeaf170 [term 1 LEADER]: Raft consensus shutting down.
I20260630 12:20:19.407639 26603 raft_consensus.cc:2272] T 00000000000000000000000000000000 P 34089ba216024a5f8d5ec04fabeaf170 [term 1 FOLLOWER]: Raft consensus is shut down!
I20260630 12:20:19.407895 26603 tablet_replica.cc:333] T 00000000000000000000000000000000 P 34089ba216024a5f8d5ec04fabeaf170: stopping tablet replica
I20260630 12:20:19.424450 26603 master.cc:584] Master@127.25.250.252:41451 shutdown complete.
[       OK ] AutoRebalancerTest.OnlyLeaderDoesAutoRebalancing (6769 ms)
[ RUN      ] AutoRebalancerTest.AutoRebalancingTurnOffAndOn
I20260630 12:20:19.448534 26603 internal_mini_cluster.cc:156] Creating distributed mini masters. Addrs: 127.25.250.254:33509
I20260630 12:20:19.449484 26603 file_cache.cc:492] Constructed file cache file cache with capacity 419430
W20260630 12:20:19.453611 27142 instance_detector.cc:116] could not retrieve AWS instance metadata: Network error: curl error: HTTP response code said error: The requested URL returned error: 404
W20260630 12:20:19.454421 27143 instance_detector.cc:116] could not retrieve Azure instance metadata: Network error: curl error: HTTP response code said error: The requested URL returned error: 404
