I20260630 12:21:38.840744 29838 consensus_queue.cc:260] T 32a7e6a2fec540169892e42bcc0410f7 P aac590b2efeb4f96a74ba4573e080a56 [NON_LEADER]: Queue going to NON_LEADER mode. State: All replicated index: 0, Majority replicated index: 0, Committed index: 0, Last appended: 0.0, Last appended by leader: 0, Current term: 0, Majority size: -1, State: 0, Mode: NON_LEADER, active raft config: opid_index: -1 OBSOLETE_local: false peers { permanent_uuid: "9270f3f1535f4e399f583d38f2e1e7ff" member_type: VOTER last_known_addr { host: "127.25.250.196" port: 32963 } } peers { permanent_uuid: "ee41c770290e466c942b15a170e010ce" member_type: VOTER last_known_addr { host: "127.25.250.195" port: 41283 } } peers { permanent_uuid: "aac590b2efeb4f96a74ba4573e080a56" member_type: VOTER last_known_addr { host: "127.25.250.193" port: 32773 } }
I20260630 12:21:38.845136 29838 ts_tablet_manager.cc:1434] T 32a7e6a2fec540169892e42bcc0410f7 P aac590b2efeb4f96a74ba4573e080a56: Time spent starting tablet: real 0.032s	user 0.008s	sys 0.001s
I20260630 12:21:38.843907 29536 catalog_manager.cc:5697] T 8fd7378b323344a3aa72893d44c98d49 P aac590b2efeb4f96a74ba4573e080a56 reported cstate change: term changed from 0 to 1, leader changed from <none> to aac590b2efeb4f96a74ba4573e080a56 (127.25.250.193). New cstate: current_term: 1 leader_uuid: "aac590b2efeb4f96a74ba4573e080a56" committed_config { opid_index: -1 OBSOLETE_local: false peers { permanent_uuid: "aac590b2efeb4f96a74ba4573e080a56" member_type: VOTER last_known_addr { host: "127.25.250.193" port: 32773 } health_report { overall_health: HEALTHY } } peers { permanent_uuid: "9270f3f1535f4e399f583d38f2e1e7ff" member_type: VOTER last_known_addr { host: "127.25.250.196" port: 32963 } health_report { overall_health: UNKNOWN } } peers { permanent_uuid: "7e75e1f0bf8143ba818e8bb0066291f4" member_type: VOTER last_known_addr { host: "127.25.250.194" port: 41377 } health_report { overall_health: UNKNOWN } } }
I20260630 12:21:38.846055 29838 tablet_bootstrap.cc:492] T e9465f34e416475f95a736f3348ee08e P aac590b2efeb4f96a74ba4573e080a56: Bootstrap starting.
I20260630 12:21:38.835768 29882 raft_consensus.cc:2804] T 394e39babe7d48018f007d6e76327c35 P aac590b2efeb4f96a74ba4573e080a56 [term 1 FOLLOWER]: Leader election won for term 1
I20260630 12:21:38.848510 29882 raft_consensus.cc:697] T 394e39babe7d48018f007d6e76327c35 P aac590b2efeb4f96a74ba4573e080a56 [term 1 LEADER]: Becoming Leader. State: Replica: aac590b2efeb4f96a74ba4573e080a56, State: Running, Role: LEADER
I20260630 12:21:38.850253 29882 consensus_queue.cc:237] T 394e39babe7d48018f007d6e76327c35 P aac590b2efeb4f96a74ba4573e080a56 [LEADER]: Queue going to LEADER mode. State: All replicated index: 0, Majority replicated index: 0, Committed index: 0, Last appended: 0.0, Last appended by leader: 0, Current term: 1, Majority size: 2, State: 0, Mode: LEADER, active raft config: opid_index: -1 OBSOLETE_local: false peers { permanent_uuid: "7e75e1f0bf8143ba818e8bb0066291f4" member_type: VOTER last_known_addr { host: "127.25.250.194" port: 41377 } } peers { permanent_uuid: "9270f3f1535f4e399f583d38f2e1e7ff" member_type: VOTER last_known_addr { host: "127.25.250.196" port: 32963 } } peers { permanent_uuid: "aac590b2efeb4f96a74ba4573e080a56" member_type: VOTER last_known_addr { host: "127.25.250.193" port: 32773 } }
I20260630 12:21:38.853366 29991 raft_consensus.cc:359] T fe687edf97f84540b128f933278cd1a1 P ee41c770290e466c942b15a170e010ce [term 0 FOLLOWER]: Replica starting. Triggering 0 pending ops. Active config: opid_index: -1 OBSOLETE_local: false peers { permanent_uuid: "9270f3f1535f4e399f583d38f2e1e7ff" member_type: VOTER last_known_addr { host: "127.25.250.196" port: 32963 } } peers { permanent_uuid: "ee41c770290e466c942b15a170e010ce" member_type: VOTER last_known_addr { host: "127.25.250.195" port: 41283 } } peers { permanent_uuid: "7e75e1f0bf8143ba818e8bb0066291f4" member_type: VOTER last_known_addr { host: "127.25.250.194" port: 41377 } }
I20260630 12:21:38.854063 29983 tablet_bootstrap.cc:654] T fe687edf97f84540b128f933278cd1a1 P 7e75e1f0bf8143ba818e8bb0066291f4: Neither blocks nor log segments found. Creating new log.
I20260630 12:21:38.853924 29991 raft_consensus.cc:385] T fe687edf97f84540b128f933278cd1a1 P ee41c770290e466c942b15a170e010ce [term 0 FOLLOWER]: Consensus starting up: Expiring failure detector timer to make a prompt election more likely
I20260630 12:21:38.855418 29991 raft_consensus.cc:740] T fe687edf97f84540b128f933278cd1a1 P ee41c770290e466c942b15a170e010ce [term 0 FOLLOWER]: Becoming Follower/Learner. State: Replica: ee41c770290e466c942b15a170e010ce, State: Initialized, Role: FOLLOWER
I20260630 12:21:38.859584 29838 tablet_bootstrap.cc:654] T e9465f34e416475f95a736f3348ee08e P aac590b2efeb4f96a74ba4573e080a56: Neither blocks nor log segments found. Creating new log.
I20260630 12:21:38.859627 29981 tablet_bootstrap.cc:492] T 394e39babe7d48018f007d6e76327c35 P 9270f3f1535f4e399f583d38f2e1e7ff: No bootstrap required, opened a new log
I20260630 12:21:38.862638 29981 ts_tablet_manager.cc:1403] T 394e39babe7d48018f007d6e76327c35 P 9270f3f1535f4e399f583d38f2e1e7ff: Time spent bootstrapping tablet: real 0.035s	user 0.012s	sys 0.008s
I20260630 12:21:38.864022 29991 consensus_queue.cc:260] T fe687edf97f84540b128f933278cd1a1 P ee41c770290e466c942b15a170e010ce [NON_LEADER]: Queue going to NON_LEADER mode. State: All replicated index: 0, Majority replicated index: 0, Committed index: 0, Last appended: 0.0, Last appended by leader: 0, Current term: 0, Majority size: -1, State: 0, Mode: NON_LEADER, active raft config: opid_index: -1 OBSOLETE_local: false peers { permanent_uuid: "9270f3f1535f4e399f583d38f2e1e7ff" member_type: VOTER last_known_addr { host: "127.25.250.196" port: 32963 } } peers { permanent_uuid: "ee41c770290e466c942b15a170e010ce" member_type: VOTER last_known_addr { host: "127.25.250.195" port: 41283 } } peers { permanent_uuid: "7e75e1f0bf8143ba818e8bb0066291f4" member_type: VOTER last_known_addr { host: "127.25.250.194" port: 41377 } }
I20260630 12:21:38.866871 29991 ts_tablet_manager.cc:1434] T fe687edf97f84540b128f933278cd1a1 P ee41c770290e466c942b15a170e010ce: Time spent starting tablet: real 0.025s	user 0.005s	sys 0.002s
I20260630 12:21:38.867801 29991 tablet_bootstrap.cc:492] T e9465f34e416475f95a736f3348ee08e P ee41c770290e466c942b15a170e010ce: Bootstrap starting.
I20260630 12:21:38.867763 29981 raft_consensus.cc:359] T 394e39babe7d48018f007d6e76327c35 P 9270f3f1535f4e399f583d38f2e1e7ff [term 0 FOLLOWER]: Replica starting. Triggering 0 pending ops. Active config: opid_index: -1 OBSOLETE_local: false peers { permanent_uuid: "7e75e1f0bf8143ba818e8bb0066291f4" member_type: VOTER last_known_addr { host: "127.25.250.194" port: 41377 } } peers { permanent_uuid: "9270f3f1535f4e399f583d38f2e1e7ff" member_type: VOTER last_known_addr { host: "127.25.250.196" port: 32963 } } peers { permanent_uuid: "aac590b2efeb4f96a74ba4573e080a56" member_type: VOTER last_known_addr { host: "127.25.250.193" port: 32773 } }
I20260630 12:21:38.870693 29981 raft_consensus.cc:385] T 394e39babe7d48018f007d6e76327c35 P 9270f3f1535f4e399f583d38f2e1e7ff [term 0 FOLLOWER]: Consensus starting up: Expiring failure detector timer to make a prompt election more likely
I20260630 12:21:38.870882 29981 raft_consensus.cc:740] T 394e39babe7d48018f007d6e76327c35 P 9270f3f1535f4e399f583d38f2e1e7ff [term 0 FOLLOWER]: Becoming Follower/Learner. State: Replica: 9270f3f1535f4e399f583d38f2e1e7ff, State: Initialized, Role: FOLLOWER
I20260630 12:21:38.871349 29981 consensus_queue.cc:260] T 394e39babe7d48018f007d6e76327c35 P 9270f3f1535f4e399f583d38f2e1e7ff [NON_LEADER]: Queue going to NON_LEADER mode. State: All replicated index: 0, Majority replicated index: 0, Committed index: 0, Last appended: 0.0, Last appended by leader: 0, Current term: 0, Majority size: -1, State: 0, Mode: NON_LEADER, active raft config: opid_index: -1 OBSOLETE_local: false peers { permanent_uuid: "7e75e1f0bf8143ba818e8bb0066291f4" member_type: VOTER last_known_addr { host: "127.25.250.194" port: 41377 } } peers { permanent_uuid: "9270f3f1535f4e399f583d38f2e1e7ff" member_type: VOTER last_known_addr { host: "127.25.250.196" port: 32963 } } peers { permanent_uuid: "aac590b2efeb4f96a74ba4573e080a56" member_type: VOTER last_known_addr { host: "127.25.250.193" port: 32773 } }
I20260630 12:21:38.871680 29838 tablet_bootstrap.cc:492] T e9465f34e416475f95a736f3348ee08e P aac590b2efeb4f96a74ba4573e080a56: No bootstrap required, opened a new log
I20260630 12:21:38.872208 29838 ts_tablet_manager.cc:1403] T e9465f34e416475f95a736f3348ee08e P aac590b2efeb4f96a74ba4573e080a56: Time spent bootstrapping tablet: real 0.026s	user 0.006s	sys 0.005s
I20260630 12:21:38.872905 29981 ts_tablet_manager.cc:1434] T 394e39babe7d48018f007d6e76327c35 P 9270f3f1535f4e399f583d38f2e1e7ff: Time spent starting tablet: real 0.010s	user 0.003s	sys 0.000s
I20260630 12:21:38.873571 29981 tablet_bootstrap.cc:492] T 18d738d24220403b979ba53175c2726b P 9270f3f1535f4e399f583d38f2e1e7ff: Bootstrap starting.
I20260630 12:21:38.875711 29987 raft_consensus.cc:493] T 32a7e6a2fec540169892e42bcc0410f7 P aac590b2efeb4f96a74ba4573e080a56 [term 0 FOLLOWER]: Starting pre-election (no leader contacted us within the election timeout)
I20260630 12:21:38.876163 29987 raft_consensus.cc:515] T 32a7e6a2fec540169892e42bcc0410f7 P aac590b2efeb4f96a74ba4573e080a56 [term 0 FOLLOWER]: Starting pre-election with config: opid_index: -1 OBSOLETE_local: false peers { permanent_uuid: "9270f3f1535f4e399f583d38f2e1e7ff" member_type: VOTER last_known_addr { host: "127.25.250.196" port: 32963 } } peers { permanent_uuid: "ee41c770290e466c942b15a170e010ce" member_type: VOTER last_known_addr { host: "127.25.250.195" port: 41283 } } peers { permanent_uuid: "aac590b2efeb4f96a74ba4573e080a56" member_type: VOTER last_known_addr { host: "127.25.250.193" port: 32773 } }
I20260630 12:21:38.876760 29983 tablet_bootstrap.cc:492] T fe687edf97f84540b128f933278cd1a1 P 7e75e1f0bf8143ba818e8bb0066291f4: No bootstrap required, opened a new log
I20260630 12:21:38.877202 29983 ts_tablet_manager.cc:1403] T fe687edf97f84540b128f933278cd1a1 P 7e75e1f0bf8143ba818e8bb0066291f4: Time spent bootstrapping tablet: real 0.038s	user 0.011s	sys 0.002s
I20260630 12:21:38.878237 29987 leader_election.cc:290] T 32a7e6a2fec540169892e42bcc0410f7 P aac590b2efeb4f96a74ba4573e080a56 [CANDIDATE]: Term 1 pre-election: Requested pre-vote from peers 9270f3f1535f4e399f583d38f2e1e7ff (127.25.250.196:32963), ee41c770290e466c942b15a170e010ce (127.25.250.195:41283)
I20260630 12:21:38.879391 29942 tablet_service.cc:1917] Received RequestConsensusVote() RPC: tablet_id: "32a7e6a2fec540169892e42bcc0410f7" candidate_uuid: "aac590b2efeb4f96a74ba4573e080a56" candidate_term: 1 candidate_status { last_received { term: 0 index: 0 } } ignore_live_leader: false dest_uuid: "9270f3f1535f4e399f583d38f2e1e7ff" is_pre_election: true
I20260630 12:21:38.880191 29981 tablet_bootstrap.cc:654] T 18d738d24220403b979ba53175c2726b P 9270f3f1535f4e399f583d38f2e1e7ff: Neither blocks nor log segments found. Creating new log.
I20260630 12:21:38.882316 29991 tablet_bootstrap.cc:654] T e9465f34e416475f95a736f3348ee08e P ee41c770290e466c942b15a170e010ce: Neither blocks nor log segments found. Creating new log.
I20260630 12:21:38.883306 29790 tablet_service.cc:1917] Received RequestConsensusVote() RPC: tablet_id: "32a7e6a2fec540169892e42bcc0410f7" candidate_uuid: "aac590b2efeb4f96a74ba4573e080a56" candidate_term: 1 candidate_status { last_received { term: 0 index: 0 } } ignore_live_leader: false dest_uuid: "ee41c770290e466c942b15a170e010ce" is_pre_election: true
I20260630 12:21:38.883926 29790 raft_consensus.cc:2468] T 32a7e6a2fec540169892e42bcc0410f7 P ee41c770290e466c942b15a170e010ce [term 0 FOLLOWER]: Leader pre-election vote request: Granting yes vote for candidate aac590b2efeb4f96a74ba4573e080a56 in term 0.
I20260630 12:21:38.884369 29983 raft_consensus.cc:359] T fe687edf97f84540b128f933278cd1a1 P 7e75e1f0bf8143ba818e8bb0066291f4 [term 0 FOLLOWER]: Replica starting. Triggering 0 pending ops. Active config: opid_index: -1 OBSOLETE_local: false peers { permanent_uuid: "9270f3f1535f4e399f583d38f2e1e7ff" member_type: VOTER last_known_addr { host: "127.25.250.196" port: 32963 } } peers { permanent_uuid: "ee41c770290e466c942b15a170e010ce" member_type: VOTER last_known_addr { host: "127.25.250.195" port: 41283 } } peers { permanent_uuid: "7e75e1f0bf8143ba818e8bb0066291f4" member_type: VOTER last_known_addr { host: "127.25.250.194" port: 41377 } }
I20260630 12:21:38.885028 29983 raft_consensus.cc:385] T fe687edf97f84540b128f933278cd1a1 P 7e75e1f0bf8143ba818e8bb0066291f4 [term 0 FOLLOWER]: Consensus starting up: Expiring failure detector timer to make a prompt election more likely
I20260630 12:21:38.885284 29983 raft_consensus.cc:740] T fe687edf97f84540b128f933278cd1a1 P 7e75e1f0bf8143ba818e8bb0066291f4 [term 0 FOLLOWER]: Becoming Follower/Learner. State: Replica: 7e75e1f0bf8143ba818e8bb0066291f4, State: Initialized, Role: FOLLOWER
I20260630 12:21:38.886055 29983 consensus_queue.cc:260] T fe687edf97f84540b128f933278cd1a1 P 7e75e1f0bf8143ba818e8bb0066291f4 [NON_LEADER]: Queue going to NON_LEADER mode. State: All replicated index: 0, Majority replicated index: 0, Committed index: 0, Last appended: 0.0, Last appended by leader: 0, Current term: 0, Majority size: -1, State: 0, Mode: NON_LEADER, active raft config: opid_index: -1 OBSOLETE_local: false peers { permanent_uuid: "9270f3f1535f4e399f583d38f2e1e7ff" member_type: VOTER last_known_addr { host: "127.25.250.196" port: 32963 } } peers { permanent_uuid: "ee41c770290e466c942b15a170e010ce" member_type: VOTER last_known_addr { host: "127.25.250.195" port: 41283 } } peers { permanent_uuid: "7e75e1f0bf8143ba818e8bb0066291f4" member_type: VOTER last_known_addr { host: "127.25.250.194" port: 41377 } }
I20260630 12:21:38.883172 29838 raft_consensus.cc:359] T e9465f34e416475f95a736f3348ee08e P aac590b2efeb4f96a74ba4573e080a56 [term 0 FOLLOWER]: Replica starting. Triggering 0 pending ops. Active config: opid_index: -1 OBSOLETE_local: false peers { permanent_uuid: "9270f3f1535f4e399f583d38f2e1e7ff" member_type: VOTER last_known_addr { host: "127.25.250.196" port: 32963 } } peers { permanent_uuid: "ee41c770290e466c942b15a170e010ce" member_type: VOTER last_known_addr { host: "127.25.250.195" port: 41283 } } peers { permanent_uuid: "aac590b2efeb4f96a74ba4573e080a56" member_type: VOTER last_known_addr { host: "127.25.250.193" port: 32773 } }
I20260630 12:21:38.887007 29838 raft_consensus.cc:385] T e9465f34e416475f95a736f3348ee08e P aac590b2efeb4f96a74ba4573e080a56 [term 0 FOLLOWER]: Consensus starting up: Expiring failure detector timer to make a prompt election more likely
I20260630 12:21:38.887295 29838 raft_consensus.cc:740] T e9465f34e416475f95a736f3348ee08e P aac590b2efeb4f96a74ba4573e080a56 [term 0 FOLLOWER]: Becoming Follower/Learner. State: Replica: aac590b2efeb4f96a74ba4573e080a56, State: Initialized, Role: FOLLOWER
W20260630 12:21:38.887705 29608 leader_election.cc:343] T 32a7e6a2fec540169892e42bcc0410f7 P aac590b2efeb4f96a74ba4573e080a56 [CANDIDATE]: Term 1 pre-election: Tablet error from VoteRequest() call to peer 9270f3f1535f4e399f583d38f2e1e7ff (127.25.250.196:32963): Illegal state: must be running to vote when last-logged opid is not known
I20260630 12:21:38.888747 29605 leader_election.cc:304] T 32a7e6a2fec540169892e42bcc0410f7 P aac590b2efeb4f96a74ba4573e080a56 [CANDIDATE]: Term 1 pre-election: Election decided. Result: candidate won. Election summary: received 3 responses out of 3 voters: 2 yes votes; 1 no votes. yes voters: aac590b2efeb4f96a74ba4573e080a56, ee41c770290e466c942b15a170e010ce; no voters: 9270f3f1535f4e399f583d38f2e1e7ff
I20260630 12:21:38.889801 29882 raft_consensus.cc:2804] T 32a7e6a2fec540169892e42bcc0410f7 P aac590b2efeb4f96a74ba4573e080a56 [term 0 FOLLOWER]: Leader pre-election won for term 1
I20260630 12:21:38.890173 29882 raft_consensus.cc:493] T 32a7e6a2fec540169892e42bcc0410f7 P aac590b2efeb4f96a74ba4573e080a56 [term 0 FOLLOWER]: Starting leader election (no leader contacted us within the election timeout)
I20260630 12:21:38.890496 29882 raft_consensus.cc:3060] T 32a7e6a2fec540169892e42bcc0410f7 P aac590b2efeb4f96a74ba4573e080a56 [term 0 FOLLOWER]: Advancing to term 1
I20260630 12:21:38.892464 29983 ts_tablet_manager.cc:1434] T fe687edf97f84540b128f933278cd1a1 P 7e75e1f0bf8143ba818e8bb0066291f4: Time spent starting tablet: real 0.015s	user 0.006s	sys 0.001s
I20260630 12:21:38.893412 29983 tablet_bootstrap.cc:492] T 18d738d24220403b979ba53175c2726b P 7e75e1f0bf8143ba818e8bb0066291f4: Bootstrap starting.
I20260630 12:21:38.897893 29882 raft_consensus.cc:515] T 32a7e6a2fec540169892e42bcc0410f7 P aac590b2efeb4f96a74ba4573e080a56 [term 1 FOLLOWER]: Starting leader election with config: opid_index: -1 OBSOLETE_local: false peers { permanent_uuid: "9270f3f1535f4e399f583d38f2e1e7ff" member_type: VOTER last_known_addr { host: "127.25.250.196" port: 32963 } } peers { permanent_uuid: "ee41c770290e466c942b15a170e010ce" member_type: VOTER last_known_addr { host: "127.25.250.195" port: 41283 } } peers { permanent_uuid: "aac590b2efeb4f96a74ba4573e080a56" member_type: VOTER last_known_addr { host: "127.25.250.193" port: 32773 } }
I20260630 12:21:38.899271 29983 tablet_bootstrap.cc:654] T 18d738d24220403b979ba53175c2726b P 7e75e1f0bf8143ba818e8bb0066291f4: Neither blocks nor log segments found. Creating new log.
I20260630 12:21:38.902194 29838 consensus_queue.cc:260] T e9465f34e416475f95a736f3348ee08e P aac590b2efeb4f96a74ba4573e080a56 [NON_LEADER]: Queue going to NON_LEADER mode. State: All replicated index: 0, Majority replicated index: 0, Committed index: 0, Last appended: 0.0, Last appended by leader: 0, Current term: 0, Majority size: -1, State: 0, Mode: NON_LEADER, active raft config: opid_index: -1 OBSOLETE_local: false peers { permanent_uuid: "9270f3f1535f4e399f583d38f2e1e7ff" member_type: VOTER last_known_addr { host: "127.25.250.196" port: 32963 } } peers { permanent_uuid: "ee41c770290e466c942b15a170e010ce" member_type: VOTER last_known_addr { host: "127.25.250.195" port: 41283 } } peers { permanent_uuid: "aac590b2efeb4f96a74ba4573e080a56" member_type: VOTER last_known_addr { host: "127.25.250.193" port: 32773 } }
I20260630 12:21:38.904291 29942 tablet_service.cc:1917] Received RequestConsensusVote() RPC: tablet_id: "32a7e6a2fec540169892e42bcc0410f7" candidate_uuid: "aac590b2efeb4f96a74ba4573e080a56" candidate_term: 1 candidate_status { last_received { term: 0 index: 0 } } ignore_live_leader: false dest_uuid: "9270f3f1535f4e399f583d38f2e1e7ff"
I20260630 12:21:38.905381 29838 ts_tablet_manager.cc:1434] T e9465f34e416475f95a736f3348ee08e P aac590b2efeb4f96a74ba4573e080a56: Time spent starting tablet: real 0.033s	user 0.007s	sys 0.000s
W20260630 12:21:38.905656 29608 leader_election.cc:343] T 32a7e6a2fec540169892e42bcc0410f7 P aac590b2efeb4f96a74ba4573e080a56 [CANDIDATE]: Term 1 election: Tablet error from VoteRequest() call to peer 9270f3f1535f4e399f583d38f2e1e7ff (127.25.250.196:32963): Illegal state: must be running to vote when last-logged opid is not known
I20260630 12:21:38.906282 29838 tablet_bootstrap.cc:492] T 18d738d24220403b979ba53175c2726b P aac590b2efeb4f96a74ba4573e080a56: Bootstrap starting.
I20260630 12:21:38.907610 29790 tablet_service.cc:1917] Received RequestConsensusVote() RPC: tablet_id: "32a7e6a2fec540169892e42bcc0410f7" candidate_uuid: "aac590b2efeb4f96a74ba4573e080a56" candidate_term: 1 candidate_status { last_received { term: 0 index: 0 } } ignore_live_leader: false dest_uuid: "ee41c770290e466c942b15a170e010ce"
I20260630 12:21:38.908151 29790 raft_consensus.cc:3060] T 32a7e6a2fec540169892e42bcc0410f7 P ee41c770290e466c942b15a170e010ce [term 0 FOLLOWER]: Advancing to term 1
I20260630 12:21:38.912364 29838 tablet_bootstrap.cc:654] T 18d738d24220403b979ba53175c2726b P aac590b2efeb4f96a74ba4573e080a56: Neither blocks nor log segments found. Creating new log.
I20260630 12:21:38.915342 29790 raft_consensus.cc:2468] T 32a7e6a2fec540169892e42bcc0410f7 P ee41c770290e466c942b15a170e010ce [term 1 FOLLOWER]: Leader election vote request: Granting yes vote for candidate aac590b2efeb4f96a74ba4573e080a56 in term 1.
I20260630 12:21:38.916882 29605 leader_election.cc:304] T 32a7e6a2fec540169892e42bcc0410f7 P aac590b2efeb4f96a74ba4573e080a56 [CANDIDATE]: Term 1 election: Election decided. Result: candidate won. Election summary: received 3 responses out of 3 voters: 2 yes votes; 1 no votes. yes voters: aac590b2efeb4f96a74ba4573e080a56, ee41c770290e466c942b15a170e010ce; no voters: 9270f3f1535f4e399f583d38f2e1e7ff
I20260630 12:21:38.917719 29987 raft_consensus.cc:2804] T 32a7e6a2fec540169892e42bcc0410f7 P aac590b2efeb4f96a74ba4573e080a56 [term 1 FOLLOWER]: Leader election won for term 1
I20260630 12:21:38.917817 29983 tablet_bootstrap.cc:492] T 18d738d24220403b979ba53175c2726b P 7e75e1f0bf8143ba818e8bb0066291f4: No bootstrap required, opened a new log
I20260630 12:21:38.918272 29987 raft_consensus.cc:697] T 32a7e6a2fec540169892e42bcc0410f7 P aac590b2efeb4f96a74ba4573e080a56 [term 1 LEADER]: Becoming Leader. State: Replica: aac590b2efeb4f96a74ba4573e080a56, State: Running, Role: LEADER
I20260630 12:21:38.918378 29983 ts_tablet_manager.cc:1403] T 18d738d24220403b979ba53175c2726b P 7e75e1f0bf8143ba818e8bb0066291f4: Time spent bootstrapping tablet: real 0.025s	user 0.006s	sys 0.004s
I20260630 12:21:38.919091 29987 consensus_queue.cc:237] T 32a7e6a2fec540169892e42bcc0410f7 P aac590b2efeb4f96a74ba4573e080a56 [LEADER]: Queue going to LEADER mode. State: All replicated index: 0, Majority replicated index: 0, Committed index: 0, Last appended: 0.0, Last appended by leader: 0, Current term: 1, Majority size: 2, State: 0, Mode: LEADER, active raft config: opid_index: -1 OBSOLETE_local: false peers { permanent_uuid: "9270f3f1535f4e399f583d38f2e1e7ff" member_type: VOTER last_known_addr { host: "127.25.250.196" port: 32963 } } peers { permanent_uuid: "ee41c770290e466c942b15a170e010ce" member_type: VOTER last_known_addr { host: "127.25.250.195" port: 41283 } } peers { permanent_uuid: "aac590b2efeb4f96a74ba4573e080a56" member_type: VOTER last_known_addr { host: "127.25.250.193" port: 32773 } }
I20260630 12:21:38.921521 29983 raft_consensus.cc:359] T 18d738d24220403b979ba53175c2726b P 7e75e1f0bf8143ba818e8bb0066291f4 [term 0 FOLLOWER]: Replica starting. Triggering 0 pending ops. Active config: opid_index: -1 OBSOLETE_local: false peers { permanent_uuid: "9270f3f1535f4e399f583d38f2e1e7ff" member_type: VOTER last_known_addr { host: "127.25.250.196" port: 32963 } } peers { permanent_uuid: "7e75e1f0bf8143ba818e8bb0066291f4" member_type: VOTER last_known_addr { host: "127.25.250.194" port: 41377 } } peers { permanent_uuid: "aac590b2efeb4f96a74ba4573e080a56" member_type: VOTER last_known_addr { host: "127.25.250.193" port: 32773 } }
I20260630 12:21:38.923774 29983 raft_consensus.cc:385] T 18d738d24220403b979ba53175c2726b P 7e75e1f0bf8143ba818e8bb0066291f4 [term 0 FOLLOWER]: Consensus starting up: Expiring failure detector timer to make a prompt election more likely
I20260630 12:21:38.924089 29983 raft_consensus.cc:740] T 18d738d24220403b979ba53175c2726b P 7e75e1f0bf8143ba818e8bb0066291f4 [term 0 FOLLOWER]: Becoming Follower/Learner. State: Replica: 7e75e1f0bf8143ba818e8bb0066291f4, State: Initialized, Role: FOLLOWER
I20260630 12:21:38.929483 29983 consensus_queue.cc:260] T 18d738d24220403b979ba53175c2726b P 7e75e1f0bf8143ba818e8bb0066291f4 [NON_LEADER]: Queue going to NON_LEADER mode. State: All replicated index: 0, Majority replicated index: 0, Committed index: 0, Last appended: 0.0, Last appended by leader: 0, Current term: 0, Majority size: -1, State: 0, Mode: NON_LEADER, active raft config: opid_index: -1 OBSOLETE_local: false peers { permanent_uuid: "9270f3f1535f4e399f583d38f2e1e7ff" member_type: VOTER last_known_addr { host: "127.25.250.196" port: 32963 } } peers { permanent_uuid: "7e75e1f0bf8143ba818e8bb0066291f4" member_type: VOTER last_known_addr { host: "127.25.250.194" port: 41377 } } peers { permanent_uuid: "aac590b2efeb4f96a74ba4573e080a56" member_type: VOTER last_known_addr { host: "127.25.250.193" port: 32773 } }
I20260630 12:21:38.933166 29983 ts_tablet_manager.cc:1434] T 18d738d24220403b979ba53175c2726b P 7e75e1f0bf8143ba818e8bb0066291f4: Time spent starting tablet: real 0.014s	user 0.005s	sys 0.000s
I20260630 12:21:38.942655 30012 raft_consensus.cc:493] T 3d1d204320f14ae88232dcef70c9287f P 9270f3f1535f4e399f583d38f2e1e7ff [term 0 FOLLOWER]: Starting pre-election (no leader contacted us within the election timeout)
I20260630 12:21:38.943302 30012 raft_consensus.cc:515] T 3d1d204320f14ae88232dcef70c9287f P 9270f3f1535f4e399f583d38f2e1e7ff [term 0 FOLLOWER]: Starting pre-election with config: opid_index: -1 OBSOLETE_local: false peers { permanent_uuid: "9270f3f1535f4e399f583d38f2e1e7ff" member_type: VOTER last_known_addr { host: "127.25.250.196" port: 32963 } } peers { permanent_uuid: "ee41c770290e466c942b15a170e010ce" member_type: VOTER last_known_addr { host: "127.25.250.195" port: 41283 } } peers { permanent_uuid: "7e75e1f0bf8143ba818e8bb0066291f4" member_type: VOTER last_known_addr { host: "127.25.250.194" port: 41377 } }
I20260630 12:21:38.950068 30012 leader_election.cc:290] T 3d1d204320f14ae88232dcef70c9287f P 9270f3f1535f4e399f583d38f2e1e7ff [CANDIDATE]: Term 1 pre-election: Requested pre-vote from peers ee41c770290e466c942b15a170e010ce (127.25.250.195:41283), 7e75e1f0bf8143ba818e8bb0066291f4 (127.25.250.194:41377)
I20260630 12:21:38.929977 29540 catalog_manager.cc:5697] T 394e39babe7d48018f007d6e76327c35 P aac590b2efeb4f96a74ba4573e080a56 reported cstate change: term changed from 0 to 1, leader changed from <none> to aac590b2efeb4f96a74ba4573e080a56 (127.25.250.193). New cstate: current_term: 1 leader_uuid: "aac590b2efeb4f96a74ba4573e080a56" committed_config { opid_index: -1 OBSOLETE_local: false peers { permanent_uuid: "7e75e1f0bf8143ba818e8bb0066291f4" member_type: VOTER last_known_addr { host: "127.25.250.194" port: 41377 } health_report { overall_health: UNKNOWN } } peers { permanent_uuid: "9270f3f1535f4e399f583d38f2e1e7ff" member_type: VOTER last_known_addr { host: "127.25.250.196" port: 32963 } health_report { overall_health: UNKNOWN } } peers { permanent_uuid: "aac590b2efeb4f96a74ba4573e080a56" member_type: VOTER last_known_addr { host: "127.25.250.193" port: 32773 } health_report { overall_health: HEALTHY } } }
I20260630 12:21:38.915802 29882 leader_election.cc:290] T 32a7e6a2fec540169892e42bcc0410f7 P aac590b2efeb4f96a74ba4573e080a56 [CANDIDATE]: Term 1 election: Requested vote from peers 9270f3f1535f4e399f583d38f2e1e7ff (127.25.250.196:32963), ee41c770290e466c942b15a170e010ce (127.25.250.195:41283)
I20260630 12:21:38.978085 29838 tablet_bootstrap.cc:492] T 18d738d24220403b979ba53175c2726b P aac590b2efeb4f96a74ba4573e080a56: No bootstrap required, opened a new log
I20260630 12:21:38.978631 29838 ts_tablet_manager.cc:1403] T 18d738d24220403b979ba53175c2726b P aac590b2efeb4f96a74ba4573e080a56: Time spent bootstrapping tablet: real 0.073s	user 0.013s	sys 0.007s
I20260630 12:21:38.984053 29991 tablet_bootstrap.cc:492] T e9465f34e416475f95a736f3348ee08e P ee41c770290e466c942b15a170e010ce: No bootstrap required, opened a new log
I20260630 12:21:38.984099 29838 raft_consensus.cc:359] T 18d738d24220403b979ba53175c2726b P aac590b2efeb4f96a74ba4573e080a56 [term 0 FOLLOWER]: Replica starting. Triggering 0 pending ops. Active config: opid_index: -1 OBSOLETE_local: false peers { permanent_uuid: "9270f3f1535f4e399f583d38f2e1e7ff" member_type: VOTER last_known_addr { host: "127.25.250.196" port: 32963 } } peers { permanent_uuid: "7e75e1f0bf8143ba818e8bb0066291f4" member_type: VOTER last_known_addr { host: "127.25.250.194" port: 41377 } } peers { permanent_uuid: "aac590b2efeb4f96a74ba4573e080a56" member_type: VOTER last_known_addr { host: "127.25.250.193" port: 32773 } }
I20260630 12:21:38.984962 29981 tablet_bootstrap.cc:492] T 18d738d24220403b979ba53175c2726b P 9270f3f1535f4e399f583d38f2e1e7ff: No bootstrap required, opened a new log
I20260630 12:21:38.985558 29991 ts_tablet_manager.cc:1403] T e9465f34e416475f95a736f3348ee08e P ee41c770290e466c942b15a170e010ce: Time spent bootstrapping tablet: real 0.118s	user 0.016s	sys 0.053s
I20260630 12:21:38.985957 29838 raft_consensus.cc:385] T 18d738d24220403b979ba53175c2726b P aac590b2efeb4f96a74ba4573e080a56 [term 0 FOLLOWER]: Consensus starting up: Expiring failure detector timer to make a prompt election more likely
I20260630 12:21:38.985630 29981 ts_tablet_manager.cc:1403] T 18d738d24220403b979ba53175c2726b P 9270f3f1535f4e399f583d38f2e1e7ff: Time spent bootstrapping tablet: real 0.112s	user 0.073s	sys 0.032s
I20260630 12:21:38.986279 29838 raft_consensus.cc:740] T 18d738d24220403b979ba53175c2726b P aac590b2efeb4f96a74ba4573e080a56 [term 0 FOLLOWER]: Becoming Follower/Learner. State: Replica: aac590b2efeb4f96a74ba4573e080a56, State: Initialized, Role: FOLLOWER
I20260630 12:21:38.986939 29838 consensus_queue.cc:260] T 18d738d24220403b979ba53175c2726b P aac590b2efeb4f96a74ba4573e080a56 [NON_LEADER]: Queue going to NON_LEADER mode. State: All replicated index: 0, Majority replicated index: 0, Committed index: 0, Last appended: 0.0, Last appended by leader: 0, Current term: 0, Majority size: -1, State: 0, Mode: NON_LEADER, active raft config: opid_index: -1 OBSOLETE_local: false peers { permanent_uuid: "9270f3f1535f4e399f583d38f2e1e7ff" member_type: VOTER last_known_addr { host: "127.25.250.196" port: 32963 } } peers { permanent_uuid: "7e75e1f0bf8143ba818e8bb0066291f4" member_type: VOTER last_known_addr { host: "127.25.250.194" port: 41377 } } peers { permanent_uuid: "aac590b2efeb4f96a74ba4573e080a56" member_type: VOTER last_known_addr { host: "127.25.250.193" port: 32773 } }
I20260630 12:21:38.989056 29981 raft_consensus.cc:359] T 18d738d24220403b979ba53175c2726b P 9270f3f1535f4e399f583d38f2e1e7ff [term 0 FOLLOWER]: Replica starting. Triggering 0 pending ops. Active config: opid_index: -1 OBSOLETE_local: false peers { permanent_uuid: "9270f3f1535f4e399f583d38f2e1e7ff" member_type: VOTER last_known_addr { host: "127.25.250.196" port: 32963 } } peers { permanent_uuid: "7e75e1f0bf8143ba818e8bb0066291f4" member_type: VOTER last_known_addr { host: "127.25.250.194" port: 41377 } } peers { permanent_uuid: "aac590b2efeb4f96a74ba4573e080a56" member_type: VOTER last_known_addr { host: "127.25.250.193" port: 32773 } }
I20260630 12:21:38.993496 29981 raft_consensus.cc:385] T 18d738d24220403b979ba53175c2726b P 9270f3f1535f4e399f583d38f2e1e7ff [term 0 FOLLOWER]: Consensus starting up: Expiring failure detector timer to make a prompt election more likely
I20260630 12:21:38.993858 29981 raft_consensus.cc:740] T 18d738d24220403b979ba53175c2726b P 9270f3f1535f4e399f583d38f2e1e7ff [term 0 FOLLOWER]: Becoming Follower/Learner. State: Replica: 9270f3f1535f4e399f583d38f2e1e7ff, State: Initialized, Role: FOLLOWER
I20260630 12:21:38.994689 29981 consensus_queue.cc:260] T 18d738d24220403b979ba53175c2726b P 9270f3f1535f4e399f583d38f2e1e7ff [NON_LEADER]: Queue going to NON_LEADER mode. State: All replicated index: 0, Majority replicated index: 0, Committed index: 0, Last appended: 0.0, Last appended by leader: 0, Current term: 0, Majority size: -1, State: 0, Mode: NON_LEADER, active raft config: opid_index: -1 OBSOLETE_local: false peers { permanent_uuid: "9270f3f1535f4e399f583d38f2e1e7ff" member_type: VOTER last_known_addr { host: "127.25.250.196" port: 32963 } } peers { permanent_uuid: "7e75e1f0bf8143ba818e8bb0066291f4" member_type: VOTER last_known_addr { host: "127.25.250.194" port: 41377 } } peers { permanent_uuid: "aac590b2efeb4f96a74ba4573e080a56" member_type: VOTER last_known_addr { host: "127.25.250.193" port: 32773 } }
I20260630 12:21:38.996979 29981 ts_tablet_manager.cc:1434] T 18d738d24220403b979ba53175c2726b P 9270f3f1535f4e399f583d38f2e1e7ff: Time spent starting tablet: real 0.011s	user 0.005s	sys 0.000s
I20260630 12:21:38.998018 29981 tablet_bootstrap.cc:492] T 32a7e6a2fec540169892e42bcc0410f7 P 9270f3f1535f4e399f583d38f2e1e7ff: Bootstrap starting.
I20260630 12:21:39.002758 29535 catalog_manager.cc:5697] T 32a7e6a2fec540169892e42bcc0410f7 P aac590b2efeb4f96a74ba4573e080a56 reported cstate change: term changed from 0 to 1, leader changed from <none> to aac590b2efeb4f96a74ba4573e080a56 (127.25.250.193). New cstate: current_term: 1 leader_uuid: "aac590b2efeb4f96a74ba4573e080a56" committed_config { opid_index: -1 OBSOLETE_local: false peers { permanent_uuid: "9270f3f1535f4e399f583d38f2e1e7ff" member_type: VOTER last_known_addr { host: "127.25.250.196" port: 32963 } health_report { overall_health: UNKNOWN } } peers { permanent_uuid: "ee41c770290e466c942b15a170e010ce" member_type: VOTER last_known_addr { host: "127.25.250.195" port: 41283 } health_report { overall_health: UNKNOWN } } peers { permanent_uuid: "aac590b2efeb4f96a74ba4573e080a56" member_type: VOTER last_known_addr { host: "127.25.250.193" port: 32773 } health_report { overall_health: HEALTHY } } }
I20260630 12:21:39.003969 29981 tablet_bootstrap.cc:654] T 32a7e6a2fec540169892e42bcc0410f7 P 9270f3f1535f4e399f583d38f2e1e7ff: Neither blocks nor log segments found. Creating new log.
I20260630 12:21:39.008229 29790 tablet_service.cc:1917] Received RequestConsensusVote() RPC: tablet_id: "3d1d204320f14ae88232dcef70c9287f" candidate_uuid: "9270f3f1535f4e399f583d38f2e1e7ff" candidate_term: 1 candidate_status { last_received { term: 0 index: 0 } } ignore_live_leader: false dest_uuid: "ee41c770290e466c942b15a170e010ce" is_pre_election: true
I20260630 12:21:39.009054 29790 raft_consensus.cc:2468] T 3d1d204320f14ae88232dcef70c9287f P ee41c770290e466c942b15a170e010ce [term 0 FOLLOWER]: Leader pre-election vote request: Granting yes vote for candidate 9270f3f1535f4e399f583d38f2e1e7ff in term 0.
I20260630 12:21:39.009205 29715 tablet_service.cc:1917] Received RequestConsensusVote() RPC: tablet_id: "3d1d204320f14ae88232dcef70c9287f" candidate_uuid: "9270f3f1535f4e399f583d38f2e1e7ff" candidate_term: 1 candidate_status { last_received { term: 0 index: 0 } } ignore_live_leader: false dest_uuid: "7e75e1f0bf8143ba818e8bb0066291f4" is_pre_election: true
I20260630 12:21:38.990648 29838 ts_tablet_manager.cc:1434] T 18d738d24220403b979ba53175c2726b P aac590b2efeb4f96a74ba4573e080a56: Time spent starting tablet: real 0.012s	user 0.007s	sys 0.000s
I20260630 12:21:38.992590 29991 raft_consensus.cc:359] T e9465f34e416475f95a736f3348ee08e P ee41c770290e466c942b15a170e010ce [term 0 FOLLOWER]: Replica starting. Triggering 0 pending ops. Active config: opid_index: -1 OBSOLETE_local: false peers { permanent_uuid: "9270f3f1535f4e399f583d38f2e1e7ff" member_type: VOTER last_known_addr { host: "127.25.250.196" port: 32963 } } peers { permanent_uuid: "ee41c770290e466c942b15a170e010ce" member_type: VOTER last_known_addr { host: "127.25.250.195" port: 41283 } } peers { permanent_uuid: "aac590b2efeb4f96a74ba4573e080a56" member_type: VOTER last_known_addr { host: "127.25.250.193" port: 32773 } }
I20260630 12:21:39.009794 29715 raft_consensus.cc:2468] T 3d1d204320f14ae88232dcef70c9287f P 7e75e1f0bf8143ba818e8bb0066291f4 [term 0 FOLLOWER]: Leader pre-election vote request: Granting yes vote for candidate 9270f3f1535f4e399f583d38f2e1e7ff in term 0.
I20260630 12:21:39.010210 29991 raft_consensus.cc:385] T e9465f34e416475f95a736f3348ee08e P ee41c770290e466c942b15a170e010ce [term 0 FOLLOWER]: Consensus starting up: Expiring failure detector timer to make a prompt election more likely
I20260630 12:21:39.010533 29991 raft_consensus.cc:740] T e9465f34e416475f95a736f3348ee08e P ee41c770290e466c942b15a170e010ce [term 0 FOLLOWER]: Becoming Follower/Learner. State: Replica: ee41c770290e466c942b15a170e010ce, State: Initialized, Role: FOLLOWER
I20260630 12:21:39.011224 29991 consensus_queue.cc:260] T e9465f34e416475f95a736f3348ee08e P ee41c770290e466c942b15a170e010ce [NON_LEADER]: Queue going to NON_LEADER mode. State: All replicated index: 0, Majority replicated index: 0, Committed index: 0, Last appended: 0.0, Last appended by leader: 0, Current term: 0, Majority size: -1, State: 0, Mode: NON_LEADER, active raft config: opid_index: -1 OBSOLETE_local: false peers { permanent_uuid: "9270f3f1535f4e399f583d38f2e1e7ff" member_type: VOTER last_known_addr { host: "127.25.250.196" port: 32963 } } peers { permanent_uuid: "ee41c770290e466c942b15a170e010ce" member_type: VOTER last_known_addr { host: "127.25.250.195" port: 41283 } } peers { permanent_uuid: "aac590b2efeb4f96a74ba4573e080a56" member_type: VOTER last_known_addr { host: "127.25.250.193" port: 32773 } }
I20260630 12:21:39.013510 29991 ts_tablet_manager.cc:1434] T e9465f34e416475f95a736f3348ee08e P ee41c770290e466c942b15a170e010ce: Time spent starting tablet: real 0.027s	user 0.005s	sys 0.001s
I20260630 12:21:39.014305 29882 raft_consensus.cc:493] T e9465f34e416475f95a736f3348ee08e P aac590b2efeb4f96a74ba4573e080a56 [term 0 FOLLOWER]: Starting pre-election (no leader contacted us within the election timeout)
I20260630 12:21:39.011205 29908 leader_election.cc:304] T 3d1d204320f14ae88232dcef70c9287f P 9270f3f1535f4e399f583d38f2e1e7ff [CANDIDATE]: Term 1 pre-election: Election decided. Result: candidate won. Election summary: received 2 responses out of 3 voters: 2 yes votes; 0 no votes. yes voters: 7e75e1f0bf8143ba818e8bb0066291f4, 9270f3f1535f4e399f583d38f2e1e7ff; no voters: 
I20260630 12:21:39.014839 29882 raft_consensus.cc:515] T e9465f34e416475f95a736f3348ee08e P aac590b2efeb4f96a74ba4573e080a56 [term 0 FOLLOWER]: Starting pre-election with config: opid_index: -1 OBSOLETE_local: false peers { permanent_uuid: "9270f3f1535f4e399f583d38f2e1e7ff" member_type: VOTER last_known_addr { host: "127.25.250.196" port: 32963 } } peers { permanent_uuid: "ee41c770290e466c942b15a170e010ce" member_type: VOTER last_known_addr { host: "127.25.250.195" port: 41283 } } peers { permanent_uuid: "aac590b2efeb4f96a74ba4573e080a56" member_type: VOTER last_known_addr { host: "127.25.250.193" port: 32773 } }
I20260630 12:21:39.015316 30012 raft_consensus.cc:2804] T 3d1d204320f14ae88232dcef70c9287f P 9270f3f1535f4e399f583d38f2e1e7ff [term 0 FOLLOWER]: Leader pre-election won for term 1
I20260630 12:21:39.015671 30012 raft_consensus.cc:493] T 3d1d204320f14ae88232dcef70c9287f P 9270f3f1535f4e399f583d38f2e1e7ff [term 0 FOLLOWER]: Starting leader election (no leader contacted us within the election timeout)
I20260630 12:21:39.015878 30012 raft_consensus.cc:3060] T 3d1d204320f14ae88232dcef70c9287f P 9270f3f1535f4e399f583d38f2e1e7ff [term 0 FOLLOWER]: Advancing to term 1
I20260630 12:21:39.016880 29882 leader_election.cc:290] T e9465f34e416475f95a736f3348ee08e P aac590b2efeb4f96a74ba4573e080a56 [CANDIDATE]: Term 1 pre-election: Requested pre-vote from peers 9270f3f1535f4e399f583d38f2e1e7ff (127.25.250.196:32963), ee41c770290e466c942b15a170e010ce (127.25.250.195:41283)
I20260630 12:21:39.017585 29942 tablet_service.cc:1917] Received RequestConsensusVote() RPC: tablet_id: "e9465f34e416475f95a736f3348ee08e" candidate_uuid: "aac590b2efeb4f96a74ba4573e080a56" candidate_term: 1 candidate_status { last_received { term: 0 index: 0 } } ignore_live_leader: false dest_uuid: "9270f3f1535f4e399f583d38f2e1e7ff" is_pre_election: true
I20260630 12:21:39.019605 29981 tablet_bootstrap.cc:492] T 32a7e6a2fec540169892e42bcc0410f7 P 9270f3f1535f4e399f583d38f2e1e7ff: No bootstrap required, opened a new log
W20260630 12:21:39.019914 29608 leader_election.cc:343] T e9465f34e416475f95a736f3348ee08e P aac590b2efeb4f96a74ba4573e080a56 [CANDIDATE]: Term 1 pre-election: Tablet error from VoteRequest() call to peer 9270f3f1535f4e399f583d38f2e1e7ff (127.25.250.196:32963): Illegal state: must be running to vote when last-logged opid is not known
I20260630 12:21:39.020064 29981 ts_tablet_manager.cc:1403] T 32a7e6a2fec540169892e42bcc0410f7 P 9270f3f1535f4e399f583d38f2e1e7ff: Time spent bootstrapping tablet: real 0.022s	user 0.010s	sys 0.007s
I20260630 12:21:39.020380 29790 tablet_service.cc:1917] Received RequestConsensusVote() RPC: tablet_id: "e9465f34e416475f95a736f3348ee08e" candidate_uuid: "aac590b2efeb4f96a74ba4573e080a56" candidate_term: 1 candidate_status { last_received { term: 0 index: 0 } } ignore_live_leader: false dest_uuid: "ee41c770290e466c942b15a170e010ce" is_pre_election: true
I20260630 12:21:39.021025 29790 raft_consensus.cc:2468] T e9465f34e416475f95a736f3348ee08e P ee41c770290e466c942b15a170e010ce [term 0 FOLLOWER]: Leader pre-election vote request: Granting yes vote for candidate aac590b2efeb4f96a74ba4573e080a56 in term 0.
I20260630 12:21:39.022222 29605 leader_election.cc:304] T e9465f34e416475f95a736f3348ee08e P aac590b2efeb4f96a74ba4573e080a56 [CANDIDATE]: Term 1 pre-election: Election decided. Result: candidate won. Election summary: received 3 responses out of 3 voters: 2 yes votes; 1 no votes. yes voters: aac590b2efeb4f96a74ba4573e080a56, ee41c770290e466c942b15a170e010ce; no voters: 9270f3f1535f4e399f583d38f2e1e7ff
I20260630 12:21:39.022891 29981 raft_consensus.cc:359] T 32a7e6a2fec540169892e42bcc0410f7 P 9270f3f1535f4e399f583d38f2e1e7ff [term 0 FOLLOWER]: Replica starting. Triggering 0 pending ops. Active config: opid_index: -1 OBSOLETE_local: false peers { permanent_uuid: "9270f3f1535f4e399f583d38f2e1e7ff" member_type: VOTER last_known_addr { host: "127.25.250.196" port: 32963 } } peers { permanent_uuid: "ee41c770290e466c942b15a170e010ce" member_type: VOTER last_known_addr { host: "127.25.250.195" port: 41283 } } peers { permanent_uuid: "aac590b2efeb4f96a74ba4573e080a56" member_type: VOTER last_known_addr { host: "127.25.250.193" port: 32773 } }
I20260630 12:21:39.023608 29981 raft_consensus.cc:385] T 32a7e6a2fec540169892e42bcc0410f7 P 9270f3f1535f4e399f583d38f2e1e7ff [term 0 FOLLOWER]: Consensus starting up: Expiring failure detector timer to make a prompt election more likely
I20260630 12:21:39.023895 29981 raft_consensus.cc:740] T 32a7e6a2fec540169892e42bcc0410f7 P 9270f3f1535f4e399f583d38f2e1e7ff [term 0 FOLLOWER]: Becoming Follower/Learner. State: Replica: 9270f3f1535f4e399f583d38f2e1e7ff, State: Initialized, Role: FOLLOWER
I20260630 12:21:39.024570 29981 consensus_queue.cc:260] T 32a7e6a2fec540169892e42bcc0410f7 P 9270f3f1535f4e399f583d38f2e1e7ff [NON_LEADER]: Queue going to NON_LEADER mode. State: All replicated index: 0, Majority replicated index: 0, Committed index: 0, Last appended: 0.0, Last appended by leader: 0, Current term: 0, Majority size: -1, State: 0, Mode: NON_LEADER, active raft config: opid_index: -1 OBSOLETE_local: false peers { permanent_uuid: "9270f3f1535f4e399f583d38f2e1e7ff" member_type: VOTER last_known_addr { host: "127.25.250.196" port: 32963 } } peers { permanent_uuid: "ee41c770290e466c942b15a170e010ce" member_type: VOTER last_known_addr { host: "127.25.250.195" port: 41283 } } peers { permanent_uuid: "aac590b2efeb4f96a74ba4573e080a56" member_type: VOTER last_known_addr { host: "127.25.250.193" port: 32773 } }
I20260630 12:21:39.024957 29882 raft_consensus.cc:2804] T e9465f34e416475f95a736f3348ee08e P aac590b2efeb4f96a74ba4573e080a56 [term 0 FOLLOWER]: Leader pre-election won for term 1
I20260630 12:21:39.026306 29882 raft_consensus.cc:493] T e9465f34e416475f95a736f3348ee08e P aac590b2efeb4f96a74ba4573e080a56 [term 0 FOLLOWER]: Starting leader election (no leader contacted us within the election timeout)
I20260630 12:21:39.026808 29882 raft_consensus.cc:3060] T e9465f34e416475f95a736f3348ee08e P aac590b2efeb4f96a74ba4573e080a56 [term 0 FOLLOWER]: Advancing to term 1
I20260630 12:21:39.028815 29981 ts_tablet_manager.cc:1434] T 32a7e6a2fec540169892e42bcc0410f7 P 9270f3f1535f4e399f583d38f2e1e7ff: Time spent starting tablet: real 0.008s	user 0.005s	sys 0.005s
I20260630 12:21:39.029769 29981 tablet_bootstrap.cc:492] T e9465f34e416475f95a736f3348ee08e P 9270f3f1535f4e399f583d38f2e1e7ff: Bootstrap starting.
I20260630 12:21:39.031594 29535 catalog_manager.cc:6242] T 00000000000000000000000000000000 P fa6e46333c424616aedefdc9fe8ccfba: range_aware_rebalance_new_range [id=d8303450ac734149b702166c5a7460e9] alter complete (version 0)
I20260630 12:21:39.034328 30012 raft_consensus.cc:515] T 3d1d204320f14ae88232dcef70c9287f P 9270f3f1535f4e399f583d38f2e1e7ff [term 1 FOLLOWER]: Starting leader election with config: opid_index: -1 OBSOLETE_local: false peers { permanent_uuid: "9270f3f1535f4e399f583d38f2e1e7ff" member_type: VOTER last_known_addr { host: "127.25.250.196" port: 32963 } } peers { permanent_uuid: "ee41c770290e466c942b15a170e010ce" member_type: VOTER last_known_addr { host: "127.25.250.195" port: 41283 } } peers { permanent_uuid: "7e75e1f0bf8143ba818e8bb0066291f4" member_type: VOTER last_known_addr { host: "127.25.250.194" port: 41377 } }
I20260630 12:21:39.035557 29981 tablet_bootstrap.cc:654] T e9465f34e416475f95a736f3348ee08e P 9270f3f1535f4e399f583d38f2e1e7ff: Neither blocks nor log segments found. Creating new log.
I20260630 12:21:39.036386 30012 leader_election.cc:290] T 3d1d204320f14ae88232dcef70c9287f P 9270f3f1535f4e399f583d38f2e1e7ff [CANDIDATE]: Term 1 election: Requested vote from peers ee41c770290e466c942b15a170e010ce (127.25.250.195:41283), 7e75e1f0bf8143ba818e8bb0066291f4 (127.25.250.194:41377)
I20260630 12:21:39.038844 29715 tablet_service.cc:1917] Received RequestConsensusVote() RPC: tablet_id: "3d1d204320f14ae88232dcef70c9287f" candidate_uuid: "9270f3f1535f4e399f583d38f2e1e7ff" candidate_term: 1 candidate_status { last_received { term: 0 index: 0 } } ignore_live_leader: false dest_uuid: "7e75e1f0bf8143ba818e8bb0066291f4"
I20260630 12:21:39.039732 29715 raft_consensus.cc:3060] T 3d1d204320f14ae88232dcef70c9287f P 7e75e1f0bf8143ba818e8bb0066291f4 [term 0 FOLLOWER]: Advancing to term 1
I20260630 12:21:39.044255 29987 raft_consensus.cc:493] T 18d738d24220403b979ba53175c2726b P aac590b2efeb4f96a74ba4573e080a56 [term 0 FOLLOWER]: Starting pre-election (no leader contacted us within the election timeout)
I20260630 12:21:39.044714 29987 raft_consensus.cc:515] T 18d738d24220403b979ba53175c2726b P aac590b2efeb4f96a74ba4573e080a56 [term 0 FOLLOWER]: Starting pre-election with config: opid_index: -1 OBSOLETE_local: false peers { permanent_uuid: "9270f3f1535f4e399f583d38f2e1e7ff" member_type: VOTER last_known_addr { host: "127.25.250.196" port: 32963 } } peers { permanent_uuid: "7e75e1f0bf8143ba818e8bb0066291f4" member_type: VOTER last_known_addr { host: "127.25.250.194" port: 41377 } } peers { permanent_uuid: "aac590b2efeb4f96a74ba4573e080a56" member_type: VOTER last_known_addr { host: "127.25.250.193" port: 32773 } }
I20260630 12:21:39.046650 29987 leader_election.cc:290] T 18d738d24220403b979ba53175c2726b P aac590b2efeb4f96a74ba4573e080a56 [CANDIDATE]: Term 1 pre-election: Requested pre-vote from peers 9270f3f1535f4e399f583d38f2e1e7ff (127.25.250.196:32963), 7e75e1f0bf8143ba818e8bb0066291f4 (127.25.250.194:41377)
I20260630 12:21:39.049350 29942 tablet_service.cc:1917] Received RequestConsensusVote() RPC: tablet_id: "18d738d24220403b979ba53175c2726b" candidate_uuid: "aac590b2efeb4f96a74ba4573e080a56" candidate_term: 1 candidate_status { last_received { term: 0 index: 0 } } ignore_live_leader: false dest_uuid: "9270f3f1535f4e399f583d38f2e1e7ff" is_pre_election: true
I20260630 12:21:39.049777 29715 raft_consensus.cc:2468] T 3d1d204320f14ae88232dcef70c9287f P 7e75e1f0bf8143ba818e8bb0066291f4 [term 1 FOLLOWER]: Leader election vote request: Granting yes vote for candidate 9270f3f1535f4e399f583d38f2e1e7ff in term 1.
I20260630 12:21:39.050423 29717 tablet_service.cc:1917] Received RequestConsensusVote() RPC: tablet_id: "18d738d24220403b979ba53175c2726b" candidate_uuid: "aac590b2efeb4f96a74ba4573e080a56" candidate_term: 1 candidate_status { last_received { term: 0 index: 0 } } ignore_live_leader: false dest_uuid: "7e75e1f0bf8143ba818e8bb0066291f4" is_pre_election: true
I20260630 12:21:39.051029 29717 raft_consensus.cc:2468] T 18d738d24220403b979ba53175c2726b P 7e75e1f0bf8143ba818e8bb0066291f4 [term 0 FOLLOWER]: Leader pre-election vote request: Granting yes vote for candidate aac590b2efeb4f96a74ba4573e080a56 in term 0.
I20260630 12:21:39.052148 29608 leader_election.cc:304] T 18d738d24220403b979ba53175c2726b P aac590b2efeb4f96a74ba4573e080a56 [CANDIDATE]: Term 1 pre-election: Election decided. Result: candidate won. Election summary: received 2 responses out of 3 voters: 2 yes votes; 0 no votes. yes voters: 7e75e1f0bf8143ba818e8bb0066291f4, aac590b2efeb4f96a74ba4573e080a56; no voters: 
I20260630 12:21:39.053053 29882 raft_consensus.cc:515] T e9465f34e416475f95a736f3348ee08e P aac590b2efeb4f96a74ba4573e080a56 [term 1 FOLLOWER]: Starting leader election with config: opid_index: -1 OBSOLETE_local: false peers { permanent_uuid: "9270f3f1535f4e399f583d38f2e1e7ff" member_type: VOTER last_known_addr { host: "127.25.250.196" port: 32963 } } peers { permanent_uuid: "ee41c770290e466c942b15a170e010ce" member_type: VOTER last_known_addr { host: "127.25.250.195" port: 41283 } } peers { permanent_uuid: "aac590b2efeb4f96a74ba4573e080a56" member_type: VOTER last_known_addr { host: "127.25.250.193" port: 32773 } }
I20260630 12:21:39.055596 29882 leader_election.cc:290] T e9465f34e416475f95a736f3348ee08e P aac590b2efeb4f96a74ba4573e080a56 [CANDIDATE]: Term 1 election: Requested vote from peers 9270f3f1535f4e399f583d38f2e1e7ff (127.25.250.196:32963), ee41c770290e466c942b15a170e010ce (127.25.250.195:41283)
I20260630 12:21:39.056161 29882 raft_consensus.cc:2804] T 18d738d24220403b979ba53175c2726b P aac590b2efeb4f96a74ba4573e080a56 [term 0 FOLLOWER]: Leader pre-election won for term 1
I20260630 12:21:39.056325 29941 tablet_service.cc:1917] Received RequestConsensusVote() RPC: tablet_id: "e9465f34e416475f95a736f3348ee08e" candidate_uuid: "aac590b2efeb4f96a74ba4573e080a56" candidate_term: 1 candidate_status { last_received { term: 0 index: 0 } } ignore_live_leader: false dest_uuid: "9270f3f1535f4e399f583d38f2e1e7ff"
