I20260630 12:20:19.665618 26437 master.cc:584] Master@127.25.209.124:34517 shutdown complete.
[       OK ] AutoRebalancerTest.OnlyLeaderDoesAutoRebalancing (6800 ms)
[ RUN      ] AutoRebalancerTest.AutoRebalancingTurnOffAndOn
I20260630 12:20:19.692948 26437 internal_mini_cluster.cc:156] Creating distributed mini masters. Addrs: 127.25.209.126:46129
I20260630 12:20:19.694087 26437 file_cache.cc:492] Constructed file cache file cache with capacity 419430
W20260630 12:20:19.699301 26977 instance_detector.cc:116] could not retrieve AWS instance metadata: Network error: curl error: HTTP response code said error: The requested URL returned error: 404
W20260630 12:20:19.699558 26978 instance_detector.cc:116] could not retrieve Azure instance metadata: Network error: curl error: HTTP response code said error: The requested URL returned error: 404
W20260630 12:20:19.700625 26980 instance_detector.cc:116] could not retrieve OpenStack instance metadata: Network error: curl error: HTTP response code said error: The requested URL returned error: 404
I20260630 12:20:19.700857 26437 server_base.cc:1061] running on GCE node
I20260630 12:20:19.701665 26437 hybrid_clock.cc:584] initializing the hybrid clock with 'system_unsync' time source
W20260630 12:20:19.701841 26437 system_unsync_time.cc:38] NTP support is disabled. Clock error bounds will not be accurate. This configuration is not suitable for distributed clusters.
I20260630 12:20:19.701947 26437 hybrid_clock.cc:648] HybridClock initialized: now 1782822019701937 us; error 0 us; skew 500 ppm
I20260630 12:20:19.702395 26437 server_base.cc:861] Flag tcmalloc_max_total_thread_cache_bytes is not working since tcmalloc is not enabled.
I20260630 12:20:19.704813 26437 webserver.cc:533] Webserver started at http://127.25.209.126:39727/ using document root <none> and password file <none>
I20260630 12:20:19.705219 26437 fs_manager.cc:362] Metadata directory not provided
I20260630 12:20:19.705367 26437 fs_manager.cc:368] Using write-ahead log directory (fs_wal_dir) as metadata directory
I20260630 12:20:19.705580 26437 server_base.cc:909] This appears to be a new deployment of Kudu; creating new FS layout
I20260630 12:20:19.706569 26437 fs_manager.cc:1068] Generated new instance metadata in path /tmp/dist-test-taskv_wpcA/test-tmp/auto_rebalancer-test.0.AutoRebalancerTest.AutoRebalancingTurnOffAndOn.1782822012718658-26437-0/minicluster-data/master-0-root/instance:
uuid: "279881cac8ba49cb80b8d138e452dae6"
format_stamp: "Formatted at 2026-06-30 12:20:19 on dist-test-slave-80h9"
I20260630 12:20:19.710852 26437 fs_manager.cc:696] Time spent creating directory manager: real 0.004s	user 0.002s	sys 0.001s
I20260630 12:20:19.714272 26985 log_block_manager.cc:4031] Time spent loading block containers with low live blocks: real 0.000s	user 0.000s	sys 0.000s
I20260630 12:20:19.715231 26437 fs_manager.cc:730] Time spent opening block manager: real 0.002s	user 0.003s	sys 0.000s
I20260630 12:20:19.715566 26437 fs_manager.cc:647] Opened local filesystem: /tmp/dist-test-taskv_wpcA/test-tmp/auto_rebalancer-test.0.AutoRebalancerTest.AutoRebalancingTurnOffAndOn.1782822012718658-26437-0/minicluster-data/master-0-root
uuid: "279881cac8ba49cb80b8d138e452dae6"
format_stamp: "Formatted at 2026-06-30 12:20:19 on dist-test-slave-80h9"
I20260630 12:20:19.715855 26437 fs_report.cc:389] FS layout report
--------------------
wal directory: /tmp/dist-test-taskv_wpcA/test-tmp/auto_rebalancer-test.0.AutoRebalancerTest.AutoRebalancingTurnOffAndOn.1782822012718658-26437-0/minicluster-data/master-0-root
metadata directory: /tmp/dist-test-taskv_wpcA/test-tmp/auto_rebalancer-test.0.AutoRebalancerTest.AutoRebalancingTurnOffAndOn.1782822012718658-26437-0/minicluster-data/master-0-root
1 data directories: /tmp/dist-test-taskv_wpcA/test-tmp/auto_rebalancer-test.0.AutoRebalancerTest.AutoRebalancingTurnOffAndOn.1782822012718658-26437-0/minicluster-data/master-0-root/data
Total live blocks: 0
Total live bytes: 0
Total live bytes (after alignment): 0
Total number of LBM containers: 0 (0 full)
Did not check for missing blocks
Did not check for orphaned blocks
Total full LBM containers with extra space: 0 (0 repaired)
Total full LBM container extra space in bytes: 0 (0 repaired)
Total incomplete LBM containers: 0 (0 repaired)
Total LBM partial records: 0 (0 repaired)
Total corrupted LBM metadata records in RocksDB: 0 (0 repaired)
I20260630 12:20:19.734066 26437 rpc_server.cc:225] running with OpenSSL 1.1.1  11 Sep 2018
I20260630 12:20:19.735180 26437 kserver.cc:163] Server-wide thread pool size limit: 3276
I20260630 12:20:19.770257 26437 rpc_server.cc:307] RPC server started. Bound to: 127.25.209.126:46129
I20260630 12:20:19.770383 27036 acceptor_pool.cc:272] collecting diagnostics on the listening RPC socket 127.25.209.126:46129 every 8 connection(s)
I20260630 12:20:19.774225 27037 data_dirs.cc:400] Could only allocate 1 dirs of requested 3 for tablet 00000000000000000000000000000000. 1 dirs total, 0 dirs full, 0 dirs failed
I20260630 12:20:19.783596 27037 tablet_bootstrap.cc:492] T 00000000000000000000000000000000 P 279881cac8ba49cb80b8d138e452dae6: Bootstrap starting.
I20260630 12:20:19.787699 27037 tablet_bootstrap.cc:654] T 00000000000000000000000000000000 P 279881cac8ba49cb80b8d138e452dae6: Neither blocks nor log segments found. Creating new log.
I20260630 12:20:19.791615 27037 tablet_bootstrap.cc:492] T 00000000000000000000000000000000 P 279881cac8ba49cb80b8d138e452dae6: No bootstrap required, opened a new log
I20260630 12:20:19.793568 27037 raft_consensus.cc:359] T 00000000000000000000000000000000 P 279881cac8ba49cb80b8d138e452dae6 [term 0 FOLLOWER]: Replica starting. Triggering 0 pending ops. Active config: opid_index: -1 OBSOLETE_local: true peers { permanent_uuid: "279881cac8ba49cb80b8d138e452dae6" member_type: VOTER }
I20260630 12:20:19.793994 27037 raft_consensus.cc:385] T 00000000000000000000000000000000 P 279881cac8ba49cb80b8d138e452dae6 [term 0 FOLLOWER]: Consensus starting up: Expiring failure detector timer to make a prompt election more likely
I20260630 12:20:19.794224 27037 raft_consensus.cc:740] T 00000000000000000000000000000000 P 279881cac8ba49cb80b8d138e452dae6 [term 0 FOLLOWER]: Becoming Follower/Learner. State: Replica: 279881cac8ba49cb80b8d138e452dae6, State: Initialized, Role: FOLLOWER
I20260630 12:20:19.794839 27037 consensus_queue.cc:260] T 00000000000000000000000000000000 P 279881cac8ba49cb80b8d138e452dae6 [NON_LEADER]: Queue going to NON_LEADER mode. State: All replicated index: 0, Majority replicated index: 0, Committed index: 0, Last appended: 0.0, Last appended by leader: 0, Current term: 0, Majority size: -1, State: 0, Mode: NON_LEADER, active raft config: opid_index: -1 OBSOLETE_local: true peers { permanent_uuid: "279881cac8ba49cb80b8d138e452dae6" member_type: VOTER }
I20260630 12:20:19.795334 27037 raft_consensus.cc:399] T 00000000000000000000000000000000 P 279881cac8ba49cb80b8d138e452dae6 [term 0 FOLLOWER]: Only one voter in the Raft config. Triggering election immediately
I20260630 12:20:19.795575 27037 raft_consensus.cc:493] T 00000000000000000000000000000000 P 279881cac8ba49cb80b8d138e452dae6 [term 0 FOLLOWER]: Starting leader election (initial election of a single-replica configuration)
I20260630 12:20:19.795845 27037 raft_consensus.cc:3060] T 00000000000000000000000000000000 P 279881cac8ba49cb80b8d138e452dae6 [term 0 FOLLOWER]: Advancing to term 1
I20260630 12:20:19.800105 27037 raft_consensus.cc:515] T 00000000000000000000000000000000 P 279881cac8ba49cb80b8d138e452dae6 [term 1 FOLLOWER]: Starting leader election with config: opid_index: -1 OBSOLETE_local: true peers { permanent_uuid: "279881cac8ba49cb80b8d138e452dae6" member_type: VOTER }
I20260630 12:20:19.800659 27037 leader_election.cc:304] T 00000000000000000000000000000000 P 279881cac8ba49cb80b8d138e452dae6 [CANDIDATE]: Term 1 election: Election decided. Result: candidate won. Election summary: received 1 responses out of 1 voters: 1 yes votes; 0 no votes. yes voters: 279881cac8ba49cb80b8d138e452dae6; no voters: 
I20260630 12:20:19.801800 27037 leader_election.cc:290] T 00000000000000000000000000000000 P 279881cac8ba49cb80b8d138e452dae6 [CANDIDATE]: Term 1 election: Requested vote from peers 
I20260630 12:20:19.802232 27040 raft_consensus.cc:2804] T 00000000000000000000000000000000 P 279881cac8ba49cb80b8d138e452dae6 [term 1 FOLLOWER]: Leader election won for term 1
I20260630 12:20:19.803570 27040 raft_consensus.cc:697] T 00000000000000000000000000000000 P 279881cac8ba49cb80b8d138e452dae6 [term 1 LEADER]: Becoming Leader. State: Replica: 279881cac8ba49cb80b8d138e452dae6, State: Running, Role: LEADER
I20260630 12:20:19.804311 27040 consensus_queue.cc:237] T 00000000000000000000000000000000 P 279881cac8ba49cb80b8d138e452dae6 [LEADER]: Queue going to LEADER mode. State: All replicated index: 0, Majority replicated index: 0, Committed index: 0, Last appended: 0.0, Last appended by leader: 0, Current term: 1, Majority size: 1, State: 0, Mode: LEADER, active raft config: opid_index: -1 OBSOLETE_local: true peers { permanent_uuid: "279881cac8ba49cb80b8d138e452dae6" member_type: VOTER }
I20260630 12:20:19.804741 27037 sys_catalog.cc:565] T 00000000000000000000000000000000 P 279881cac8ba49cb80b8d138e452dae6 [sys.catalog]: configured and running, proceeding with master startup.
I20260630 12:20:19.807145 27041 sys_catalog.cc:455] T 00000000000000000000000000000000 P 279881cac8ba49cb80b8d138e452dae6 [sys.catalog]: SysCatalogTable state changed. Reason: RaftConsensus started. Latest consensus state: current_term: 1 leader_uuid: "279881cac8ba49cb80b8d138e452dae6" committed_config { opid_index: -1 OBSOLETE_local: true peers { permanent_uuid: "279881cac8ba49cb80b8d138e452dae6" member_type: VOTER } }
I20260630 12:20:19.807204 27042 sys_catalog.cc:455] T 00000000000000000000000000000000 P 279881cac8ba49cb80b8d138e452dae6 [sys.catalog]: SysCatalogTable state changed. Reason: New leader 279881cac8ba49cb80b8d138e452dae6. Latest consensus state: current_term: 1 leader_uuid: "279881cac8ba49cb80b8d138e452dae6" committed_config { opid_index: -1 OBSOLETE_local: true peers { permanent_uuid: "279881cac8ba49cb80b8d138e452dae6" member_type: VOTER } }
I20260630 12:20:19.808075 27042 sys_catalog.cc:458] T 00000000000000000000000000000000 P 279881cac8ba49cb80b8d138e452dae6 [sys.catalog]: This master's current role is: LEADER
I20260630 12:20:19.809790 27041 sys_catalog.cc:458] T 00000000000000000000000000000000 P 279881cac8ba49cb80b8d138e452dae6 [sys.catalog]: This master's current role is: LEADER
I20260630 12:20:19.811074 27046 catalog_manager.cc:1511] Loading table and tablet metadata into memory...
I20260630 12:20:19.816007 27046 catalog_manager.cc:1520] Initializing Kudu cluster ID...
I20260630 12:20:19.820284 26437 internal_mini_cluster.cc:184] Waiting to initialize catalog manager on master 0
I20260630 12:20:19.825132 27046 catalog_manager.cc:1383] Generated new cluster ID: f0fe36cd74804894ae0cdd21f0da8aa0
I20260630 12:20:19.825439 27046 catalog_manager.cc:1531] Initializing Kudu internal certificate authority...
I20260630 12:20:19.842681 27046 catalog_manager.cc:1406] Generated new certificate authority record
I20260630 12:20:19.843950 27046 catalog_manager.cc:1540] Loading token signing keys...
I20260630 12:20:19.858726 27046 catalog_manager.cc:6070] T 00000000000000000000000000000000 P 279881cac8ba49cb80b8d138e452dae6: Generated new TSK 0
I20260630 12:20:19.859413 27046 catalog_manager.cc:1550] Initializing in-progress tserver states...
I20260630 12:20:19.886790 26437 file_cache.cc:492] Constructed file cache file cache with capacity 419430
W20260630 12:20:19.892926 27058 instance_detector.cc:116] could not retrieve AWS instance metadata: Network error: curl error: HTTP response code said error: The requested URL returned error: 404
W20260630 12:20:19.894042 27059 instance_detector.cc:116] could not retrieve Azure instance metadata: Network error: curl error: HTTP response code said error: The requested URL returned error: 404
W20260630 12:20:19.895408 27061 instance_detector.cc:116] could not retrieve OpenStack instance metadata: Network error: curl error: HTTP response code said error: The requested URL returned error: 404
I20260630 12:20:19.895466 26437 server_base.cc:1061] running on GCE node
I20260630 12:20:19.896616 26437 hybrid_clock.cc:584] initializing the hybrid clock with 'system_unsync' time source
W20260630 12:20:19.896804 26437 system_unsync_time.cc:38] NTP support is disabled. Clock error bounds will not be accurate. This configuration is not suitable for distributed clusters.
I20260630 12:20:19.897006 26437 hybrid_clock.cc:648] HybridClock initialized: now 1782822019896990 us; error 0 us; skew 500 ppm
I20260630 12:20:19.897555 26437 server_base.cc:861] Flag tcmalloc_max_total_thread_cache_bytes is not working since tcmalloc is not enabled.
I20260630 12:20:19.900255 26437 webserver.cc:533] Webserver started at http://127.25.209.65:41727/ using document root <none> and password file <none>
I20260630 12:20:19.900738 26437 fs_manager.cc:362] Metadata directory not provided
I20260630 12:20:19.900936 26437 fs_manager.cc:368] Using write-ahead log directory (fs_wal_dir) as metadata directory
I20260630 12:20:19.901221 26437 server_base.cc:909] This appears to be a new deployment of Kudu; creating new FS layout
I20260630 12:20:19.902279 26437 fs_manager.cc:1068] Generated new instance metadata in path /tmp/dist-test-taskv_wpcA/test-tmp/auto_rebalancer-test.0.AutoRebalancerTest.AutoRebalancingTurnOffAndOn.1782822012718658-26437-0/minicluster-data/ts-0-root/instance:
uuid: "7c731bacdee844cfb46d0a0450485cf7"
format_stamp: "Formatted at 2026-06-30 12:20:19 on dist-test-slave-80h9"
I20260630 12:20:19.907105 26437 fs_manager.cc:696] Time spent creating directory manager: real 0.004s	user 0.007s	sys 0.000s
I20260630 12:20:19.910310 27066 log_block_manager.cc:4031] Time spent loading block containers with low live blocks: real 0.000s	user 0.000s	sys 0.000s
I20260630 12:20:19.911260 26437 fs_manager.cc:730] Time spent opening block manager: real 0.002s	user 0.003s	sys 0.000s
I20260630 12:20:19.911597 26437 fs_manager.cc:647] Opened local filesystem: /tmp/dist-test-taskv_wpcA/test-tmp/auto_rebalancer-test.0.AutoRebalancerTest.AutoRebalancingTurnOffAndOn.1782822012718658-26437-0/minicluster-data/ts-0-root
uuid: "7c731bacdee844cfb46d0a0450485cf7"
format_stamp: "Formatted at 2026-06-30 12:20:19 on dist-test-slave-80h9"
I20260630 12:20:19.911891 26437 fs_report.cc:389] FS layout report
--------------------
wal directory: /tmp/dist-test-taskv_wpcA/test-tmp/auto_rebalancer-test.0.AutoRebalancerTest.AutoRebalancingTurnOffAndOn.1782822012718658-26437-0/minicluster-data/ts-0-root
metadata directory: /tmp/dist-test-taskv_wpcA/test-tmp/auto_rebalancer-test.0.AutoRebalancerTest.AutoRebalancingTurnOffAndOn.1782822012718658-26437-0/minicluster-data/ts-0-root
1 data directories: /tmp/dist-test-taskv_wpcA/test-tmp/auto_rebalancer-test.0.AutoRebalancerTest.AutoRebalancingTurnOffAndOn.1782822012718658-26437-0/minicluster-data/ts-0-root/data
Total live blocks: 0
Total live bytes: 0
Total live bytes (after alignment): 0
Total number of LBM containers: 0 (0 full)
Did not check for missing blocks
Did not check for orphaned blocks
Total full LBM containers with extra space: 0 (0 repaired)
Total full LBM container extra space in bytes: 0 (0 repaired)
Total incomplete LBM containers: 0 (0 repaired)
Total LBM partial records: 0 (0 repaired)
Total corrupted LBM metadata records in RocksDB: 0 (0 repaired)
I20260630 12:20:19.938619 26437 rpc_server.cc:225] running with OpenSSL 1.1.1  11 Sep 2018
I20260630 12:20:19.939728 26437 kserver.cc:163] Server-wide thread pool size limit: 3276
I20260630 12:20:19.941222 26437 txn_system_client.cc:432] TxnSystemClient initialization is disabled...
I20260630 12:20:19.943527 26437 ts_tablet_manager.cc:585] Loaded tablet metadata (0 total tablets, 0 live tablets)
I20260630 12:20:19.943749 26437 ts_tablet_manager.cc:531] Time spent load tablet metadata: real 0.000s	user 0.000s	sys 0.000s
I20260630 12:20:19.943989 26437 ts_tablet_manager.cc:616] Registered 0 tablets
I20260630 12:20:19.944149 26437 ts_tablet_manager.cc:595] Time spent register tablets: real 0.000s	user 0.000s	sys 0.000s
I20260630 12:20:19.981325 26437 rpc_server.cc:307] RPC server started. Bound to: 127.25.209.65:43541
I20260630 12:20:19.981410 27128 acceptor_pool.cc:272] collecting diagnostics on the listening RPC socket 127.25.209.65:43541 every 8 connection(s)
I20260630 12:20:19.986222 26437 file_cache.cc:492] Constructed file cache file cache with capacity 419430
W20260630 12:20:19.993528 27133 instance_detector.cc:116] could not retrieve AWS instance metadata: Network error: curl error: HTTP response code said error: The requested URL returned error: 404
W20260630 12:20:19.993935 27134 instance_detector.cc:116] could not retrieve Azure instance metadata: Network error: curl error: HTTP response code said error: The requested URL returned error: 404
W20260630 12:20:19.995388 27136 instance_detector.cc:116] could not retrieve OpenStack instance metadata: Network error: curl error: HTTP response code said error: The requested URL returned error: 404
I20260630 12:20:19.996516 26437 server_base.cc:1061] running on GCE node
I20260630 12:20:19.997393 26437 hybrid_clock.cc:584] initializing the hybrid clock with 'system_unsync' time source
W20260630 12:20:19.997575 26437 system_unsync_time.cc:38] NTP support is disabled. Clock error bounds will not be accurate. This configuration is not suitable for distributed clusters.
I20260630 12:20:19.997786 26437 hybrid_clock.cc:648] HybridClock initialized: now 1782822019997765 us; error 0 us; skew 500 ppm
I20260630 12:20:19.998343 26437 server_base.cc:861] Flag tcmalloc_max_total_thread_cache_bytes is not working since tcmalloc is not enabled.
I20260630 12:20:20.001111 26437 webserver.cc:533] Webserver started at http://127.25.209.66:45581/ using document root <none> and password file <none>
I20260630 12:20:20.001698 26437 fs_manager.cc:362] Metadata directory not provided
I20260630 12:20:20.001937 26437 fs_manager.cc:368] Using write-ahead log directory (fs_wal_dir) as metadata directory
I20260630 12:20:20.002242 26437 server_base.cc:909] This appears to be a new deployment of Kudu; creating new FS layout
I20260630 12:20:20.002811 27129 heartbeater.cc:344] Connected to a master server at 127.25.209.126:46129
I20260630 12:20:20.003178 27129 heartbeater.cc:461] Registering TS with master...
I20260630 12:20:20.003485 26437 fs_manager.cc:1068] Generated new instance metadata in path /tmp/dist-test-taskv_wpcA/test-tmp/auto_rebalancer-test.0.AutoRebalancerTest.AutoRebalancingTurnOffAndOn.1782822012718658-26437-0/minicluster-data/ts-1-root/instance:
uuid: "fc8415ae37ec4c51ba3ec64d07c21904"
format_stamp: "Formatted at 2026-06-30 12:20:19 on dist-test-slave-80h9"
I20260630 12:20:20.003881 27129 heartbeater.cc:507] Master 127.25.209.126:46129 requested a full tablet report, sending...
I20260630 12:20:20.006111 27002 ts_manager.cc:194] Registered new tserver with Master: 7c731bacdee844cfb46d0a0450485cf7 (127.25.209.65:43541)
I20260630 12:20:20.007880 27002 master_service.cc:502] Signed X509 certificate for tserver {username='slave'} at 127.0.0.1:35342
I20260630 12:20:20.009100 26437 fs_manager.cc:696] Time spent creating directory manager: real 0.005s	user 0.005s	sys 0.000s
I20260630 12:20:20.012624 27141 log_block_manager.cc:4031] Time spent loading block containers with low live blocks: real 0.000s	user 0.000s	sys 0.000s
I20260630 12:20:20.013615 26437 fs_manager.cc:730] Time spent opening block manager: real 0.002s	user 0.001s	sys 0.000s
I20260630 12:20:20.013984 26437 fs_manager.cc:647] Opened local filesystem: /tmp/dist-test-taskv_wpcA/test-tmp/auto_rebalancer-test.0.AutoRebalancerTest.AutoRebalancingTurnOffAndOn.1782822012718658-26437-0/minicluster-data/ts-1-root
uuid: "fc8415ae37ec4c51ba3ec64d07c21904"
format_stamp: "Formatted at 2026-06-30 12:20:19 on dist-test-slave-80h9"
I20260630 12:20:20.014258 26437 fs_report.cc:389] FS layout report
--------------------
wal directory: /tmp/dist-test-taskv_wpcA/test-tmp/auto_rebalancer-test.0.AutoRebalancerTest.AutoRebalancingTurnOffAndOn.1782822012718658-26437-0/minicluster-data/ts-1-root
metadata directory: /tmp/dist-test-taskv_wpcA/test-tmp/auto_rebalancer-test.0.AutoRebalancerTest.AutoRebalancingTurnOffAndOn.1782822012718658-26437-0/minicluster-data/ts-1-root
1 data directories: /tmp/dist-test-taskv_wpcA/test-tmp/auto_rebalancer-test.0.AutoRebalancerTest.AutoRebalancingTurnOffAndOn.1782822012718658-26437-0/minicluster-data/ts-1-root/data
Total live blocks: 0
Total live bytes: 0
Total live bytes (after alignment): 0
Total number of LBM containers: 0 (0 full)
Did not check for missing blocks
Did not check for orphaned blocks
Total full LBM containers with extra space: 0 (0 repaired)
Total full LBM container extra space in bytes: 0 (0 repaired)
Total incomplete LBM containers: 0 (0 repaired)
Total LBM partial records: 0 (0 repaired)
Total corrupted LBM metadata records in RocksDB: 0 (0 repaired)
I20260630 12:20:20.034550 26437 rpc_server.cc:225] running with OpenSSL 1.1.1  11 Sep 2018
I20260630 12:20:20.035691 26437 kserver.cc:163] Server-wide thread pool size limit: 3276
I20260630 12:20:20.037062 26437 txn_system_client.cc:432] TxnSystemClient initialization is disabled...
I20260630 12:20:20.039327 26437 ts_tablet_manager.cc:585] Loaded tablet metadata (0 total tablets, 0 live tablets)
I20260630 12:20:20.039556 26437 ts_tablet_manager.cc:531] Time spent load tablet metadata: real 0.000s	user 0.000s	sys 0.000s
I20260630 12:20:20.039798 26437 ts_tablet_manager.cc:616] Registered 0 tablets
I20260630 12:20:20.039980 26437 ts_tablet_manager.cc:595] Time spent register tablets: real 0.000s	user 0.000s	sys 0.000s
I20260630 12:20:20.076587 26437 rpc_server.cc:307] RPC server started. Bound to: 127.25.209.66:37767
I20260630 12:20:20.076671 27203 acceptor_pool.cc:272] collecting diagnostics on the listening RPC socket 127.25.209.66:37767 every 8 connection(s)
I20260630 12:20:20.081336 26437 file_cache.cc:492] Constructed file cache file cache with capacity 419430
W20260630 12:20:20.089597 27207 instance_detector.cc:116] could not retrieve AWS instance metadata: Network error: curl error: HTTP response code said error: The requested URL returned error: 404
W20260630 12:20:20.090669 27208 instance_detector.cc:116] could not retrieve Azure instance metadata: Network error: curl error: HTTP response code said error: The requested URL returned error: 404
I20260630 12:20:20.094182 26437 server_base.cc:1061] running on GCE node
W20260630 12:20:20.094727 27210 instance_detector.cc:116] could not retrieve OpenStack instance metadata: Network error: curl error: HTTP response code said error: The requested URL returned error: 404
I20260630 12:20:20.095695 27204 heartbeater.cc:344] Connected to a master server at 127.25.209.126:46129
I20260630 12:20:20.095769 26437 hybrid_clock.cc:584] initializing the hybrid clock with 'system_unsync' time source
W20260630 12:20:20.096330 26437 system_unsync_time.cc:38] NTP support is disabled. Clock error bounds will not be accurate. This configuration is not suitable for distributed clusters.
I20260630 12:20:20.096400 27204 heartbeater.cc:461] Registering TS with master...
I20260630 12:20:20.096554 26437 hybrid_clock.cc:648] HybridClock initialized: now 1782822020096536 us; error 0 us; skew 500 ppm
I20260630 12:20:20.097200 26437 server_base.cc:861] Flag tcmalloc_max_total_thread_cache_bytes is not working since tcmalloc is not enabled.
I20260630 12:20:20.097301 27204 heartbeater.cc:507] Master 127.25.209.126:46129 requested a full tablet report, sending...
I20260630 12:20:20.099725 27002 ts_manager.cc:194] Registered new tserver with Master: fc8415ae37ec4c51ba3ec64d07c21904 (127.25.209.66:37767)
I20260630 12:20:20.100001 26437 webserver.cc:533] Webserver started at http://127.25.209.67:44219/ using document root <none> and password file <none>
I20260630 12:20:20.100597 26437 fs_manager.cc:362] Metadata directory not provided
I20260630 12:20:20.100814 26437 fs_manager.cc:368] Using write-ahead log directory (fs_wal_dir) as metadata directory
I20260630 12:20:20.101087 26437 server_base.cc:909] This appears to be a new deployment of Kudu; creating new FS layout
I20260630 12:20:20.101341 27002 master_service.cc:502] Signed X509 certificate for tserver {username='slave'} at 127.0.0.1:35350
I20260630 12:20:20.102224 26437 fs_manager.cc:1068] Generated new instance metadata in path /tmp/dist-test-taskv_wpcA/test-tmp/auto_rebalancer-test.0.AutoRebalancerTest.AutoRebalancingTurnOffAndOn.1782822012718658-26437-0/minicluster-data/ts-2-root/instance:
uuid: "28f2cf6d67ab40c9a0fb7f5f35900c5a"
format_stamp: "Formatted at 2026-06-30 12:20:20 on dist-test-slave-80h9"
I20260630 12:20:20.106941 26437 fs_manager.cc:696] Time spent creating directory manager: real 0.004s	user 0.006s	sys 0.000s
I20260630 12:20:20.110287 27215 log_block_manager.cc:4031] Time spent loading block containers with low live blocks: real 0.000s	user 0.000s	sys 0.000s
I20260630 12:20:20.111114 26437 fs_manager.cc:730] Time spent opening block manager: real 0.002s	user 0.003s	sys 0.000s
I20260630 12:20:20.111418 26437 fs_manager.cc:647] Opened local filesystem: /tmp/dist-test-taskv_wpcA/test-tmp/auto_rebalancer-test.0.AutoRebalancerTest.AutoRebalancingTurnOffAndOn.1782822012718658-26437-0/minicluster-data/ts-2-root
uuid: "28f2cf6d67ab40c9a0fb7f5f35900c5a"
format_stamp: "Formatted at 2026-06-30 12:20:20 on dist-test-slave-80h9"
I20260630 12:20:20.111704 26437 fs_report.cc:389] FS layout report
--------------------
wal directory: /tmp/dist-test-taskv_wpcA/test-tmp/auto_rebalancer-test.0.AutoRebalancerTest.AutoRebalancingTurnOffAndOn.1782822012718658-26437-0/minicluster-data/ts-2-root
metadata directory: /tmp/dist-test-taskv_wpcA/test-tmp/auto_rebalancer-test.0.AutoRebalancerTest.AutoRebalancingTurnOffAndOn.1782822012718658-26437-0/minicluster-data/ts-2-root
1 data directories: /tmp/dist-test-taskv_wpcA/test-tmp/auto_rebalancer-test.0.AutoRebalancerTest.AutoRebalancingTurnOffAndOn.1782822012718658-26437-0/minicluster-data/ts-2-root/data
Total live blocks: 0
Total live bytes: 0
Total live bytes (after alignment): 0
Total number of LBM containers: 0 (0 full)
Did not check for missing blocks
Did not check for orphaned blocks
Total full LBM containers with extra space: 0 (0 repaired)
Total full LBM container extra space in bytes: 0 (0 repaired)
Total incomplete LBM containers: 0 (0 repaired)
Total LBM partial records: 0 (0 repaired)
Total corrupted LBM metadata records in RocksDB: 0 (0 repaired)
I20260630 12:20:20.125617 26437 rpc_server.cc:225] running with OpenSSL 1.1.1  11 Sep 2018
I20260630 12:20:20.126695 26437 kserver.cc:163] Server-wide thread pool size limit: 3276
I20260630 12:20:20.128196 26437 txn_system_client.cc:432] TxnSystemClient initialization is disabled...
I20260630 12:20:20.130470 26437 ts_tablet_manager.cc:585] Loaded tablet metadata (0 total tablets, 0 live tablets)
I20260630 12:20:20.130654 26437 ts_tablet_manager.cc:531] Time spent load tablet metadata: real 0.000s	user 0.000s	sys 0.000s
I20260630 12:20:20.130940 26437 ts_tablet_manager.cc:616] Registered 0 tablets
I20260630 12:20:20.131174 26437 ts_tablet_manager.cc:595] Time spent register tablets: real 0.000s	user 0.001s	sys 0.000s
I20260630 12:20:20.167629 26437 rpc_server.cc:307] RPC server started. Bound to: 127.25.209.67:38175
I20260630 12:20:20.167722 27277 acceptor_pool.cc:272] collecting diagnostics on the listening RPC socket 127.25.209.67:38175 every 8 connection(s)
I20260630 12:20:20.181149 27278 heartbeater.cc:344] Connected to a master server at 127.25.209.126:46129
I20260630 12:20:20.181579 27278 heartbeater.cc:461] Registering TS with master...
I20260630 12:20:20.182307 27278 heartbeater.cc:507] Master 127.25.209.126:46129 requested a full tablet report, sending...
I20260630 12:20:20.184264 27002 ts_manager.cc:194] Registered new tserver with Master: 28f2cf6d67ab40c9a0fb7f5f35900c5a (127.25.209.67:38175)
I20260630 12:20:20.185184 26437 internal_mini_cluster.cc:371] 3 TS(s) registered with all masters after 0.014455534s
I20260630 12:20:20.185792 27002 master_service.cc:502] Signed X509 certificate for tserver {username='slave'} at 127.0.0.1:35356
I20260630 12:20:21.010937 27129 heartbeater.cc:499] Master 127.25.209.126:46129 was elected leader, sending a full tablet report...
I20260630 12:20:21.104007 27204 heartbeater.cc:499] Master 127.25.209.126:46129 was elected leader, sending a full tablet report...
I20260630 12:20:21.188607 27278 heartbeater.cc:499] Master 127.25.209.126:46129 was elected leader, sending a full tablet report...
I20260630 12:20:21.241398 27002 catalog_manager.cc:2283] Servicing CreateTable request from {username='slave'} at 127.0.0.1:35368:
name: "test-workload"
schema {
  columns {
    name: "key"
    type: INT32
    is_key: true
    is_nullable: false
    encoding: AUTO_ENCODING
    compression: DEFAULT_COMPRESSION
    cfile_block_size: 0
    immutable: false
  }
  columns {
    name: "int_val"
    type: INT32
    is_key: false
    is_nullable: false
    encoding: AUTO_ENCODING
    compression: DEFAULT_COMPRESSION
    cfile_block_size: 0
    immutable: false
  }
  columns {
    name: "string_val"
    type: STRING
    is_key: false
    is_nullable: true
    encoding: AUTO_ENCODING
    compression: DEFAULT_COMPRESSION
    cfile_block_size: 0
    immutable: false
  }
}
num_replicas: 3
split_rows_range_bounds {
  rows: "\004\001\000\377\377\377\017\004\001\000\376\377\377\037\004\001\000\375\377\377/\004\001\000\374\377\377?\004\001\000\373\377\377O\004\001\000\372\377\377_\004\001\000\371\377\377o""\004\001\000\377\377\377\017\004\001\000\376\377\377\037\004\001\000\375\377\377/\004\001\000\374\377\377?\004\001\000\373\377\377O\004\001\000\372\377\377_\004\001\000\371\377\377o"
  indirect_data: """"
}
partition_schema {
  range_schema {
    columns {
      name: "key"
    }
  }
}
W20260630 12:20:21.243968 27002 catalog_manager.cc:7077] The number of live tablet servers is not enough to re-replicate a tablet replica of the newly created table test-workload in case of a server failure: 4 tablet servers would be needed, 3 are available. Consider bringing up more tablet servers.
I20260630 12:20:21.322026 27169 tablet_service.cc:1511] Processing CreateTablet for tablet 397e10feb53e49f0a0c38a6b5f901078 (DEFAULT_TABLE table=test-workload [id=32d1b2ae7a3547ca8aea2758a585ddfc]), partition=RANGE (key) PARTITION VALUES < 268435455
I20260630 12:20:21.322475 27168 tablet_service.cc:1511] Processing CreateTablet for tablet 4f7e0cce22a94cb48d97e6c66acfe3c8 (DEFAULT_TABLE table=test-workload [id=32d1b2ae7a3547ca8aea2758a585ddfc]), partition=RANGE (key) PARTITION 268435455 <= VALUES < 536870910
I20260630 12:20:21.323496 27169 data_dirs.cc:400] Could only allocate 1 dirs of requested 3 for tablet 397e10feb53e49f0a0c38a6b5f901078. 1 dirs total, 0 dirs full, 0 dirs failed
I20260630 12:20:21.323342 27167 tablet_service.cc:1511] Processing CreateTablet for tablet ad377701a7eb47b99bd68f522aabbc3a (DEFAULT_TABLE table=test-workload [id=32d1b2ae7a3547ca8aea2758a585ddfc]), partition=RANGE (key) PARTITION 536870910 <= VALUES < 805306365
I20260630 12:20:21.324105 27168 data_dirs.cc:400] Could only allocate 1 dirs of requested 3 for tablet 4f7e0cce22a94cb48d97e6c66acfe3c8. 1 dirs total, 0 dirs full, 0 dirs failed
I20260630 12:20:21.324698 27167 data_dirs.cc:400] Could only allocate 1 dirs of requested 3 for tablet ad377701a7eb47b99bd68f522aabbc3a. 1 dirs total, 0 dirs full, 0 dirs failed
I20260630 12:20:21.330803 27094 tablet_service.cc:1511] Processing CreateTablet for tablet 397e10feb53e49f0a0c38a6b5f901078 (DEFAULT_TABLE table=test-workload [id=32d1b2ae7a3547ca8aea2758a585ddfc]), partition=RANGE (key) PARTITION VALUES < 268435455
I20260630 12:20:21.332285 27094 data_dirs.cc:400] Could only allocate 1 dirs of requested 3 for tablet 397e10feb53e49f0a0c38a6b5f901078. 1 dirs total, 0 dirs full, 0 dirs failed
I20260630 12:20:21.332648 27092 tablet_service.cc:1511] Processing CreateTablet for tablet ad377701a7eb47b99bd68f522aabbc3a (DEFAULT_TABLE table=test-workload [id=32d1b2ae7a3547ca8aea2758a585ddfc]), partition=RANGE (key) PARTITION 536870910 <= VALUES < 805306365
I20260630 12:20:21.334064 27092 data_dirs.cc:400] Could only allocate 1 dirs of requested 3 for tablet ad377701a7eb47b99bd68f522aabbc3a. 1 dirs total, 0 dirs full, 0 dirs failed
I20260630 12:20:21.340267 27093 tablet_service.cc:1511] Processing CreateTablet for tablet 4f7e0cce22a94cb48d97e6c66acfe3c8 (DEFAULT_TABLE table=test-workload [id=32d1b2ae7a3547ca8aea2758a585ddfc]), partition=RANGE (key) PARTITION 268435455 <= VALUES < 536870910
I20260630 12:20:21.341068 27243 tablet_service.cc:1511] Processing CreateTablet for tablet 397e10feb53e49f0a0c38a6b5f901078 (DEFAULT_TABLE table=test-workload [id=32d1b2ae7a3547ca8aea2758a585ddfc]), partition=RANGE (key) PARTITION VALUES < 268435455
I20260630 12:20:21.341792 27093 data_dirs.cc:400] Could only allocate 1 dirs of requested 3 for tablet 4f7e0cce22a94cb48d97e6c66acfe3c8. 1 dirs total, 0 dirs full, 0 dirs failed
I20260630 12:20:21.342324 27243 data_dirs.cc:400] Could only allocate 1 dirs of requested 3 for tablet 397e10feb53e49f0a0c38a6b5f901078. 1 dirs total, 0 dirs full, 0 dirs failed
I20260630 12:20:21.344484 27242 tablet_service.cc:1511] Processing CreateTablet for tablet 4f7e0cce22a94cb48d97e6c66acfe3c8 (DEFAULT_TABLE table=test-workload [id=32d1b2ae7a3547ca8aea2758a585ddfc]), partition=RANGE (key) PARTITION 268435455 <= VALUES < 536870910
I20260630 12:20:21.345835 27242 data_dirs.cc:400] Could only allocate 1 dirs of requested 3 for tablet 4f7e0cce22a94cb48d97e6c66acfe3c8. 1 dirs total, 0 dirs full, 0 dirs failed
I20260630 12:20:21.354413 27241 tablet_service.cc:1511] Processing CreateTablet for tablet ad377701a7eb47b99bd68f522aabbc3a (DEFAULT_TABLE table=test-workload [id=32d1b2ae7a3547ca8aea2758a585ddfc]), partition=RANGE (key) PARTITION 536870910 <= VALUES < 805306365
I20260630 12:20:21.355903 27241 data_dirs.cc:400] Could only allocate 1 dirs of requested 3 for tablet ad377701a7eb47b99bd68f522aabbc3a. 1 dirs total, 0 dirs full, 0 dirs failed
I20260630 12:20:21.363193 27298 tablet_bootstrap.cc:492] T ad377701a7eb47b99bd68f522aabbc3a P fc8415ae37ec4c51ba3ec64d07c21904: Bootstrap starting.
I20260630 12:20:21.367213 27167 tablet_service.cc:1511] Processing CreateTablet for tablet 25fc188ead99425a954283be55f689d9 (DEFAULT_TABLE table=test-workload [id=32d1b2ae7a3547ca8aea2758a585ddfc]), partition=RANGE (key) PARTITION 805306365 <= VALUES < 1073741820
I20260630 12:20:21.369105 27167 data_dirs.cc:400] Could only allocate 1 dirs of requested 3 for tablet 25fc188ead99425a954283be55f689d9. 1 dirs total, 0 dirs full, 0 dirs failed
I20260630 12:20:21.370308 27298 tablet_bootstrap.cc:654] T ad377701a7eb47b99bd68f522aabbc3a P fc8415ae37ec4c51ba3ec64d07c21904: Neither blocks nor log segments found. Creating new log.
I20260630 12:20:21.370035 27240 tablet_service.cc:1511] Processing CreateTablet for tablet 25fc188ead99425a954283be55f689d9 (DEFAULT_TABLE table=test-workload [id=32d1b2ae7a3547ca8aea2758a585ddfc]), partition=RANGE (key) PARTITION 805306365 <= VALUES < 1073741820
I20260630 12:20:21.371477 27240 data_dirs.cc:400] Could only allocate 1 dirs of requested 3 for tablet 25fc188ead99425a954283be55f689d9. 1 dirs total, 0 dirs full, 0 dirs failed
I20260630 12:20:21.381825 27168 tablet_service.cc:1511] Processing CreateTablet for tablet 35bbe356d9334294b509742432faeb62 (DEFAULT_TABLE table=test-workload [id=32d1b2ae7a3547ca8aea2758a585ddfc]), partition=RANGE (key) PARTITION 1073741820 <= VALUES < 1342177275
I20260630 12:20:21.383247 27168 data_dirs.cc:400] Could only allocate 1 dirs of requested 3 for tablet 35bbe356d9334294b509742432faeb62. 1 dirs total, 0 dirs full, 0 dirs failed
I20260630 12:20:21.386343 27092 tablet_service.cc:1511] Processing CreateTablet for tablet 25fc188ead99425a954283be55f689d9 (DEFAULT_TABLE table=test-workload [id=32d1b2ae7a3547ca8aea2758a585ddfc]), partition=RANGE (key) PARTITION 805306365 <= VALUES < 1073741820
I20260630 12:20:21.386386 27091 tablet_service.cc:1511] Processing CreateTablet for tablet 35bbe356d9334294b509742432faeb62 (DEFAULT_TABLE table=test-workload [id=32d1b2ae7a3547ca8aea2758a585ddfc]), partition=RANGE (key) PARTITION 1073741820 <= VALUES < 1342177275
I20260630 12:20:21.388036 27092 data_dirs.cc:400] Could only allocate 1 dirs of requested 3 for tablet 25fc188ead99425a954283be55f689d9. 1 dirs total, 0 dirs full, 0 dirs failed
I20260630 12:20:21.388688 27091 data_dirs.cc:400] Could only allocate 1 dirs of requested 3 for tablet 35bbe356d9334294b509742432faeb62. 1 dirs total, 0 dirs full, 0 dirs failed
I20260630 12:20:21.391763 27239 tablet_service.cc:1511] Processing CreateTablet for tablet 35bbe356d9334294b509742432faeb62 (DEFAULT_TABLE table=test-workload [id=32d1b2ae7a3547ca8aea2758a585ddfc]), partition=RANGE (key) PARTITION 1073741820 <= VALUES < 1342177275
I20260630 12:20:21.393803 27239 data_dirs.cc:400] Could only allocate 1 dirs of requested 3 for tablet 35bbe356d9334294b509742432faeb62. 1 dirs total, 0 dirs full, 0 dirs failed
I20260630 12:20:21.396116 27094 tablet_service.cc:1511] Processing CreateTablet for tablet dd762b583bd944d1bba8345eb982e326 (DEFAULT_TABLE table=test-workload [id=32d1b2ae7a3547ca8aea2758a585ddfc]), partition=RANGE (key) PARTITION 1342177275 <= VALUES < 1610612730
I20260630 12:20:21.397636 27094 data_dirs.cc:400] Could only allocate 1 dirs of requested 3 for tablet dd762b583bd944d1bba8345eb982e326. 1 dirs total, 0 dirs full, 0 dirs failed
I20260630 12:20:21.398659 27169 tablet_service.cc:1511] Processing CreateTablet for tablet dd762b583bd944d1bba8345eb982e326 (DEFAULT_TABLE table=test-workload [id=32d1b2ae7a3547ca8aea2758a585ddfc]), partition=RANGE (key) PARTITION 1342177275 <= VALUES < 1610612730
I20260630 12:20:21.399981 27169 data_dirs.cc:400] Could only allocate 1 dirs of requested 3 for tablet dd762b583bd944d1bba8345eb982e326. 1 dirs total, 0 dirs full, 0 dirs failed
I20260630 12:20:21.417043 27238 tablet_service.cc:1511] Processing CreateTablet for tablet dd762b583bd944d1bba8345eb982e326 (DEFAULT_TABLE table=test-workload [id=32d1b2ae7a3547ca8aea2758a585ddfc]), partition=RANGE (key) PARTITION 1342177275 <= VALUES < 1610612730
I20260630 12:20:21.419232 27238 data_dirs.cc:400] Could only allocate 1 dirs of requested 3 for tablet dd762b583bd944d1bba8345eb982e326. 1 dirs total, 0 dirs full, 0 dirs failed
I20260630 12:20:21.429895 27090 tablet_service.cc:1511] Processing CreateTablet for tablet 11b9927a781740e8a5d02b642fe53f37 (DEFAULT_TABLE table=test-workload [id=32d1b2ae7a3547ca8aea2758a585ddfc]), partition=RANGE (key) PARTITION 1610612730 <= VALUES < 1879048185
I20260630 12:20:21.433440 27166 tablet_service.cc:1511] Processing CreateTablet for tablet 11b9927a781740e8a5d02b642fe53f37 (DEFAULT_TABLE table=test-workload [id=32d1b2ae7a3547ca8aea2758a585ddfc]), partition=RANGE (key) PARTITION 1610612730 <= VALUES < 1879048185
I20260630 12:20:21.435053 27166 data_dirs.cc:400] Could only allocate 1 dirs of requested 3 for tablet 11b9927a781740e8a5d02b642fe53f37. 1 dirs total, 0 dirs full, 0 dirs failed
I20260630 12:20:21.435642 27090 data_dirs.cc:400] Could only allocate 1 dirs of requested 3 for tablet 11b9927a781740e8a5d02b642fe53f37. 1 dirs total, 0 dirs full, 0 dirs failed
I20260630 12:20:21.433440 27239 tablet_service.cc:1511] Processing CreateTablet for tablet 11b9927a781740e8a5d02b642fe53f37 (DEFAULT_TABLE table=test-workload [id=32d1b2ae7a3547ca8aea2758a585ddfc]), partition=RANGE (key) PARTITION 1610612730 <= VALUES < 1879048185
I20260630 12:20:21.439707 27300 tablet_bootstrap.cc:492] T 4f7e0cce22a94cb48d97e6c66acfe3c8 P 7c731bacdee844cfb46d0a0450485cf7: Bootstrap starting.
I20260630 12:20:21.440377 27239 data_dirs.cc:400] Could only allocate 1 dirs of requested 3 for tablet 11b9927a781740e8a5d02b642fe53f37. 1 dirs total, 0 dirs full, 0 dirs failed
I20260630 12:20:21.441282 27298 tablet_bootstrap.cc:492] T ad377701a7eb47b99bd68f522aabbc3a P fc8415ae37ec4c51ba3ec64d07c21904: No bootstrap required, opened a new log
I20260630 12:20:21.441731 27298 ts_tablet_manager.cc:1403] T ad377701a7eb47b99bd68f522aabbc3a P fc8415ae37ec4c51ba3ec64d07c21904: Time spent bootstrapping tablet: real 0.079s	user 0.018s	sys 0.008s
I20260630 12:20:21.445421 27300 tablet_bootstrap.cc:654] T 4f7e0cce22a94cb48d97e6c66acfe3c8 P 7c731bacdee844cfb46d0a0450485cf7: Neither blocks nor log segments found. Creating new log.
I20260630 12:20:21.444756 27298 raft_consensus.cc:359] T ad377701a7eb47b99bd68f522aabbc3a P fc8415ae37ec4c51ba3ec64d07c21904 [term 0 FOLLOWER]: Replica starting. Triggering 0 pending ops. Active config: opid_index: -1 OBSOLETE_local: false peers { permanent_uuid: "7c731bacdee844cfb46d0a0450485cf7" member_type: VOTER last_known_addr { host: "127.25.209.65" port: 43541 } } peers { permanent_uuid: "fc8415ae37ec4c51ba3ec64d07c21904" member_type: VOTER last_known_addr { host: "127.25.209.66" port: 37767 } } peers { permanent_uuid: "28f2cf6d67ab40c9a0fb7f5f35900c5a" member_type: VOTER last_known_addr { host: "127.25.209.67" port: 38175 } }
I20260630 12:20:21.446458 27298 raft_consensus.cc:385] T ad377701a7eb47b99bd68f522aabbc3a P fc8415ae37ec4c51ba3ec64d07c21904 [term 0 FOLLOWER]: Consensus starting up: Expiring failure detector timer to make a prompt election more likely
I20260630 12:20:21.446805 27298 raft_consensus.cc:740] T ad377701a7eb47b99bd68f522aabbc3a P fc8415ae37ec4c51ba3ec64d07c21904 [term 0 FOLLOWER]: Becoming Follower/Learner. State: Replica: fc8415ae37ec4c51ba3ec64d07c21904, State: Initialized, Role: FOLLOWER
I20260630 12:20:21.448314 27094 tablet_service.cc:1511] Processing CreateTablet for tablet 827133870ceb4ab1838a3a687fab1d8a (DEFAULT_TABLE table=test-workload [id=32d1b2ae7a3547ca8aea2758a585ddfc]), partition=RANGE (key) PARTITION 1879048185 <= VALUES
I20260630 12:20:21.448680 27298 consensus_queue.cc:260] T ad377701a7eb47b99bd68f522aabbc3a P fc8415ae37ec4c51ba3ec64d07c21904 [NON_LEADER]: Queue going to NON_LEADER mode. State: All replicated index: 0, Majority replicated index: 0, Committed index: 0, Last appended: 0.0, Last appended by leader: 0, Current term: 0, Majority size: -1, State: 0, Mode: NON_LEADER, active raft config: opid_index: -1 OBSOLETE_local: false peers { permanent_uuid: "7c731bacdee844cfb46d0a0450485cf7" member_type: VOTER last_known_addr { host: "127.25.209.65" port: 43541 } } peers { permanent_uuid: "fc8415ae37ec4c51ba3ec64d07c21904" member_type: VOTER last_known_addr { host: "127.25.209.66" port: 37767 } } peers { permanent_uuid: "28f2cf6d67ab40c9a0fb7f5f35900c5a" member_type: VOTER last_known_addr { host: "127.25.209.67" port: 38175 } }
I20260630 12:20:21.452682 27167 tablet_service.cc:1511] Processing CreateTablet for tablet 827133870ceb4ab1838a3a687fab1d8a (DEFAULT_TABLE table=test-workload [id=32d1b2ae7a3547ca8aea2758a585ddfc]), partition=RANGE (key) PARTITION 1879048185 <= VALUES
I20260630 12:20:21.456992 27240 tablet_service.cc:1511] Processing CreateTablet for tablet 827133870ceb4ab1838a3a687fab1d8a (DEFAULT_TABLE table=test-workload [id=32d1b2ae7a3547ca8aea2758a585ddfc]), partition=RANGE (key) PARTITION 1879048185 <= VALUES
I20260630 12:20:21.458318 27240 data_dirs.cc:400] Could only allocate 1 dirs of requested 3 for tablet 827133870ceb4ab1838a3a687fab1d8a. 1 dirs total, 0 dirs full, 0 dirs failed
I20260630 12:20:21.463728 27094 data_dirs.cc:400] Could only allocate 1 dirs of requested 3 for tablet 827133870ceb4ab1838a3a687fab1d8a. 1 dirs total, 0 dirs full, 0 dirs failed
I20260630 12:20:21.466085 27301 tablet_bootstrap.cc:492] T 397e10feb53e49f0a0c38a6b5f901078 P 28f2cf6d67ab40c9a0fb7f5f35900c5a: Bootstrap starting.
I20260630 12:20:21.473846 27301 tablet_bootstrap.cc:654] T 397e10feb53e49f0a0c38a6b5f901078 P 28f2cf6d67ab40c9a0fb7f5f35900c5a: Neither blocks nor log segments found. Creating new log.
I20260630 12:20:21.464119 27167 data_dirs.cc:400] Could only allocate 1 dirs of requested 3 for tablet 827133870ceb4ab1838a3a687fab1d8a. 1 dirs total, 0 dirs full, 0 dirs failed
I20260630 12:20:21.479830 27298 ts_tablet_manager.cc:1434] T ad377701a7eb47b99bd68f522aabbc3a P fc8415ae37ec4c51ba3ec64d07c21904: Time spent starting tablet: real 0.038s	user 0.013s	sys 0.016s
I20260630 12:20:21.480949 27298 tablet_bootstrap.cc:492] T 397e10feb53e49f0a0c38a6b5f901078 P fc8415ae37ec4c51ba3ec64d07c21904: Bootstrap starting.
I20260630 12:20:21.486493 27298 tablet_bootstrap.cc:654] T 397e10feb53e49f0a0c38a6b5f901078 P fc8415ae37ec4c51ba3ec64d07c21904: Neither blocks nor log segments found. Creating new log.
I20260630 12:20:21.513056 27300 tablet_bootstrap.cc:492] T 4f7e0cce22a94cb48d97e6c66acfe3c8 P 7c731bacdee844cfb46d0a0450485cf7: No bootstrap required, opened a new log
I20260630 12:20:21.513674 27300 ts_tablet_manager.cc:1403] T 4f7e0cce22a94cb48d97e6c66acfe3c8 P 7c731bacdee844cfb46d0a0450485cf7: Time spent bootstrapping tablet: real 0.074s	user 0.011s	sys 0.009s
I20260630 12:20:21.517701 27300 raft_consensus.cc:359] T 4f7e0cce22a94cb48d97e6c66acfe3c8 P 7c731bacdee844cfb46d0a0450485cf7 [term 0 FOLLOWER]: Replica starting. Triggering 0 pending ops. Active config: opid_index: -1 OBSOLETE_local: false peers { permanent_uuid: "7c731bacdee844cfb46d0a0450485cf7" member_type: VOTER last_known_addr { host: "127.25.209.65" port: 43541 } } peers { permanent_uuid: "fc8415ae37ec4c51ba3ec64d07c21904" member_type: VOTER last_known_addr { host: "127.25.209.66" port: 37767 } } peers { permanent_uuid: "28f2cf6d67ab40c9a0fb7f5f35900c5a" member_type: VOTER last_known_addr { host: "127.25.209.67" port: 38175 } }
I20260630 12:20:21.519199 27300 raft_consensus.cc:385] T 4f7e0cce22a94cb48d97e6c66acfe3c8 P 7c731bacdee844cfb46d0a0450485cf7 [term 0 FOLLOWER]: Consensus starting up: Expiring failure detector timer to make a prompt election more likely
I20260630 12:20:21.520038 27300 raft_consensus.cc:740] T 4f7e0cce22a94cb48d97e6c66acfe3c8 P 7c731bacdee844cfb46d0a0450485cf7 [term 0 FOLLOWER]: Becoming Follower/Learner. State: Replica: 7c731bacdee844cfb46d0a0450485cf7, State: Initialized, Role: FOLLOWER
I20260630 12:20:21.521282 27298 tablet_bootstrap.cc:492] T 397e10feb53e49f0a0c38a6b5f901078 P fc8415ae37ec4c51ba3ec64d07c21904: No bootstrap required, opened a new log
I20260630 12:20:21.521078 27300 consensus_queue.cc:260] T 4f7e0cce22a94cb48d97e6c66acfe3c8 P 7c731bacdee844cfb46d0a0450485cf7 [NON_LEADER]: Queue going to NON_LEADER mode. State: All replicated index: 0, Majority replicated index: 0, Committed index: 0, Last appended: 0.0, Last appended by leader: 0, Current term: 0, Majority size: -1, State: 0, Mode: NON_LEADER, active raft config: opid_index: -1 OBSOLETE_local: false peers { permanent_uuid: "7c731bacdee844cfb46d0a0450485cf7" member_type: VOTER last_known_addr { host: "127.25.209.65" port: 43541 } } peers { permanent_uuid: "fc8415ae37ec4c51ba3ec64d07c21904" member_type: VOTER last_known_addr { host: "127.25.209.66" port: 37767 } } peers { permanent_uuid: "28f2cf6d67ab40c9a0fb7f5f35900c5a" member_type: VOTER last_known_addr { host: "127.25.209.67" port: 38175 } }
I20260630 12:20:21.521811 27298 ts_tablet_manager.cc:1403] T 397e10feb53e49f0a0c38a6b5f901078 P fc8415ae37ec4c51ba3ec64d07c21904: Time spent bootstrapping tablet: real 0.041s	user 0.004s	sys 0.010s
I20260630 12:20:21.522426 27301 tablet_bootstrap.cc:492] T 397e10feb53e49f0a0c38a6b5f901078 P 28f2cf6d67ab40c9a0fb7f5f35900c5a: No bootstrap required, opened a new log
I20260630 12:20:21.523599 27300 ts_tablet_manager.cc:1434] T 4f7e0cce22a94cb48d97e6c66acfe3c8 P 7c731bacdee844cfb46d0a0450485cf7: Time spent starting tablet: real 0.010s	user 0.006s	sys 0.000s
I20260630 12:20:21.524454 27300 tablet_bootstrap.cc:492] T ad377701a7eb47b99bd68f522aabbc3a P 7c731bacdee844cfb46d0a0450485cf7: Bootstrap starting.
I20260630 12:20:21.524605 27298 raft_consensus.cc:359] T 397e10feb53e49f0a0c38a6b5f901078 P fc8415ae37ec4c51ba3ec64d07c21904 [term 0 FOLLOWER]: Replica starting. Triggering 0 pending ops. Active config: opid_index: -1 OBSOLETE_local: false peers { permanent_uuid: "fc8415ae37ec4c51ba3ec64d07c21904" member_type: VOTER last_known_addr { host: "127.25.209.66" port: 37767 } } peers { permanent_uuid: "28f2cf6d67ab40c9a0fb7f5f35900c5a" member_type: VOTER last_known_addr { host: "127.25.209.67" port: 38175 } } peers { permanent_uuid: "7c731bacdee844cfb46d0a0450485cf7" member_type: VOTER last_known_addr { host: "127.25.209.65" port: 43541 } }
I20260630 12:20:21.525316 27298 raft_consensus.cc:385] T 397e10feb53e49f0a0c38a6b5f901078 P fc8415ae37ec4c51ba3ec64d07c21904 [term 0 FOLLOWER]: Consensus starting up: Expiring failure detector timer to make a prompt election more likely
I20260630 12:20:21.525616 27298 raft_consensus.cc:740] T 397e10feb53e49f0a0c38a6b5f901078 P fc8415ae37ec4c51ba3ec64d07c21904 [term 0 FOLLOWER]: Becoming Follower/Learner. State: Replica: fc8415ae37ec4c51ba3ec64d07c21904, State: Initialized, Role: FOLLOWER
I20260630 12:20:21.526324 27298 consensus_queue.cc:260] T 397e10feb53e49f0a0c38a6b5f901078 P fc8415ae37ec4c51ba3ec64d07c21904 [NON_LEADER]: Queue going to NON_LEADER mode. State: All replicated index: 0, Majority replicated index: 0, Committed index: 0, Last appended: 0.0, Last appended by leader: 0, Current term: 0, Majority size: -1, State: 0, Mode: NON_LEADER, active raft config: opid_index: -1 OBSOLETE_local: false peers { permanent_uuid: "fc8415ae37ec4c51ba3ec64d07c21904" member_type: VOTER last_known_addr { host: "127.25.209.66" port: 37767 } } peers { permanent_uuid: "28f2cf6d67ab40c9a0fb7f5f35900c5a" member_type: VOTER last_known_addr { host: "127.25.209.67" port: 38175 } } peers { permanent_uuid: "7c731bacdee844cfb46d0a0450485cf7" member_type: VOTER last_known_addr { host: "127.25.209.65" port: 43541 } }
