W20260630 12:21:36.682233 29684 leader_election.cc:343] T c17d52c17fae4a87bc83f9035db9e7c2 P 06640ed0d6c54bf5bc81ca63874d9716 [CANDIDATE]: Term 1 pre-election: Tablet error from VoteRequest() call to peer eb6e583e146f49a9b7a326fe65be3176 (127.25.253.129:44647): Illegal state: must be running to vote when last-logged opid is not known
I20260630 12:21:36.682873 29765 ts_tablet_manager.cc:1403] T 6a6c067b8eda48aeab9441273e32e89f P 06640ed0d6c54bf5bc81ca63874d9716: Time spent bootstrapping tablet: real 0.037s	user 0.014s	sys 0.020s
I20260630 12:21:36.679941 29568 tablet_service.cc:1917] Received RequestConsensusVote() RPC: tablet_id: "c17d52c17fae4a87bc83f9035db9e7c2" candidate_uuid: "06640ed0d6c54bf5bc81ca63874d9716" candidate_term: 1 candidate_status { last_received { term: 0 index: 0 } } ignore_live_leader: false dest_uuid: "eb6e583e146f49a9b7a326fe65be3176"
I20260630 12:21:36.679286 29645 raft_consensus.cc:2468] T c17d52c17fae4a87bc83f9035db9e7c2 P ca9291263fc249aebdff5a42918daa11 [term 1 FOLLOWER]: Leader election vote request: Granting yes vote for candidate 06640ed0d6c54bf5bc81ca63874d9716 in term 1.
I20260630 12:21:36.676537 29643 raft_consensus.cc:2468] T c9f268f8d3e64594b221e6fd927eb620 P ca9291263fc249aebdff5a42918daa11 [term 1 FOLLOWER]: Leader election vote request: Granting yes vote for candidate eb6e583e146f49a9b7a326fe65be3176 in term 1.
I20260630 12:21:36.685474 29766 tablet_bootstrap.cc:492] T c17d52c17fae4a87bc83f9035db9e7c2 P eb6e583e146f49a9b7a326fe65be3176: Bootstrap starting.
I20260630 12:21:36.685688 29764 tablet_bootstrap.cc:654] T 519c0891cb2d4e1db7abc28674d59174 P ca9291263fc249aebdff5a42918daa11: Neither blocks nor log segments found. Creating new log.
W20260630 12:21:36.709210 29684 leader_election.cc:343] T c17d52c17fae4a87bc83f9035db9e7c2 P 06640ed0d6c54bf5bc81ca63874d9716 [CANDIDATE]: Term 1 election: Tablet error from VoteRequest() call to peer eb6e583e146f49a9b7a326fe65be3176 (127.25.253.129:44647): Illegal state: must be running to vote when last-logged opid is not known
I20260630 12:21:36.709676 29521 auto_leader_rebalancer.cc:141] leader rebalance for table range_aware_rebalance_new_range
W20260630 12:21:36.710700 29521 auto_leader_rebalancer.cc:524] the master instance isn't leader: Service unavailable: Tablet not running
W20260630 12:21:36.706626 29516 auto_rebalancer.cc:298] Could not retrieve cluster info: Service unavailable: Tablet not running
I20260630 12:21:36.710798 29683 leader_election.cc:304] T c17d52c17fae4a87bc83f9035db9e7c2 P 06640ed0d6c54bf5bc81ca63874d9716 [CANDIDATE]: Term 1 election: Election decided. Result: candidate won. Election summary: received 3 responses out of 3 voters: 2 yes votes; 1 no votes. yes voters: 06640ed0d6c54bf5bc81ca63874d9716, ca9291263fc249aebdff5a42918daa11; no voters: eb6e583e146f49a9b7a326fe65be3176
I20260630 12:21:36.712121 29793 raft_consensus.cc:2804] T c17d52c17fae4a87bc83f9035db9e7c2 P 06640ed0d6c54bf5bc81ca63874d9716 [term 1 FOLLOWER]: Leader election won for term 1
I20260630 12:21:36.712618 29793 raft_consensus.cc:697] T c17d52c17fae4a87bc83f9035db9e7c2 P 06640ed0d6c54bf5bc81ca63874d9716 [term 1 LEADER]: Becoming Leader. State: Replica: 06640ed0d6c54bf5bc81ca63874d9716, State: Running, Role: LEADER
I20260630 12:21:36.713384 29765 raft_consensus.cc:359] T 6a6c067b8eda48aeab9441273e32e89f P 06640ed0d6c54bf5bc81ca63874d9716 [term 0 FOLLOWER]: Replica starting. Triggering 0 pending ops. Active config: opid_index: -1 OBSOLETE_local: false peers { permanent_uuid: "eb6e583e146f49a9b7a326fe65be3176" member_type: VOTER last_known_addr { host: "127.25.253.129" port: 44647 } } peers { permanent_uuid: "ca9291263fc249aebdff5a42918daa11" member_type: VOTER last_known_addr { host: "127.25.253.130" port: 39793 } } peers { permanent_uuid: "06640ed0d6c54bf5bc81ca63874d9716" member_type: VOTER last_known_addr { host: "127.25.253.131" port: 38647 } }
I20260630 12:21:36.714171 29765 raft_consensus.cc:385] T 6a6c067b8eda48aeab9441273e32e89f P 06640ed0d6c54bf5bc81ca63874d9716 [term 0 FOLLOWER]: Consensus starting up: Expiring failure detector timer to make a prompt election more likely
I20260630 12:21:36.714624 29765 raft_consensus.cc:740] T 6a6c067b8eda48aeab9441273e32e89f P 06640ed0d6c54bf5bc81ca63874d9716 [term 0 FOLLOWER]: Becoming Follower/Learner. State: Replica: 06640ed0d6c54bf5bc81ca63874d9716, State: Initialized, Role: FOLLOWER
I20260630 12:21:36.713397 29793 consensus_queue.cc:237] T c17d52c17fae4a87bc83f9035db9e7c2 P 06640ed0d6c54bf5bc81ca63874d9716 [LEADER]: Queue going to LEADER mode. State: All replicated index: 0, Majority replicated index: 0, Committed index: 0, Last appended: 0.0, Last appended by leader: 0, Current term: 1, Majority size: 2, State: 0, Mode: LEADER, active raft config: opid_index: -1 OBSOLETE_local: false peers { permanent_uuid: "eb6e583e146f49a9b7a326fe65be3176" member_type: VOTER last_known_addr { host: "127.25.253.129" port: 44647 } } peers { permanent_uuid: "ca9291263fc249aebdff5a42918daa11" member_type: VOTER last_known_addr { host: "127.25.253.130" port: 39793 } } peers { permanent_uuid: "06640ed0d6c54bf5bc81ca63874d9716" member_type: VOTER last_known_addr { host: "127.25.253.131" port: 38647 } }
I20260630 12:21:36.715497 29765 consensus_queue.cc:260] T 6a6c067b8eda48aeab9441273e32e89f P 06640ed0d6c54bf5bc81ca63874d9716 [NON_LEADER]: Queue going to NON_LEADER mode. State: All replicated index: 0, Majority replicated index: 0, Committed index: 0, Last appended: 0.0, Last appended by leader: 0, Current term: 0, Majority size: -1, State: 0, Mode: NON_LEADER, active raft config: opid_index: -1 OBSOLETE_local: false peers { permanent_uuid: "eb6e583e146f49a9b7a326fe65be3176" member_type: VOTER last_known_addr { host: "127.25.253.129" port: 44647 } } peers { permanent_uuid: "ca9291263fc249aebdff5a42918daa11" member_type: VOTER last_known_addr { host: "127.25.253.130" port: 39793 } } peers { permanent_uuid: "06640ed0d6c54bf5bc81ca63874d9716" member_type: VOTER last_known_addr { host: "127.25.253.131" port: 38647 } }
I20260630 12:21:36.717721 29766 tablet_bootstrap.cc:654] T c17d52c17fae4a87bc83f9035db9e7c2 P eb6e583e146f49a9b7a326fe65be3176: Neither blocks nor log segments found. Creating new log.
I20260630 12:21:36.717851 29765 ts_tablet_manager.cc:1434] T 6a6c067b8eda48aeab9441273e32e89f P 06640ed0d6c54bf5bc81ca63874d9716: Time spent starting tablet: real 0.009s	user 0.004s	sys 0.000s
I20260630 12:21:36.718359 29718 raft_consensus.cc:2468] T c9f268f8d3e64594b221e6fd927eb620 P 06640ed0d6c54bf5bc81ca63874d9716 [term 1 FOLLOWER]: Leader election vote request: Granting yes vote for candidate eb6e583e146f49a9b7a326fe65be3176 in term 1.
I20260630 12:21:36.718935 29765 tablet_bootstrap.cc:492] T c745945f9767452c9444e01d7d1d074d P 06640ed0d6c54bf5bc81ca63874d9716: Bootstrap starting.
I20260630 12:21:36.721307 29536 leader_election.cc:304] T c9f268f8d3e64594b221e6fd927eb620 P eb6e583e146f49a9b7a326fe65be3176 [CANDIDATE]: Term 1 election: Election decided. Result: candidate won. Election summary: received 2 responses out of 3 voters: 2 yes votes; 0 no votes. yes voters: 06640ed0d6c54bf5bc81ca63874d9716, eb6e583e146f49a9b7a326fe65be3176; no voters: 
I20260630 12:21:36.722108 29774 raft_consensus.cc:2804] T c9f268f8d3e64594b221e6fd927eb620 P eb6e583e146f49a9b7a326fe65be3176 [term 1 FOLLOWER]: Leader election won for term 1
I20260630 12:21:36.726682 29466 catalog_manager.cc:5697] T c17d52c17fae4a87bc83f9035db9e7c2 P 06640ed0d6c54bf5bc81ca63874d9716 reported cstate change: term changed from 0 to 1, leader changed from <none> to 06640ed0d6c54bf5bc81ca63874d9716 (127.25.253.131). New cstate: current_term: 1 leader_uuid: "06640ed0d6c54bf5bc81ca63874d9716" committed_config { opid_index: -1 OBSOLETE_local: false peers { permanent_uuid: "eb6e583e146f49a9b7a326fe65be3176" member_type: VOTER last_known_addr { host: "127.25.253.129" port: 44647 } health_report { overall_health: UNKNOWN } } peers { permanent_uuid: "ca9291263fc249aebdff5a42918daa11" member_type: VOTER last_known_addr { host: "127.25.253.130" port: 39793 } health_report { overall_health: UNKNOWN } } peers { permanent_uuid: "06640ed0d6c54bf5bc81ca63874d9716" member_type: VOTER last_known_addr { host: "127.25.253.131" port: 38647 } health_report { overall_health: HEALTHY } } }
I20260630 12:21:36.729931 29765 tablet_bootstrap.cc:654] T c745945f9767452c9444e01d7d1d074d P 06640ed0d6c54bf5bc81ca63874d9716: Neither blocks nor log segments found. Creating new log.
I20260630 12:21:36.680721 29569 tablet_service.cc:1917] Received RequestConsensusVote() RPC: tablet_id: "72d26308c34941ffa797da0144295c51" candidate_uuid: "06640ed0d6c54bf5bc81ca63874d9716" candidate_term: 1 candidate_status { last_received { term: 0 index: 0 } } ignore_live_leader: false dest_uuid: "eb6e583e146f49a9b7a326fe65be3176" is_pre_election: true
I20260630 12:21:36.732127 29569 raft_consensus.cc:2393] T 72d26308c34941ffa797da0144295c51 P eb6e583e146f49a9b7a326fe65be3176 [term 1 FOLLOWER]: Leader pre-election vote request: Denying vote to candidate 06640ed0d6c54bf5bc81ca63874d9716 in current term 1: Already voted for candidate ca9291263fc249aebdff5a42918daa11 in this term.
I20260630 12:21:36.733493 29684 leader_election.cc:304] T 72d26308c34941ffa797da0144295c51 P 06640ed0d6c54bf5bc81ca63874d9716 [CANDIDATE]: Term 1 pre-election: Election decided. Result: candidate lost. Election summary: received 3 responses out of 3 voters: 1 yes votes; 2 no votes. yes voters: 06640ed0d6c54bf5bc81ca63874d9716; no voters: ca9291263fc249aebdff5a42918daa11, eb6e583e146f49a9b7a326fe65be3176
I20260630 12:21:36.735287 29793 raft_consensus.cc:2749] T 72d26308c34941ffa797da0144295c51 P 06640ed0d6c54bf5bc81ca63874d9716 [term 1 FOLLOWER]: Leader pre-election lost for term 1. Reason: could not achieve majority
I20260630 12:21:36.738468 29774 raft_consensus.cc:697] T c9f268f8d3e64594b221e6fd927eb620 P eb6e583e146f49a9b7a326fe65be3176 [term 1 LEADER]: Becoming Leader. State: Replica: eb6e583e146f49a9b7a326fe65be3176, State: Running, Role: LEADER
I20260630 12:21:36.739715 29774 consensus_queue.cc:237] T c9f268f8d3e64594b221e6fd927eb620 P eb6e583e146f49a9b7a326fe65be3176 [LEADER]: Queue going to LEADER mode. State: All replicated index: 0, Majority replicated index: 0, Committed index: 0, Last appended: 0.0, Last appended by leader: 0, Current term: 1, Majority size: 2, State: 0, Mode: LEADER, active raft config: opid_index: -1 OBSOLETE_local: false peers { permanent_uuid: "eb6e583e146f49a9b7a326fe65be3176" member_type: VOTER last_known_addr { host: "127.25.253.129" port: 44647 } } peers { permanent_uuid: "ca9291263fc249aebdff5a42918daa11" member_type: VOTER last_known_addr { host: "127.25.253.130" port: 39793 } } peers { permanent_uuid: "06640ed0d6c54bf5bc81ca63874d9716" member_type: VOTER last_known_addr { host: "127.25.253.131" port: 38647 } }
I20260630 12:21:36.744100 29765 tablet_bootstrap.cc:492] T c745945f9767452c9444e01d7d1d074d P 06640ed0d6c54bf5bc81ca63874d9716: No bootstrap required, opened a new log
I20260630 12:21:36.744661 29765 ts_tablet_manager.cc:1403] T c745945f9767452c9444e01d7d1d074d P 06640ed0d6c54bf5bc81ca63874d9716: Time spent bootstrapping tablet: real 0.026s	user 0.012s	sys 0.008s
I20260630 12:21:36.745380 29764 tablet_bootstrap.cc:492] T 519c0891cb2d4e1db7abc28674d59174 P ca9291263fc249aebdff5a42918daa11: No bootstrap required, opened a new log
I20260630 12:21:36.744333 29467 catalog_manager.cc:5697] T 72d26308c34941ffa797da0144295c51 P ca9291263fc249aebdff5a42918daa11 reported cstate change: term changed from 0 to 1, leader changed from <none> to ca9291263fc249aebdff5a42918daa11 (127.25.253.130). New cstate: current_term: 1 leader_uuid: "ca9291263fc249aebdff5a42918daa11" committed_config { opid_index: -1 OBSOLETE_local: false peers { permanent_uuid: "ca9291263fc249aebdff5a42918daa11" member_type: VOTER last_known_addr { host: "127.25.253.130" port: 39793 } health_report { overall_health: HEALTHY } } peers { permanent_uuid: "eb6e583e146f49a9b7a326fe65be3176" member_type: VOTER last_known_addr { host: "127.25.253.129" port: 44647 } health_report { overall_health: UNKNOWN } } peers { permanent_uuid: "06640ed0d6c54bf5bc81ca63874d9716" member_type: VOTER last_known_addr { host: "127.25.253.131" port: 38647 } health_report { overall_health: UNKNOWN } } }
I20260630 12:21:36.745954 29764 ts_tablet_manager.cc:1403] T 519c0891cb2d4e1db7abc28674d59174 P ca9291263fc249aebdff5a42918daa11: Time spent bootstrapping tablet: real 0.078s	user 0.016s	sys 0.012s
I20260630 12:21:36.747400 29765 raft_consensus.cc:359] T c745945f9767452c9444e01d7d1d074d P 06640ed0d6c54bf5bc81ca63874d9716 [term 0 FOLLOWER]: Replica starting. Triggering 0 pending ops. Active config: opid_index: -1 OBSOLETE_local: false peers { permanent_uuid: "eb6e583e146f49a9b7a326fe65be3176" member_type: VOTER last_known_addr { host: "127.25.253.129" port: 44647 } } peers { permanent_uuid: "ca9291263fc249aebdff5a42918daa11" member_type: VOTER last_known_addr { host: "127.25.253.130" port: 39793 } } peers { permanent_uuid: "06640ed0d6c54bf5bc81ca63874d9716" member_type: VOTER last_known_addr { host: "127.25.253.131" port: 38647 } }
I20260630 12:21:36.748222 29765 raft_consensus.cc:385] T c745945f9767452c9444e01d7d1d074d P 06640ed0d6c54bf5bc81ca63874d9716 [term 0 FOLLOWER]: Consensus starting up: Expiring failure detector timer to make a prompt election more likely
I20260630 12:21:36.748548 29765 raft_consensus.cc:740] T c745945f9767452c9444e01d7d1d074d P 06640ed0d6c54bf5bc81ca63874d9716 [term 0 FOLLOWER]: Becoming Follower/Learner. State: Replica: 06640ed0d6c54bf5bc81ca63874d9716, State: Initialized, Role: FOLLOWER
I20260630 12:21:36.748745 29764 raft_consensus.cc:359] T 519c0891cb2d4e1db7abc28674d59174 P ca9291263fc249aebdff5a42918daa11 [term 0 FOLLOWER]: Replica starting. Triggering 0 pending ops. Active config: opid_index: -1 OBSOLETE_local: false peers { permanent_uuid: "eb6e583e146f49a9b7a326fe65be3176" member_type: VOTER last_known_addr { host: "127.25.253.129" port: 44647 } } peers { permanent_uuid: "ca9291263fc249aebdff5a42918daa11" member_type: VOTER last_known_addr { host: "127.25.253.130" port: 39793 } } peers { permanent_uuid: "06640ed0d6c54bf5bc81ca63874d9716" member_type: VOTER last_known_addr { host: "127.25.253.131" port: 38647 } }
I20260630 12:21:36.749423 29765 consensus_queue.cc:260] T c745945f9767452c9444e01d7d1d074d P 06640ed0d6c54bf5bc81ca63874d9716 [NON_LEADER]: Queue going to NON_LEADER mode. State: All replicated index: 0, Majority replicated index: 0, Committed index: 0, Last appended: 0.0, Last appended by leader: 0, Current term: 0, Majority size: -1, State: 0, Mode: NON_LEADER, active raft config: opid_index: -1 OBSOLETE_local: false peers { permanent_uuid: "eb6e583e146f49a9b7a326fe65be3176" member_type: VOTER last_known_addr { host: "127.25.253.129" port: 44647 } } peers { permanent_uuid: "ca9291263fc249aebdff5a42918daa11" member_type: VOTER last_known_addr { host: "127.25.253.130" port: 39793 } } peers { permanent_uuid: "06640ed0d6c54bf5bc81ca63874d9716" member_type: VOTER last_known_addr { host: "127.25.253.131" port: 38647 } }
I20260630 12:21:36.750126 29764 raft_consensus.cc:385] T 519c0891cb2d4e1db7abc28674d59174 P ca9291263fc249aebdff5a42918daa11 [term 0 FOLLOWER]: Consensus starting up: Expiring failure detector timer to make a prompt election more likely
I20260630 12:21:36.750881 29764 raft_consensus.cc:740] T 519c0891cb2d4e1db7abc28674d59174 P ca9291263fc249aebdff5a42918daa11 [term 0 FOLLOWER]: Becoming Follower/Learner. State: Replica: ca9291263fc249aebdff5a42918daa11, State: Initialized, Role: FOLLOWER
I20260630 12:21:36.751444 29766 tablet_bootstrap.cc:492] T c17d52c17fae4a87bc83f9035db9e7c2 P eb6e583e146f49a9b7a326fe65be3176: No bootstrap required, opened a new log
I20260630 12:21:36.752153 29766 ts_tablet_manager.cc:1403] T c17d52c17fae4a87bc83f9035db9e7c2 P eb6e583e146f49a9b7a326fe65be3176: Time spent bootstrapping tablet: real 0.067s	user 0.017s	sys 0.006s
I20260630 12:21:36.752174 29765 ts_tablet_manager.cc:1434] T c745945f9767452c9444e01d7d1d074d P 06640ed0d6c54bf5bc81ca63874d9716: Time spent starting tablet: real 0.007s	user 0.002s	sys 0.003s
I20260630 12:21:36.756186 29766 raft_consensus.cc:359] T c17d52c17fae4a87bc83f9035db9e7c2 P eb6e583e146f49a9b7a326fe65be3176 [term 0 FOLLOWER]: Replica starting. Triggering 0 pending ops. Active config: opid_index: -1 OBSOLETE_local: false peers { permanent_uuid: "eb6e583e146f49a9b7a326fe65be3176" member_type: VOTER last_known_addr { host: "127.25.253.129" port: 44647 } } peers { permanent_uuid: "ca9291263fc249aebdff5a42918daa11" member_type: VOTER last_known_addr { host: "127.25.253.130" port: 39793 } } peers { permanent_uuid: "06640ed0d6c54bf5bc81ca63874d9716" member_type: VOTER last_known_addr { host: "127.25.253.131" port: 38647 } }
I20260630 12:21:36.757148 29766 raft_consensus.cc:385] T c17d52c17fae4a87bc83f9035db9e7c2 P eb6e583e146f49a9b7a326fe65be3176 [term 0 FOLLOWER]: Consensus starting up: Expiring failure detector timer to make a prompt election more likely
I20260630 12:21:36.757515 29766 raft_consensus.cc:740] T c17d52c17fae4a87bc83f9035db9e7c2 P eb6e583e146f49a9b7a326fe65be3176 [term 0 FOLLOWER]: Becoming Follower/Learner. State: Replica: eb6e583e146f49a9b7a326fe65be3176, State: Initialized, Role: FOLLOWER
I20260630 12:21:36.757665 29468 catalog_manager.cc:5697] T c9f268f8d3e64594b221e6fd927eb620 P eb6e583e146f49a9b7a326fe65be3176 reported cstate change: term changed from 0 to 1, leader changed from <none> to eb6e583e146f49a9b7a326fe65be3176 (127.25.253.129). New cstate: current_term: 1 leader_uuid: "eb6e583e146f49a9b7a326fe65be3176" committed_config { opid_index: -1 OBSOLETE_local: false peers { permanent_uuid: "eb6e583e146f49a9b7a326fe65be3176" member_type: VOTER last_known_addr { host: "127.25.253.129" port: 44647 } health_report { overall_health: HEALTHY } } peers { permanent_uuid: "ca9291263fc249aebdff5a42918daa11" member_type: VOTER last_known_addr { host: "127.25.253.130" port: 39793 } health_report { overall_health: UNKNOWN } } peers { permanent_uuid: "06640ed0d6c54bf5bc81ca63874d9716" member_type: VOTER last_known_addr { host: "127.25.253.131" port: 38647 } health_report { overall_health: UNKNOWN } } }
I20260630 12:21:36.758579 29766 consensus_queue.cc:260] T c17d52c17fae4a87bc83f9035db9e7c2 P eb6e583e146f49a9b7a326fe65be3176 [NON_LEADER]: Queue going to NON_LEADER mode. State: All replicated index: 0, Majority replicated index: 0, Committed index: 0, Last appended: 0.0, Last appended by leader: 0, Current term: 0, Majority size: -1, State: 0, Mode: NON_LEADER, active raft config: opid_index: -1 OBSOLETE_local: false peers { permanent_uuid: "eb6e583e146f49a9b7a326fe65be3176" member_type: VOTER last_known_addr { host: "127.25.253.129" port: 44647 } } peers { permanent_uuid: "ca9291263fc249aebdff5a42918daa11" member_type: VOTER last_known_addr { host: "127.25.253.130" port: 39793 } } peers { permanent_uuid: "06640ed0d6c54bf5bc81ca63874d9716" member_type: VOTER last_known_addr { host: "127.25.253.131" port: 38647 } }
I20260630 12:21:36.761646 29766 ts_tablet_manager.cc:1434] T c17d52c17fae4a87bc83f9035db9e7c2 P eb6e583e146f49a9b7a326fe65be3176: Time spent starting tablet: real 0.009s	user 0.006s	sys 0.000s
I20260630 12:21:36.762513 29764 consensus_queue.cc:260] T 519c0891cb2d4e1db7abc28674d59174 P ca9291263fc249aebdff5a42918daa11 [NON_LEADER]: Queue going to NON_LEADER mode. State: All replicated index: 0, Majority replicated index: 0, Committed index: 0, Last appended: 0.0, Last appended by leader: 0, Current term: 0, Majority size: -1, State: 0, Mode: NON_LEADER, active raft config: opid_index: -1 OBSOLETE_local: false peers { permanent_uuid: "eb6e583e146f49a9b7a326fe65be3176" member_type: VOTER last_known_addr { host: "127.25.253.129" port: 44647 } } peers { permanent_uuid: "ca9291263fc249aebdff5a42918daa11" member_type: VOTER last_known_addr { host: "127.25.253.130" port: 39793 } } peers { permanent_uuid: "06640ed0d6c54bf5bc81ca63874d9716" member_type: VOTER last_known_addr { host: "127.25.253.131" port: 38647 } }
I20260630 12:21:36.762941 29766 tablet_bootstrap.cc:492] T 0bc1aa80746a46c48d8f0c9c291b84e9 P eb6e583e146f49a9b7a326fe65be3176: Bootstrap starting.
I20260630 12:21:36.764264 29764 ts_tablet_manager.cc:1434] T 519c0891cb2d4e1db7abc28674d59174 P ca9291263fc249aebdff5a42918daa11: Time spent starting tablet: real 0.018s	user 0.004s	sys 0.000s
I20260630 12:21:36.765058 29764 tablet_bootstrap.cc:492] T 0bc1aa80746a46c48d8f0c9c291b84e9 P ca9291263fc249aebdff5a42918daa11: Bootstrap starting.
I20260630 12:21:36.769155 29764 tablet_bootstrap.cc:654] T 0bc1aa80746a46c48d8f0c9c291b84e9 P ca9291263fc249aebdff5a42918daa11: Neither blocks nor log segments found. Creating new log.
I20260630 12:21:36.771220 29766 tablet_bootstrap.cc:654] T 0bc1aa80746a46c48d8f0c9c291b84e9 P eb6e583e146f49a9b7a326fe65be3176: Neither blocks nor log segments found. Creating new log.
I20260630 12:21:36.778088 29766 tablet_bootstrap.cc:492] T 0bc1aa80746a46c48d8f0c9c291b84e9 P eb6e583e146f49a9b7a326fe65be3176: No bootstrap required, opened a new log
I20260630 12:21:36.778638 29766 ts_tablet_manager.cc:1403] T 0bc1aa80746a46c48d8f0c9c291b84e9 P eb6e583e146f49a9b7a326fe65be3176: Time spent bootstrapping tablet: real 0.016s	user 0.011s	sys 0.003s
I20260630 12:21:36.781453 29766 raft_consensus.cc:359] T 0bc1aa80746a46c48d8f0c9c291b84e9 P eb6e583e146f49a9b7a326fe65be3176 [term 0 FOLLOWER]: Replica starting. Triggering 0 pending ops. Active config: opid_index: -1 OBSOLETE_local: false peers { permanent_uuid: "eb6e583e146f49a9b7a326fe65be3176" member_type: VOTER last_known_addr { host: "127.25.253.129" port: 44647 } } peers { permanent_uuid: "ca9291263fc249aebdff5a42918daa11" member_type: VOTER last_known_addr { host: "127.25.253.130" port: 39793 } } peers { permanent_uuid: "06640ed0d6c54bf5bc81ca63874d9716" member_type: VOTER last_known_addr { host: "127.25.253.131" port: 38647 } }
I20260630 12:21:36.782258 29766 raft_consensus.cc:385] T 0bc1aa80746a46c48d8f0c9c291b84e9 P eb6e583e146f49a9b7a326fe65be3176 [term 0 FOLLOWER]: Consensus starting up: Expiring failure detector timer to make a prompt election more likely
I20260630 12:21:36.782632 29766 raft_consensus.cc:740] T 0bc1aa80746a46c48d8f0c9c291b84e9 P eb6e583e146f49a9b7a326fe65be3176 [term 0 FOLLOWER]: Becoming Follower/Learner. State: Replica: eb6e583e146f49a9b7a326fe65be3176, State: Initialized, Role: FOLLOWER
I20260630 12:21:36.784406 29766 consensus_queue.cc:260] T 0bc1aa80746a46c48d8f0c9c291b84e9 P eb6e583e146f49a9b7a326fe65be3176 [NON_LEADER]: Queue going to NON_LEADER mode. State: All replicated index: 0, Majority replicated index: 0, Committed index: 0, Last appended: 0.0, Last appended by leader: 0, Current term: 0, Majority size: -1, State: 0, Mode: NON_LEADER, active raft config: opid_index: -1 OBSOLETE_local: false peers { permanent_uuid: "eb6e583e146f49a9b7a326fe65be3176" member_type: VOTER last_known_addr { host: "127.25.253.129" port: 44647 } } peers { permanent_uuid: "ca9291263fc249aebdff5a42918daa11" member_type: VOTER last_known_addr { host: "127.25.253.130" port: 39793 } } peers { permanent_uuid: "06640ed0d6c54bf5bc81ca63874d9716" member_type: VOTER last_known_addr { host: "127.25.253.131" port: 38647 } }
I20260630 12:21:36.786623 29764 tablet_bootstrap.cc:492] T 0bc1aa80746a46c48d8f0c9c291b84e9 P ca9291263fc249aebdff5a42918daa11: No bootstrap required, opened a new log
I20260630 12:21:36.787145 29764 ts_tablet_manager.cc:1403] T 0bc1aa80746a46c48d8f0c9c291b84e9 P ca9291263fc249aebdff5a42918daa11: Time spent bootstrapping tablet: real 0.022s	user 0.014s	sys 0.006s
I20260630 12:21:36.787279 29766 ts_tablet_manager.cc:1434] T 0bc1aa80746a46c48d8f0c9c291b84e9 P eb6e583e146f49a9b7a326fe65be3176: Time spent starting tablet: real 0.008s	user 0.005s	sys 0.001s
I20260630 12:21:36.788378 29766 tablet_bootstrap.cc:492] T 519c0891cb2d4e1db7abc28674d59174 P eb6e583e146f49a9b7a326fe65be3176: Bootstrap starting.
I20260630 12:21:36.790064 29764 raft_consensus.cc:359] T 0bc1aa80746a46c48d8f0c9c291b84e9 P ca9291263fc249aebdff5a42918daa11 [term 0 FOLLOWER]: Replica starting. Triggering 0 pending ops. Active config: opid_index: -1 OBSOLETE_local: false peers { permanent_uuid: "eb6e583e146f49a9b7a326fe65be3176" member_type: VOTER last_known_addr { host: "127.25.253.129" port: 44647 } } peers { permanent_uuid: "ca9291263fc249aebdff5a42918daa11" member_type: VOTER last_known_addr { host: "127.25.253.130" port: 39793 } } peers { permanent_uuid: "06640ed0d6c54bf5bc81ca63874d9716" member_type: VOTER last_known_addr { host: "127.25.253.131" port: 38647 } }
I20260630 12:21:36.790858 29764 raft_consensus.cc:385] T 0bc1aa80746a46c48d8f0c9c291b84e9 P ca9291263fc249aebdff5a42918daa11 [term 0 FOLLOWER]: Consensus starting up: Expiring failure detector timer to make a prompt election more likely
I20260630 12:21:36.791175 29764 raft_consensus.cc:740] T 0bc1aa80746a46c48d8f0c9c291b84e9 P ca9291263fc249aebdff5a42918daa11 [term 0 FOLLOWER]: Becoming Follower/Learner. State: Replica: ca9291263fc249aebdff5a42918daa11, State: Initialized, Role: FOLLOWER
I20260630 12:21:36.791937 29764 consensus_queue.cc:260] T 0bc1aa80746a46c48d8f0c9c291b84e9 P ca9291263fc249aebdff5a42918daa11 [NON_LEADER]: Queue going to NON_LEADER mode. State: All replicated index: 0, Majority replicated index: 0, Committed index: 0, Last appended: 0.0, Last appended by leader: 0, Current term: 0, Majority size: -1, State: 0, Mode: NON_LEADER, active raft config: opid_index: -1 OBSOLETE_local: false peers { permanent_uuid: "eb6e583e146f49a9b7a326fe65be3176" member_type: VOTER last_known_addr { host: "127.25.253.129" port: 44647 } } peers { permanent_uuid: "ca9291263fc249aebdff5a42918daa11" member_type: VOTER last_known_addr { host: "127.25.253.130" port: 39793 } } peers { permanent_uuid: "06640ed0d6c54bf5bc81ca63874d9716" member_type: VOTER last_known_addr { host: "127.25.253.131" port: 38647 } }
I20260630 12:21:36.794497 29764 ts_tablet_manager.cc:1434] T 0bc1aa80746a46c48d8f0c9c291b84e9 P ca9291263fc249aebdff5a42918daa11: Time spent starting tablet: real 0.007s	user 0.006s	sys 0.000s
I20260630 12:21:36.795076 29766 tablet_bootstrap.cc:654] T 519c0891cb2d4e1db7abc28674d59174 P eb6e583e146f49a9b7a326fe65be3176: Neither blocks nor log segments found. Creating new log.
I20260630 12:21:36.794369 29467 catalog_manager.cc:5697] T 672a6b7da09d44e18fff7fcfdfda6508 P ca9291263fc249aebdff5a42918daa11 reported cstate change: term changed from 0 to 1, leader changed from <none> to ca9291263fc249aebdff5a42918daa11 (127.25.253.130). New cstate: current_term: 1 leader_uuid: "ca9291263fc249aebdff5a42918daa11" committed_config { opid_index: -1 OBSOLETE_local: false peers { permanent_uuid: "eb6e583e146f49a9b7a326fe65be3176" member_type: VOTER last_known_addr { host: "127.25.253.129" port: 44647 } health_report { overall_health: UNKNOWN } } peers { permanent_uuid: "ca9291263fc249aebdff5a42918daa11" member_type: VOTER last_known_addr { host: "127.25.253.130" port: 39793 } health_report { overall_health: HEALTHY } } peers { permanent_uuid: "06640ed0d6c54bf5bc81ca63874d9716" member_type: VOTER last_known_addr { host: "127.25.253.131" port: 38647 } health_report { overall_health: UNKNOWN } } }
I20260630 12:21:36.795516 29764 tablet_bootstrap.cc:492] T c745945f9767452c9444e01d7d1d074d P ca9291263fc249aebdff5a42918daa11: Bootstrap starting.
I20260630 12:21:36.802083 29764 tablet_bootstrap.cc:654] T c745945f9767452c9444e01d7d1d074d P ca9291263fc249aebdff5a42918daa11: Neither blocks nor log segments found. Creating new log.
I20260630 12:21:36.804157 29774 raft_consensus.cc:493] T 6a6c067b8eda48aeab9441273e32e89f P eb6e583e146f49a9b7a326fe65be3176 [term 0 FOLLOWER]: Starting pre-election (no leader contacted us within the election timeout)
I20260630 12:21:36.804569 29774 raft_consensus.cc:515] T 6a6c067b8eda48aeab9441273e32e89f P eb6e583e146f49a9b7a326fe65be3176 [term 0 FOLLOWER]: Starting pre-election with config: opid_index: -1 OBSOLETE_local: false peers { permanent_uuid: "eb6e583e146f49a9b7a326fe65be3176" member_type: VOTER last_known_addr { host: "127.25.253.129" port: 44647 } } peers { permanent_uuid: "ca9291263fc249aebdff5a42918daa11" member_type: VOTER last_known_addr { host: "127.25.253.130" port: 39793 } } peers { permanent_uuid: "06640ed0d6c54bf5bc81ca63874d9716" member_type: VOTER last_known_addr { host: "127.25.253.131" port: 38647 } }
I20260630 12:21:36.806874 29774 leader_election.cc:290] T 6a6c067b8eda48aeab9441273e32e89f P eb6e583e146f49a9b7a326fe65be3176 [CANDIDATE]: Term 1 pre-election: Requested pre-vote from peers ca9291263fc249aebdff5a42918daa11 (127.25.253.130:39793), 06640ed0d6c54bf5bc81ca63874d9716 (127.25.253.131:38647)
I20260630 12:21:36.807718 29764 tablet_bootstrap.cc:492] T c745945f9767452c9444e01d7d1d074d P ca9291263fc249aebdff5a42918daa11: No bootstrap required, opened a new log
I20260630 12:21:36.808264 29766 tablet_bootstrap.cc:492] T 519c0891cb2d4e1db7abc28674d59174 P eb6e583e146f49a9b7a326fe65be3176: No bootstrap required, opened a new log
I20260630 12:21:36.808347 29718 tablet_service.cc:1917] Received RequestConsensusVote() RPC: tablet_id: "6a6c067b8eda48aeab9441273e32e89f" candidate_uuid: "eb6e583e146f49a9b7a326fe65be3176" candidate_term: 1 candidate_status { last_received { term: 0 index: 0 } } ignore_live_leader: false dest_uuid: "06640ed0d6c54bf5bc81ca63874d9716" is_pre_election: true
I20260630 12:21:36.809188 29764 ts_tablet_manager.cc:1403] T c745945f9767452c9444e01d7d1d074d P ca9291263fc249aebdff5a42918daa11: Time spent bootstrapping tablet: real 0.014s	user 0.010s	sys 0.002s
I20260630 12:21:36.809252 29718 raft_consensus.cc:2468] T 6a6c067b8eda48aeab9441273e32e89f P 06640ed0d6c54bf5bc81ca63874d9716 [term 0 FOLLOWER]: Leader pre-election vote request: Granting yes vote for candidate eb6e583e146f49a9b7a326fe65be3176 in term 0.
I20260630 12:21:36.809253 29643 tablet_service.cc:1917] Received RequestConsensusVote() RPC: tablet_id: "6a6c067b8eda48aeab9441273e32e89f" candidate_uuid: "eb6e583e146f49a9b7a326fe65be3176" candidate_term: 1 candidate_status { last_received { term: 0 index: 0 } } ignore_live_leader: false dest_uuid: "ca9291263fc249aebdff5a42918daa11" is_pre_election: true
I20260630 12:21:36.810456 29766 ts_tablet_manager.cc:1403] T 519c0891cb2d4e1db7abc28674d59174 P eb6e583e146f49a9b7a326fe65be3176: Time spent bootstrapping tablet: real 0.022s	user 0.008s	sys 0.009s
W20260630 12:21:36.810989 29534 leader_election.cc:343] T 6a6c067b8eda48aeab9441273e32e89f P eb6e583e146f49a9b7a326fe65be3176 [CANDIDATE]: Term 1 pre-election: Tablet error from VoteRequest() call to peer ca9291263fc249aebdff5a42918daa11 (127.25.253.130:39793): Illegal state: must be running to vote when last-logged opid is not known
I20260630 12:21:36.812036 29536 leader_election.cc:304] T 6a6c067b8eda48aeab9441273e32e89f P eb6e583e146f49a9b7a326fe65be3176 [CANDIDATE]: Term 1 pre-election: Election decided. Result: candidate won. Election summary: received 3 responses out of 3 voters: 2 yes votes; 1 no votes. yes voters: 06640ed0d6c54bf5bc81ca63874d9716, eb6e583e146f49a9b7a326fe65be3176; no voters: ca9291263fc249aebdff5a42918daa11
I20260630 12:21:36.812090 29764 raft_consensus.cc:359] T c745945f9767452c9444e01d7d1d074d P ca9291263fc249aebdff5a42918daa11 [term 0 FOLLOWER]: Replica starting. Triggering 0 pending ops. Active config: opid_index: -1 OBSOLETE_local: false peers { permanent_uuid: "eb6e583e146f49a9b7a326fe65be3176" member_type: VOTER last_known_addr { host: "127.25.253.129" port: 44647 } } peers { permanent_uuid: "ca9291263fc249aebdff5a42918daa11" member_type: VOTER last_known_addr { host: "127.25.253.130" port: 39793 } } peers { permanent_uuid: "06640ed0d6c54bf5bc81ca63874d9716" member_type: VOTER last_known_addr { host: "127.25.253.131" port: 38647 } }
I20260630 12:21:36.812857 29764 raft_consensus.cc:385] T c745945f9767452c9444e01d7d1d074d P ca9291263fc249aebdff5a42918daa11 [term 0 FOLLOWER]: Consensus starting up: Expiring failure detector timer to make a prompt election more likely
I20260630 12:21:36.813225 29774 raft_consensus.cc:2804] T 6a6c067b8eda48aeab9441273e32e89f P eb6e583e146f49a9b7a326fe65be3176 [term 0 FOLLOWER]: Leader pre-election won for term 1
I20260630 12:21:36.813261 29766 raft_consensus.cc:359] T 519c0891cb2d4e1db7abc28674d59174 P eb6e583e146f49a9b7a326fe65be3176 [term 0 FOLLOWER]: Replica starting. Triggering 0 pending ops. Active config: opid_index: -1 OBSOLETE_local: false peers { permanent_uuid: "eb6e583e146f49a9b7a326fe65be3176" member_type: VOTER last_known_addr { host: "127.25.253.129" port: 44647 } } peers { permanent_uuid: "ca9291263fc249aebdff5a42918daa11" member_type: VOTER last_known_addr { host: "127.25.253.130" port: 39793 } } peers { permanent_uuid: "06640ed0d6c54bf5bc81ca63874d9716" member_type: VOTER last_known_addr { host: "127.25.253.131" port: 38647 } }
I20260630 12:21:36.813793 29774 raft_consensus.cc:493] T 6a6c067b8eda48aeab9441273e32e89f P eb6e583e146f49a9b7a326fe65be3176 [term 0 FOLLOWER]: Starting leader election (no leader contacted us within the election timeout)
I20260630 12:21:36.814154 29766 raft_consensus.cc:385] T 519c0891cb2d4e1db7abc28674d59174 P eb6e583e146f49a9b7a326fe65be3176 [term 0 FOLLOWER]: Consensus starting up: Expiring failure detector timer to make a prompt election more likely
I20260630 12:21:36.813150 29764 raft_consensus.cc:740] T c745945f9767452c9444e01d7d1d074d P ca9291263fc249aebdff5a42918daa11 [term 0 FOLLOWER]: Becoming Follower/Learner. State: Replica: ca9291263fc249aebdff5a42918daa11, State: Initialized, Role: FOLLOWER
I20260630 12:21:36.814407 29774 raft_consensus.cc:3060] T 6a6c067b8eda48aeab9441273e32e89f P eb6e583e146f49a9b7a326fe65be3176 [term 0 FOLLOWER]: Advancing to term 1
I20260630 12:21:36.814648 29766 raft_consensus.cc:740] T 519c0891cb2d4e1db7abc28674d59174 P eb6e583e146f49a9b7a326fe65be3176 [term 0 FOLLOWER]: Becoming Follower/Learner. State: Replica: eb6e583e146f49a9b7a326fe65be3176, State: Initialized, Role: FOLLOWER
I20260630 12:21:36.815186 29764 consensus_queue.cc:260] T c745945f9767452c9444e01d7d1d074d P ca9291263fc249aebdff5a42918daa11 [NON_LEADER]: Queue going to NON_LEADER mode. State: All replicated index: 0, Majority replicated index: 0, Committed index: 0, Last appended: 0.0, Last appended by leader: 0, Current term: 0, Majority size: -1, State: 0, Mode: NON_LEADER, active raft config: opid_index: -1 OBSOLETE_local: false peers { permanent_uuid: "eb6e583e146f49a9b7a326fe65be3176" member_type: VOTER last_known_addr { host: "127.25.253.129" port: 44647 } } peers { permanent_uuid: "ca9291263fc249aebdff5a42918daa11" member_type: VOTER last_known_addr { host: "127.25.253.130" port: 39793 } } peers { permanent_uuid: "06640ed0d6c54bf5bc81ca63874d9716" member_type: VOTER last_known_addr { host: "127.25.253.131" port: 38647 } }
I20260630 12:21:36.817502 29764 ts_tablet_manager.cc:1434] T c745945f9767452c9444e01d7d1d074d P ca9291263fc249aebdff5a42918daa11: Time spent starting tablet: real 0.008s	user 0.004s	sys 0.001s
I20260630 12:21:36.815692 29766 consensus_queue.cc:260] T 519c0891cb2d4e1db7abc28674d59174 P eb6e583e146f49a9b7a326fe65be3176 [NON_LEADER]: Queue going to NON_LEADER mode. State: All replicated index: 0, Majority replicated index: 0, Committed index: 0, Last appended: 0.0, Last appended by leader: 0, Current term: 0, Majority size: -1, State: 0, Mode: NON_LEADER, active raft config: opid_index: -1 OBSOLETE_local: false peers { permanent_uuid: "eb6e583e146f49a9b7a326fe65be3176" member_type: VOTER last_known_addr { host: "127.25.253.129" port: 44647 } } peers { permanent_uuid: "ca9291263fc249aebdff5a42918daa11" member_type: VOTER last_known_addr { host: "127.25.253.130" port: 39793 } } peers { permanent_uuid: "06640ed0d6c54bf5bc81ca63874d9716" member_type: VOTER last_known_addr { host: "127.25.253.131" port: 38647 } }
I20260630 12:21:36.818499 29764 tablet_bootstrap.cc:492] T 6a6c067b8eda48aeab9441273e32e89f P ca9291263fc249aebdff5a42918daa11: Bootstrap starting.
I20260630 12:21:36.820989 29774 raft_consensus.cc:515] T 6a6c067b8eda48aeab9441273e32e89f P eb6e583e146f49a9b7a326fe65be3176 [term 1 FOLLOWER]: Starting leader election with config: opid_index: -1 OBSOLETE_local: false peers { permanent_uuid: "eb6e583e146f49a9b7a326fe65be3176" member_type: VOTER last_known_addr { host: "127.25.253.129" port: 44647 } } peers { permanent_uuid: "ca9291263fc249aebdff5a42918daa11" member_type: VOTER last_known_addr { host: "127.25.253.130" port: 39793 } } peers { permanent_uuid: "06640ed0d6c54bf5bc81ca63874d9716" member_type: VOTER last_known_addr { host: "127.25.253.131" port: 38647 } }
I20260630 12:21:36.822124 29766 ts_tablet_manager.cc:1434] T 519c0891cb2d4e1db7abc28674d59174 P eb6e583e146f49a9b7a326fe65be3176: Time spent starting tablet: real 0.011s	user 0.006s	sys 0.000s
I20260630 12:21:36.823166 29766 tablet_bootstrap.cc:492] T c745945f9767452c9444e01d7d1d074d P eb6e583e146f49a9b7a326fe65be3176: Bootstrap starting.
I20260630 12:21:36.823864 29643 tablet_service.cc:1917] Received RequestConsensusVote() RPC: tablet_id: "6a6c067b8eda48aeab9441273e32e89f" candidate_uuid: "eb6e583e146f49a9b7a326fe65be3176" candidate_term: 1 candidate_status { last_received { term: 0 index: 0 } } ignore_live_leader: false dest_uuid: "ca9291263fc249aebdff5a42918daa11"
W20260630 12:21:36.825258 29534 leader_election.cc:343] T 6a6c067b8eda48aeab9441273e32e89f P eb6e583e146f49a9b7a326fe65be3176 [CANDIDATE]: Term 1 election: Tablet error from VoteRequest() call to peer ca9291263fc249aebdff5a42918daa11 (127.25.253.130:39793): Illegal state: must be running to vote when last-logged opid is not known
I20260630 12:21:36.829615 29766 tablet_bootstrap.cc:654] T c745945f9767452c9444e01d7d1d074d P eb6e583e146f49a9b7a326fe65be3176: Neither blocks nor log segments found. Creating new log.
I20260630 12:21:36.830065 29718 tablet_service.cc:1917] Received RequestConsensusVote() RPC: tablet_id: "6a6c067b8eda48aeab9441273e32e89f" candidate_uuid: "eb6e583e146f49a9b7a326fe65be3176" candidate_term: 1 candidate_status { last_received { term: 0 index: 0 } } ignore_live_leader: false dest_uuid: "06640ed0d6c54bf5bc81ca63874d9716"
I20260630 12:21:36.830745 29718 raft_consensus.cc:3060] T 6a6c067b8eda48aeab9441273e32e89f P 06640ed0d6c54bf5bc81ca63874d9716 [term 0 FOLLOWER]: Advancing to term 1
I20260630 12:21:36.832209 29764 tablet_bootstrap.cc:654] T 6a6c067b8eda48aeab9441273e32e89f P ca9291263fc249aebdff5a42918daa11: Neither blocks nor log segments found. Creating new log.
I20260630 12:21:36.833103 29774 leader_election.cc:290] T 6a6c067b8eda48aeab9441273e32e89f P eb6e583e146f49a9b7a326fe65be3176 [CANDIDATE]: Term 1 election: Requested vote from peers ca9291263fc249aebdff5a42918daa11 (127.25.253.130:39793), 06640ed0d6c54bf5bc81ca63874d9716 (127.25.253.131:38647)
I20260630 12:21:36.834983 29766 tablet_bootstrap.cc:492] T c745945f9767452c9444e01d7d1d074d P eb6e583e146f49a9b7a326fe65be3176: No bootstrap required, opened a new log
I20260630 12:21:36.835697 29793 raft_consensus.cc:493] T 519c0891cb2d4e1db7abc28674d59174 P 06640ed0d6c54bf5bc81ca63874d9716 [term 0 FOLLOWER]: Starting pre-election (no leader contacted us within the election timeout)
I20260630 12:21:36.835820 29766 ts_tablet_manager.cc:1403] T c745945f9767452c9444e01d7d1d074d P eb6e583e146f49a9b7a326fe65be3176: Time spent bootstrapping tablet: real 0.013s	user 0.007s	sys 0.005s
I20260630 12:21:36.836375 29718 raft_consensus.cc:2468] T 6a6c067b8eda48aeab9441273e32e89f P 06640ed0d6c54bf5bc81ca63874d9716 [term 1 FOLLOWER]: Leader election vote request: Granting yes vote for candidate eb6e583e146f49a9b7a326fe65be3176 in term 1.
I20260630 12:21:36.836180 29793 raft_consensus.cc:515] T 519c0891cb2d4e1db7abc28674d59174 P 06640ed0d6c54bf5bc81ca63874d9716 [term 0 FOLLOWER]: Starting pre-election with config: opid_index: -1 OBSOLETE_local: false peers { permanent_uuid: "eb6e583e146f49a9b7a326fe65be3176" member_type: VOTER last_known_addr { host: "127.25.253.129" port: 44647 } } peers { permanent_uuid: "ca9291263fc249aebdff5a42918daa11" member_type: VOTER last_known_addr { host: "127.25.253.130" port: 39793 } } peers { permanent_uuid: "06640ed0d6c54bf5bc81ca63874d9716" member_type: VOTER last_known_addr { host: "127.25.253.131" port: 38647 } }
I20260630 12:21:36.837314 29764 tablet_bootstrap.cc:492] T 6a6c067b8eda48aeab9441273e32e89f P ca9291263fc249aebdff5a42918daa11: No bootstrap required, opened a new log
I20260630 12:21:36.837747 29764 ts_tablet_manager.cc:1403] T 6a6c067b8eda48aeab9441273e32e89f P ca9291263fc249aebdff5a42918daa11: Time spent bootstrapping tablet: real 0.019s	user 0.009s	sys 0.001s
I20260630 12:21:36.837638 29536 leader_election.cc:304] T 6a6c067b8eda48aeab9441273e32e89f P eb6e583e146f49a9b7a326fe65be3176 [CANDIDATE]: Term 1 election: Election decided. Result: candidate won. Election summary: received 3 responses out of 3 voters: 2 yes votes; 1 no votes. yes voters: 06640ed0d6c54bf5bc81ca63874d9716, eb6e583e146f49a9b7a326fe65be3176; no voters: ca9291263fc249aebdff5a42918daa11
I20260630 12:21:36.838397 29793 leader_election.cc:290] T 519c0891cb2d4e1db7abc28674d59174 P 06640ed0d6c54bf5bc81ca63874d9716 [CANDIDATE]: Term 1 pre-election: Requested pre-vote from peers eb6e583e146f49a9b7a326fe65be3176 (127.25.253.129:44647), ca9291263fc249aebdff5a42918daa11 (127.25.253.130:39793)
I20260630 12:21:36.838917 29774 raft_consensus.cc:2804] T 6a6c067b8eda48aeab9441273e32e89f P eb6e583e146f49a9b7a326fe65be3176 [term 1 FOLLOWER]: Leader election won for term 1
I20260630 12:21:36.839556 29569 tablet_service.cc:1917] Received RequestConsensusVote() RPC: tablet_id: "519c0891cb2d4e1db7abc28674d59174" candidate_uuid: "06640ed0d6c54bf5bc81ca63874d9716" candidate_term: 1 candidate_status { last_received { term: 0 index: 0 } } ignore_live_leader: false dest_uuid: "eb6e583e146f49a9b7a326fe65be3176" is_pre_election: true
I20260630 12:21:36.840162 29569 raft_consensus.cc:2468] T 519c0891cb2d4e1db7abc28674d59174 P eb6e583e146f49a9b7a326fe65be3176 [term 0 FOLLOWER]: Leader pre-election vote request: Granting yes vote for candidate 06640ed0d6c54bf5bc81ca63874d9716 in term 0.
I20260630 12:21:36.840320 29643 tablet_service.cc:1917] Received RequestConsensusVote() RPC: tablet_id: "519c0891cb2d4e1db7abc28674d59174" candidate_uuid: "06640ed0d6c54bf5bc81ca63874d9716" candidate_term: 1 candidate_status { last_received { term: 0 index: 0 } } ignore_live_leader: false dest_uuid: "ca9291263fc249aebdff5a42918daa11" is_pre_election: true
I20260630 12:21:36.840364 29764 raft_consensus.cc:359] T 6a6c067b8eda48aeab9441273e32e89f P ca9291263fc249aebdff5a42918daa11 [term 0 FOLLOWER]: Replica starting. Triggering 0 pending ops. Active config: opid_index: -1 OBSOLETE_local: false peers { permanent_uuid: "eb6e583e146f49a9b7a326fe65be3176" member_type: VOTER last_known_addr { host: "127.25.253.129" port: 44647 } } peers { permanent_uuid: "ca9291263fc249aebdff5a42918daa11" member_type: VOTER last_known_addr { host: "127.25.253.130" port: 39793 } } peers { permanent_uuid: "06640ed0d6c54bf5bc81ca63874d9716" member_type: VOTER last_known_addr { host: "127.25.253.131" port: 38647 } }
I20260630 12:21:36.840909 29766 raft_consensus.cc:359] T c745945f9767452c9444e01d7d1d074d P eb6e583e146f49a9b7a326fe65be3176 [term 0 FOLLOWER]: Replica starting. Triggering 0 pending ops. Active config: opid_index: -1 OBSOLETE_local: false peers { permanent_uuid: "eb6e583e146f49a9b7a326fe65be3176" member_type: VOTER last_known_addr { host: "127.25.253.129" port: 44647 } } peers { permanent_uuid: "ca9291263fc249aebdff5a42918daa11" member_type: VOTER last_known_addr { host: "127.25.253.130" port: 39793 } } peers { permanent_uuid: "06640ed0d6c54bf5bc81ca63874d9716" member_type: VOTER last_known_addr { host: "127.25.253.131" port: 38647 } }
I20260630 12:21:36.841107 29643 raft_consensus.cc:2468] T 519c0891cb2d4e1db7abc28674d59174 P ca9291263fc249aebdff5a42918daa11 [term 0 FOLLOWER]: Leader pre-election vote request: Granting yes vote for candidate 06640ed0d6c54bf5bc81ca63874d9716 in term 0.
I20260630 12:21:36.841293 29684 leader_election.cc:304] T 519c0891cb2d4e1db7abc28674d59174 P 06640ed0d6c54bf5bc81ca63874d9716 [CANDIDATE]: Term 1 pre-election: Election decided. Result: candidate won. Election summary: received 2 responses out of 3 voters: 2 yes votes; 0 no votes. yes voters: 06640ed0d6c54bf5bc81ca63874d9716, eb6e583e146f49a9b7a326fe65be3176; no voters: 
I20260630 12:21:36.841146 29764 raft_consensus.cc:385] T 6a6c067b8eda48aeab9441273e32e89f P ca9291263fc249aebdff5a42918daa11 [term 0 FOLLOWER]: Consensus starting up: Expiring failure detector timer to make a prompt election more likely
I20260630 12:21:36.841583 29774 raft_consensus.cc:697] T 6a6c067b8eda48aeab9441273e32e89f P eb6e583e146f49a9b7a326fe65be3176 [term 1 LEADER]: Becoming Leader. State: Replica: eb6e583e146f49a9b7a326fe65be3176, State: Running, Role: LEADER
I20260630 12:21:36.841962 29764 raft_consensus.cc:740] T 6a6c067b8eda48aeab9441273e32e89f P ca9291263fc249aebdff5a42918daa11 [term 0 FOLLOWER]: Becoming Follower/Learner. State: Replica: ca9291263fc249aebdff5a42918daa11, State: Initialized, Role: FOLLOWER
I20260630 12:21:36.842300 29793 raft_consensus.cc:2804] T 519c0891cb2d4e1db7abc28674d59174 P 06640ed0d6c54bf5bc81ca63874d9716 [term 0 FOLLOWER]: Leader pre-election won for term 1
I20260630 12:21:36.841572 29766 raft_consensus.cc:385] T c745945f9767452c9444e01d7d1d074d P eb6e583e146f49a9b7a326fe65be3176 [term 0 FOLLOWER]: Consensus starting up: Expiring failure detector timer to make a prompt election more likely
I20260630 12:21:36.842679 29793 raft_consensus.cc:493] T 519c0891cb2d4e1db7abc28674d59174 P 06640ed0d6c54bf5bc81ca63874d9716 [term 0 FOLLOWER]: Starting leader election (no leader contacted us within the election timeout)
I20260630 12:21:36.842749 29774 consensus_queue.cc:237] T 6a6c067b8eda48aeab9441273e32e89f P eb6e583e146f49a9b7a326fe65be3176 [LEADER]: Queue going to LEADER mode. State: All replicated index: 0, Majority replicated index: 0, Committed index: 0, Last appended: 0.0, Last appended by leader: 0, Current term: 1, Majority size: 2, State: 0, Mode: LEADER, active raft config: opid_index: -1 OBSOLETE_local: false peers { permanent_uuid: "eb6e583e146f49a9b7a326fe65be3176" member_type: VOTER last_known_addr { host: "127.25.253.129" port: 44647 } } peers { permanent_uuid: "ca9291263fc249aebdff5a42918daa11" member_type: VOTER last_known_addr { host: "127.25.253.130" port: 39793 } } peers { permanent_uuid: "06640ed0d6c54bf5bc81ca63874d9716" member_type: VOTER last_known_addr { host: "127.25.253.131" port: 38647 } }
I20260630 12:21:36.843290 29766 raft_consensus.cc:740] T c745945f9767452c9444e01d7d1d074d P eb6e583e146f49a9b7a326fe65be3176 [term 0 FOLLOWER]: Becoming Follower/Learner. State: Replica: eb6e583e146f49a9b7a326fe65be3176, State: Initialized, Role: FOLLOWER
I20260630 12:21:36.843330 29769 raft_consensus.cc:493] T 0bc1aa80746a46c48d8f0c9c291b84e9 P ca9291263fc249aebdff5a42918daa11 [term 0 FOLLOWER]: Starting pre-election (no leader contacted us within the election timeout)
I20260630 12:21:36.843384 29793 raft_consensus.cc:3060] T 519c0891cb2d4e1db7abc28674d59174 P 06640ed0d6c54bf5bc81ca63874d9716 [term 0 FOLLOWER]: Advancing to term 1
I20260630 12:21:36.844077 29769 raft_consensus.cc:515] T 0bc1aa80746a46c48d8f0c9c291b84e9 P ca9291263fc249aebdff5a42918daa11 [term 0 FOLLOWER]: Starting pre-election with config: opid_index: -1 OBSOLETE_local: false peers { permanent_uuid: "eb6e583e146f49a9b7a326fe65be3176" member_type: VOTER last_known_addr { host: "127.25.253.129" port: 44647 } } peers { permanent_uuid: "ca9291263fc249aebdff5a42918daa11" member_type: VOTER last_known_addr { host: "127.25.253.130" port: 39793 } } peers { permanent_uuid: "06640ed0d6c54bf5bc81ca63874d9716" member_type: VOTER last_known_addr { host: "127.25.253.131" port: 38647 } }
I20260630 12:21:36.844244 29766 consensus_queue.cc:260] T c745945f9767452c9444e01d7d1d074d P eb6e583e146f49a9b7a326fe65be3176 [NON_LEADER]: Queue going to NON_LEADER mode. State: All replicated index: 0, Majority replicated index: 0, Committed index: 0, Last appended: 0.0, Last appended by leader: 0, Current term: 0, Majority size: -1, State: 0, Mode: NON_LEADER, active raft config: opid_index: -1 OBSOLETE_local: false peers { permanent_uuid: "eb6e583e146f49a9b7a326fe65be3176" member_type: VOTER last_known_addr { host: "127.25.253.129" port: 44647 } } peers { permanent_uuid: "ca9291263fc249aebdff5a42918daa11" member_type: VOTER last_known_addr { host: "127.25.253.130" port: 39793 } } peers { permanent_uuid: "06640ed0d6c54bf5bc81ca63874d9716" member_type: VOTER last_known_addr { host: "127.25.253.131" port: 38647 } }
I20260630 12:21:36.846164 29769 leader_election.cc:290] T 0bc1aa80746a46c48d8f0c9c291b84e9 P ca9291263fc249aebdff5a42918daa11 [CANDIDATE]: Term 1 pre-election: Requested pre-vote from peers eb6e583e146f49a9b7a326fe65be3176 (127.25.253.129:44647), 06640ed0d6c54bf5bc81ca63874d9716 (127.25.253.131:38647)
I20260630 12:21:36.846321 29766 ts_tablet_manager.cc:1434] T c745945f9767452c9444e01d7d1d074d P eb6e583e146f49a9b7a326fe65be3176: Time spent starting tablet: real 0.010s	user 0.004s	sys 0.000s
I20260630 12:21:36.842733 29764 consensus_queue.cc:260] T 6a6c067b8eda48aeab9441273e32e89f P ca9291263fc249aebdff5a42918daa11 [NON_LEADER]: Queue going to NON_LEADER mode. State: All replicated index: 0, Majority replicated index: 0, Committed index: 0, Last appended: 0.0, Last appended by leader: 0, Current term: 0, Majority size: -1, State: 0, Mode: NON_LEADER, active raft config: opid_index: -1 OBSOLETE_local: false peers { permanent_uuid: "eb6e583e146f49a9b7a326fe65be3176" member_type: VOTER last_known_addr { host: "127.25.253.129" port: 44647 } } peers { permanent_uuid: "ca9291263fc249aebdff5a42918daa11" member_type: VOTER last_known_addr { host: "127.25.253.130" port: 39793 } } peers { permanent_uuid: "06640ed0d6c54bf5bc81ca63874d9716" member_type: VOTER last_known_addr { host: "127.25.253.131" port: 38647 } }
