I20260630 12:21:38.794128 30000 raft_consensus.cc:359] T 199694789951410d94160454c4938a80 P 41aca89c2df848d7a486b3826f8d422d [term 1 LEARNER]: Replica starting. Triggering 0 pending ops. Active config: opid_index: 2 OBSOLETE_local: false peers { permanent_uuid: "4964dbeb43cf4413ac5e4043b6a66df8" member_type: VOTER last_known_addr { host: "127.25.220.129" port: 36709 } } peers { permanent_uuid: "c3905d356ecc416f9bc0eb469edbf6fe" member_type: VOTER last_known_addr { host: "127.25.220.130" port: 41447 } attrs { replace: true } } peers { permanent_uuid: "b299b40843354aed86d76c499922891d" member_type: VOTER last_known_addr { host: "127.25.220.131" port: 44291 } } peers { permanent_uuid: "41aca89c2df848d7a486b3826f8d422d" member_type: NON_VOTER last_known_addr { host: "127.25.220.132" port: 39903 } attrs { promote: true } }
I20260630 12:21:38.794909 30000 raft_consensus.cc:740] T 199694789951410d94160454c4938a80 P 41aca89c2df848d7a486b3826f8d422d [term 1 LEARNER]: Becoming Follower/Learner. State: Replica: 41aca89c2df848d7a486b3826f8d422d, State: Initialized, Role: LEARNER
I20260630 12:21:38.795526 30000 consensus_queue.cc:260] T 199694789951410d94160454c4938a80 P 41aca89c2df848d7a486b3826f8d422d [NON_LEADER]: Queue going to NON_LEADER mode. State: All replicated index: 0, Majority replicated index: 0, Committed index: 2, Last appended: 1.2, Last appended by leader: 2, Current term: 0, Majority size: -1, State: 0, Mode: NON_LEADER, active raft config: opid_index: 2 OBSOLETE_local: false peers { permanent_uuid: "4964dbeb43cf4413ac5e4043b6a66df8" member_type: VOTER last_known_addr { host: "127.25.220.129" port: 36709 } } peers { permanent_uuid: "c3905d356ecc416f9bc0eb469edbf6fe" member_type: VOTER last_known_addr { host: "127.25.220.130" port: 41447 } attrs { replace: true } } peers { permanent_uuid: "b299b40843354aed86d76c499922891d" member_type: VOTER last_known_addr { host: "127.25.220.131" port: 44291 } } peers { permanent_uuid: "41aca89c2df848d7a486b3826f8d422d" member_type: NON_VOTER last_known_addr { host: "127.25.220.132" port: 39903 } attrs { promote: true } }
I20260630 12:21:38.797916 30000 ts_tablet_manager.cc:1434] T 199694789951410d94160454c4938a80 P 41aca89c2df848d7a486b3826f8d422d: Time spent starting tablet: real 0.006s	user 0.007s	sys 0.001s
I20260630 12:21:38.799571 29496 tablet_copy_service.cc:342] P 4964dbeb43cf4413ac5e4043b6a66df8: Request end of tablet copy session 41aca89c2df848d7a486b3826f8d422d-199694789951410d94160454c4938a80 received from {username='slave'} at 127.0.0.1:48252
I20260630 12:21:38.799995 29496 tablet_copy_service.cc:434] P 4964dbeb43cf4413ac5e4043b6a66df8: ending tablet copy session 41aca89c2df848d7a486b3826f8d422d-199694789951410d94160454c4938a80 on tablet 199694789951410d94160454c4938a80 with peer 41aca89c2df848d7a486b3826f8d422d
I20260630 12:21:38.950996 29782 raft_consensus.cc:1217] T 38f832d3843d419eab3c07e3a540aaf0 P 41aca89c2df848d7a486b3826f8d422d [term 2 LEARNER]: Deduplicated request from leader. Original: 2.2->[2.3-2.3]   Dedup: 2.3->[]
W20260630 12:21:39.004480 29600 consensus_peers.cc:597] T fe5219e8c31e4e169619fd7079544021 P b299b40843354aed86d76c499922891d -> Peer c3905d356ecc416f9bc0eb469edbf6fe (127.25.220.130:41447): Couldn't send request to peer c3905d356ecc416f9bc0eb469edbf6fe. Error code: TABLET_NOT_FOUND (6). Status: Not found: Tablet not found: fe5219e8c31e4e169619fd7079544021. This is attempt 1: this message will repeat every 5th retry.
I20260630 12:21:39.025431 29437 auto_leader_rebalancer.cc:141] leader rebalance for table range_aware_rebalance_new_range
I20260630 12:21:39.036351 29486 raft_consensus.cc:1275] T fe5219e8c31e4e169619fd7079544021 P 4964dbeb43cf4413ac5e4043b6a66df8 [term 3 FOLLOWER]: Refusing update from remote peer b299b40843354aed86d76c499922891d: Log matching property violated. Preceding OpId in replica: term: 2 index: 3. Preceding OpId from leader: term: 3 index: 4. (index mismatch)
I20260630 12:21:39.039254 29979 consensus_queue.cc:1048] T fe5219e8c31e4e169619fd7079544021 P b299b40843354aed86d76c499922891d [LEADER]: Connected to new peer: Peer: permanent_uuid: "4964dbeb43cf4413ac5e4043b6a66df8" member_type: VOTER last_known_addr { host: "127.25.220.129" port: 36709 }, Status: LMP_MISMATCH, Last received: 0.0, Next index: 4, Last known committed idx: 3, Time since last communication: 0.000s
I20260630 12:21:39.071478 29635 raft_consensus.cc:1217] T 89e2ef1325ec4176bac08d6bfd0a7c59 P b299b40843354aed86d76c499922891d [term 1 LEARNER]: Deduplicated request from leader. Original: 1.1->[1.2-1.2]   Dedup: 1.2->[]
I20260630 12:21:39.089754 29558 tablet_service.cc:2072] Received LeaderStepDown RPC: tablet_id: "1b3cd782064d403582bc5771b9e674d5"
dest_uuid: "c3905d356ecc416f9bc0eb469edbf6fe"
mode: GRACEFUL
new_leader_uuid: "41aca89c2df848d7a486b3826f8d422d"
 from {username='slave'} at 127.0.0.1:43356
I20260630 12:21:39.090413 29558 raft_consensus.cc:606] T 1b3cd782064d403582bc5771b9e674d5 P c3905d356ecc416f9bc0eb469edbf6fe [term 1 LEADER]: Received request to transfer leadership to TS 41aca89c2df848d7a486b3826f8d422d
I20260630 12:21:39.091810 29782 raft_consensus.cc:1275] T fe5219e8c31e4e169619fd7079544021 P 41aca89c2df848d7a486b3826f8d422d [term 3 FOLLOWER]: Refusing update from remote peer b299b40843354aed86d76c499922891d: Log matching property violated. Preceding OpId in replica: term: 2 index: 3. Preceding OpId from leader: term: 3 index: 4. (index mismatch)
I20260630 12:21:39.093947 29979 consensus_queue.cc:1048] T fe5219e8c31e4e169619fd7079544021 P b299b40843354aed86d76c499922891d [LEADER]: Connected to new peer: Peer: permanent_uuid: "41aca89c2df848d7a486b3826f8d422d" member_type: VOTER last_known_addr { host: "127.25.220.132" port: 39903 } attrs { replace: true }, Status: LMP_MISMATCH, Last received: 0.0, Next index: 4, Last known committed idx: 3, Time since last communication: 0.000s
I20260630 12:21:39.095378 29635 tablet_service.cc:2072] Received LeaderStepDown RPC: tablet_id: "38f832d3843d419eab3c07e3a540aaf0"
dest_uuid: "b299b40843354aed86d76c499922891d"
mode: GRACEFUL
new_leader_uuid: "4964dbeb43cf4413ac5e4043b6a66df8"
 from {username='slave'} at 127.0.0.1:34194
I20260630 12:21:39.095914 29635 raft_consensus.cc:606] T 38f832d3843d419eab3c07e3a540aaf0 P b299b40843354aed86d76c499922891d [term 2 LEADER]: Received request to transfer leadership to TS 4964dbeb43cf4413ac5e4043b6a66df8
I20260630 12:21:39.097328 29437 auto_leader_rebalancer.cc:440] table: range_aware_rebalance_new_range, leader rebalance finish, leader transfer count: 2
I20260630 12:21:39.098420 29437 auto_leader_rebalancer.cc:515] All tables' leader rebalancing finished this round
I20260630 12:21:39.148007 29782 raft_consensus.cc:1217] T 199694789951410d94160454c4938a80 P 41aca89c2df848d7a486b3826f8d422d [term 1 LEARNER]: Deduplicated request from leader. Original: 1.1->[1.2-1.2]   Dedup: 1.2->[]
I20260630 12:21:39.251048 29979 raft_consensus.cc:993] T 38f832d3843d419eab3c07e3a540aaf0 P b299b40843354aed86d76c499922891d: : Instructing follower 4964dbeb43cf4413ac5e4043b6a66df8 to start an election
I20260630 12:21:39.251981 30009 raft_consensus.cc:1081] T 38f832d3843d419eab3c07e3a540aaf0 P b299b40843354aed86d76c499922891d [term 2 LEADER]: Signalling peer 4964dbeb43cf4413ac5e4043b6a66df8 to start an election
I20260630 12:21:39.253980 29484 tablet_service.cc:2044] Received Run Leader Election RPC: tablet_id: "38f832d3843d419eab3c07e3a540aaf0"
dest_uuid: "4964dbeb43cf4413ac5e4043b6a66df8"
 from {username='slave'} at 127.0.0.1:48242
I20260630 12:21:39.254657 29484 raft_consensus.cc:493] T 38f832d3843d419eab3c07e3a540aaf0 P 4964dbeb43cf4413ac5e4043b6a66df8 [term 2 FOLLOWER]: Starting forced leader election (received explicit request)
I20260630 12:21:39.255038 29484 raft_consensus.cc:3060] T 38f832d3843d419eab3c07e3a540aaf0 P 4964dbeb43cf4413ac5e4043b6a66df8 [term 2 FOLLOWER]: Advancing to term 3
I20260630 12:21:39.262104 29484 raft_consensus.cc:515] T 38f832d3843d419eab3c07e3a540aaf0 P 4964dbeb43cf4413ac5e4043b6a66df8 [term 3 FOLLOWER]: Starting forced leader election with config: opid_index: 3 OBSOLETE_local: false peers { permanent_uuid: "b299b40843354aed86d76c499922891d" member_type: VOTER last_known_addr { host: "127.25.220.131" port: 44291 } } peers { permanent_uuid: "c3905d356ecc416f9bc0eb469edbf6fe" member_type: VOTER last_known_addr { host: "127.25.220.130" port: 41447 } attrs { replace: true } } peers { permanent_uuid: "4964dbeb43cf4413ac5e4043b6a66df8" member_type: VOTER last_known_addr { host: "127.25.220.129" port: 36709 } } peers { permanent_uuid: "41aca89c2df848d7a486b3826f8d422d" member_type: NON_VOTER last_known_addr { host: "127.25.220.132" port: 39903 } attrs { promote: true } }
I20260630 12:21:39.264184 29484 leader_election.cc:290] T 38f832d3843d419eab3c07e3a540aaf0 P 4964dbeb43cf4413ac5e4043b6a66df8 [CANDIDATE]: Term 3 election: Requested vote from peers b299b40843354aed86d76c499922891d (127.25.220.131:44291), c3905d356ecc416f9bc0eb469edbf6fe (127.25.220.130:41447)
I20260630 12:21:39.265964 29635 tablet_service.cc:1917] Received RequestConsensusVote() RPC: tablet_id: "38f832d3843d419eab3c07e3a540aaf0" candidate_uuid: "4964dbeb43cf4413ac5e4043b6a66df8" candidate_term: 3 candidate_status { last_received { term: 2 index: 3 } } ignore_live_leader: true dest_uuid: "b299b40843354aed86d76c499922891d"
I20260630 12:21:39.266247 29558 tablet_service.cc:1917] Received RequestConsensusVote() RPC: tablet_id: "38f832d3843d419eab3c07e3a540aaf0" candidate_uuid: "4964dbeb43cf4413ac5e4043b6a66df8" candidate_term: 3 candidate_status { last_received { term: 2 index: 3 } } ignore_live_leader: true dest_uuid: "c3905d356ecc416f9bc0eb469edbf6fe"
I20260630 12:21:39.266968 29635 raft_consensus.cc:3055] T 38f832d3843d419eab3c07e3a540aaf0 P b299b40843354aed86d76c499922891d [term 2 LEADER]: Stepping down as leader of term 2
I20260630 12:21:39.267354 29635 raft_consensus.cc:740] T 38f832d3843d419eab3c07e3a540aaf0 P b299b40843354aed86d76c499922891d [term 2 LEADER]: Becoming Follower/Learner. State: Replica: b299b40843354aed86d76c499922891d, State: Running, Role: LEADER
I20260630 12:21:39.267377 29558 raft_consensus.cc:3060] T 38f832d3843d419eab3c07e3a540aaf0 P c3905d356ecc416f9bc0eb469edbf6fe [term 2 FOLLOWER]: Advancing to term 3
I20260630 12:21:39.268970 29635 consensus_queue.cc:260] T 38f832d3843d419eab3c07e3a540aaf0 P b299b40843354aed86d76c499922891d [NON_LEADER]: Queue going to NON_LEADER mode. State: All replicated index: 0, Majority replicated index: 3, Committed index: 3, Last appended: 2.3, Last appended by leader: 3, Current term: 2, Majority size: -1, State: 0, Mode: NON_LEADER, active raft config: opid_index: 3 OBSOLETE_local: false peers { permanent_uuid: "b299b40843354aed86d76c499922891d" member_type: VOTER last_known_addr { host: "127.25.220.131" port: 44291 } } peers { permanent_uuid: "c3905d356ecc416f9bc0eb469edbf6fe" member_type: VOTER last_known_addr { host: "127.25.220.130" port: 41447 } attrs { replace: true } } peers { permanent_uuid: "4964dbeb43cf4413ac5e4043b6a66df8" member_type: VOTER last_known_addr { host: "127.25.220.129" port: 36709 } } peers { permanent_uuid: "41aca89c2df848d7a486b3826f8d422d" member_type: NON_VOTER last_known_addr { host: "127.25.220.132" port: 39903 } attrs { promote: true } }
I20260630 12:21:39.271337 29635 raft_consensus.cc:3060] T 38f832d3843d419eab3c07e3a540aaf0 P b299b40843354aed86d76c499922891d [term 2 FOLLOWER]: Advancing to term 3
I20260630 12:21:39.278489 29558 raft_consensus.cc:2468] T 38f832d3843d419eab3c07e3a540aaf0 P c3905d356ecc416f9bc0eb469edbf6fe [term 3 FOLLOWER]: Leader election vote request: Granting yes vote for candidate 4964dbeb43cf4413ac5e4043b6a66df8 in term 3.
I20260630 12:21:39.280956 29451 leader_election.cc:304] T 38f832d3843d419eab3c07e3a540aaf0 P 4964dbeb43cf4413ac5e4043b6a66df8 [CANDIDATE]: Term 3 election: Election decided. Result: candidate won. Election summary: received 2 responses out of 3 voters: 2 yes votes; 0 no votes. yes voters: 4964dbeb43cf4413ac5e4043b6a66df8, c3905d356ecc416f9bc0eb469edbf6fe; no voters: 
I20260630 12:21:39.283152 30014 raft_consensus.cc:2804] T 38f832d3843d419eab3c07e3a540aaf0 P 4964dbeb43cf4413ac5e4043b6a66df8 [term 3 FOLLOWER]: Leader election won for term 3
I20260630 12:21:39.283806 30014 raft_consensus.cc:697] T 38f832d3843d419eab3c07e3a540aaf0 P 4964dbeb43cf4413ac5e4043b6a66df8 [term 3 LEADER]: Becoming Leader. State: Replica: 4964dbeb43cf4413ac5e4043b6a66df8, State: Running, Role: LEADER
I20260630 12:21:39.285364 30014 consensus_queue.cc:237] T 38f832d3843d419eab3c07e3a540aaf0 P 4964dbeb43cf4413ac5e4043b6a66df8 [LEADER]: Queue going to LEADER mode. State: All replicated index: 0, Majority replicated index: 3, Committed index: 3, Last appended: 2.3, Last appended by leader: 3, Current term: 3, Majority size: 2, State: 0, Mode: LEADER, active raft config: opid_index: 3 OBSOLETE_local: false peers { permanent_uuid: "b299b40843354aed86d76c499922891d" member_type: VOTER last_known_addr { host: "127.25.220.131" port: 44291 } } peers { permanent_uuid: "c3905d356ecc416f9bc0eb469edbf6fe" member_type: VOTER last_known_addr { host: "127.25.220.130" port: 41447 } attrs { replace: true } } peers { permanent_uuid: "4964dbeb43cf4413ac5e4043b6a66df8" member_type: VOTER last_known_addr { host: "127.25.220.129" port: 36709 } } peers { permanent_uuid: "41aca89c2df848d7a486b3826f8d422d" member_type: NON_VOTER last_known_addr { host: "127.25.220.132" port: 39903 } attrs { promote: true } }
I20260630 12:21:39.294970 29635 raft_consensus.cc:2468] T 38f832d3843d419eab3c07e3a540aaf0 P b299b40843354aed86d76c499922891d [term 3 FOLLOWER]: Leader election vote request: Granting yes vote for candidate 4964dbeb43cf4413ac5e4043b6a66df8 in term 3.
I20260630 12:21:39.303115 29380 catalog_manager.cc:5697] T 38f832d3843d419eab3c07e3a540aaf0 P 4964dbeb43cf4413ac5e4043b6a66df8 reported cstate change: term changed from 2 to 3, leader changed from b299b40843354aed86d76c499922891d (127.25.220.131) to 4964dbeb43cf4413ac5e4043b6a66df8 (127.25.220.129). New cstate: current_term: 3 leader_uuid: "4964dbeb43cf4413ac5e4043b6a66df8" committed_config { opid_index: 3 OBSOLETE_local: false peers { permanent_uuid: "b299b40843354aed86d76c499922891d" member_type: VOTER last_known_addr { host: "127.25.220.131" port: 44291 } health_report { overall_health: UNKNOWN } } peers { permanent_uuid: "c3905d356ecc416f9bc0eb469edbf6fe" member_type: VOTER last_known_addr { host: "127.25.220.130" port: 41447 } attrs { replace: true } health_report { overall_health: UNKNOWN } } peers { permanent_uuid: "4964dbeb43cf4413ac5e4043b6a66df8" member_type: VOTER last_known_addr { host: "127.25.220.129" port: 36709 } health_report { overall_health: HEALTHY } } peers { permanent_uuid: "41aca89c2df848d7a486b3826f8d422d" member_type: NON_VOTER last_known_addr { host: "127.25.220.132" port: 39903 } attrs { promote: true } health_report { overall_health: UNKNOWN } } }
I20260630 12:21:39.367766 29969 raft_consensus.cc:993] T 1b3cd782064d403582bc5771b9e674d5 P c3905d356ecc416f9bc0eb469edbf6fe: : Instructing follower 41aca89c2df848d7a486b3826f8d422d to start an election
I20260630 12:21:39.368431 30008 raft_consensus.cc:1081] T 1b3cd782064d403582bc5771b9e674d5 P c3905d356ecc416f9bc0eb469edbf6fe [term 1 LEADER]: Signalling peer 41aca89c2df848d7a486b3826f8d422d to start an election
I20260630 12:21:39.370307 29782 tablet_service.cc:2044] Received Run Leader Election RPC: tablet_id: "1b3cd782064d403582bc5771b9e674d5"
dest_uuid: "41aca89c2df848d7a486b3826f8d422d"
 from {username='slave'} at 127.0.0.1:38148
I20260630 12:21:39.370859 29782 raft_consensus.cc:493] T 1b3cd782064d403582bc5771b9e674d5 P 41aca89c2df848d7a486b3826f8d422d [term 1 FOLLOWER]: Starting forced leader election (received explicit request)
I20260630 12:21:39.371206 29782 raft_consensus.cc:3060] T 1b3cd782064d403582bc5771b9e674d5 P 41aca89c2df848d7a486b3826f8d422d [term 1 FOLLOWER]: Advancing to term 2
I20260630 12:21:39.378942 29782 raft_consensus.cc:515] T 1b3cd782064d403582bc5771b9e674d5 P 41aca89c2df848d7a486b3826f8d422d [term 2 FOLLOWER]: Starting forced leader election with config: opid_index: 4 OBSOLETE_local: false peers { permanent_uuid: "4964dbeb43cf4413ac5e4043b6a66df8" member_type: VOTER last_known_addr { host: "127.25.220.129" port: 36709 } } peers { permanent_uuid: "c3905d356ecc416f9bc0eb469edbf6fe" member_type: VOTER last_known_addr { host: "127.25.220.130" port: 41447 } } peers { permanent_uuid: "41aca89c2df848d7a486b3826f8d422d" member_type: VOTER last_known_addr { host: "127.25.220.132" port: 39903 } attrs { promote: false } }
I20260630 12:21:39.381225 29782 leader_election.cc:290] T 1b3cd782064d403582bc5771b9e674d5 P 41aca89c2df848d7a486b3826f8d422d [CANDIDATE]: Term 2 election: Requested vote from peers 4964dbeb43cf4413ac5e4043b6a66df8 (127.25.220.129:36709), c3905d356ecc416f9bc0eb469edbf6fe (127.25.220.130:41447)
I20260630 12:21:39.382077 29484 tablet_service.cc:1917] Received RequestConsensusVote() RPC: tablet_id: "1b3cd782064d403582bc5771b9e674d5" candidate_uuid: "41aca89c2df848d7a486b3826f8d422d" candidate_term: 2 candidate_status { last_received { term: 1 index: 4 } } ignore_live_leader: true dest_uuid: "4964dbeb43cf4413ac5e4043b6a66df8"
I20260630 12:21:39.382377 29558 tablet_service.cc:1917] Received RequestConsensusVote() RPC: tablet_id: "1b3cd782064d403582bc5771b9e674d5" candidate_uuid: "41aca89c2df848d7a486b3826f8d422d" candidate_term: 2 candidate_status { last_received { term: 1 index: 4 } } ignore_live_leader: true dest_uuid: "c3905d356ecc416f9bc0eb469edbf6fe"
I20260630 12:21:39.382779 29484 raft_consensus.cc:3060] T 1b3cd782064d403582bc5771b9e674d5 P 4964dbeb43cf4413ac5e4043b6a66df8 [term 1 FOLLOWER]: Advancing to term 2
I20260630 12:21:39.382913 29558 raft_consensus.cc:3055] T 1b3cd782064d403582bc5771b9e674d5 P c3905d356ecc416f9bc0eb469edbf6fe [term 1 LEADER]: Stepping down as leader of term 1
I20260630 12:21:39.383270 29558 raft_consensus.cc:740] T 1b3cd782064d403582bc5771b9e674d5 P c3905d356ecc416f9bc0eb469edbf6fe [term 1 LEADER]: Becoming Follower/Learner. State: Replica: c3905d356ecc416f9bc0eb469edbf6fe, State: Running, Role: LEADER
I20260630 12:21:39.384217 29558 consensus_queue.cc:260] T 1b3cd782064d403582bc5771b9e674d5 P c3905d356ecc416f9bc0eb469edbf6fe [NON_LEADER]: Queue going to NON_LEADER mode. State: All replicated index: 0, Majority replicated index: 4, Committed index: 4, Last appended: 1.4, Last appended by leader: 4, Current term: 1, Majority size: -1, State: 0, Mode: NON_LEADER, active raft config: opid_index: 4 OBSOLETE_local: false peers { permanent_uuid: "4964dbeb43cf4413ac5e4043b6a66df8" member_type: VOTER last_known_addr { host: "127.25.220.129" port: 36709 } } peers { permanent_uuid: "c3905d356ecc416f9bc0eb469edbf6fe" member_type: VOTER last_known_addr { host: "127.25.220.130" port: 41447 } } peers { permanent_uuid: "41aca89c2df848d7a486b3826f8d422d" member_type: VOTER last_known_addr { host: "127.25.220.132" port: 39903 } attrs { promote: false } }
I20260630 12:21:39.385681 29558 raft_consensus.cc:3060] T 1b3cd782064d403582bc5771b9e674d5 P c3905d356ecc416f9bc0eb469edbf6fe [term 1 FOLLOWER]: Advancing to term 2
I20260630 12:21:39.390097 29484 raft_consensus.cc:2468] T 1b3cd782064d403582bc5771b9e674d5 P 4964dbeb43cf4413ac5e4043b6a66df8 [term 2 FOLLOWER]: Leader election vote request: Granting yes vote for candidate 41aca89c2df848d7a486b3826f8d422d in term 2.
I20260630 12:21:39.391446 29742 leader_election.cc:304] T 1b3cd782064d403582bc5771b9e674d5 P 41aca89c2df848d7a486b3826f8d422d [CANDIDATE]: Term 2 election: Election decided. Result: candidate won. Election summary: received 2 responses out of 3 voters: 2 yes votes; 0 no votes. yes voters: 41aca89c2df848d7a486b3826f8d422d, 4964dbeb43cf4413ac5e4043b6a66df8; no voters: 
I20260630 12:21:39.392378 29984 raft_consensus.cc:2804] T 1b3cd782064d403582bc5771b9e674d5 P 41aca89c2df848d7a486b3826f8d422d [term 2 FOLLOWER]: Leader election won for term 2
I20260630 12:21:39.392863 29558 raft_consensus.cc:2468] T 1b3cd782064d403582bc5771b9e674d5 P c3905d356ecc416f9bc0eb469edbf6fe [term 2 FOLLOWER]: Leader election vote request: Granting yes vote for candidate 41aca89c2df848d7a486b3826f8d422d in term 2.
I20260630 12:21:39.394321 29984 raft_consensus.cc:697] T 1b3cd782064d403582bc5771b9e674d5 P 41aca89c2df848d7a486b3826f8d422d [term 2 LEADER]: Becoming Leader. State: Replica: 41aca89c2df848d7a486b3826f8d422d, State: Running, Role: LEADER
I20260630 12:21:39.395259 29984 consensus_queue.cc:237] T 1b3cd782064d403582bc5771b9e674d5 P 41aca89c2df848d7a486b3826f8d422d [LEADER]: Queue going to LEADER mode. State: All replicated index: 0, Majority replicated index: 4, Committed index: 4, Last appended: 1.4, Last appended by leader: 4, Current term: 2, Majority size: 2, State: 0, Mode: LEADER, active raft config: opid_index: 4 OBSOLETE_local: false peers { permanent_uuid: "4964dbeb43cf4413ac5e4043b6a66df8" member_type: VOTER last_known_addr { host: "127.25.220.129" port: 36709 } } peers { permanent_uuid: "c3905d356ecc416f9bc0eb469edbf6fe" member_type: VOTER last_known_addr { host: "127.25.220.130" port: 41447 } } peers { permanent_uuid: "41aca89c2df848d7a486b3826f8d422d" member_type: VOTER last_known_addr { host: "127.25.220.132" port: 39903 } attrs { promote: false } }
I20260630 12:21:39.403699 29380 catalog_manager.cc:5697] T 1b3cd782064d403582bc5771b9e674d5 P 41aca89c2df848d7a486b3826f8d422d reported cstate change: term changed from 1 to 2, leader changed from c3905d356ecc416f9bc0eb469edbf6fe (127.25.220.130) to 41aca89c2df848d7a486b3826f8d422d (127.25.220.132). New cstate: current_term: 2 leader_uuid: "41aca89c2df848d7a486b3826f8d422d" committed_config { opid_index: 4 OBSOLETE_local: false peers { permanent_uuid: "4964dbeb43cf4413ac5e4043b6a66df8" member_type: VOTER last_known_addr { host: "127.25.220.129" port: 36709 } health_report { overall_health: UNKNOWN } } peers { permanent_uuid: "c3905d356ecc416f9bc0eb469edbf6fe" member_type: VOTER last_known_addr { host: "127.25.220.130" port: 41447 } health_report { overall_health: UNKNOWN } } peers { permanent_uuid: "41aca89c2df848d7a486b3826f8d422d" member_type: VOTER last_known_addr { host: "127.25.220.132" port: 39903 } attrs { promote: false } health_report { overall_health: HEALTHY } } }
I20260630 12:21:39.498754 30025 ts_tablet_manager.cc:933] T fe5219e8c31e4e169619fd7079544021 P c3905d356ecc416f9bc0eb469edbf6fe: Initiating tablet copy from peer b299b40843354aed86d76c499922891d (127.25.220.131:44291)
I20260630 12:21:39.501920 30025 tablet_copy_client.cc:323] T fe5219e8c31e4e169619fd7079544021 P c3905d356ecc416f9bc0eb469edbf6fe: tablet copy: Beginning tablet copy session from remote peer at address 127.25.220.131:44291
I20260630 12:21:39.503696 29645 tablet_copy_service.cc:140] P b299b40843354aed86d76c499922891d: Received BeginTabletCopySession request for tablet fe5219e8c31e4e169619fd7079544021 from peer c3905d356ecc416f9bc0eb469edbf6fe ({username='slave'} at 127.0.0.1:50338)
I20260630 12:21:39.504139 29645 tablet_copy_service.cc:161] P b299b40843354aed86d76c499922891d: Beginning new tablet copy session on tablet fe5219e8c31e4e169619fd7079544021 from peer c3905d356ecc416f9bc0eb469edbf6fe at {username='slave'} at 127.0.0.1:50338: session id = c3905d356ecc416f9bc0eb469edbf6fe-fe5219e8c31e4e169619fd7079544021
I20260630 12:21:39.509956 29645 tablet_copy_source_session.cc:215] T fe5219e8c31e4e169619fd7079544021 P b299b40843354aed86d76c499922891d: Tablet Copy: opened 0 blocks and 1 log segments
I20260630 12:21:39.512527 30025 data_dirs.cc:400] Could only allocate 1 dirs of requested 3 for tablet fe5219e8c31e4e169619fd7079544021. 1 dirs total, 0 dirs full, 0 dirs failed
I20260630 12:21:39.522840 30014 raft_consensus.cc:1064] T 89e2ef1325ec4176bac08d6bfd0a7c59 P 4964dbeb43cf4413ac5e4043b6a66df8: attempting to promote NON_VOTER b299b40843354aed86d76c499922891d to VOTER
I20260630 12:21:39.524452 30025 tablet_copy_client.cc:806] T fe5219e8c31e4e169619fd7079544021 P c3905d356ecc416f9bc0eb469edbf6fe: tablet copy: Starting download of 0 data blocks...
I20260630 12:21:39.525144 30025 tablet_copy_client.cc:670] T fe5219e8c31e4e169619fd7079544021 P c3905d356ecc416f9bc0eb469edbf6fe: tablet copy: Starting download of 1 WAL segments...
I20260630 12:21:39.526049 30014 consensus_queue.cc:237] T 89e2ef1325ec4176bac08d6bfd0a7c59 P 4964dbeb43cf4413ac5e4043b6a66df8 [LEADER]: Queue going to LEADER mode. State: All replicated index: 0, Majority replicated index: 2, Committed index: 2, Last appended: 1.2, Last appended by leader: 0, Current term: 1, Majority size: 3, State: 0, Mode: LEADER, active raft config: opid_index: 3 OBSOLETE_local: false peers { permanent_uuid: "41aca89c2df848d7a486b3826f8d422d" member_type: VOTER last_known_addr { host: "127.25.220.132" port: 39903 } attrs { replace: true } } peers { permanent_uuid: "4964dbeb43cf4413ac5e4043b6a66df8" member_type: VOTER last_known_addr { host: "127.25.220.129" port: 36709 } } peers { permanent_uuid: "c3905d356ecc416f9bc0eb469edbf6fe" member_type: VOTER last_known_addr { host: "127.25.220.130" port: 41447 } } peers { permanent_uuid: "b299b40843354aed86d76c499922891d" member_type: VOTER last_known_addr { host: "127.25.220.131" port: 44291 } attrs { promote: false } }
I20260630 12:21:39.529214 30025 tablet_copy_client.cc:538] T fe5219e8c31e4e169619fd7079544021 P c3905d356ecc416f9bc0eb469edbf6fe: tablet copy: Tablet Copy complete. Replacing tablet superblock.
I20260630 12:21:39.534039 29558 raft_consensus.cc:1275] T 89e2ef1325ec4176bac08d6bfd0a7c59 P c3905d356ecc416f9bc0eb469edbf6fe [term 1 FOLLOWER]: Refusing update from remote peer 4964dbeb43cf4413ac5e4043b6a66df8: Log matching property violated. Preceding OpId in replica: term: 1 index: 2. Preceding OpId from leader: term: 1 index: 3. (index mismatch)
I20260630 12:21:39.535894 29635 raft_consensus.cc:1275] T 89e2ef1325ec4176bac08d6bfd0a7c59 P b299b40843354aed86d76c499922891d [term 1 LEARNER]: Refusing update from remote peer 4964dbeb43cf4413ac5e4043b6a66df8: Log matching property violated. Preceding OpId in replica: term: 1 index: 2. Preceding OpId from leader: term: 1 index: 3. (index mismatch)
I20260630 12:21:39.537662 30015 consensus_queue.cc:1048] T 89e2ef1325ec4176bac08d6bfd0a7c59 P 4964dbeb43cf4413ac5e4043b6a66df8 [LEADER]: Connected to new peer: Peer: permanent_uuid: "c3905d356ecc416f9bc0eb469edbf6fe" member_type: VOTER last_known_addr { host: "127.25.220.130" port: 41447 }, Status: LMP_MISMATCH, Last received: 0.0, Next index: 3, Last known committed idx: 2, Time since last communication: 0.001s
I20260630 12:21:39.538847 30025 tablet_bootstrap.cc:492] T fe5219e8c31e4e169619fd7079544021 P c3905d356ecc416f9bc0eb469edbf6fe: Bootstrap starting.
I20260630 12:21:39.539574 30015 consensus_queue.cc:1048] T 89e2ef1325ec4176bac08d6bfd0a7c59 P 4964dbeb43cf4413ac5e4043b6a66df8 [LEADER]: Connected to new peer: Peer: permanent_uuid: "b299b40843354aed86d76c499922891d" member_type: VOTER last_known_addr { host: "127.25.220.131" port: 44291 } attrs { promote: false }, Status: LMP_MISMATCH, Last received: 0.0, Next index: 3, Last known committed idx: 2, Time since last communication: 0.000s
I20260630 12:21:39.544693 29782 raft_consensus.cc:1275] T 89e2ef1325ec4176bac08d6bfd0a7c59 P 41aca89c2df848d7a486b3826f8d422d [term 1 FOLLOWER]: Refusing update from remote peer 4964dbeb43cf4413ac5e4043b6a66df8: Log matching property violated. Preceding OpId in replica: term: 1 index: 2. Preceding OpId from leader: term: 1 index: 3. (index mismatch)
I20260630 12:21:39.547976 29991 consensus_queue.cc:1048] T 89e2ef1325ec4176bac08d6bfd0a7c59 P 4964dbeb43cf4413ac5e4043b6a66df8 [LEADER]: Connected to new peer: Peer: permanent_uuid: "41aca89c2df848d7a486b3826f8d422d" member_type: VOTER last_known_addr { host: "127.25.220.132" port: 39903 } attrs { replace: true }, Status: LMP_MISMATCH, Last received: 0.0, Next index: 3, Last known committed idx: 2, Time since last communication: 0.001s
I20260630 12:21:39.562623 30014 raft_consensus.cc:1064] T 199694789951410d94160454c4938a80 P 4964dbeb43cf4413ac5e4043b6a66df8: attempting to promote NON_VOTER 41aca89c2df848d7a486b3826f8d422d to VOTER
I20260630 12:21:39.566009 30014 consensus_queue.cc:237] T 199694789951410d94160454c4938a80 P 4964dbeb43cf4413ac5e4043b6a66df8 [LEADER]: Queue going to LEADER mode. State: All replicated index: 0, Majority replicated index: 2, Committed index: 2, Last appended: 1.2, Last appended by leader: 0, Current term: 1, Majority size: 3, State: 0, Mode: LEADER, active raft config: opid_index: 3 OBSOLETE_local: false peers { permanent_uuid: "4964dbeb43cf4413ac5e4043b6a66df8" member_type: VOTER last_known_addr { host: "127.25.220.129" port: 36709 } } peers { permanent_uuid: "c3905d356ecc416f9bc0eb469edbf6fe" member_type: VOTER last_known_addr { host: "127.25.220.130" port: 41447 } attrs { replace: true } } peers { permanent_uuid: "b299b40843354aed86d76c499922891d" member_type: VOTER last_known_addr { host: "127.25.220.131" port: 44291 } } peers { permanent_uuid: "41aca89c2df848d7a486b3826f8d422d" member_type: VOTER last_known_addr { host: "127.25.220.132" port: 39903 } attrs { promote: false } }
I20260630 12:21:39.567602 29991 raft_consensus.cc:2955] T 89e2ef1325ec4176bac08d6bfd0a7c59 P 4964dbeb43cf4413ac5e4043b6a66df8 [term 1 LEADER]: Committing config change with OpId 1.3: config changed from index 2 to 3, b299b40843354aed86d76c499922891d (127.25.220.131) changed from NON_VOTER to VOTER. New config: { opid_index: 3 OBSOLETE_local: false peers { permanent_uuid: "41aca89c2df848d7a486b3826f8d422d" member_type: VOTER last_known_addr { host: "127.25.220.132" port: 39903 } attrs { replace: true } } peers { permanent_uuid: "4964dbeb43cf4413ac5e4043b6a66df8" member_type: VOTER last_known_addr { host: "127.25.220.129" port: 36709 } } peers { permanent_uuid: "c3905d356ecc416f9bc0eb469edbf6fe" member_type: VOTER last_known_addr { host: "127.25.220.130" port: 41447 } } peers { permanent_uuid: "b299b40843354aed86d76c499922891d" member_type: VOTER last_known_addr { host: "127.25.220.131" port: 44291 } attrs { promote: false } } }
I20260630 12:21:39.577179 29560 raft_consensus.cc:2955] T 89e2ef1325ec4176bac08d6bfd0a7c59 P c3905d356ecc416f9bc0eb469edbf6fe [term 1 FOLLOWER]: Committing config change with OpId 1.3: config changed from index 2 to 3, b299b40843354aed86d76c499922891d (127.25.220.131) changed from NON_VOTER to VOTER. New config: { opid_index: 3 OBSOLETE_local: false peers { permanent_uuid: "41aca89c2df848d7a486b3826f8d422d" member_type: VOTER last_known_addr { host: "127.25.220.132" port: 39903 } attrs { replace: true } } peers { permanent_uuid: "4964dbeb43cf4413ac5e4043b6a66df8" member_type: VOTER last_known_addr { host: "127.25.220.129" port: 36709 } } peers { permanent_uuid: "c3905d356ecc416f9bc0eb469edbf6fe" member_type: VOTER last_known_addr { host: "127.25.220.130" port: 41447 } } peers { permanent_uuid: "b299b40843354aed86d76c499922891d" member_type: VOTER last_known_addr { host: "127.25.220.131" port: 44291 } attrs { promote: false } } }
I20260630 12:21:39.585515 29635 raft_consensus.cc:2955] T 89e2ef1325ec4176bac08d6bfd0a7c59 P b299b40843354aed86d76c499922891d [term 1 FOLLOWER]: Committing config change with OpId 1.3: config changed from index 2 to 3, b299b40843354aed86d76c499922891d (127.25.220.131) changed from NON_VOTER to VOTER. New config: { opid_index: 3 OBSOLETE_local: false peers { permanent_uuid: "41aca89c2df848d7a486b3826f8d422d" member_type: VOTER last_known_addr { host: "127.25.220.132" port: 39903 } attrs { replace: true } } peers { permanent_uuid: "4964dbeb43cf4413ac5e4043b6a66df8" member_type: VOTER last_known_addr { host: "127.25.220.129" port: 36709 } } peers { permanent_uuid: "c3905d356ecc416f9bc0eb469edbf6fe" member_type: VOTER last_known_addr { host: "127.25.220.130" port: 41447 } } peers { permanent_uuid: "b299b40843354aed86d76c499922891d" member_type: VOTER last_known_addr { host: "127.25.220.131" port: 44291 } attrs { promote: false } } }
I20260630 12:21:39.593348 29782 raft_consensus.cc:2955] T 89e2ef1325ec4176bac08d6bfd0a7c59 P 41aca89c2df848d7a486b3826f8d422d [term 1 FOLLOWER]: Committing config change with OpId 1.3: config changed from index 2 to 3, b299b40843354aed86d76c499922891d (127.25.220.131) changed from NON_VOTER to VOTER. New config: { opid_index: 3 OBSOLETE_local: false peers { permanent_uuid: "41aca89c2df848d7a486b3826f8d422d" member_type: VOTER last_known_addr { host: "127.25.220.132" port: 39903 } attrs { replace: true } } peers { permanent_uuid: "4964dbeb43cf4413ac5e4043b6a66df8" member_type: VOTER last_known_addr { host: "127.25.220.129" port: 36709 } } peers { permanent_uuid: "c3905d356ecc416f9bc0eb469edbf6fe" member_type: VOTER last_known_addr { host: "127.25.220.130" port: 41447 } } peers { permanent_uuid: "b299b40843354aed86d76c499922891d" member_type: VOTER last_known_addr { host: "127.25.220.131" port: 44291 } attrs { promote: false } } }
I20260630 12:21:39.609651 29380 catalog_manager.cc:5697] T 89e2ef1325ec4176bac08d6bfd0a7c59 P 4964dbeb43cf4413ac5e4043b6a66df8 reported cstate change: config changed from index 2 to 3, b299b40843354aed86d76c499922891d (127.25.220.131) changed from NON_VOTER to VOTER. New cstate: current_term: 1 leader_uuid: "4964dbeb43cf4413ac5e4043b6a66df8" committed_config { opid_index: 3 OBSOLETE_local: false peers { permanent_uuid: "41aca89c2df848d7a486b3826f8d422d" member_type: VOTER last_known_addr { host: "127.25.220.132" port: 39903 } attrs { replace: true } health_report { overall_health: HEALTHY } } peers { permanent_uuid: "4964dbeb43cf4413ac5e4043b6a66df8" member_type: VOTER last_known_addr { host: "127.25.220.129" port: 36709 } health_report { overall_health: HEALTHY } } peers { permanent_uuid: "c3905d356ecc416f9bc0eb469edbf6fe" member_type: VOTER last_known_addr { host: "127.25.220.130" port: 41447 } health_report { overall_health: HEALTHY } } peers { permanent_uuid: "b299b40843354aed86d76c499922891d" member_type: VOTER last_known_addr { host: "127.25.220.131" port: 44291 } attrs { promote: false } health_report { overall_health: HEALTHY } } }
I20260630 12:21:39.626042 29635 raft_consensus.cc:1275] T 199694789951410d94160454c4938a80 P b299b40843354aed86d76c499922891d [term 1 FOLLOWER]: Refusing update from remote peer 4964dbeb43cf4413ac5e4043b6a66df8: Log matching property violated. Preceding OpId in replica: term: 1 index: 2. Preceding OpId from leader: term: 1 index: 3. (index mismatch)
I20260630 12:21:39.627430 29560 raft_consensus.cc:1275] T 199694789951410d94160454c4938a80 P c3905d356ecc416f9bc0eb469edbf6fe [term 1 FOLLOWER]: Refusing update from remote peer 4964dbeb43cf4413ac5e4043b6a66df8: Log matching property violated. Preceding OpId in replica: term: 1 index: 2. Preceding OpId from leader: term: 1 index: 3. (index mismatch)
I20260630 12:21:39.627892 30014 consensus_queue.cc:1048] T 199694789951410d94160454c4938a80 P 4964dbeb43cf4413ac5e4043b6a66df8 [LEADER]: Connected to new peer: Peer: permanent_uuid: "b299b40843354aed86d76c499922891d" member_type: VOTER last_known_addr { host: "127.25.220.131" port: 44291 }, Status: LMP_MISMATCH, Last received: 0.0, Next index: 3, Last known committed idx: 2, Time since last communication: 0.001s
I20260630 12:21:39.629292 30025 tablet_bootstrap.cc:492] T fe5219e8c31e4e169619fd7079544021 P c3905d356ecc416f9bc0eb469edbf6fe: Bootstrap replayed 1/1 log segments. Stats: ops{read=4 overwritten=0 applied=4 ignored=0} inserts{seen=0 ignored=0} mutations{seen=0 ignored=0} orphaned_commits=0. Pending: 0 replicates
I20260630 12:21:39.629123 29991 consensus_queue.cc:1048] T 199694789951410d94160454c4938a80 P 4964dbeb43cf4413ac5e4043b6a66df8 [LEADER]: Connected to new peer: Peer: permanent_uuid: "c3905d356ecc416f9bc0eb469edbf6fe" member_type: VOTER last_known_addr { host: "127.25.220.130" port: 41447 } attrs { replace: true }, Status: LMP_MISMATCH, Last received: 0.0, Next index: 3, Last known committed idx: 2, Time since last communication: 0.000s
I20260630 12:21:39.630271 29782 raft_consensus.cc:1275] T 199694789951410d94160454c4938a80 P 41aca89c2df848d7a486b3826f8d422d [term 1 LEARNER]: Refusing update from remote peer 4964dbeb43cf4413ac5e4043b6a66df8: Log matching property violated. Preceding OpId in replica: term: 1 index: 2. Preceding OpId from leader: term: 1 index: 3. (index mismatch)
I20260630 12:21:39.630441 30025 tablet_bootstrap.cc:492] T fe5219e8c31e4e169619fd7079544021 P c3905d356ecc416f9bc0eb469edbf6fe: Bootstrap complete.
I20260630 12:21:39.631942 30025 ts_tablet_manager.cc:1403] T fe5219e8c31e4e169619fd7079544021 P c3905d356ecc416f9bc0eb469edbf6fe: Time spent bootstrapping tablet: real 0.093s	user 0.024s	sys 0.012s
I20260630 12:21:39.633280 30014 consensus_queue.cc:1048] T 199694789951410d94160454c4938a80 P 4964dbeb43cf4413ac5e4043b6a66df8 [LEADER]: Connected to new peer: Peer: permanent_uuid: "41aca89c2df848d7a486b3826f8d422d" member_type: VOTER last_known_addr { host: "127.25.220.132" port: 39903 } attrs { promote: false }, Status: LMP_MISMATCH, Last received: 0.0, Next index: 3, Last known committed idx: 2, Time since last communication: 0.001s
I20260630 12:21:39.635810 30025 raft_consensus.cc:359] T fe5219e8c31e4e169619fd7079544021 P c3905d356ecc416f9bc0eb469edbf6fe [term 3 LEARNER]: Replica starting. Triggering 0 pending ops. Active config: opid_index: 3 OBSOLETE_local: false peers { permanent_uuid: "41aca89c2df848d7a486b3826f8d422d" member_type: VOTER last_known_addr { host: "127.25.220.132" port: 39903 } attrs { replace: true } } peers { permanent_uuid: "b299b40843354aed86d76c499922891d" member_type: VOTER last_known_addr { host: "127.25.220.131" port: 44291 } } peers { permanent_uuid: "4964dbeb43cf4413ac5e4043b6a66df8" member_type: VOTER last_known_addr { host: "127.25.220.129" port: 36709 } } peers { permanent_uuid: "c3905d356ecc416f9bc0eb469edbf6fe" member_type: NON_VOTER last_known_addr { host: "127.25.220.130" port: 41447 } attrs { promote: true } }
I20260630 12:21:39.636982 30025 raft_consensus.cc:740] T fe5219e8c31e4e169619fd7079544021 P c3905d356ecc416f9bc0eb469edbf6fe [term 3 LEARNER]: Becoming Follower/Learner. State: Replica: c3905d356ecc416f9bc0eb469edbf6fe, State: Initialized, Role: LEARNER
I20260630 12:21:39.640374 29484 consensus_queue.cc:237] T 89e2ef1325ec4176bac08d6bfd0a7c59 P 4964dbeb43cf4413ac5e4043b6a66df8 [LEADER]: Queue going to LEADER mode. State: All replicated index: 0, Majority replicated index: 3, Committed index: 3, Last appended: 1.3, Last appended by leader: 0, Current term: 1, Majority size: 2, State: 0, Mode: LEADER, active raft config: opid_index: 4 OBSOLETE_local: false peers { permanent_uuid: "4964dbeb43cf4413ac5e4043b6a66df8" member_type: VOTER last_known_addr { host: "127.25.220.129" port: 36709 } } peers { permanent_uuid: "c3905d356ecc416f9bc0eb469edbf6fe" member_type: VOTER last_known_addr { host: "127.25.220.130" port: 41447 } } peers { permanent_uuid: "b299b40843354aed86d76c499922891d" member_type: VOTER last_known_addr { host: "127.25.220.131" port: 44291 } attrs { promote: false } }
I20260630 12:21:39.637828 30025 consensus_queue.cc:260] T fe5219e8c31e4e169619fd7079544021 P c3905d356ecc416f9bc0eb469edbf6fe [NON_LEADER]: Queue going to NON_LEADER mode. State: All replicated index: 0, Majority replicated index: 0, Committed index: 4, Last appended: 3.4, Last appended by leader: 4, Current term: 0, Majority size: -1, State: 0, Mode: NON_LEADER, active raft config: opid_index: 3 OBSOLETE_local: false peers { permanent_uuid: "41aca89c2df848d7a486b3826f8d422d" member_type: VOTER last_known_addr { host: "127.25.220.132" port: 39903 } attrs { replace: true } } peers { permanent_uuid: "b299b40843354aed86d76c499922891d" member_type: VOTER last_known_addr { host: "127.25.220.131" port: 44291 } } peers { permanent_uuid: "4964dbeb43cf4413ac5e4043b6a66df8" member_type: VOTER last_known_addr { host: "127.25.220.129" port: 36709 } } peers { permanent_uuid: "c3905d356ecc416f9bc0eb469edbf6fe" member_type: NON_VOTER last_known_addr { host: "127.25.220.130" port: 41447 } attrs { promote: true } }
I20260630 12:21:39.650020 30025 ts_tablet_manager.cc:1434] T fe5219e8c31e4e169619fd7079544021 P c3905d356ecc416f9bc0eb469edbf6fe: Time spent starting tablet: real 0.018s	user 0.007s	sys 0.001s
I20260630 12:21:39.654632 29645 tablet_copy_service.cc:342] P b299b40843354aed86d76c499922891d: Request end of tablet copy session c3905d356ecc416f9bc0eb469edbf6fe-fe5219e8c31e4e169619fd7079544021 received from {username='slave'} at 127.0.0.1:50338
I20260630 12:21:39.655225 29645 tablet_copy_service.cc:434] P b299b40843354aed86d76c499922891d: ending tablet copy session c3905d356ecc416f9bc0eb469edbf6fe-fe5219e8c31e4e169619fd7079544021 on tablet fe5219e8c31e4e169619fd7079544021 with peer c3905d356ecc416f9bc0eb469edbf6fe
I20260630 12:21:39.656141 29633 raft_consensus.cc:1275] T 89e2ef1325ec4176bac08d6bfd0a7c59 P b299b40843354aed86d76c499922891d [term 1 FOLLOWER]: Refusing update from remote peer 4964dbeb43cf4413ac5e4043b6a66df8: Log matching property violated. Preceding OpId in replica: term: 1 index: 3. Preceding OpId from leader: term: 1 index: 4. (index mismatch)
I20260630 12:21:39.657605 29558 raft_consensus.cc:1275] T 89e2ef1325ec4176bac08d6bfd0a7c59 P c3905d356ecc416f9bc0eb469edbf6fe [term 1 FOLLOWER]: Refusing update from remote peer 4964dbeb43cf4413ac5e4043b6a66df8: Log matching property violated. Preceding OpId in replica: term: 1 index: 3. Preceding OpId from leader: term: 1 index: 4. (index mismatch)
I20260630 12:21:39.659989 30014 consensus_queue.cc:1048] T 89e2ef1325ec4176bac08d6bfd0a7c59 P 4964dbeb43cf4413ac5e4043b6a66df8 [LEADER]: Connected to new peer: Peer: permanent_uuid: "b299b40843354aed86d76c499922891d" member_type: VOTER last_known_addr { host: "127.25.220.131" port: 44291 } attrs { promote: false }, Status: LMP_MISMATCH, Last received: 0.0, Next index: 4, Last known committed idx: 3, Time since last communication: 0.001s
I20260630 12:21:39.661231 29991 consensus_queue.cc:1048] T 89e2ef1325ec4176bac08d6bfd0a7c59 P 4964dbeb43cf4413ac5e4043b6a66df8 [LEADER]: Connected to new peer: Peer: permanent_uuid: "c3905d356ecc416f9bc0eb469edbf6fe" member_type: VOTER last_known_addr { host: "127.25.220.130" port: 41447 }, Status: LMP_MISMATCH, Last received: 0.0, Next index: 4, Last known committed idx: 3, Time since last communication: 0.000s
I20260630 12:21:39.665429 30015 raft_consensus.cc:2955] T 199694789951410d94160454c4938a80 P 4964dbeb43cf4413ac5e4043b6a66df8 [term 1 LEADER]: Committing config change with OpId 1.3: config changed from index 2 to 3, 41aca89c2df848d7a486b3826f8d422d (127.25.220.132) changed from NON_VOTER to VOTER. New config: { opid_index: 3 OBSOLETE_local: false peers { permanent_uuid: "4964dbeb43cf4413ac5e4043b6a66df8" member_type: VOTER last_known_addr { host: "127.25.220.129" port: 36709 } } peers { permanent_uuid: "c3905d356ecc416f9bc0eb469edbf6fe" member_type: VOTER last_known_addr { host: "127.25.220.130" port: 41447 } attrs { replace: true } } peers { permanent_uuid: "b299b40843354aed86d76c499922891d" member_type: VOTER last_known_addr { host: "127.25.220.131" port: 44291 } } peers { permanent_uuid: "41aca89c2df848d7a486b3826f8d422d" member_type: VOTER last_known_addr { host: "127.25.220.132" port: 39903 } attrs { promote: false } } }
I20260630 12:21:39.668004 29633 raft_consensus.cc:2955] T 199694789951410d94160454c4938a80 P b299b40843354aed86d76c499922891d [term 1 FOLLOWER]: Committing config change with OpId 1.3: config changed from index 2 to 3, 41aca89c2df848d7a486b3826f8d422d (127.25.220.132) changed from NON_VOTER to VOTER. New config: { opid_index: 3 OBSOLETE_local: false peers { permanent_uuid: "4964dbeb43cf4413ac5e4043b6a66df8" member_type: VOTER last_known_addr { host: "127.25.220.129" port: 36709 } } peers { permanent_uuid: "c3905d356ecc416f9bc0eb469edbf6fe" member_type: VOTER last_known_addr { host: "127.25.220.130" port: 41447 } attrs { replace: true } } peers { permanent_uuid: "b299b40843354aed86d76c499922891d" member_type: VOTER last_known_addr { host: "127.25.220.131" port: 44291 } } peers { permanent_uuid: "41aca89c2df848d7a486b3826f8d422d" member_type: VOTER last_known_addr { host: "127.25.220.132" port: 39903 } attrs { promote: false } } }
I20260630 12:21:39.682288 30014 raft_consensus.cc:2955] T 89e2ef1325ec4176bac08d6bfd0a7c59 P 4964dbeb43cf4413ac5e4043b6a66df8 [term 1 LEADER]: Committing config change with OpId 1.4: config changed from index 3 to 4, VOTER 41aca89c2df848d7a486b3826f8d422d (127.25.220.132) evicted. New config: { opid_index: 4 OBSOLETE_local: false peers { permanent_uuid: "4964dbeb43cf4413ac5e4043b6a66df8" member_type: VOTER last_known_addr { host: "127.25.220.129" port: 36709 } } peers { permanent_uuid: "c3905d356ecc416f9bc0eb469edbf6fe" member_type: VOTER last_known_addr { host: "127.25.220.130" port: 41447 } } peers { permanent_uuid: "b299b40843354aed86d76c499922891d" member_type: VOTER last_known_addr { host: "127.25.220.131" port: 44291 } attrs { promote: false } } }
I20260630 12:21:39.684252 29380 catalog_manager.cc:5697] T 199694789951410d94160454c4938a80 P 4964dbeb43cf4413ac5e4043b6a66df8 reported cstate change: config changed from index 2 to 3, 41aca89c2df848d7a486b3826f8d422d (127.25.220.132) changed from NON_VOTER to VOTER. New cstate: current_term: 1 leader_uuid: "4964dbeb43cf4413ac5e4043b6a66df8" committed_config { opid_index: 3 OBSOLETE_local: false peers { permanent_uuid: "4964dbeb43cf4413ac5e4043b6a66df8" member_type: VOTER last_known_addr { host: "127.25.220.129" port: 36709 } health_report { overall_health: HEALTHY } } peers { permanent_uuid: "c3905d356ecc416f9bc0eb469edbf6fe" member_type: VOTER last_known_addr { host: "127.25.220.130" port: 41447 } attrs { replace: true } health_report { overall_health: HEALTHY } } peers { permanent_uuid: "b299b40843354aed86d76c499922891d" member_type: VOTER last_known_addr { host: "127.25.220.131" port: 44291 } health_report { overall_health: HEALTHY } } peers { permanent_uuid: "41aca89c2df848d7a486b3826f8d422d" member_type: VOTER last_known_addr { host: "127.25.220.132" port: 39903 } attrs { promote: false } health_report { overall_health: HEALTHY } } }
I20260630 12:21:39.686806 29560 raft_consensus.cc:2955] T 199694789951410d94160454c4938a80 P c3905d356ecc416f9bc0eb469edbf6fe [term 1 FOLLOWER]: Committing config change with OpId 1.3: config changed from index 2 to 3, 41aca89c2df848d7a486b3826f8d422d (127.25.220.132) changed from NON_VOTER to VOTER. New config: { opid_index: 3 OBSOLETE_local: false peers { permanent_uuid: "4964dbeb43cf4413ac5e4043b6a66df8" member_type: VOTER last_known_addr { host: "127.25.220.129" port: 36709 } } peers { permanent_uuid: "c3905d356ecc416f9bc0eb469edbf6fe" member_type: VOTER last_known_addr { host: "127.25.220.130" port: 41447 } attrs { replace: true } } peers { permanent_uuid: "b299b40843354aed86d76c499922891d" member_type: VOTER last_known_addr { host: "127.25.220.131" port: 44291 } } peers { permanent_uuid: "41aca89c2df848d7a486b3826f8d422d" member_type: VOTER last_known_addr { host: "127.25.220.132" port: 39903 } attrs { promote: false } } }
I20260630 12:21:39.691691 29370 catalog_manager.cc:5210] ChangeConfig:REMOVE_PEER RPC for tablet 89e2ef1325ec4176bac08d6bfd0a7c59 with cas_config_opid_index 3: ChangeConfig:REMOVE_PEER succeeded (attempt 1)
I20260630 12:21:39.690364 29633 raft_consensus.cc:2955] T 89e2ef1325ec4176bac08d6bfd0a7c59 P b299b40843354aed86d76c499922891d [term 1 FOLLOWER]: Committing config change with OpId 1.4: config changed from index 3 to 4, VOTER 41aca89c2df848d7a486b3826f8d422d (127.25.220.132) evicted. New config: { opid_index: 4 OBSOLETE_local: false peers { permanent_uuid: "4964dbeb43cf4413ac5e4043b6a66df8" member_type: VOTER last_known_addr { host: "127.25.220.129" port: 36709 } } peers { permanent_uuid: "c3905d356ecc416f9bc0eb469edbf6fe" member_type: VOTER last_known_addr { host: "127.25.220.130" port: 41447 } } peers { permanent_uuid: "b299b40843354aed86d76c499922891d" member_type: VOTER last_known_addr { host: "127.25.220.131" port: 44291 } attrs { promote: false } } }
I20260630 12:21:39.695386 29780 raft_consensus.cc:2955] T 199694789951410d94160454c4938a80 P 41aca89c2df848d7a486b3826f8d422d [term 1 FOLLOWER]: Committing config change with OpId 1.3: config changed from index 2 to 3, 41aca89c2df848d7a486b3826f8d422d (127.25.220.132) changed from NON_VOTER to VOTER. New config: { opid_index: 3 OBSOLETE_local: false peers { permanent_uuid: "4964dbeb43cf4413ac5e4043b6a66df8" member_type: VOTER last_known_addr { host: "127.25.220.129" port: 36709 } } peers { permanent_uuid: "c3905d356ecc416f9bc0eb469edbf6fe" member_type: VOTER last_known_addr { host: "127.25.220.130" port: 41447 } attrs { replace: true } } peers { permanent_uuid: "b299b40843354aed86d76c499922891d" member_type: VOTER last_known_addr { host: "127.25.220.131" port: 44291 } } peers { permanent_uuid: "41aca89c2df848d7a486b3826f8d422d" member_type: VOTER last_known_addr { host: "127.25.220.132" port: 39903 } attrs { promote: false } } }
I20260630 12:21:39.699226 29484 consensus_queue.cc:237] T 199694789951410d94160454c4938a80 P 4964dbeb43cf4413ac5e4043b6a66df8 [LEADER]: Queue going to LEADER mode. State: All replicated index: 0, Majority replicated index: 3, Committed index: 3, Last appended: 1.3, Last appended by leader: 0, Current term: 1, Majority size: 2, State: 0, Mode: LEADER, active raft config: opid_index: 4 OBSOLETE_local: false peers { permanent_uuid: "4964dbeb43cf4413ac5e4043b6a66df8" member_type: VOTER last_known_addr { host: "127.25.220.129" port: 36709 } } peers { permanent_uuid: "b299b40843354aed86d76c499922891d" member_type: VOTER last_known_addr { host: "127.25.220.131" port: 44291 } } peers { permanent_uuid: "41aca89c2df848d7a486b3826f8d422d" member_type: VOTER last_known_addr { host: "127.25.220.132" port: 39903 } attrs { promote: false } }
