I20260630 12:20:05.564630 26704 sys_catalog.cc:455] T 00000000000000000000000000000000 P 50f38864438746d780f715c86321ba22 [sys.catalog]: SysCatalogTable state changed. Reason: Replicated consensus-only round. Latest consensus state: current_term: 1 leader_uuid: "debf4582a39848359c0a3fd3e438dfaa" committed_config { opid_index: -1 OBSOLETE_local: false peers { permanent_uuid: "69a18fec08f54ef897491a7e90e98162" member_type: VOTER last_known_addr { host: "127.25.223.190" port: 35641 } } peers { permanent_uuid: "50f38864438746d780f715c86321ba22" member_type: VOTER last_known_addr { host: "127.25.223.189" port: 38829 } } peers { permanent_uuid: "debf4582a39848359c0a3fd3e438dfaa" member_type: VOTER last_known_addr { host: "127.25.223.188" port: 39995 } } }
I20260630 12:20:05.565559 26704 sys_catalog.cc:458] T 00000000000000000000000000000000 P 50f38864438746d780f715c86321ba22 [sys.catalog]: This master's current role is: FOLLOWER
I20260630 12:20:05.569483 26756 sys_catalog.cc:455] T 00000000000000000000000000000000 P debf4582a39848359c0a3fd3e438dfaa [sys.catalog]: SysCatalogTable state changed. Reason: Peer health change. Latest consensus state: current_term: 1 leader_uuid: "debf4582a39848359c0a3fd3e438dfaa" committed_config { opid_index: -1 OBSOLETE_local: false peers { permanent_uuid: "69a18fec08f54ef897491a7e90e98162" member_type: VOTER last_known_addr { host: "127.25.223.190" port: 35641 } } peers { permanent_uuid: "50f38864438746d780f715c86321ba22" member_type: VOTER last_known_addr { host: "127.25.223.189" port: 38829 } } peers { permanent_uuid: "debf4582a39848359c0a3fd3e438dfaa" member_type: VOTER last_known_addr { host: "127.25.223.188" port: 39995 } } }
I20260630 12:20:05.580900 26756 sys_catalog.cc:458] T 00000000000000000000000000000000 P debf4582a39848359c0a3fd3e438dfaa [sys.catalog]: This master's current role is: LEADER
I20260630 12:20:05.588421 26765 catalog_manager.cc:1383] Generated new cluster ID: c9c081689b704a8894ac1385d750b7b8
I20260630 12:20:05.588814 26765 catalog_manager.cc:1531] Initializing Kudu internal certificate authority...
I20260630 12:20:05.616560 26703 sys_catalog.cc:455] T 00000000000000000000000000000000 P 69a18fec08f54ef897491a7e90e98162 [sys.catalog]: SysCatalogTable state changed. Reason: Replicated consensus-only round. Latest consensus state: current_term: 1 leader_uuid: "debf4582a39848359c0a3fd3e438dfaa" committed_config { opid_index: -1 OBSOLETE_local: false peers { permanent_uuid: "69a18fec08f54ef897491a7e90e98162" member_type: VOTER last_known_addr { host: "127.25.223.190" port: 35641 } } peers { permanent_uuid: "50f38864438746d780f715c86321ba22" member_type: VOTER last_known_addr { host: "127.25.223.189" port: 38829 } } peers { permanent_uuid: "debf4582a39848359c0a3fd3e438dfaa" member_type: VOTER last_known_addr { host: "127.25.223.188" port: 39995 } } }
I20260630 12:20:05.617574 26703 sys_catalog.cc:458] T 00000000000000000000000000000000 P 69a18fec08f54ef897491a7e90e98162 [sys.catalog]: This master's current role is: FOLLOWER
I20260630 12:20:05.640429 26765 catalog_manager.cc:1406] Generated new certificate authority record
I20260630 12:20:05.642920 26765 catalog_manager.cc:1540] Loading token signing keys...
I20260630 12:20:05.672435 26494 rpc_server.cc:307] RPC server started. Bound to: 127.25.223.129:36069
I20260630 12:20:05.672680 26821 acceptor_pool.cc:272] collecting diagnostics on the listening RPC socket 127.25.223.129:36069 every 8 connection(s)
I20260630 12:20:05.708066 26822 heartbeater.cc:344] Connected to a master server at 127.25.223.188:39995
I20260630 12:20:05.708631 26822 heartbeater.cc:461] Registering TS with master...
I20260630 12:20:05.707916 26765 catalog_manager.cc:6070] T 00000000000000000000000000000000 P debf4582a39848359c0a3fd3e438dfaa: Generated new TSK 0
I20260630 12:20:05.710700 26765 catalog_manager.cc:1550] Initializing in-progress tserver states...
I20260630 12:20:05.712795 26822 heartbeater.cc:507] Master 127.25.223.188:39995 requested a full tablet report, sending...
I20260630 12:20:05.716466 26658 ts_manager.cc:194] Registered new tserver with Master: c86990001a1549159aea41b1167515aa (127.25.223.129:36069)
I20260630 12:20:05.730664 26494 file_cache.cc:492] Constructed file cache file cache with capacity 419430
I20260630 12:20:05.734859 26823 heartbeater.cc:344] Connected to a master server at 127.25.223.189:38829
I20260630 12:20:05.735309 26823 heartbeater.cc:461] Registering TS with master...
I20260630 12:20:05.736721 26823 heartbeater.cc:507] Master 127.25.223.189:38829 requested a full tablet report, sending...
I20260630 12:20:05.740028 26591 ts_manager.cc:194] Registered new tserver with Master: c86990001a1549159aea41b1167515aa (127.25.223.129:36069)
W20260630 12:20:05.746325 26829 instance_detector.cc:116] could not retrieve AWS instance metadata: Network error: curl error: HTTP response code said error: The requested URL returned error: 404
W20260630 12:20:05.749081 26830 instance_detector.cc:116] could not retrieve Azure instance metadata: Network error: curl error: HTTP response code said error: The requested URL returned error: 404
I20260630 12:20:05.751008 26825 heartbeater.cc:344] Connected to a master server at 127.25.223.190:35641
I20260630 12:20:05.751423 26825 heartbeater.cc:461] Registering TS with master...
I20260630 12:20:05.752300 26825 heartbeater.cc:507] Master 127.25.223.190:35641 requested a full tablet report, sending...
I20260630 12:20:05.755502 26526 ts_manager.cc:194] Registered new tserver with Master: c86990001a1549159aea41b1167515aa (127.25.223.129:36069)
I20260630 12:20:05.757085 26494 server_base.cc:1061] running on GCE node
W20260630 12:20:05.759023 26832 instance_detector.cc:116] could not retrieve OpenStack instance metadata: Network error: curl error: HTTP response code said error: The requested URL returned error: 404
I20260630 12:20:05.760032 26494 hybrid_clock.cc:584] initializing the hybrid clock with 'system_unsync' time source
W20260630 12:20:05.760282 26494 system_unsync_time.cc:38] NTP support is disabled. Clock error bounds will not be accurate. This configuration is not suitable for distributed clusters.
I20260630 12:20:05.760480 26494 hybrid_clock.cc:648] HybridClock initialized: now 1782822005760457 us; error 0 us; skew 500 ppm
I20260630 12:20:05.761003 26494 server_base.cc:861] Flag tcmalloc_max_total_thread_cache_bytes is not working since tcmalloc is not enabled.
I20260630 12:20:05.764046 26494 webserver.cc:533] Webserver started at http://127.25.223.130:35875/ using document root <none> and password file <none>
I20260630 12:20:05.764590 26494 fs_manager.cc:362] Metadata directory not provided
I20260630 12:20:05.764813 26494 fs_manager.cc:368] Using write-ahead log directory (fs_wal_dir) as metadata directory
I20260630 12:20:05.765136 26494 server_base.cc:909] This appears to be a new deployment of Kudu; creating new FS layout
I20260630 12:20:05.766273 26494 fs_manager.cc:1068] Generated new instance metadata in path /tmp/dist-test-taskrrGVvz/test-tmp/auto_rebalancer-test.0.AutoRebalancerTest.OnlyLeaderDoesAutoRebalancing.1782822003330726-26494-0/minicluster-data/ts-1-root/instance:
uuid: "6f4200215f31425880943d1bfceb54c7"
format_stamp: "Formatted at 2026-06-30 12:20:05 on dist-test-slave-mnsm"
I20260630 12:20:05.770864 26494 fs_manager.cc:696] Time spent creating directory manager: real 0.004s	user 0.002s	sys 0.003s
I20260630 12:20:05.774099 26837 log_block_manager.cc:4031] Time spent loading block containers with low live blocks: real 0.000s	user 0.000s	sys 0.000s
I20260630 12:20:05.774947 26494 fs_manager.cc:730] Time spent opening block manager: real 0.002s	user 0.002s	sys 0.001s
I20260630 12:20:05.775271 26494 fs_manager.cc:647] Opened local filesystem: /tmp/dist-test-taskrrGVvz/test-tmp/auto_rebalancer-test.0.AutoRebalancerTest.OnlyLeaderDoesAutoRebalancing.1782822003330726-26494-0/minicluster-data/ts-1-root
uuid: "6f4200215f31425880943d1bfceb54c7"
format_stamp: "Formatted at 2026-06-30 12:20:05 on dist-test-slave-mnsm"
I20260630 12:20:05.775578 26494 fs_report.cc:389] FS layout report
--------------------
wal directory: /tmp/dist-test-taskrrGVvz/test-tmp/auto_rebalancer-test.0.AutoRebalancerTest.OnlyLeaderDoesAutoRebalancing.1782822003330726-26494-0/minicluster-data/ts-1-root
metadata directory: /tmp/dist-test-taskrrGVvz/test-tmp/auto_rebalancer-test.0.AutoRebalancerTest.OnlyLeaderDoesAutoRebalancing.1782822003330726-26494-0/minicluster-data/ts-1-root
1 data directories: /tmp/dist-test-taskrrGVvz/test-tmp/auto_rebalancer-test.0.AutoRebalancerTest.OnlyLeaderDoesAutoRebalancing.1782822003330726-26494-0/minicluster-data/ts-1-root/data
Total live blocks: 0
Total live bytes: 0
Total live bytes (after alignment): 0
Total number of LBM containers: 0 (0 full)
Did not check for missing blocks
Did not check for orphaned blocks
Total full LBM containers with extra space: 0 (0 repaired)
Total full LBM container extra space in bytes: 0 (0 repaired)
Total incomplete LBM containers: 0 (0 repaired)
Total LBM partial records: 0 (0 repaired)
Total corrupted LBM metadata records in RocksDB: 0 (0 repaired)
I20260630 12:20:05.784582 26494 rpc_server.cc:225] running with OpenSSL 1.1.1  11 Sep 2018
I20260630 12:20:05.786368 26494 kserver.cc:163] Server-wide thread pool size limit: 3276
I20260630 12:20:05.788655 26494 txn_system_client.cc:432] TxnSystemClient initialization is disabled...
I20260630 12:20:05.792791 26494 ts_tablet_manager.cc:585] Loaded tablet metadata (0 total tablets, 0 live tablets)
I20260630 12:20:05.793076 26494 ts_tablet_manager.cc:531] Time spent load tablet metadata: real 0.000s	user 0.000s	sys 0.000s
I20260630 12:20:05.793432 26494 ts_tablet_manager.cc:616] Registered 0 tablets
I20260630 12:20:05.793699 26494 ts_tablet_manager.cc:595] Time spent register tablets: real 0.000s	user 0.000s	sys 0.000s
I20260630 12:20:05.885615 26494 rpc_server.cc:307] RPC server started. Bound to: 127.25.223.130:41405
I20260630 12:20:05.885890 26899 acceptor_pool.cc:272] collecting diagnostics on the listening RPC socket 127.25.223.130:41405 every 8 connection(s)
I20260630 12:20:05.923650 26901 heartbeater.cc:344] Connected to a master server at 127.25.223.189:38829
I20260630 12:20:05.924167 26901 heartbeater.cc:461] Registering TS with master...
I20260630 12:20:05.925282 26901 heartbeater.cc:507] Master 127.25.223.189:38829 requested a full tablet report, sending...
I20260630 12:20:05.929090 26591 ts_manager.cc:194] Registered new tserver with Master: 6f4200215f31425880943d1bfceb54c7 (127.25.223.130:41405)
I20260630 12:20:05.930653 26900 heartbeater.cc:344] Connected to a master server at 127.25.223.188:39995
I20260630 12:20:05.931097 26900 heartbeater.cc:461] Registering TS with master...
I20260630 12:20:05.932237 26900 heartbeater.cc:507] Master 127.25.223.188:39995 requested a full tablet report, sending...
I20260630 12:20:05.933225 26494 file_cache.cc:492] Constructed file cache file cache with capacity 419430
I20260630 12:20:05.935407 26658 ts_manager.cc:194] Registered new tserver with Master: 6f4200215f31425880943d1bfceb54c7 (127.25.223.130:41405)
I20260630 12:20:05.938848 26658 master_service.cc:502] Signed X509 certificate for tserver {username='slave'} at 127.0.0.1:40538
I20260630 12:20:05.942478 26903 heartbeater.cc:344] Connected to a master server at 127.25.223.190:35641
I20260630 12:20:05.942992 26903 heartbeater.cc:461] Registering TS with master...
W20260630 12:20:05.943766 26907 instance_detector.cc:116] could not retrieve AWS instance metadata: Network error: curl error: HTTP response code said error: The requested URL returned error: 404
I20260630 12:20:05.944211 26903 heartbeater.cc:507] Master 127.25.223.190:35641 requested a full tablet report, sending...
I20260630 12:20:05.947253 26526 ts_manager.cc:194] Registered new tserver with Master: 6f4200215f31425880943d1bfceb54c7 (127.25.223.130:41405)
W20260630 12:20:05.950393 26908 instance_detector.cc:116] could not retrieve Azure instance metadata: Network error: curl error: HTTP response code said error: The requested URL returned error: 404
W20260630 12:20:05.954020 26910 instance_detector.cc:116] could not retrieve OpenStack instance metadata: Network error: curl error: HTTP response code said error: The requested URL returned error: 404
I20260630 12:20:05.954517 26494 server_base.cc:1061] running on GCE node
I20260630 12:20:05.955631 26494 hybrid_clock.cc:584] initializing the hybrid clock with 'system_unsync' time source
W20260630 12:20:05.955904 26494 system_unsync_time.cc:38] NTP support is disabled. Clock error bounds will not be accurate. This configuration is not suitable for distributed clusters.
I20260630 12:20:05.956113 26494 hybrid_clock.cc:648] HybridClock initialized: now 1782822005956097 us; error 0 us; skew 500 ppm
I20260630 12:20:05.956741 26494 server_base.cc:861] Flag tcmalloc_max_total_thread_cache_bytes is not working since tcmalloc is not enabled.
I20260630 12:20:05.959453 26494 webserver.cc:533] Webserver started at http://127.25.223.131:39243/ using document root <none> and password file <none>
I20260630 12:20:05.960047 26494 fs_manager.cc:362] Metadata directory not provided
I20260630 12:20:05.960271 26494 fs_manager.cc:368] Using write-ahead log directory (fs_wal_dir) as metadata directory
I20260630 12:20:05.960588 26494 server_base.cc:909] This appears to be a new deployment of Kudu; creating new FS layout
I20260630 12:20:05.961967 26494 fs_manager.cc:1068] Generated new instance metadata in path /tmp/dist-test-taskrrGVvz/test-tmp/auto_rebalancer-test.0.AutoRebalancerTest.OnlyLeaderDoesAutoRebalancing.1782822003330726-26494-0/minicluster-data/ts-2-root/instance:
uuid: "f3bd8161818c40b0b0ec2e764aa176b2"
format_stamp: "Formatted at 2026-06-30 12:20:05 on dist-test-slave-mnsm"
I20260630 12:20:05.967535 26494 fs_manager.cc:696] Time spent creating directory manager: real 0.005s	user 0.005s	sys 0.000s
I20260630 12:20:05.971619 26915 log_block_manager.cc:4031] Time spent loading block containers with low live blocks: real 0.000s	user 0.000s	sys 0.000s
I20260630 12:20:05.972473 26494 fs_manager.cc:730] Time spent opening block manager: real 0.002s	user 0.001s	sys 0.000s
I20260630 12:20:05.972805 26494 fs_manager.cc:647] Opened local filesystem: /tmp/dist-test-taskrrGVvz/test-tmp/auto_rebalancer-test.0.AutoRebalancerTest.OnlyLeaderDoesAutoRebalancing.1782822003330726-26494-0/minicluster-data/ts-2-root
uuid: "f3bd8161818c40b0b0ec2e764aa176b2"
format_stamp: "Formatted at 2026-06-30 12:20:05 on dist-test-slave-mnsm"
I20260630 12:20:05.973160 26494 fs_report.cc:389] FS layout report
--------------------
wal directory: /tmp/dist-test-taskrrGVvz/test-tmp/auto_rebalancer-test.0.AutoRebalancerTest.OnlyLeaderDoesAutoRebalancing.1782822003330726-26494-0/minicluster-data/ts-2-root
metadata directory: /tmp/dist-test-taskrrGVvz/test-tmp/auto_rebalancer-test.0.AutoRebalancerTest.OnlyLeaderDoesAutoRebalancing.1782822003330726-26494-0/minicluster-data/ts-2-root
1 data directories: /tmp/dist-test-taskrrGVvz/test-tmp/auto_rebalancer-test.0.AutoRebalancerTest.OnlyLeaderDoesAutoRebalancing.1782822003330726-26494-0/minicluster-data/ts-2-root/data
Total live blocks: 0
Total live bytes: 0
Total live bytes (after alignment): 0
Total number of LBM containers: 0 (0 full)
Did not check for missing blocks
Did not check for orphaned blocks
Total full LBM containers with extra space: 0 (0 repaired)
Total full LBM container extra space in bytes: 0 (0 repaired)
Total incomplete LBM containers: 0 (0 repaired)
Total LBM partial records: 0 (0 repaired)
Total corrupted LBM metadata records in RocksDB: 0 (0 repaired)
I20260630 12:20:05.992216 26494 rpc_server.cc:225] running with OpenSSL 1.1.1  11 Sep 2018
I20260630 12:20:05.994026 26494 kserver.cc:163] Server-wide thread pool size limit: 3276
I20260630 12:20:05.996500 26494 txn_system_client.cc:432] TxnSystemClient initialization is disabled...
I20260630 12:20:05.999928 26494 ts_tablet_manager.cc:585] Loaded tablet metadata (0 total tablets, 0 live tablets)
I20260630 12:20:06.000185 26494 ts_tablet_manager.cc:531] Time spent load tablet metadata: real 0.000s	user 0.000s	sys 0.000s
I20260630 12:20:06.000432 26494 ts_tablet_manager.cc:616] Registered 0 tablets
I20260630 12:20:06.000610 26494 ts_tablet_manager.cc:595] Time spent register tablets: real 0.000s	user 0.000s	sys 0.000s
I20260630 12:20:06.092576 26494 rpc_server.cc:307] RPC server started. Bound to: 127.25.223.131:36823
I20260630 12:20:06.092685 26977 acceptor_pool.cc:272] collecting diagnostics on the listening RPC socket 127.25.223.131:36823 every 8 connection(s)
I20260630 12:20:06.120761 26980 heartbeater.cc:344] Connected to a master server at 127.25.223.190:35641
I20260630 12:20:06.120882 26978 heartbeater.cc:344] Connected to a master server at 127.25.223.188:39995
I20260630 12:20:06.121250 26980 heartbeater.cc:461] Registering TS with master...
I20260630 12:20:06.121294 26978 heartbeater.cc:461] Registering TS with master...
I20260630 12:20:06.122475 26980 heartbeater.cc:507] Master 127.25.223.190:35641 requested a full tablet report, sending...
I20260630 12:20:06.122622 26978 heartbeater.cc:507] Master 127.25.223.188:39995 requested a full tablet report, sending...
I20260630 12:20:06.124964 26658 ts_manager.cc:194] Registered new tserver with Master: f3bd8161818c40b0b0ec2e764aa176b2 (127.25.223.131:36823)
I20260630 12:20:06.125571 26526 ts_manager.cc:194] Registered new tserver with Master: f3bd8161818c40b0b0ec2e764aa176b2 (127.25.223.131:36823)
I20260630 12:20:06.126847 26658 master_service.cc:502] Signed X509 certificate for tserver {username='slave'} at 127.0.0.1:40552
I20260630 12:20:06.132252 26979 heartbeater.cc:344] Connected to a master server at 127.25.223.189:38829
I20260630 12:20:06.132686 26979 heartbeater.cc:461] Registering TS with master...
I20260630 12:20:06.133365 26979 heartbeater.cc:507] Master 127.25.223.189:38829 requested a full tablet report, sending...
I20260630 12:20:06.136232 26591 ts_manager.cc:194] Registered new tserver with Master: f3bd8161818c40b0b0ec2e764aa176b2 (127.25.223.131:36823)
I20260630 12:20:06.137104 26494 internal_mini_cluster.cc:371] 3 TS(s) registered with all masters after 0.031287147s
I20260630 12:20:06.368556 26737 catalog_manager.cc:1295] Loaded cluster ID: c9c081689b704a8894ac1385d750b7b8
I20260630 12:20:06.368881 26737 catalog_manager.cc:1588] T 00000000000000000000000000000000 P 69a18fec08f54ef897491a7e90e98162: loading cluster ID for follower catalog manager: success
I20260630 12:20:06.374240 26738 catalog_manager.cc:1295] Loaded cluster ID: c9c081689b704a8894ac1385d750b7b8
I20260630 12:20:06.374336 26737 catalog_manager.cc:1610] T 00000000000000000000000000000000 P 69a18fec08f54ef897491a7e90e98162: acquiring CA information for follower catalog manager: success
I20260630 12:20:06.374679 26738 catalog_manager.cc:1588] T 00000000000000000000000000000000 P 50f38864438746d780f715c86321ba22: loading cluster ID for follower catalog manager: success
I20260630 12:20:06.378840 26737 catalog_manager.cc:1638] T 00000000000000000000000000000000 P 69a18fec08f54ef897491a7e90e98162: importing token verification keys for follower catalog manager: success; most recent TSK sequence number 0
I20260630 12:20:06.382776 26738 catalog_manager.cc:1610] T 00000000000000000000000000000000 P 50f38864438746d780f715c86321ba22: acquiring CA information for follower catalog manager: success
I20260630 12:20:06.388671 26738 catalog_manager.cc:1638] T 00000000000000000000000000000000 P 50f38864438746d780f715c86321ba22: importing token verification keys for follower catalog manager: success; most recent TSK sequence number 0
I20260630 12:20:06.721689 26658 master_service.cc:502] Signed X509 certificate for tserver {username='slave'} at 127.0.0.1:40530
I20260630 12:20:06.946468 26900 heartbeater.cc:499] Master 127.25.223.188:39995 was elected leader, sending a full tablet report...
I20260630 12:20:07.129796 26978 heartbeater.cc:499] Master 127.25.223.188:39995 was elected leader, sending a full tablet report...
I20260630 12:20:07.329819 26722 auto_leader_rebalancer.cc:515] All tables' leader rebalancing finished this round
I20260630 12:20:07.510470 26658 catalog_manager.cc:2283] Servicing CreateTable request from {username='slave'} at 127.0.0.1:40564:
name: "test-workload"
schema {
  columns {
    name: "key"
    type: INT32
    is_key: true
    is_nullable: false
    encoding: AUTO_ENCODING
    compression: DEFAULT_COMPRESSION
    cfile_block_size: 0
    immutable: false
  }
  columns {
    name: "int_val"
    type: INT32
    is_key: false
    is_nullable: false
    encoding: AUTO_ENCODING
    compression: DEFAULT_COMPRESSION
    cfile_block_size: 0
    immutable: false
  }
  columns {
    name: "string_val"
    type: STRING
    is_key: false
    is_nullable: true
    encoding: AUTO_ENCODING
    compression: DEFAULT_COMPRESSION
    cfile_block_size: 0
    immutable: false
  }
}
num_replicas: 1
split_rows_range_bounds {
  rows: "\004\001\000\377\377\377\037\004\001\000\376\377\377?\004\001\000\375\377\377_""\004\001\000\377\377\377\037\004\001\000\376\377\377?\004\001\000\375\377\377_"
  indirect_data: """"
}
partition_schema {
  range_schema {
    columns {
      name: "key"
    }
  }
}
I20260630 12:20:07.586414 26943 tablet_service.cc:1511] Processing CreateTablet for tablet 6a2926194c4747ad9f09ce35b73d670c (DEFAULT_TABLE table=test-workload [id=de4c6d92dc8048b4b8c6b9d8d66e9fc1]), partition=RANGE (key) PARTITION VALUES < 536870911
I20260630 12:20:07.588693 26943 data_dirs.cc:400] Could only allocate 1 dirs of requested 3 for tablet 6a2926194c4747ad9f09ce35b73d670c. 1 dirs total, 0 dirs full, 0 dirs failed
I20260630 12:20:07.590904 26865 tablet_service.cc:1511] Processing CreateTablet for tablet 13c389c448644e6cb2dfe0bbaf261fa7 (DEFAULT_TABLE table=test-workload [id=de4c6d92dc8048b4b8c6b9d8d66e9fc1]), partition=RANGE (key) PARTITION 536870911 <= VALUES < 1073741822
I20260630 12:20:07.591989 26865 data_dirs.cc:400] Could only allocate 1 dirs of requested 3 for tablet 13c389c448644e6cb2dfe0bbaf261fa7. 1 dirs total, 0 dirs full, 0 dirs failed
I20260630 12:20:07.600011 26779 tablet_service.cc:1511] Processing CreateTablet for tablet f83300083160406a880817c9255291ae (DEFAULT_TABLE table=test-workload [id=de4c6d92dc8048b4b8c6b9d8d66e9fc1]), partition=RANGE (key) PARTITION 1073741822 <= VALUES < 1610612733
I20260630 12:20:07.600260 26778 tablet_service.cc:1511] Processing CreateTablet for tablet 8dd91925c4f449bea97c34d11e77eb2f (DEFAULT_TABLE table=test-workload [id=de4c6d92dc8048b4b8c6b9d8d66e9fc1]), partition=RANGE (key) PARTITION 1610612733 <= VALUES
I20260630 12:20:07.601274 26779 data_dirs.cc:400] Could only allocate 1 dirs of requested 3 for tablet f83300083160406a880817c9255291ae. 1 dirs total, 0 dirs full, 0 dirs failed
I20260630 12:20:07.601922 26778 data_dirs.cc:400] Could only allocate 1 dirs of requested 3 for tablet 8dd91925c4f449bea97c34d11e77eb2f. 1 dirs total, 0 dirs full, 0 dirs failed
I20260630 12:20:07.620258 27013 tablet_bootstrap.cc:492] T 6a2926194c4747ad9f09ce35b73d670c P f3bd8161818c40b0b0ec2e764aa176b2: Bootstrap starting.
I20260630 12:20:07.622584 27014 tablet_bootstrap.cc:492] T 8dd91925c4f449bea97c34d11e77eb2f P c86990001a1549159aea41b1167515aa: Bootstrap starting.
I20260630 12:20:07.626978 27015 tablet_bootstrap.cc:492] T 13c389c448644e6cb2dfe0bbaf261fa7 P 6f4200215f31425880943d1bfceb54c7: Bootstrap starting.
I20260630 12:20:07.628454 27013 tablet_bootstrap.cc:654] T 6a2926194c4747ad9f09ce35b73d670c P f3bd8161818c40b0b0ec2e764aa176b2: Neither blocks nor log segments found. Creating new log.
I20260630 12:20:07.631522 27014 tablet_bootstrap.cc:654] T 8dd91925c4f449bea97c34d11e77eb2f P c86990001a1549159aea41b1167515aa: Neither blocks nor log segments found. Creating new log.
I20260630 12:20:07.634951 27013 tablet_bootstrap.cc:492] T 6a2926194c4747ad9f09ce35b73d670c P f3bd8161818c40b0b0ec2e764aa176b2: No bootstrap required, opened a new log
I20260630 12:20:07.635231 27015 tablet_bootstrap.cc:654] T 13c389c448644e6cb2dfe0bbaf261fa7 P 6f4200215f31425880943d1bfceb54c7: Neither blocks nor log segments found. Creating new log.
I20260630 12:20:07.635502 27013 ts_tablet_manager.cc:1403] T 6a2926194c4747ad9f09ce35b73d670c P f3bd8161818c40b0b0ec2e764aa176b2: Time spent bootstrapping tablet: real 0.016s	user 0.014s	sys 0.000s
I20260630 12:20:07.639797 27014 tablet_bootstrap.cc:492] T 8dd91925c4f449bea97c34d11e77eb2f P c86990001a1549159aea41b1167515aa: No bootstrap required, opened a new log
I20260630 12:20:07.640244 27014 ts_tablet_manager.cc:1403] T 8dd91925c4f449bea97c34d11e77eb2f P c86990001a1549159aea41b1167515aa: Time spent bootstrapping tablet: real 0.018s	user 0.012s	sys 0.003s
I20260630 12:20:07.639907 27013 raft_consensus.cc:359] T 6a2926194c4747ad9f09ce35b73d670c P f3bd8161818c40b0b0ec2e764aa176b2 [term 0 FOLLOWER]: Replica starting. Triggering 0 pending ops. Active config: opid_index: -1 OBSOLETE_local: true peers { permanent_uuid: "f3bd8161818c40b0b0ec2e764aa176b2" member_type: VOTER last_known_addr { host: "127.25.223.131" port: 36823 } }
I20260630 12:20:07.640748 27013 raft_consensus.cc:385] T 6a2926194c4747ad9f09ce35b73d670c P f3bd8161818c40b0b0ec2e764aa176b2 [term 0 FOLLOWER]: Consensus starting up: Expiring failure detector timer to make a prompt election more likely
I20260630 12:20:07.641062 27013 raft_consensus.cc:740] T 6a2926194c4747ad9f09ce35b73d670c P f3bd8161818c40b0b0ec2e764aa176b2 [term 0 FOLLOWER]: Becoming Follower/Learner. State: Replica: f3bd8161818c40b0b0ec2e764aa176b2, State: Initialized, Role: FOLLOWER
I20260630 12:20:07.641844 27015 tablet_bootstrap.cc:492] T 13c389c448644e6cb2dfe0bbaf261fa7 P 6f4200215f31425880943d1bfceb54c7: No bootstrap required, opened a new log
I20260630 12:20:07.641789 27013 consensus_queue.cc:260] T 6a2926194c4747ad9f09ce35b73d670c P f3bd8161818c40b0b0ec2e764aa176b2 [NON_LEADER]: Queue going to NON_LEADER mode. State: All replicated index: 0, Majority replicated index: 0, Committed index: 0, Last appended: 0.0, Last appended by leader: 0, Current term: 0, Majority size: -1, State: 0, Mode: NON_LEADER, active raft config: opid_index: -1 OBSOLETE_local: true peers { permanent_uuid: "f3bd8161818c40b0b0ec2e764aa176b2" member_type: VOTER last_known_addr { host: "127.25.223.131" port: 36823 } }
I20260630 12:20:07.642347 27015 ts_tablet_manager.cc:1403] T 13c389c448644e6cb2dfe0bbaf261fa7 P 6f4200215f31425880943d1bfceb54c7: Time spent bootstrapping tablet: real 0.016s	user 0.012s	sys 0.002s
I20260630 12:20:07.642540 27013 raft_consensus.cc:399] T 6a2926194c4747ad9f09ce35b73d670c P f3bd8161818c40b0b0ec2e764aa176b2 [term 0 FOLLOWER]: Only one voter in the Raft config. Triggering election immediately
I20260630 12:20:07.643070 27014 raft_consensus.cc:359] T 8dd91925c4f449bea97c34d11e77eb2f P c86990001a1549159aea41b1167515aa [term 0 FOLLOWER]: Replica starting. Triggering 0 pending ops. Active config: opid_index: -1 OBSOLETE_local: true peers { permanent_uuid: "c86990001a1549159aea41b1167515aa" member_type: VOTER last_known_addr { host: "127.25.223.129" port: 36069 } }
I20260630 12:20:07.643524 27013 raft_consensus.cc:493] T 6a2926194c4747ad9f09ce35b73d670c P f3bd8161818c40b0b0ec2e764aa176b2 [term 0 FOLLOWER]: Starting leader election (initial election of a single-replica configuration)
I20260630 12:20:07.643887 27014 raft_consensus.cc:385] T 8dd91925c4f449bea97c34d11e77eb2f P c86990001a1549159aea41b1167515aa [term 0 FOLLOWER]: Consensus starting up: Expiring failure detector timer to make a prompt election more likely
I20260630 12:20:07.643985 27013 raft_consensus.cc:3060] T 6a2926194c4747ad9f09ce35b73d670c P f3bd8161818c40b0b0ec2e764aa176b2 [term 0 FOLLOWER]: Advancing to term 1
I20260630 12:20:07.644281 27014 raft_consensus.cc:740] T 8dd91925c4f449bea97c34d11e77eb2f P c86990001a1549159aea41b1167515aa [term 0 FOLLOWER]: Becoming Follower/Learner. State: Replica: c86990001a1549159aea41b1167515aa, State: Initialized, Role: FOLLOWER
I20260630 12:20:07.645094 27015 raft_consensus.cc:359] T 13c389c448644e6cb2dfe0bbaf261fa7 P 6f4200215f31425880943d1bfceb54c7 [term 0 FOLLOWER]: Replica starting. Triggering 0 pending ops. Active config: opid_index: -1 OBSOLETE_local: true peers { permanent_uuid: "6f4200215f31425880943d1bfceb54c7" member_type: VOTER last_known_addr { host: "127.25.223.130" port: 41405 } }
I20260630 12:20:07.645052 27014 consensus_queue.cc:260] T 8dd91925c4f449bea97c34d11e77eb2f P c86990001a1549159aea41b1167515aa [NON_LEADER]: Queue going to NON_LEADER mode. State: All replicated index: 0, Majority replicated index: 0, Committed index: 0, Last appended: 0.0, Last appended by leader: 0, Current term: 0, Majority size: -1, State: 0, Mode: NON_LEADER, active raft config: opid_index: -1 OBSOLETE_local: true peers { permanent_uuid: "c86990001a1549159aea41b1167515aa" member_type: VOTER last_known_addr { host: "127.25.223.129" port: 36069 } }
I20260630 12:20:07.645725 27015 raft_consensus.cc:385] T 13c389c448644e6cb2dfe0bbaf261fa7 P 6f4200215f31425880943d1bfceb54c7 [term 0 FOLLOWER]: Consensus starting up: Expiring failure detector timer to make a prompt election more likely
I20260630 12:20:07.645941 27014 raft_consensus.cc:399] T 8dd91925c4f449bea97c34d11e77eb2f P c86990001a1549159aea41b1167515aa [term 0 FOLLOWER]: Only one voter in the Raft config. Triggering election immediately
I20260630 12:20:07.646098 27015 raft_consensus.cc:740] T 13c389c448644e6cb2dfe0bbaf261fa7 P 6f4200215f31425880943d1bfceb54c7 [term 0 FOLLOWER]: Becoming Follower/Learner. State: Replica: 6f4200215f31425880943d1bfceb54c7, State: Initialized, Role: FOLLOWER
I20260630 12:20:07.646289 27014 raft_consensus.cc:493] T 8dd91925c4f449bea97c34d11e77eb2f P c86990001a1549159aea41b1167515aa [term 0 FOLLOWER]: Starting leader election (initial election of a single-replica configuration)
I20260630 12:20:07.646658 27014 raft_consensus.cc:3060] T 8dd91925c4f449bea97c34d11e77eb2f P c86990001a1549159aea41b1167515aa [term 0 FOLLOWER]: Advancing to term 1
I20260630 12:20:07.646911 27015 consensus_queue.cc:260] T 13c389c448644e6cb2dfe0bbaf261fa7 P 6f4200215f31425880943d1bfceb54c7 [NON_LEADER]: Queue going to NON_LEADER mode. State: All replicated index: 0, Majority replicated index: 0, Committed index: 0, Last appended: 0.0, Last appended by leader: 0, Current term: 0, Majority size: -1, State: 0, Mode: NON_LEADER, active raft config: opid_index: -1 OBSOLETE_local: true peers { permanent_uuid: "6f4200215f31425880943d1bfceb54c7" member_type: VOTER last_known_addr { host: "127.25.223.130" port: 41405 } }
I20260630 12:20:07.647615 27015 raft_consensus.cc:399] T 13c389c448644e6cb2dfe0bbaf261fa7 P 6f4200215f31425880943d1bfceb54c7 [term 0 FOLLOWER]: Only one voter in the Raft config. Triggering election immediately
I20260630 12:20:07.647917 27015 raft_consensus.cc:493] T 13c389c448644e6cb2dfe0bbaf261fa7 P 6f4200215f31425880943d1bfceb54c7 [term 0 FOLLOWER]: Starting leader election (initial election of a single-replica configuration)
I20260630 12:20:07.648254 27015 raft_consensus.cc:3060] T 13c389c448644e6cb2dfe0bbaf261fa7 P 6f4200215f31425880943d1bfceb54c7 [term 0 FOLLOWER]: Advancing to term 1
I20260630 12:20:07.650033 27013 raft_consensus.cc:515] T 6a2926194c4747ad9f09ce35b73d670c P f3bd8161818c40b0b0ec2e764aa176b2 [term 1 FOLLOWER]: Starting leader election with config: opid_index: -1 OBSOLETE_local: true peers { permanent_uuid: "f3bd8161818c40b0b0ec2e764aa176b2" member_type: VOTER last_known_addr { host: "127.25.223.131" port: 36823 } }
I20260630 12:20:07.650691 27013 leader_election.cc:304] T 6a2926194c4747ad9f09ce35b73d670c P f3bd8161818c40b0b0ec2e764aa176b2 [CANDIDATE]: Term 1 election: Election decided. Result: candidate won. Election summary: received 1 responses out of 1 voters: 1 yes votes; 0 no votes. yes voters: f3bd8161818c40b0b0ec2e764aa176b2; no voters: 
I20260630 12:20:07.653429 27014 raft_consensus.cc:515] T 8dd91925c4f449bea97c34d11e77eb2f P c86990001a1549159aea41b1167515aa [term 1 FOLLOWER]: Starting leader election with config: opid_index: -1 OBSOLETE_local: true peers { permanent_uuid: "c86990001a1549159aea41b1167515aa" member_type: VOTER last_known_addr { host: "127.25.223.129" port: 36069 } }
I20260630 12:20:07.654173 27014 leader_election.cc:304] T 8dd91925c4f449bea97c34d11e77eb2f P c86990001a1549159aea41b1167515aa [CANDIDATE]: Term 1 election: Election decided. Result: candidate won. Election summary: received 1 responses out of 1 voters: 1 yes votes; 0 no votes. yes voters: c86990001a1549159aea41b1167515aa; no voters: 
I20260630 12:20:07.654641 27015 raft_consensus.cc:515] T 13c389c448644e6cb2dfe0bbaf261fa7 P 6f4200215f31425880943d1bfceb54c7 [term 1 FOLLOWER]: Starting leader election with config: opid_index: -1 OBSOLETE_local: true peers { permanent_uuid: "6f4200215f31425880943d1bfceb54c7" member_type: VOTER last_known_addr { host: "127.25.223.130" port: 41405 } }
I20260630 12:20:07.655699 27015 leader_election.cc:304] T 13c389c448644e6cb2dfe0bbaf261fa7 P 6f4200215f31425880943d1bfceb54c7 [CANDIDATE]: Term 1 election: Election decided. Result: candidate won. Election summary: received 1 responses out of 1 voters: 1 yes votes; 0 no votes. yes voters: 6f4200215f31425880943d1bfceb54c7; no voters: 
I20260630 12:20:07.658502 27015 leader_election.cc:290] T 13c389c448644e6cb2dfe0bbaf261fa7 P 6f4200215f31425880943d1bfceb54c7 [CANDIDATE]: Term 1 election: Requested vote from peers 
I20260630 12:20:07.659264 27021 raft_consensus.cc:2804] T 13c389c448644e6cb2dfe0bbaf261fa7 P 6f4200215f31425880943d1bfceb54c7 [term 1 FOLLOWER]: Leader election won for term 1
I20260630 12:20:07.660705 27013 leader_election.cc:290] T 6a2926194c4747ad9f09ce35b73d670c P f3bd8161818c40b0b0ec2e764aa176b2 [CANDIDATE]: Term 1 election: Requested vote from peers 
I20260630 12:20:07.661291 27019 raft_consensus.cc:2804] T 6a2926194c4747ad9f09ce35b73d670c P f3bd8161818c40b0b0ec2e764aa176b2 [term 1 FOLLOWER]: Leader election won for term 1
I20260630 12:20:07.662192 27014 leader_election.cc:290] T 8dd91925c4f449bea97c34d11e77eb2f P c86990001a1549159aea41b1167515aa [CANDIDATE]: Term 1 election: Requested vote from peers 
I20260630 12:20:07.664469 27020 raft_consensus.cc:2804] T 8dd91925c4f449bea97c34d11e77eb2f P c86990001a1549159aea41b1167515aa [term 1 FOLLOWER]: Leader election won for term 1
I20260630 12:20:07.665899 27019 raft_consensus.cc:697] T 6a2926194c4747ad9f09ce35b73d670c P f3bd8161818c40b0b0ec2e764aa176b2 [term 1 LEADER]: Becoming Leader. State: Replica: f3bd8161818c40b0b0ec2e764aa176b2, State: Running, Role: LEADER
I20260630 12:20:07.666846 27019 consensus_queue.cc:237] T 6a2926194c4747ad9f09ce35b73d670c P f3bd8161818c40b0b0ec2e764aa176b2 [LEADER]: Queue going to LEADER mode. State: All replicated index: 0, Majority replicated index: 0, Committed index: 0, Last appended: 0.0, Last appended by leader: 0, Current term: 1, Majority size: 1, State: 0, Mode: LEADER, active raft config: opid_index: -1 OBSOLETE_local: true peers { permanent_uuid: "f3bd8161818c40b0b0ec2e764aa176b2" member_type: VOTER last_known_addr { host: "127.25.223.131" port: 36823 } }
I20260630 12:20:07.669819 27020 raft_consensus.cc:697] T 8dd91925c4f449bea97c34d11e77eb2f P c86990001a1549159aea41b1167515aa [term 1 LEADER]: Becoming Leader. State: Replica: c86990001a1549159aea41b1167515aa, State: Running, Role: LEADER
I20260630 12:20:07.670553 27020 consensus_queue.cc:237] T 8dd91925c4f449bea97c34d11e77eb2f P c86990001a1549159aea41b1167515aa [LEADER]: Queue going to LEADER mode. State: All replicated index: 0, Majority replicated index: 0, Committed index: 0, Last appended: 0.0, Last appended by leader: 0, Current term: 1, Majority size: 1, State: 0, Mode: LEADER, active raft config: opid_index: -1 OBSOLETE_local: true peers { permanent_uuid: "c86990001a1549159aea41b1167515aa" member_type: VOTER last_known_addr { host: "127.25.223.129" port: 36069 } }
I20260630 12:20:07.675374 27015 ts_tablet_manager.cc:1434] T 13c389c448644e6cb2dfe0bbaf261fa7 P 6f4200215f31425880943d1bfceb54c7: Time spent starting tablet: real 0.033s	user 0.010s	sys 0.011s
I20260630 12:20:07.675935 27014 ts_tablet_manager.cc:1434] T 8dd91925c4f449bea97c34d11e77eb2f P c86990001a1549159aea41b1167515aa: Time spent starting tablet: real 0.035s	user 0.008s	sys 0.020s
I20260630 12:20:07.676612 26822 heartbeater.cc:499] Master 127.25.223.188:39995 was elected leader, sending a full tablet report...
I20260630 12:20:07.679786 27014 tablet_bootstrap.cc:492] T f83300083160406a880817c9255291ae P c86990001a1549159aea41b1167515aa: Bootstrap starting.
I20260630 12:20:07.682893 27021 raft_consensus.cc:697] T 13c389c448644e6cb2dfe0bbaf261fa7 P 6f4200215f31425880943d1bfceb54c7 [term 1 LEADER]: Becoming Leader. State: Replica: 6f4200215f31425880943d1bfceb54c7, State: Running, Role: LEADER
I20260630 12:20:07.683786 27013 ts_tablet_manager.cc:1434] T 6a2926194c4747ad9f09ce35b73d670c P f3bd8161818c40b0b0ec2e764aa176b2: Time spent starting tablet: real 0.048s	user 0.018s	sys 0.029s
I20260630 12:20:07.684780 27021 consensus_queue.cc:237] T 13c389c448644e6cb2dfe0bbaf261fa7 P 6f4200215f31425880943d1bfceb54c7 [LEADER]: Queue going to LEADER mode. State: All replicated index: 0, Majority replicated index: 0, Committed index: 0, Last appended: 0.0, Last appended by leader: 0, Current term: 1, Majority size: 1, State: 0, Mode: LEADER, active raft config: opid_index: -1 OBSOLETE_local: true peers { permanent_uuid: "6f4200215f31425880943d1bfceb54c7" member_type: VOTER last_known_addr { host: "127.25.223.130" port: 41405 } }
I20260630 12:20:07.687891 27014 tablet_bootstrap.cc:654] T f83300083160406a880817c9255291ae P c86990001a1549159aea41b1167515aa: Neither blocks nor log segments found. Creating new log.
I20260630 12:20:07.732471 26657 catalog_manager.cc:5697] T 8dd91925c4f449bea97c34d11e77eb2f P c86990001a1549159aea41b1167515aa reported cstate change: term changed from 0 to 1, leader changed from <none> to c86990001a1549159aea41b1167515aa (127.25.223.129). New cstate: current_term: 1 leader_uuid: "c86990001a1549159aea41b1167515aa" committed_config { opid_index: -1 OBSOLETE_local: true peers { permanent_uuid: "c86990001a1549159aea41b1167515aa" member_type: VOTER last_known_addr { host: "127.25.223.129" port: 36069 } health_report { overall_health: HEALTHY } } }
I20260630 12:20:07.737097 26658 catalog_manager.cc:5697] T 6a2926194c4747ad9f09ce35b73d670c P f3bd8161818c40b0b0ec2e764aa176b2 reported cstate change: term changed from 0 to 1, leader changed from <none> to f3bd8161818c40b0b0ec2e764aa176b2 (127.25.223.131). New cstate: current_term: 1 leader_uuid: "f3bd8161818c40b0b0ec2e764aa176b2" committed_config { opid_index: -1 OBSOLETE_local: true peers { permanent_uuid: "f3bd8161818c40b0b0ec2e764aa176b2" member_type: VOTER last_known_addr { host: "127.25.223.131" port: 36823 } health_report { overall_health: HEALTHY } } }
I20260630 12:20:07.855472 27014 tablet_bootstrap.cc:492] T f83300083160406a880817c9255291ae P c86990001a1549159aea41b1167515aa: No bootstrap required, opened a new log
I20260630 12:20:07.855393 26656 catalog_manager.cc:5697] T 13c389c448644e6cb2dfe0bbaf261fa7 P 6f4200215f31425880943d1bfceb54c7 reported cstate change: term changed from 0 to 1, leader changed from <none> to 6f4200215f31425880943d1bfceb54c7 (127.25.223.130). New cstate: current_term: 1 leader_uuid: "6f4200215f31425880943d1bfceb54c7" committed_config { opid_index: -1 OBSOLETE_local: true peers { permanent_uuid: "6f4200215f31425880943d1bfceb54c7" member_type: VOTER last_known_addr { host: "127.25.223.130" port: 41405 } health_report { overall_health: HEALTHY } } }
I20260630 12:20:07.856190 27014 ts_tablet_manager.cc:1403] T f83300083160406a880817c9255291ae P c86990001a1549159aea41b1167515aa: Time spent bootstrapping tablet: real 0.177s	user 0.022s	sys 0.060s
I20260630 12:20:07.860589 27014 raft_consensus.cc:359] T f83300083160406a880817c9255291ae P c86990001a1549159aea41b1167515aa [term 0 FOLLOWER]: Replica starting. Triggering 0 pending ops. Active config: opid_index: -1 OBSOLETE_local: true peers { permanent_uuid: "c86990001a1549159aea41b1167515aa" member_type: VOTER last_known_addr { host: "127.25.223.129" port: 36069 } }
I20260630 12:20:07.861249 27014 raft_consensus.cc:385] T f83300083160406a880817c9255291ae P c86990001a1549159aea41b1167515aa [term 0 FOLLOWER]: Consensus starting up: Expiring failure detector timer to make a prompt election more likely
I20260630 12:20:07.861651 27014 raft_consensus.cc:740] T f83300083160406a880817c9255291ae P c86990001a1549159aea41b1167515aa [term 0 FOLLOWER]: Becoming Follower/Learner. State: Replica: c86990001a1549159aea41b1167515aa, State: Initialized, Role: FOLLOWER
I20260630 12:20:07.862653 27014 consensus_queue.cc:260] T f83300083160406a880817c9255291ae P c86990001a1549159aea41b1167515aa [NON_LEADER]: Queue going to NON_LEADER mode. State: All replicated index: 0, Majority replicated index: 0, Committed index: 0, Last appended: 0.0, Last appended by leader: 0, Current term: 0, Majority size: -1, State: 0, Mode: NON_LEADER, active raft config: opid_index: -1 OBSOLETE_local: true peers { permanent_uuid: "c86990001a1549159aea41b1167515aa" member_type: VOTER last_known_addr { host: "127.25.223.129" port: 36069 } }
I20260630 12:20:07.863454 27014 raft_consensus.cc:399] T f83300083160406a880817c9255291ae P c86990001a1549159aea41b1167515aa [term 0 FOLLOWER]: Only one voter in the Raft config. Triggering election immediately
I20260630 12:20:07.863819 27014 raft_consensus.cc:493] T f83300083160406a880817c9255291ae P c86990001a1549159aea41b1167515aa [term 0 FOLLOWER]: Starting leader election (initial election of a single-replica configuration)
I20260630 12:20:07.864167 27014 raft_consensus.cc:3060] T f83300083160406a880817c9255291ae P c86990001a1549159aea41b1167515aa [term 0 FOLLOWER]: Advancing to term 1
I20260630 12:20:07.872802 27014 raft_consensus.cc:515] T f83300083160406a880817c9255291ae P c86990001a1549159aea41b1167515aa [term 1 FOLLOWER]: Starting leader election with config: opid_index: -1 OBSOLETE_local: true peers { permanent_uuid: "c86990001a1549159aea41b1167515aa" member_type: VOTER last_known_addr { host: "127.25.223.129" port: 36069 } }
I20260630 12:20:07.873440 27014 leader_election.cc:304] T f83300083160406a880817c9255291ae P c86990001a1549159aea41b1167515aa [CANDIDATE]: Term 1 election: Election decided. Result: candidate won. Election summary: received 1 responses out of 1 voters: 1 yes votes; 0 no votes. yes voters: c86990001a1549159aea41b1167515aa; no voters: 
I20260630 12:20:07.874008 27014 leader_election.cc:290] T f83300083160406a880817c9255291ae P c86990001a1549159aea41b1167515aa [CANDIDATE]: Term 1 election: Requested vote from peers 
I20260630 12:20:07.874148 27020 raft_consensus.cc:2804] T f83300083160406a880817c9255291ae P c86990001a1549159aea41b1167515aa [term 1 FOLLOWER]: Leader election won for term 1
I20260630 12:20:07.874627 27020 raft_consensus.cc:697] T f83300083160406a880817c9255291ae P c86990001a1549159aea41b1167515aa [term 1 LEADER]: Becoming Leader. State: Replica: c86990001a1549159aea41b1167515aa, State: Running, Role: LEADER
I20260630 12:20:07.875326 27020 consensus_queue.cc:237] T f83300083160406a880817c9255291ae P c86990001a1549159aea41b1167515aa [LEADER]: Queue going to LEADER mode. State: All replicated index: 0, Majority replicated index: 0, Committed index: 0, Last appended: 0.0, Last appended by leader: 0, Current term: 1, Majority size: 1, State: 0, Mode: LEADER, active raft config: opid_index: -1 OBSOLETE_local: true peers { permanent_uuid: "c86990001a1549159aea41b1167515aa" member_type: VOTER last_known_addr { host: "127.25.223.129" port: 36069 } }
I20260630 12:20:07.875753 27014 ts_tablet_manager.cc:1434] T f83300083160406a880817c9255291ae P c86990001a1549159aea41b1167515aa: Time spent starting tablet: real 0.019s	user 0.013s	sys 0.000s
I20260630 12:20:07.893326 26657 catalog_manager.cc:5697] T f83300083160406a880817c9255291ae P c86990001a1549159aea41b1167515aa reported cstate change: term changed from 0 to 1, leader changed from <none> to c86990001a1549159aea41b1167515aa (127.25.223.129). New cstate: current_term: 1 leader_uuid: "c86990001a1549159aea41b1167515aa" committed_config { opid_index: -1 OBSOLETE_local: true peers { permanent_uuid: "c86990001a1549159aea41b1167515aa" member_type: VOTER last_known_addr { host: "127.25.223.129" port: 36069 } health_report { overall_health: HEALTHY } } }
I20260630 12:20:09.330829 26722 auto_leader_rebalancer.cc:141] leader rebalance for table test-workload
I20260630 12:20:09.333214 26722 auto_leader_rebalancer.cc:515] All tables' leader rebalancing finished this round
I20260630 12:20:09.956197 26494 tablet_server.cc:179] TabletServer@127.25.223.129:0 shutting down...
I20260630 12:20:09.974608 26494 ts_tablet_manager.cc:1507] Shutting down tablet manager...
I20260630 12:20:09.975292 26494 tablet_replica.cc:333] T f83300083160406a880817c9255291ae P c86990001a1549159aea41b1167515aa: stopping tablet replica
I20260630 12:20:09.975931 26494 raft_consensus.cc:2243] T f83300083160406a880817c9255291ae P c86990001a1549159aea41b1167515aa [term 1 LEADER]: Raft consensus shutting down.
I20260630 12:20:09.976398 26494 raft_consensus.cc:2272] T f83300083160406a880817c9255291ae P c86990001a1549159aea41b1167515aa [term 1 FOLLOWER]: Raft consensus is shut down!
I20260630 12:20:09.978574 26494 tablet_replica.cc:333] T 8dd91925c4f449bea97c34d11e77eb2f P c86990001a1549159aea41b1167515aa: stopping tablet replica
I20260630 12:20:09.979027 26494 raft_consensus.cc:2243] T 8dd91925c4f449bea97c34d11e77eb2f P c86990001a1549159aea41b1167515aa [term 1 LEADER]: Raft consensus shutting down.
I20260630 12:20:09.979398 26494 raft_consensus.cc:2272] T 8dd91925c4f449bea97c34d11e77eb2f P c86990001a1549159aea41b1167515aa [term 1 FOLLOWER]: Raft consensus is shut down!
I20260630 12:20:10.062806 26494 tablet_server.cc:196] TabletServer@127.25.223.129:0 shutdown complete.
I20260630 12:20:10.072064 26494 tablet_server.cc:179] TabletServer@127.25.223.130:0 shutting down...
I20260630 12:20:10.088258 26494 ts_tablet_manager.cc:1507] Shutting down tablet manager...
I20260630 12:20:10.088862 26494 tablet_replica.cc:333] T 13c389c448644e6cb2dfe0bbaf261fa7 P 6f4200215f31425880943d1bfceb54c7: stopping tablet replica
I20260630 12:20:10.089334 26494 raft_consensus.cc:2243] T 13c389c448644e6cb2dfe0bbaf261fa7 P 6f4200215f31425880943d1bfceb54c7 [term 1 LEADER]: Raft consensus shutting down.
I20260630 12:20:10.089805 26494 raft_consensus.cc:2272] T 13c389c448644e6cb2dfe0bbaf261fa7 P 6f4200215f31425880943d1bfceb54c7 [term 1 FOLLOWER]: Raft consensus is shut down!
I20260630 12:20:10.107227 26494 tablet_server.cc:196] TabletServer@127.25.223.130:0 shutdown complete.
I20260630 12:20:10.115041 26494 tablet_server.cc:179] TabletServer@127.25.223.131:0 shutting down...
I20260630 12:20:10.130055 26494 ts_tablet_manager.cc:1507] Shutting down tablet manager...
I20260630 12:20:10.130654 26494 tablet_replica.cc:333] T 6a2926194c4747ad9f09ce35b73d670c P f3bd8161818c40b0b0ec2e764aa176b2: stopping tablet replica
I20260630 12:20:10.131127 26494 raft_consensus.cc:2243] T 6a2926194c4747ad9f09ce35b73d670c P f3bd8161818c40b0b0ec2e764aa176b2 [term 1 LEADER]: Raft consensus shutting down.
I20260630 12:20:10.131593 26494 raft_consensus.cc:2272] T 6a2926194c4747ad9f09ce35b73d670c P f3bd8161818c40b0b0ec2e764aa176b2 [term 1 FOLLOWER]: Raft consensus is shut down!
I20260630 12:20:10.149183 26494 tablet_server.cc:196] TabletServer@127.25.223.131:0 shutdown complete.
I20260630 12:20:10.156785 26494 master.cc:562] Master@127.25.223.190:35641 shutting down...
I20260630 12:20:10.253006 26494 raft_consensus.cc:2243] T 00000000000000000000000000000000 P 69a18fec08f54ef897491a7e90e98162 [term 1 FOLLOWER]: Raft consensus shutting down.
I20260630 12:20:10.253492 26494 raft_consensus.cc:2272] T 00000000000000000000000000000000 P 69a18fec08f54ef897491a7e90e98162 [term 1 FOLLOWER]: Raft consensus is shut down!
I20260630 12:20:10.253791 26494 tablet_replica.cc:333] T 00000000000000000000000000000000 P 69a18fec08f54ef897491a7e90e98162: stopping tablet replica
I20260630 12:20:10.271478 26494 master.cc:584] Master@127.25.223.190:35641 shutdown complete.
I20260630 12:20:10.282044 26494 master.cc:562] Master@127.25.223.189:38829 shutting down...
W20260630 12:20:10.295326 26640 proxy.cc:239] Call had error, refreshing address and retrying: Remote error: Service unavailable: service kudu.consensus.ConsensusService not registered on Master [suppressed 5 similar messages]
I20260630 12:20:10.297537 26494 raft_consensus.cc:2243] T 00000000000000000000000000000000 P 50f38864438746d780f715c86321ba22 [term 1 FOLLOWER]: Raft consensus shutting down.
I20260630 12:20:10.298106 26494 raft_consensus.cc:2272] T 00000000000000000000000000000000 P 50f38864438746d780f715c86321ba22 [term 1 FOLLOWER]: Raft consensus is shut down!
I20260630 12:20:10.298422 26494 tablet_replica.cc:333] T 00000000000000000000000000000000 P 50f38864438746d780f715c86321ba22: stopping tablet replica
W20260630 12:20:10.298573 26640 consensus_peers.cc:597] T 00000000000000000000000000000000 P debf4582a39848359c0a3fd3e438dfaa -> Peer 50f38864438746d780f715c86321ba22 (127.25.223.189:38829): Couldn't send request to peer 50f38864438746d780f715c86321ba22. Status: Remote error: Service unavailable: service kudu.consensus.ConsensusService not registered on Master. This is attempt 1: this message will repeat every 5th retry.
I20260630 12:20:10.348361 26494 master.cc:584] Master@127.25.223.189:38829 shutdown complete.
I20260630 12:20:10.357651 26494 master.cc:562] Master@127.25.223.188:39995 shutting down...
I20260630 12:20:10.370697 26494 raft_consensus.cc:2243] T 00000000000000000000000000000000 P debf4582a39848359c0a3fd3e438dfaa [term 1 LEADER]: Raft consensus shutting down.
I20260630 12:20:10.371562 26494 raft_consensus.cc:2272] T 00000000000000000000000000000000 P debf4582a39848359c0a3fd3e438dfaa [term 1 FOLLOWER]: Raft consensus is shut down!
