I20260630 12:21:25.344379 29240 catalog_manager.cc:5697] T 9d5f3cda9d0947d49b26b69f53b279e1 P da44d5b17dc04d70b305763210a11b54 reported cstate change: config changed from index -1 to 2, NON_VOTER fef806d54fa34d39a038fd4d321057f6 (127.25.194.132) added. New cstate: current_term: 1 leader_uuid: "58c18a1bc61e459882496a1d3165a62f" committed_config { opid_index: 2 OBSOLETE_local: false peers { permanent_uuid: "aa9ca7bf42384b3da7c783e4b2c09cba" member_type: VOTER last_known_addr { host: "127.25.194.129" port: 46393 } } peers { permanent_uuid: "58c18a1bc61e459882496a1d3165a62f" member_type: VOTER last_known_addr { host: "127.25.194.130" port: 34659 } } peers { permanent_uuid: "da44d5b17dc04d70b305763210a11b54" member_type: VOTER last_known_addr { host: "127.25.194.131" port: 45469 } attrs { replace: true } } peers { permanent_uuid: "fef806d54fa34d39a038fd4d321057f6" member_type: NON_VOTER last_known_addr { host: "127.25.194.132" port: 44187 } attrs { promote: true } } }
I20260630 12:21:25.348527 29344 raft_consensus.cc:2955] T 9d5f3cda9d0947d49b26b69f53b279e1 P aa9ca7bf42384b3da7c783e4b2c09cba [term 1 FOLLOWER]: Committing config change with OpId 1.2: config changed from index -1 to 2, NON_VOTER fef806d54fa34d39a038fd4d321057f6 (127.25.194.132) added. New config: { opid_index: 2 OBSOLETE_local: false peers { permanent_uuid: "aa9ca7bf42384b3da7c783e4b2c09cba" member_type: VOTER last_known_addr { host: "127.25.194.129" port: 46393 } } peers { permanent_uuid: "58c18a1bc61e459882496a1d3165a62f" member_type: VOTER last_known_addr { host: "127.25.194.130" port: 34659 } } peers { permanent_uuid: "da44d5b17dc04d70b305763210a11b54" member_type: VOTER last_known_addr { host: "127.25.194.131" port: 45469 } attrs { replace: true } } peers { permanent_uuid: "fef806d54fa34d39a038fd4d321057f6" member_type: NON_VOTER last_known_addr { host: "127.25.194.132" port: 44187 } attrs { promote: true } } }
I20260630 12:21:25.384999 29492 consensus_queue.cc:237] T d7ab9365c3ba4817aeb0605052f1d6e9 P da44d5b17dc04d70b305763210a11b54 [LEADER]: Queue going to LEADER mode. State: All replicated index: 0, Majority replicated index: 1, Committed index: 1, Last appended: 1.1, Last appended by leader: 0, Current term: 1, Majority size: 2, State: 0, Mode: LEADER, active raft config: opid_index: 2 OBSOLETE_local: false peers { permanent_uuid: "58c18a1bc61e459882496a1d3165a62f" member_type: VOTER last_known_addr { host: "127.25.194.130" port: 34659 } attrs { replace: true } } peers { permanent_uuid: "aa9ca7bf42384b3da7c783e4b2c09cba" member_type: VOTER last_known_addr { host: "127.25.194.129" port: 46393 } } peers { permanent_uuid: "da44d5b17dc04d70b305763210a11b54" member_type: VOTER last_known_addr { host: "127.25.194.131" port: 45469 } } peers { permanent_uuid: "fef806d54fa34d39a038fd4d321057f6" member_type: NON_VOTER last_known_addr { host: "127.25.194.132" port: 44187 } attrs { promote: true } }
I20260630 12:21:25.392925 29344 raft_consensus.cc:1275] T d7ab9365c3ba4817aeb0605052f1d6e9 P aa9ca7bf42384b3da7c783e4b2c09cba [term 1 FOLLOWER]: Refusing update from remote peer da44d5b17dc04d70b305763210a11b54: Log matching property violated. Preceding OpId in replica: term: 1 index: 1. Preceding OpId from leader: term: 1 index: 2. (index mismatch)
I20260630 12:21:25.394606 29578 consensus_queue.cc:1048] T d7ab9365c3ba4817aeb0605052f1d6e9 P da44d5b17dc04d70b305763210a11b54 [LEADER]: Connected to new peer: Peer: permanent_uuid: "aa9ca7bf42384b3da7c783e4b2c09cba" member_type: VOTER last_known_addr { host: "127.25.194.129" port: 46393 }, Status: LMP_MISMATCH, Last received: 0.0, Next index: 2, Last known committed idx: 1, Time since last communication: 0.001s
I20260630 12:21:25.396299 29419 raft_consensus.cc:1275] T d7ab9365c3ba4817aeb0605052f1d6e9 P 58c18a1bc61e459882496a1d3165a62f [term 1 FOLLOWER]: Refusing update from remote peer da44d5b17dc04d70b305763210a11b54: Log matching property violated. Preceding OpId in replica: term: 1 index: 1. Preceding OpId from leader: term: 1 index: 2. (index mismatch)
W20260630 12:21:25.394606 29459 consensus_peers.cc:597] T d7ab9365c3ba4817aeb0605052f1d6e9 P da44d5b17dc04d70b305763210a11b54 -> Peer fef806d54fa34d39a038fd4d321057f6 (127.25.194.132:44187): Couldn't send request to peer fef806d54fa34d39a038fd4d321057f6. Error code: TABLET_NOT_FOUND (6). Status: Not found: Tablet not found: d7ab9365c3ba4817aeb0605052f1d6e9. This is attempt 1: this message will repeat every 5th retry.
I20260630 12:21:25.397595 29578 consensus_queue.cc:1048] T d7ab9365c3ba4817aeb0605052f1d6e9 P da44d5b17dc04d70b305763210a11b54 [LEADER]: Connected to new peer: Peer: permanent_uuid: "58c18a1bc61e459882496a1d3165a62f" member_type: VOTER last_known_addr { host: "127.25.194.130" port: 34659 } attrs { replace: true }, Status: LMP_MISMATCH, Last received: 0.0, Next index: 2, Last known committed idx: 1, Time since last communication: 0.000s
I20260630 12:21:25.406500 29753 raft_consensus.cc:2955] T d7ab9365c3ba4817aeb0605052f1d6e9 P da44d5b17dc04d70b305763210a11b54 [term 1 LEADER]: Committing config change with OpId 1.2: config changed from index -1 to 2, NON_VOTER fef806d54fa34d39a038fd4d321057f6 (127.25.194.132) added. New config: { opid_index: 2 OBSOLETE_local: false peers { permanent_uuid: "58c18a1bc61e459882496a1d3165a62f" member_type: VOTER last_known_addr { host: "127.25.194.130" port: 34659 } attrs { replace: true } } peers { permanent_uuid: "aa9ca7bf42384b3da7c783e4b2c09cba" member_type: VOTER last_known_addr { host: "127.25.194.129" port: 46393 } } peers { permanent_uuid: "da44d5b17dc04d70b305763210a11b54" member_type: VOTER last_known_addr { host: "127.25.194.131" port: 45469 } } peers { permanent_uuid: "fef806d54fa34d39a038fd4d321057f6" member_type: NON_VOTER last_known_addr { host: "127.25.194.132" port: 44187 } attrs { promote: true } } }
I20260630 12:21:25.408442 29419 raft_consensus.cc:2955] T d7ab9365c3ba4817aeb0605052f1d6e9 P 58c18a1bc61e459882496a1d3165a62f [term 1 FOLLOWER]: Committing config change with OpId 1.2: config changed from index -1 to 2, NON_VOTER fef806d54fa34d39a038fd4d321057f6 (127.25.194.132) added. New config: { opid_index: 2 OBSOLETE_local: false peers { permanent_uuid: "58c18a1bc61e459882496a1d3165a62f" member_type: VOTER last_known_addr { host: "127.25.194.130" port: 34659 } attrs { replace: true } } peers { permanent_uuid: "aa9ca7bf42384b3da7c783e4b2c09cba" member_type: VOTER last_known_addr { host: "127.25.194.129" port: 46393 } } peers { permanent_uuid: "da44d5b17dc04d70b305763210a11b54" member_type: VOTER last_known_addr { host: "127.25.194.131" port: 45469 } } peers { permanent_uuid: "fef806d54fa34d39a038fd4d321057f6" member_type: NON_VOTER last_known_addr { host: "127.25.194.132" port: 44187 } attrs { promote: true } } }
I20260630 12:21:25.416297 29344 raft_consensus.cc:2955] T d7ab9365c3ba4817aeb0605052f1d6e9 P aa9ca7bf42384b3da7c783e4b2c09cba [term 1 FOLLOWER]: Committing config change with OpId 1.2: config changed from index -1 to 2, NON_VOTER fef806d54fa34d39a038fd4d321057f6 (127.25.194.132) added. New config: { opid_index: 2 OBSOLETE_local: false peers { permanent_uuid: "58c18a1bc61e459882496a1d3165a62f" member_type: VOTER last_known_addr { host: "127.25.194.130" port: 34659 } attrs { replace: true } } peers { permanent_uuid: "aa9ca7bf42384b3da7c783e4b2c09cba" member_type: VOTER last_known_addr { host: "127.25.194.129" port: 46393 } } peers { permanent_uuid: "da44d5b17dc04d70b305763210a11b54" member_type: VOTER last_known_addr { host: "127.25.194.131" port: 45469 } } peers { permanent_uuid: "fef806d54fa34d39a038fd4d321057f6" member_type: NON_VOTER last_known_addr { host: "127.25.194.132" port: 44187 } attrs { promote: true } } }
I20260630 12:21:25.421819 29240 catalog_manager.cc:5697] T d7ab9365c3ba4817aeb0605052f1d6e9 P da44d5b17dc04d70b305763210a11b54 reported cstate change: config changed from index -1 to 2, NON_VOTER fef806d54fa34d39a038fd4d321057f6 (127.25.194.132) added. New cstate: current_term: 1 leader_uuid: "da44d5b17dc04d70b305763210a11b54" committed_config { opid_index: 2 OBSOLETE_local: false peers { permanent_uuid: "58c18a1bc61e459882496a1d3165a62f" member_type: VOTER last_known_addr { host: "127.25.194.130" port: 34659 } attrs { replace: true } health_report { overall_health: HEALTHY } } peers { permanent_uuid: "aa9ca7bf42384b3da7c783e4b2c09cba" member_type: VOTER last_known_addr { host: "127.25.194.129" port: 46393 } health_report { overall_health: HEALTHY } } peers { permanent_uuid: "da44d5b17dc04d70b305763210a11b54" member_type: VOTER last_known_addr { host: "127.25.194.131" port: 45469 } health_report { overall_health: HEALTHY } } peers { permanent_uuid: "fef806d54fa34d39a038fd4d321057f6" member_type: NON_VOTER last_known_addr { host: "127.25.194.132" port: 44187 } attrs { promote: true } health_report { overall_health: UNKNOWN } } }
I20260630 12:21:25.422922 29418 consensus_queue.cc:237] T 1dfffbff6a5e48edb0c8c9e734cc8e63 P 58c18a1bc61e459882496a1d3165a62f [LEADER]: Queue going to LEADER mode. State: All replicated index: 0, Majority replicated index: 1, Committed index: 1, Last appended: 1.1, Last appended by leader: 0, Current term: 1, Majority size: 2, State: 0, Mode: LEADER, active raft config: opid_index: 2 OBSOLETE_local: false peers { permanent_uuid: "58c18a1bc61e459882496a1d3165a62f" member_type: VOTER last_known_addr { host: "127.25.194.130" port: 34659 } } peers { permanent_uuid: "aa9ca7bf42384b3da7c783e4b2c09cba" member_type: VOTER last_known_addr { host: "127.25.194.129" port: 46393 } attrs { replace: true } } peers { permanent_uuid: "da44d5b17dc04d70b305763210a11b54" member_type: VOTER last_known_addr { host: "127.25.194.131" port: 45469 } } peers { permanent_uuid: "fef806d54fa34d39a038fd4d321057f6" member_type: NON_VOTER last_known_addr { host: "127.25.194.132" port: 44187 } attrs { promote: true } }
W20260630 12:21:25.438164 29385 consensus_peers.cc:597] T 1dfffbff6a5e48edb0c8c9e734cc8e63 P 58c18a1bc61e459882496a1d3165a62f -> Peer fef806d54fa34d39a038fd4d321057f6 (127.25.194.132:44187): Couldn't send request to peer fef806d54fa34d39a038fd4d321057f6. Error code: TABLET_NOT_FOUND (6). Status: Not found: Tablet not found: 1dfffbff6a5e48edb0c8c9e734cc8e63. This is attempt 1: this message will repeat every 5th retry.
I20260630 12:21:25.438942 29492 raft_consensus.cc:1275] T 1dfffbff6a5e48edb0c8c9e734cc8e63 P da44d5b17dc04d70b305763210a11b54 [term 1 FOLLOWER]: Refusing update from remote peer 58c18a1bc61e459882496a1d3165a62f: Log matching property violated. Preceding OpId in replica: term: 1 index: 1. Preceding OpId from leader: term: 1 index: 2. (index mismatch)
I20260630 12:21:25.440805 29757 consensus_queue.cc:1048] T 1dfffbff6a5e48edb0c8c9e734cc8e63 P 58c18a1bc61e459882496a1d3165a62f [LEADER]: Connected to new peer: Peer: permanent_uuid: "da44d5b17dc04d70b305763210a11b54" member_type: VOTER last_known_addr { host: "127.25.194.131" port: 45469 }, Status: LMP_MISMATCH, Last received: 0.0, Next index: 2, Last known committed idx: 1, Time since last communication: 0.000s
I20260630 12:21:25.441267 29344 raft_consensus.cc:1275] T 1dfffbff6a5e48edb0c8c9e734cc8e63 P aa9ca7bf42384b3da7c783e4b2c09cba [term 1 FOLLOWER]: Refusing update from remote peer 58c18a1bc61e459882496a1d3165a62f: Log matching property violated. Preceding OpId in replica: term: 1 index: 1. Preceding OpId from leader: term: 1 index: 2. (index mismatch)
I20260630 12:21:25.443495 29757 consensus_queue.cc:1048] T 1dfffbff6a5e48edb0c8c9e734cc8e63 P 58c18a1bc61e459882496a1d3165a62f [LEADER]: Connected to new peer: Peer: permanent_uuid: "aa9ca7bf42384b3da7c783e4b2c09cba" member_type: VOTER last_known_addr { host: "127.25.194.129" port: 46393 } attrs { replace: true }, Status: LMP_MISMATCH, Last received: 0.0, Next index: 2, Last known committed idx: 1, Time since last communication: 0.000s
I20260630 12:21:25.450038 29757 raft_consensus.cc:2955] T 1dfffbff6a5e48edb0c8c9e734cc8e63 P 58c18a1bc61e459882496a1d3165a62f [term 1 LEADER]: Committing config change with OpId 1.2: config changed from index -1 to 2, NON_VOTER fef806d54fa34d39a038fd4d321057f6 (127.25.194.132) added. New config: { opid_index: 2 OBSOLETE_local: false peers { permanent_uuid: "58c18a1bc61e459882496a1d3165a62f" member_type: VOTER last_known_addr { host: "127.25.194.130" port: 34659 } } peers { permanent_uuid: "aa9ca7bf42384b3da7c783e4b2c09cba" member_type: VOTER last_known_addr { host: "127.25.194.129" port: 46393 } attrs { replace: true } } peers { permanent_uuid: "da44d5b17dc04d70b305763210a11b54" member_type: VOTER last_known_addr { host: "127.25.194.131" port: 45469 } } peers { permanent_uuid: "fef806d54fa34d39a038fd4d321057f6" member_type: NON_VOTER last_known_addr { host: "127.25.194.132" port: 44187 } attrs { promote: true } } }
I20260630 12:21:25.452740 29492 raft_consensus.cc:2955] T 1dfffbff6a5e48edb0c8c9e734cc8e63 P da44d5b17dc04d70b305763210a11b54 [term 1 FOLLOWER]: Committing config change with OpId 1.2: config changed from index -1 to 2, NON_VOTER fef806d54fa34d39a038fd4d321057f6 (127.25.194.132) added. New config: { opid_index: 2 OBSOLETE_local: false peers { permanent_uuid: "58c18a1bc61e459882496a1d3165a62f" member_type: VOTER last_known_addr { host: "127.25.194.130" port: 34659 } } peers { permanent_uuid: "aa9ca7bf42384b3da7c783e4b2c09cba" member_type: VOTER last_known_addr { host: "127.25.194.129" port: 46393 } attrs { replace: true } } peers { permanent_uuid: "da44d5b17dc04d70b305763210a11b54" member_type: VOTER last_known_addr { host: "127.25.194.131" port: 45469 } } peers { permanent_uuid: "fef806d54fa34d39a038fd4d321057f6" member_type: NON_VOTER last_known_addr { host: "127.25.194.132" port: 44187 } attrs { promote: true } } }
I20260630 12:21:25.454008 29344 raft_consensus.cc:2955] T 1dfffbff6a5e48edb0c8c9e734cc8e63 P aa9ca7bf42384b3da7c783e4b2c09cba [term 1 FOLLOWER]: Committing config change with OpId 1.2: config changed from index -1 to 2, NON_VOTER fef806d54fa34d39a038fd4d321057f6 (127.25.194.132) added. New config: { opid_index: 2 OBSOLETE_local: false peers { permanent_uuid: "58c18a1bc61e459882496a1d3165a62f" member_type: VOTER last_known_addr { host: "127.25.194.130" port: 34659 } } peers { permanent_uuid: "aa9ca7bf42384b3da7c783e4b2c09cba" member_type: VOTER last_known_addr { host: "127.25.194.129" port: 46393 } attrs { replace: true } } peers { permanent_uuid: "da44d5b17dc04d70b305763210a11b54" member_type: VOTER last_known_addr { host: "127.25.194.131" port: 45469 } } peers { permanent_uuid: "fef806d54fa34d39a038fd4d321057f6" member_type: NON_VOTER last_known_addr { host: "127.25.194.132" port: 44187 } attrs { promote: true } } }
I20260630 12:21:25.466024 29242 catalog_manager.cc:5697] T 1dfffbff6a5e48edb0c8c9e734cc8e63 P da44d5b17dc04d70b305763210a11b54 reported cstate change: config changed from index -1 to 2, NON_VOTER fef806d54fa34d39a038fd4d321057f6 (127.25.194.132) added. New cstate: current_term: 1 leader_uuid: "58c18a1bc61e459882496a1d3165a62f" committed_config { opid_index: 2 OBSOLETE_local: false peers { permanent_uuid: "58c18a1bc61e459882496a1d3165a62f" member_type: VOTER last_known_addr { host: "127.25.194.130" port: 34659 } } peers { permanent_uuid: "aa9ca7bf42384b3da7c783e4b2c09cba" member_type: VOTER last_known_addr { host: "127.25.194.129" port: 46393 } attrs { replace: true } } peers { permanent_uuid: "da44d5b17dc04d70b305763210a11b54" member_type: VOTER last_known_addr { host: "127.25.194.131" port: 45469 } } peers { permanent_uuid: "fef806d54fa34d39a038fd4d321057f6" member_type: NON_VOTER last_known_addr { host: "127.25.194.132" port: 44187 } attrs { promote: true } } }
I20260630 12:21:25.812867 29792 ts_tablet_manager.cc:933] T 9d5f3cda9d0947d49b26b69f53b279e1 P fef806d54fa34d39a038fd4d321057f6: Initiating tablet copy from peer 58c18a1bc61e459882496a1d3165a62f (127.25.194.130:34659)
I20260630 12:21:25.814492 29792 tablet_copy_client.cc:323] T 9d5f3cda9d0947d49b26b69f53b279e1 P fef806d54fa34d39a038fd4d321057f6: tablet copy: Beginning tablet copy session from remote peer at address 127.25.194.130:34659
I20260630 12:21:25.839288 29429 tablet_copy_service.cc:140] P 58c18a1bc61e459882496a1d3165a62f: Received BeginTabletCopySession request for tablet 9d5f3cda9d0947d49b26b69f53b279e1 from peer fef806d54fa34d39a038fd4d321057f6 ({username='slave'} at 127.0.0.1:45478)
I20260630 12:21:25.839808 29429 tablet_copy_service.cc:161] P 58c18a1bc61e459882496a1d3165a62f: Beginning new tablet copy session on tablet 9d5f3cda9d0947d49b26b69f53b279e1 from peer fef806d54fa34d39a038fd4d321057f6 at {username='slave'} at 127.0.0.1:45478: session id = fef806d54fa34d39a038fd4d321057f6-9d5f3cda9d0947d49b26b69f53b279e1
I20260630 12:21:25.846845 29429 tablet_copy_source_session.cc:215] T 9d5f3cda9d0947d49b26b69f53b279e1 P 58c18a1bc61e459882496a1d3165a62f: Tablet Copy: opened 0 blocks and 1 log segments
I20260630 12:21:25.850589 29792 data_dirs.cc:400] Could only allocate 1 dirs of requested 3 for tablet 9d5f3cda9d0947d49b26b69f53b279e1. 1 dirs total, 0 dirs full, 0 dirs failed
I20260630 12:21:25.856649 29796 ts_tablet_manager.cc:933] T d7ab9365c3ba4817aeb0605052f1d6e9 P fef806d54fa34d39a038fd4d321057f6: Initiating tablet copy from peer da44d5b17dc04d70b305763210a11b54 (127.25.194.131:45469)
I20260630 12:21:25.865208 29796 tablet_copy_client.cc:323] T d7ab9365c3ba4817aeb0605052f1d6e9 P fef806d54fa34d39a038fd4d321057f6: tablet copy: Beginning tablet copy session from remote peer at address 127.25.194.131:45469
I20260630 12:21:25.867408 29503 tablet_copy_service.cc:140] P da44d5b17dc04d70b305763210a11b54: Received BeginTabletCopySession request for tablet d7ab9365c3ba4817aeb0605052f1d6e9 from peer fef806d54fa34d39a038fd4d321057f6 ({username='slave'} at 127.0.0.1:55410)
I20260630 12:21:25.867851 29792 tablet_copy_client.cc:806] T 9d5f3cda9d0947d49b26b69f53b279e1 P fef806d54fa34d39a038fd4d321057f6: tablet copy: Starting download of 0 data blocks...
I20260630 12:21:25.868026 29503 tablet_copy_service.cc:161] P da44d5b17dc04d70b305763210a11b54: Beginning new tablet copy session on tablet d7ab9365c3ba4817aeb0605052f1d6e9 from peer fef806d54fa34d39a038fd4d321057f6 at {username='slave'} at 127.0.0.1:55410: session id = fef806d54fa34d39a038fd4d321057f6-d7ab9365c3ba4817aeb0605052f1d6e9
I20260630 12:21:25.868571 29792 tablet_copy_client.cc:670] T 9d5f3cda9d0947d49b26b69f53b279e1 P fef806d54fa34d39a038fd4d321057f6: tablet copy: Starting download of 1 WAL segments...
I20260630 12:21:25.877281 29503 tablet_copy_source_session.cc:215] T d7ab9365c3ba4817aeb0605052f1d6e9 P da44d5b17dc04d70b305763210a11b54: Tablet Copy: opened 0 blocks and 1 log segments
I20260630 12:21:25.885324 29792 tablet_copy_client.cc:538] T 9d5f3cda9d0947d49b26b69f53b279e1 P fef806d54fa34d39a038fd4d321057f6: tablet copy: Tablet Copy complete. Replacing tablet superblock.
I20260630 12:21:25.895861 29796 data_dirs.cc:400] Could only allocate 1 dirs of requested 3 for tablet d7ab9365c3ba4817aeb0605052f1d6e9. 1 dirs total, 0 dirs full, 0 dirs failed
I20260630 12:21:25.902158 29792 tablet_bootstrap.cc:492] T 9d5f3cda9d0947d49b26b69f53b279e1 P fef806d54fa34d39a038fd4d321057f6: Bootstrap starting.
I20260630 12:21:25.904579 29798 ts_tablet_manager.cc:933] T 6f93ac26a5e041b69f50bd776816a9f6 P fef806d54fa34d39a038fd4d321057f6: Initiating tablet copy from peer 58c18a1bc61e459882496a1d3165a62f (127.25.194.130:34659)
I20260630 12:21:25.925263 29798 tablet_copy_client.cc:323] T 6f93ac26a5e041b69f50bd776816a9f6 P fef806d54fa34d39a038fd4d321057f6: tablet copy: Beginning tablet copy session from remote peer at address 127.25.194.130:34659
I20260630 12:21:25.927131 29429 tablet_copy_service.cc:140] P 58c18a1bc61e459882496a1d3165a62f: Received BeginTabletCopySession request for tablet 6f93ac26a5e041b69f50bd776816a9f6 from peer fef806d54fa34d39a038fd4d321057f6 ({username='slave'} at 127.0.0.1:45478)
I20260630 12:21:25.927675 29429 tablet_copy_service.cc:161] P 58c18a1bc61e459882496a1d3165a62f: Beginning new tablet copy session on tablet 6f93ac26a5e041b69f50bd776816a9f6 from peer fef806d54fa34d39a038fd4d321057f6 at {username='slave'} at 127.0.0.1:45478: session id = fef806d54fa34d39a038fd4d321057f6-6f93ac26a5e041b69f50bd776816a9f6
I20260630 12:21:25.928891 29796 tablet_copy_client.cc:806] T d7ab9365c3ba4817aeb0605052f1d6e9 P fef806d54fa34d39a038fd4d321057f6: tablet copy: Starting download of 0 data blocks...
I20260630 12:21:25.929423 29796 tablet_copy_client.cc:670] T d7ab9365c3ba4817aeb0605052f1d6e9 P fef806d54fa34d39a038fd4d321057f6: tablet copy: Starting download of 1 WAL segments...
I20260630 12:21:25.933145 29796 tablet_copy_client.cc:538] T d7ab9365c3ba4817aeb0605052f1d6e9 P fef806d54fa34d39a038fd4d321057f6: tablet copy: Tablet Copy complete. Replacing tablet superblock.
I20260630 12:21:25.935492 29429 tablet_copy_source_session.cc:215] T 6f93ac26a5e041b69f50bd776816a9f6 P 58c18a1bc61e459882496a1d3165a62f: Tablet Copy: opened 0 blocks and 1 log segments
I20260630 12:21:25.940558 29798 data_dirs.cc:400] Could only allocate 1 dirs of requested 3 for tablet 6f93ac26a5e041b69f50bd776816a9f6. 1 dirs total, 0 dirs full, 0 dirs failed
I20260630 12:21:25.948817 29796 tablet_bootstrap.cc:492] T d7ab9365c3ba4817aeb0605052f1d6e9 P fef806d54fa34d39a038fd4d321057f6: Bootstrap starting.
I20260630 12:21:25.968760 29792 tablet_bootstrap.cc:492] T 9d5f3cda9d0947d49b26b69f53b279e1 P fef806d54fa34d39a038fd4d321057f6: Bootstrap replayed 1/1 log segments. Stats: ops{read=2 overwritten=0 applied=2 ignored=0} inserts{seen=0 ignored=0} mutations{seen=0 ignored=0} orphaned_commits=0. Pending: 0 replicates
I20260630 12:21:25.970366 29792 tablet_bootstrap.cc:492] T 9d5f3cda9d0947d49b26b69f53b279e1 P fef806d54fa34d39a038fd4d321057f6: Bootstrap complete.
I20260630 12:21:25.971170 29792 ts_tablet_manager.cc:1403] T 9d5f3cda9d0947d49b26b69f53b279e1 P fef806d54fa34d39a038fd4d321057f6: Time spent bootstrapping tablet: real 0.069s	user 0.024s	sys 0.004s
I20260630 12:21:25.969067 29798 tablet_copy_client.cc:806] T 6f93ac26a5e041b69f50bd776816a9f6 P fef806d54fa34d39a038fd4d321057f6: tablet copy: Starting download of 0 data blocks...
I20260630 12:21:25.972397 29798 tablet_copy_client.cc:670] T 6f93ac26a5e041b69f50bd776816a9f6 P fef806d54fa34d39a038fd4d321057f6: tablet copy: Starting download of 1 WAL segments...
I20260630 12:21:25.976599 29798 tablet_copy_client.cc:538] T 6f93ac26a5e041b69f50bd776816a9f6 P fef806d54fa34d39a038fd4d321057f6: tablet copy: Tablet Copy complete. Replacing tablet superblock.
I20260630 12:21:25.982460 29796 tablet_bootstrap.cc:492] T d7ab9365c3ba4817aeb0605052f1d6e9 P fef806d54fa34d39a038fd4d321057f6: Bootstrap replayed 1/1 log segments. Stats: ops{read=2 overwritten=0 applied=2 ignored=0} inserts{seen=0 ignored=0} mutations{seen=0 ignored=0} orphaned_commits=0. Pending: 0 replicates
I20260630 12:21:25.983371 29796 tablet_bootstrap.cc:492] T d7ab9365c3ba4817aeb0605052f1d6e9 P fef806d54fa34d39a038fd4d321057f6: Bootstrap complete.
I20260630 12:21:25.984053 29796 ts_tablet_manager.cc:1403] T d7ab9365c3ba4817aeb0605052f1d6e9 P fef806d54fa34d39a038fd4d321057f6: Time spent bootstrapping tablet: real 0.035s	user 0.021s	sys 0.009s
I20260630 12:21:25.986914 29796 raft_consensus.cc:359] T d7ab9365c3ba4817aeb0605052f1d6e9 P fef806d54fa34d39a038fd4d321057f6 [term 1 LEARNER]: Replica starting. Triggering 0 pending ops. Active config: opid_index: 2 OBSOLETE_local: false peers { permanent_uuid: "58c18a1bc61e459882496a1d3165a62f" member_type: VOTER last_known_addr { host: "127.25.194.130" port: 34659 } attrs { replace: true } } peers { permanent_uuid: "aa9ca7bf42384b3da7c783e4b2c09cba" member_type: VOTER last_known_addr { host: "127.25.194.129" port: 46393 } } peers { permanent_uuid: "da44d5b17dc04d70b305763210a11b54" member_type: VOTER last_known_addr { host: "127.25.194.131" port: 45469 } } peers { permanent_uuid: "fef806d54fa34d39a038fd4d321057f6" member_type: NON_VOTER last_known_addr { host: "127.25.194.132" port: 44187 } attrs { promote: true } }
I20260630 12:21:25.987769 29796 raft_consensus.cc:740] T d7ab9365c3ba4817aeb0605052f1d6e9 P fef806d54fa34d39a038fd4d321057f6 [term 1 LEARNER]: Becoming Follower/Learner. State: Replica: fef806d54fa34d39a038fd4d321057f6, State: Initialized, Role: LEARNER
I20260630 12:21:25.988490 29796 consensus_queue.cc:260] T d7ab9365c3ba4817aeb0605052f1d6e9 P fef806d54fa34d39a038fd4d321057f6 [NON_LEADER]: Queue going to NON_LEADER mode. State: All replicated index: 0, Majority replicated index: 0, Committed index: 2, Last appended: 1.2, Last appended by leader: 2, Current term: 0, Majority size: -1, State: 0, Mode: NON_LEADER, active raft config: opid_index: 2 OBSOLETE_local: false peers { permanent_uuid: "58c18a1bc61e459882496a1d3165a62f" member_type: VOTER last_known_addr { host: "127.25.194.130" port: 34659 } attrs { replace: true } } peers { permanent_uuid: "aa9ca7bf42384b3da7c783e4b2c09cba" member_type: VOTER last_known_addr { host: "127.25.194.129" port: 46393 } } peers { permanent_uuid: "da44d5b17dc04d70b305763210a11b54" member_type: VOTER last_known_addr { host: "127.25.194.131" port: 45469 } } peers { permanent_uuid: "fef806d54fa34d39a038fd4d321057f6" member_type: NON_VOTER last_known_addr { host: "127.25.194.132" port: 44187 } attrs { promote: true } }
I20260630 12:21:25.987902 29792 raft_consensus.cc:359] T 9d5f3cda9d0947d49b26b69f53b279e1 P fef806d54fa34d39a038fd4d321057f6 [term 1 LEARNER]: Replica starting. Triggering 0 pending ops. Active config: opid_index: 2 OBSOLETE_local: false peers { permanent_uuid: "aa9ca7bf42384b3da7c783e4b2c09cba" member_type: VOTER last_known_addr { host: "127.25.194.129" port: 46393 } } peers { permanent_uuid: "58c18a1bc61e459882496a1d3165a62f" member_type: VOTER last_known_addr { host: "127.25.194.130" port: 34659 } } peers { permanent_uuid: "da44d5b17dc04d70b305763210a11b54" member_type: VOTER last_known_addr { host: "127.25.194.131" port: 45469 } attrs { replace: true } } peers { permanent_uuid: "fef806d54fa34d39a038fd4d321057f6" member_type: NON_VOTER last_known_addr { host: "127.25.194.132" port: 44187 } attrs { promote: true } }
I20260630 12:21:25.992584 29792 raft_consensus.cc:740] T 9d5f3cda9d0947d49b26b69f53b279e1 P fef806d54fa34d39a038fd4d321057f6 [term 1 LEARNER]: Becoming Follower/Learner. State: Replica: fef806d54fa34d39a038fd4d321057f6, State: Initialized, Role: LEARNER
I20260630 12:21:25.996142 29798 tablet_bootstrap.cc:492] T 6f93ac26a5e041b69f50bd776816a9f6 P fef806d54fa34d39a038fd4d321057f6: Bootstrap starting.
I20260630 12:21:25.996191 29792 consensus_queue.cc:260] T 9d5f3cda9d0947d49b26b69f53b279e1 P fef806d54fa34d39a038fd4d321057f6 [NON_LEADER]: Queue going to NON_LEADER mode. State: All replicated index: 0, Majority replicated index: 0, Committed index: 2, Last appended: 1.2, Last appended by leader: 2, Current term: 0, Majority size: -1, State: 0, Mode: NON_LEADER, active raft config: opid_index: 2 OBSOLETE_local: false peers { permanent_uuid: "aa9ca7bf42384b3da7c783e4b2c09cba" member_type: VOTER last_known_addr { host: "127.25.194.129" port: 46393 } } peers { permanent_uuid: "58c18a1bc61e459882496a1d3165a62f" member_type: VOTER last_known_addr { host: "127.25.194.130" port: 34659 } } peers { permanent_uuid: "da44d5b17dc04d70b305763210a11b54" member_type: VOTER last_known_addr { host: "127.25.194.131" port: 45469 } attrs { replace: true } } peers { permanent_uuid: "fef806d54fa34d39a038fd4d321057f6" member_type: NON_VOTER last_known_addr { host: "127.25.194.132" port: 44187 } attrs { promote: true } }
I20260630 12:21:25.998782 29792 ts_tablet_manager.cc:1434] T 9d5f3cda9d0947d49b26b69f53b279e1 P fef806d54fa34d39a038fd4d321057f6: Time spent starting tablet: real 0.013s	user 0.005s	sys 0.001s
I20260630 12:21:25.995265 29796 ts_tablet_manager.cc:1434] T d7ab9365c3ba4817aeb0605052f1d6e9 P fef806d54fa34d39a038fd4d321057f6: Time spent starting tablet: real 0.011s	user 0.006s	sys 0.000s
I20260630 12:21:26.000516 29503 tablet_copy_service.cc:342] P da44d5b17dc04d70b305763210a11b54: Request end of tablet copy session fef806d54fa34d39a038fd4d321057f6-d7ab9365c3ba4817aeb0605052f1d6e9 received from {username='slave'} at 127.0.0.1:55410
I20260630 12:21:26.000967 29503 tablet_copy_service.cc:434] P da44d5b17dc04d70b305763210a11b54: ending tablet copy session fef806d54fa34d39a038fd4d321057f6-d7ab9365c3ba4817aeb0605052f1d6e9 on tablet d7ab9365c3ba4817aeb0605052f1d6e9 with peer fef806d54fa34d39a038fd4d321057f6
I20260630 12:21:26.004969 29429 tablet_copy_service.cc:342] P 58c18a1bc61e459882496a1d3165a62f: Request end of tablet copy session fef806d54fa34d39a038fd4d321057f6-9d5f3cda9d0947d49b26b69f53b279e1 received from {username='slave'} at 127.0.0.1:45478
I20260630 12:21:26.005416 29429 tablet_copy_service.cc:434] P 58c18a1bc61e459882496a1d3165a62f: ending tablet copy session fef806d54fa34d39a038fd4d321057f6-9d5f3cda9d0947d49b26b69f53b279e1 on tablet 9d5f3cda9d0947d49b26b69f53b279e1 with peer fef806d54fa34d39a038fd4d321057f6
I20260630 12:21:26.025832 29798 tablet_bootstrap.cc:492] T 6f93ac26a5e041b69f50bd776816a9f6 P fef806d54fa34d39a038fd4d321057f6: Bootstrap replayed 1/1 log segments. Stats: ops{read=2 overwritten=0 applied=2 ignored=0} inserts{seen=0 ignored=0} mutations{seen=0 ignored=0} orphaned_commits=0. Pending: 0 replicates
I20260630 12:21:26.026816 29798 tablet_bootstrap.cc:492] T 6f93ac26a5e041b69f50bd776816a9f6 P fef806d54fa34d39a038fd4d321057f6: Bootstrap complete.
I20260630 12:21:26.027992 29798 ts_tablet_manager.cc:1403] T 6f93ac26a5e041b69f50bd776816a9f6 P fef806d54fa34d39a038fd4d321057f6: Time spent bootstrapping tablet: real 0.032s	user 0.018s	sys 0.007s
I20260630 12:21:26.031121 29798 raft_consensus.cc:359] T 6f93ac26a5e041b69f50bd776816a9f6 P fef806d54fa34d39a038fd4d321057f6 [term 1 LEARNER]: Replica starting. Triggering 0 pending ops. Active config: opid_index: 2 OBSOLETE_local: false peers { permanent_uuid: "aa9ca7bf42384b3da7c783e4b2c09cba" member_type: VOTER last_known_addr { host: "127.25.194.129" port: 46393 } attrs { replace: true } } peers { permanent_uuid: "58c18a1bc61e459882496a1d3165a62f" member_type: VOTER last_known_addr { host: "127.25.194.130" port: 34659 } } peers { permanent_uuid: "da44d5b17dc04d70b305763210a11b54" member_type: VOTER last_known_addr { host: "127.25.194.131" port: 45469 } } peers { permanent_uuid: "fef806d54fa34d39a038fd4d321057f6" member_type: NON_VOTER last_known_addr { host: "127.25.194.132" port: 44187 } attrs { promote: true } }
I20260630 12:21:26.032003 29798 raft_consensus.cc:740] T 6f93ac26a5e041b69f50bd776816a9f6 P fef806d54fa34d39a038fd4d321057f6 [term 1 LEARNER]: Becoming Follower/Learner. State: Replica: fef806d54fa34d39a038fd4d321057f6, State: Initialized, Role: LEARNER
I20260630 12:21:26.032663 29798 consensus_queue.cc:260] T 6f93ac26a5e041b69f50bd776816a9f6 P fef806d54fa34d39a038fd4d321057f6 [NON_LEADER]: Queue going to NON_LEADER mode. State: All replicated index: 0, Majority replicated index: 0, Committed index: 2, Last appended: 1.2, Last appended by leader: 2, Current term: 0, Majority size: -1, State: 0, Mode: NON_LEADER, active raft config: opid_index: 2 OBSOLETE_local: false peers { permanent_uuid: "aa9ca7bf42384b3da7c783e4b2c09cba" member_type: VOTER last_known_addr { host: "127.25.194.129" port: 46393 } attrs { replace: true } } peers { permanent_uuid: "58c18a1bc61e459882496a1d3165a62f" member_type: VOTER last_known_addr { host: "127.25.194.130" port: 34659 } } peers { permanent_uuid: "da44d5b17dc04d70b305763210a11b54" member_type: VOTER last_known_addr { host: "127.25.194.131" port: 45469 } } peers { permanent_uuid: "fef806d54fa34d39a038fd4d321057f6" member_type: NON_VOTER last_known_addr { host: "127.25.194.132" port: 44187 } attrs { promote: true } }
I20260630 12:21:26.035117 29798 ts_tablet_manager.cc:1434] T 6f93ac26a5e041b69f50bd776816a9f6 P fef806d54fa34d39a038fd4d321057f6: Time spent starting tablet: real 0.007s	user 0.008s	sys 0.000s
I20260630 12:21:26.037197 29429 tablet_copy_service.cc:342] P 58c18a1bc61e459882496a1d3165a62f: Request end of tablet copy session fef806d54fa34d39a038fd4d321057f6-6f93ac26a5e041b69f50bd776816a9f6 received from {username='slave'} at 127.0.0.1:45478
I20260630 12:21:26.037648 29429 tablet_copy_service.cc:434] P 58c18a1bc61e459882496a1d3165a62f: ending tablet copy session fef806d54fa34d39a038fd4d321057f6-6f93ac26a5e041b69f50bd776816a9f6 on tablet 6f93ac26a5e041b69f50bd776816a9f6 with peer fef806d54fa34d39a038fd4d321057f6
I20260630 12:21:26.047070 29798 ts_tablet_manager.cc:933] T 1dfffbff6a5e48edb0c8c9e734cc8e63 P fef806d54fa34d39a038fd4d321057f6: Initiating tablet copy from peer 58c18a1bc61e459882496a1d3165a62f (127.25.194.130:34659)
I20260630 12:21:26.048838 29798 tablet_copy_client.cc:323] T 1dfffbff6a5e48edb0c8c9e734cc8e63 P fef806d54fa34d39a038fd4d321057f6: tablet copy: Beginning tablet copy session from remote peer at address 127.25.194.130:34659
I20260630 12:21:26.050230 29429 tablet_copy_service.cc:140] P 58c18a1bc61e459882496a1d3165a62f: Received BeginTabletCopySession request for tablet 1dfffbff6a5e48edb0c8c9e734cc8e63 from peer fef806d54fa34d39a038fd4d321057f6 ({username='slave'} at 127.0.0.1:45478)
I20260630 12:21:26.050655 29429 tablet_copy_service.cc:161] P 58c18a1bc61e459882496a1d3165a62f: Beginning new tablet copy session on tablet 1dfffbff6a5e48edb0c8c9e734cc8e63 from peer fef806d54fa34d39a038fd4d321057f6 at {username='slave'} at 127.0.0.1:45478: session id = fef806d54fa34d39a038fd4d321057f6-1dfffbff6a5e48edb0c8c9e734cc8e63
I20260630 12:21:26.056897 29429 tablet_copy_source_session.cc:215] T 1dfffbff6a5e48edb0c8c9e734cc8e63 P 58c18a1bc61e459882496a1d3165a62f: Tablet Copy: opened 0 blocks and 1 log segments
I20260630 12:21:26.059196 29798 data_dirs.cc:400] Could only allocate 1 dirs of requested 3 for tablet 1dfffbff6a5e48edb0c8c9e734cc8e63. 1 dirs total, 0 dirs full, 0 dirs failed
I20260630 12:21:26.069305 29798 tablet_copy_client.cc:806] T 1dfffbff6a5e48edb0c8c9e734cc8e63 P fef806d54fa34d39a038fd4d321057f6: tablet copy: Starting download of 0 data blocks...
I20260630 12:21:26.069895 29798 tablet_copy_client.cc:670] T 1dfffbff6a5e48edb0c8c9e734cc8e63 P fef806d54fa34d39a038fd4d321057f6: tablet copy: Starting download of 1 WAL segments...
I20260630 12:21:26.074843 29798 tablet_copy_client.cc:538] T 1dfffbff6a5e48edb0c8c9e734cc8e63 P fef806d54fa34d39a038fd4d321057f6: tablet copy: Tablet Copy complete. Replacing tablet superblock.
I20260630 12:21:26.081235 29798 tablet_bootstrap.cc:492] T 1dfffbff6a5e48edb0c8c9e734cc8e63 P fef806d54fa34d39a038fd4d321057f6: Bootstrap starting.
I20260630 12:21:26.095768 29798 tablet_bootstrap.cc:492] T 1dfffbff6a5e48edb0c8c9e734cc8e63 P fef806d54fa34d39a038fd4d321057f6: Bootstrap replayed 1/1 log segments. Stats: ops{read=2 overwritten=0 applied=2 ignored=0} inserts{seen=0 ignored=0} mutations{seen=0 ignored=0} orphaned_commits=0. Pending: 0 replicates
I20260630 12:21:26.096757 29798 tablet_bootstrap.cc:492] T 1dfffbff6a5e48edb0c8c9e734cc8e63 P fef806d54fa34d39a038fd4d321057f6: Bootstrap complete.
I20260630 12:21:26.097500 29798 ts_tablet_manager.cc:1403] T 1dfffbff6a5e48edb0c8c9e734cc8e63 P fef806d54fa34d39a038fd4d321057f6: Time spent bootstrapping tablet: real 0.016s	user 0.018s	sys 0.000s
I20260630 12:21:26.100507 29798 raft_consensus.cc:359] T 1dfffbff6a5e48edb0c8c9e734cc8e63 P fef806d54fa34d39a038fd4d321057f6 [term 1 LEARNER]: Replica starting. Triggering 0 pending ops. Active config: opid_index: 2 OBSOLETE_local: false peers { permanent_uuid: "58c18a1bc61e459882496a1d3165a62f" member_type: VOTER last_known_addr { host: "127.25.194.130" port: 34659 } } peers { permanent_uuid: "aa9ca7bf42384b3da7c783e4b2c09cba" member_type: VOTER last_known_addr { host: "127.25.194.129" port: 46393 } attrs { replace: true } } peers { permanent_uuid: "da44d5b17dc04d70b305763210a11b54" member_type: VOTER last_known_addr { host: "127.25.194.131" port: 45469 } } peers { permanent_uuid: "fef806d54fa34d39a038fd4d321057f6" member_type: NON_VOTER last_known_addr { host: "127.25.194.132" port: 44187 } attrs { promote: true } }
I20260630 12:21:26.101363 29798 raft_consensus.cc:740] T 1dfffbff6a5e48edb0c8c9e734cc8e63 P fef806d54fa34d39a038fd4d321057f6 [term 1 LEARNER]: Becoming Follower/Learner. State: Replica: fef806d54fa34d39a038fd4d321057f6, State: Initialized, Role: LEARNER
I20260630 12:21:26.102279 29798 consensus_queue.cc:260] T 1dfffbff6a5e48edb0c8c9e734cc8e63 P fef806d54fa34d39a038fd4d321057f6 [NON_LEADER]: Queue going to NON_LEADER mode. State: All replicated index: 0, Majority replicated index: 0, Committed index: 2, Last appended: 1.2, Last appended by leader: 2, Current term: 0, Majority size: -1, State: 0, Mode: NON_LEADER, active raft config: opid_index: 2 OBSOLETE_local: false peers { permanent_uuid: "58c18a1bc61e459882496a1d3165a62f" member_type: VOTER last_known_addr { host: "127.25.194.130" port: 34659 } } peers { permanent_uuid: "aa9ca7bf42384b3da7c783e4b2c09cba" member_type: VOTER last_known_addr { host: "127.25.194.129" port: 46393 } attrs { replace: true } } peers { permanent_uuid: "da44d5b17dc04d70b305763210a11b54" member_type: VOTER last_known_addr { host: "127.25.194.131" port: 45469 } } peers { permanent_uuid: "fef806d54fa34d39a038fd4d321057f6" member_type: NON_VOTER last_known_addr { host: "127.25.194.132" port: 44187 } attrs { promote: true } }
I20260630 12:21:26.104889 29798 ts_tablet_manager.cc:1434] T 1dfffbff6a5e48edb0c8c9e734cc8e63 P fef806d54fa34d39a038fd4d321057f6: Time spent starting tablet: real 0.007s	user 0.005s	sys 0.000s
I20260630 12:21:26.106752 29429 tablet_copy_service.cc:342] P 58c18a1bc61e459882496a1d3165a62f: Request end of tablet copy session fef806d54fa34d39a038fd4d321057f6-1dfffbff6a5e48edb0c8c9e734cc8e63 received from {username='slave'} at 127.0.0.1:45478
I20260630 12:21:26.107177 29429 tablet_copy_service.cc:434] P 58c18a1bc61e459882496a1d3165a62f: ending tablet copy session fef806d54fa34d39a038fd4d321057f6-1dfffbff6a5e48edb0c8c9e734cc8e63 on tablet 1dfffbff6a5e48edb0c8c9e734cc8e63 with peer fef806d54fa34d39a038fd4d321057f6
I20260630 12:21:26.193095 29295 auto_leader_rebalancer.cc:141] leader rebalance for table range_aware_rebalance_new_range
I20260630 12:21:26.242192 29344 tablet_service.cc:2072] Received LeaderStepDown RPC: tablet_id: "497db84dbd884146bd28794933ddf005"
dest_uuid: "aa9ca7bf42384b3da7c783e4b2c09cba"
mode: GRACEFUL
new_leader_uuid: "fef806d54fa34d39a038fd4d321057f6"
 from {username='slave'} at 127.0.0.1:47884
I20260630 12:21:26.242889 29344 raft_consensus.cc:606] T 497db84dbd884146bd28794933ddf005 P aa9ca7bf42384b3da7c783e4b2c09cba [term 1 LEADER]: Received request to transfer leadership to TS fef806d54fa34d39a038fd4d321057f6
I20260630 12:21:26.257419 29418 tablet_service.cc:2072] Received LeaderStepDown RPC: tablet_id: "6f93ac26a5e041b69f50bd776816a9f6"
dest_uuid: "58c18a1bc61e459882496a1d3165a62f"
mode: GRACEFUL
new_leader_uuid: "aa9ca7bf42384b3da7c783e4b2c09cba"
 from {username='slave'} at 127.0.0.1:45480
I20260630 12:21:26.258056 29418 raft_consensus.cc:606] T 6f93ac26a5e041b69f50bd776816a9f6 P 58c18a1bc61e459882496a1d3165a62f [term 1 LEADER]: Received request to transfer leadership to TS aa9ca7bf42384b3da7c783e4b2c09cba
I20260630 12:21:26.259269 29757 raft_consensus.cc:993] T 6f93ac26a5e041b69f50bd776816a9f6 P 58c18a1bc61e459882496a1d3165a62f: : Instructing follower aa9ca7bf42384b3da7c783e4b2c09cba to start an election
I20260630 12:21:26.259698 29757 raft_consensus.cc:1081] T 6f93ac26a5e041b69f50bd776816a9f6 P 58c18a1bc61e459882496a1d3165a62f [term 1 LEADER]: Signalling peer aa9ca7bf42384b3da7c783e4b2c09cba to start an election
I20260630 12:21:26.264187 29344 tablet_service.cc:2044] Received Run Leader Election RPC: tablet_id: "6f93ac26a5e041b69f50bd776816a9f6"
dest_uuid: "aa9ca7bf42384b3da7c783e4b2c09cba"
 from {username='slave'} at 127.0.0.1:47850
I20260630 12:21:26.264731 29344 raft_consensus.cc:493] T 6f93ac26a5e041b69f50bd776816a9f6 P aa9ca7bf42384b3da7c783e4b2c09cba [term 1 FOLLOWER]: Starting forced leader election (received explicit request)
I20260630 12:21:26.265039 29344 raft_consensus.cc:3060] T 6f93ac26a5e041b69f50bd776816a9f6 P aa9ca7bf42384b3da7c783e4b2c09cba [term 1 FOLLOWER]: Advancing to term 2
I20260630 12:21:26.282559 29344 raft_consensus.cc:515] T 6f93ac26a5e041b69f50bd776816a9f6 P aa9ca7bf42384b3da7c783e4b2c09cba [term 2 FOLLOWER]: Starting forced leader election with config: opid_index: 2 OBSOLETE_local: false peers { permanent_uuid: "aa9ca7bf42384b3da7c783e4b2c09cba" member_type: VOTER last_known_addr { host: "127.25.194.129" port: 46393 } attrs { replace: true } } peers { permanent_uuid: "58c18a1bc61e459882496a1d3165a62f" member_type: VOTER last_known_addr { host: "127.25.194.130" port: 34659 } } peers { permanent_uuid: "da44d5b17dc04d70b305763210a11b54" member_type: VOTER last_known_addr { host: "127.25.194.131" port: 45469 } } peers { permanent_uuid: "fef806d54fa34d39a038fd4d321057f6" member_type: NON_VOTER last_known_addr { host: "127.25.194.132" port: 44187 } attrs { promote: true } }
I20260630 12:21:26.285976 29344 leader_election.cc:290] T 6f93ac26a5e041b69f50bd776816a9f6 P aa9ca7bf42384b3da7c783e4b2c09cba [CANDIDATE]: Term 2 election: Requested vote from peers 58c18a1bc61e459882496a1d3165a62f (127.25.194.130:34659), da44d5b17dc04d70b305763210a11b54 (127.25.194.131:45469)
I20260630 12:21:26.286958 29418 tablet_service.cc:1917] Received RequestConsensusVote() RPC: tablet_id: "6f93ac26a5e041b69f50bd776816a9f6" candidate_uuid: "aa9ca7bf42384b3da7c783e4b2c09cba" candidate_term: 2 candidate_status { last_received { term: 1 index: 2 } } ignore_live_leader: true dest_uuid: "58c18a1bc61e459882496a1d3165a62f"
I20260630 12:21:26.287962 29418 raft_consensus.cc:3055] T 6f93ac26a5e041b69f50bd776816a9f6 P 58c18a1bc61e459882496a1d3165a62f [term 1 LEADER]: Stepping down as leader of term 1
I20260630 12:21:26.288286 29418 raft_consensus.cc:740] T 6f93ac26a5e041b69f50bd776816a9f6 P 58c18a1bc61e459882496a1d3165a62f [term 1 LEADER]: Becoming Follower/Learner. State: Replica: 58c18a1bc61e459882496a1d3165a62f, State: Running, Role: LEADER
I20260630 12:21:26.289068 29418 consensus_queue.cc:260] T 6f93ac26a5e041b69f50bd776816a9f6 P 58c18a1bc61e459882496a1d3165a62f [NON_LEADER]: Queue going to NON_LEADER mode. State: All replicated index: 0, Majority replicated index: 2, Committed index: 2, Last appended: 1.2, Last appended by leader: 2, Current term: 1, Majority size: -1, State: 0, Mode: NON_LEADER, active raft config: opid_index: 2 OBSOLETE_local: false peers { permanent_uuid: "aa9ca7bf42384b3da7c783e4b2c09cba" member_type: VOTER last_known_addr { host: "127.25.194.129" port: 46393 } attrs { replace: true } } peers { permanent_uuid: "58c18a1bc61e459882496a1d3165a62f" member_type: VOTER last_known_addr { host: "127.25.194.130" port: 34659 } } peers { permanent_uuid: "da44d5b17dc04d70b305763210a11b54" member_type: VOTER last_known_addr { host: "127.25.194.131" port: 45469 } } peers { permanent_uuid: "fef806d54fa34d39a038fd4d321057f6" member_type: NON_VOTER last_known_addr { host: "127.25.194.132" port: 44187 } attrs { promote: true } }
I20260630 12:21:26.290488 29418 raft_consensus.cc:3060] T 6f93ac26a5e041b69f50bd776816a9f6 P 58c18a1bc61e459882496a1d3165a62f [term 1 FOLLOWER]: Advancing to term 2
I20260630 12:21:26.297521 29492 tablet_service.cc:1917] Received RequestConsensusVote() RPC: tablet_id: "6f93ac26a5e041b69f50bd776816a9f6" candidate_uuid: "aa9ca7bf42384b3da7c783e4b2c09cba" candidate_term: 2 candidate_status { last_received { term: 1 index: 2 } } ignore_live_leader: true dest_uuid: "da44d5b17dc04d70b305763210a11b54"
I20260630 12:21:26.298166 29492 raft_consensus.cc:3060] T 6f93ac26a5e041b69f50bd776816a9f6 P da44d5b17dc04d70b305763210a11b54 [term 1 FOLLOWER]: Advancing to term 2
I20260630 12:21:26.298364 29418 raft_consensus.cc:2468] T 6f93ac26a5e041b69f50bd776816a9f6 P 58c18a1bc61e459882496a1d3165a62f [term 2 FOLLOWER]: Leader election vote request: Granting yes vote for candidate aa9ca7bf42384b3da7c783e4b2c09cba in term 2.
I20260630 12:21:26.299816 29309 leader_election.cc:304] T 6f93ac26a5e041b69f50bd776816a9f6 P aa9ca7bf42384b3da7c783e4b2c09cba [CANDIDATE]: Term 2 election: Election decided. Result: candidate won. Election summary: received 2 responses out of 3 voters: 2 yes votes; 0 no votes. yes voters: 58c18a1bc61e459882496a1d3165a62f, aa9ca7bf42384b3da7c783e4b2c09cba; no voters: 
I20260630 12:21:26.300660 29573 raft_consensus.cc:2804] T 6f93ac26a5e041b69f50bd776816a9f6 P aa9ca7bf42384b3da7c783e4b2c09cba [term 2 FOLLOWER]: Leader election won for term 2
I20260630 12:21:26.308599 29492 raft_consensus.cc:2468] T 6f93ac26a5e041b69f50bd776816a9f6 P da44d5b17dc04d70b305763210a11b54 [term 2 FOLLOWER]: Leader election vote request: Granting yes vote for candidate aa9ca7bf42384b3da7c783e4b2c09cba in term 2.
I20260630 12:21:26.313884 29573 raft_consensus.cc:697] T 6f93ac26a5e041b69f50bd776816a9f6 P aa9ca7bf42384b3da7c783e4b2c09cba [term 2 LEADER]: Becoming Leader. State: Replica: aa9ca7bf42384b3da7c783e4b2c09cba, State: Running, Role: LEADER
I20260630 12:21:26.314905 29573 consensus_queue.cc:237] T 6f93ac26a5e041b69f50bd776816a9f6 P aa9ca7bf42384b3da7c783e4b2c09cba [LEADER]: Queue going to LEADER mode. State: All replicated index: 0, Majority replicated index: 2, Committed index: 2, Last appended: 1.2, Last appended by leader: 2, Current term: 2, Majority size: 2, State: 0, Mode: LEADER, active raft config: opid_index: 2 OBSOLETE_local: false peers { permanent_uuid: "aa9ca7bf42384b3da7c783e4b2c09cba" member_type: VOTER last_known_addr { host: "127.25.194.129" port: 46393 } attrs { replace: true } } peers { permanent_uuid: "58c18a1bc61e459882496a1d3165a62f" member_type: VOTER last_known_addr { host: "127.25.194.130" port: 34659 } } peers { permanent_uuid: "da44d5b17dc04d70b305763210a11b54" member_type: VOTER last_known_addr { host: "127.25.194.131" port: 45469 } } peers { permanent_uuid: "fef806d54fa34d39a038fd4d321057f6" member_type: NON_VOTER last_known_addr { host: "127.25.194.132" port: 44187 } attrs { promote: true } }
I20260630 12:21:26.318171 29492 tablet_service.cc:2072] Received LeaderStepDown RPC: tablet_id: "d7ab9365c3ba4817aeb0605052f1d6e9"
dest_uuid: "da44d5b17dc04d70b305763210a11b54"
mode: GRACEFUL
new_leader_uuid: "58c18a1bc61e459882496a1d3165a62f"
 from {username='slave'} at 127.0.0.1:55424
I20260630 12:21:26.318670 29492 raft_consensus.cc:606] T d7ab9365c3ba4817aeb0605052f1d6e9 P da44d5b17dc04d70b305763210a11b54 [term 1 LEADER]: Received request to transfer leadership to TS 58c18a1bc61e459882496a1d3165a62f
I20260630 12:21:26.320318 29295 auto_leader_rebalancer.cc:440] table: range_aware_rebalance_new_range, leader rebalance finish, leader transfer count: 3
I20260630 12:21:26.321403 29295 auto_leader_rebalancer.cc:515] All tables' leader rebalancing finished this round
I20260630 12:21:26.327433 29242 catalog_manager.cc:5697] T 6f93ac26a5e041b69f50bd776816a9f6 P aa9ca7bf42384b3da7c783e4b2c09cba reported cstate change: term changed from 1 to 2, leader changed from 58c18a1bc61e459882496a1d3165a62f (127.25.194.130) to aa9ca7bf42384b3da7c783e4b2c09cba (127.25.194.129). New cstate: current_term: 2 leader_uuid: "aa9ca7bf42384b3da7c783e4b2c09cba" committed_config { opid_index: 2 OBSOLETE_local: false peers { permanent_uuid: "aa9ca7bf42384b3da7c783e4b2c09cba" member_type: VOTER last_known_addr { host: "127.25.194.129" port: 46393 } attrs { replace: true } health_report { overall_health: HEALTHY } } peers { permanent_uuid: "58c18a1bc61e459882496a1d3165a62f" member_type: VOTER last_known_addr { host: "127.25.194.130" port: 34659 } health_report { overall_health: UNKNOWN } } peers { permanent_uuid: "da44d5b17dc04d70b305763210a11b54" member_type: VOTER last_known_addr { host: "127.25.194.131" port: 45469 } health_report { overall_health: UNKNOWN } } peers { permanent_uuid: "fef806d54fa34d39a038fd4d321057f6" member_type: NON_VOTER last_known_addr { host: "127.25.194.132" port: 44187 } attrs { promote: true } health_report { overall_health: UNKNOWN } } }
I20260630 12:21:26.343961 29344 tablet_service.cc:2072] Received LeaderStepDown RPC: tablet_id: "6f93ac26a5e041b69f50bd776816a9f6"
dest_uuid: "aa9ca7bf42384b3da7c783e4b2c09cba"
mode: GRACEFUL
 from {username='slave'} at 127.0.0.1:47838
I20260630 12:21:26.344452 29344 raft_consensus.cc:606] T 6f93ac26a5e041b69f50bd776816a9f6 P aa9ca7bf42384b3da7c783e4b2c09cba [term 2 LEADER]: Received request to transfer leadership
I20260630 12:21:26.347477 29344 tablet_service.cc:2072] Received LeaderStepDown RPC: tablet_id: "6f93ac26a5e041b69f50bd776816a9f6"
dest_uuid: "aa9ca7bf42384b3da7c783e4b2c09cba"
mode: GRACEFUL
 from {username='slave'} at 127.0.0.1:47838
I20260630 12:21:26.347915 29344 raft_consensus.cc:606] T 6f93ac26a5e041b69f50bd776816a9f6 P aa9ca7bf42384b3da7c783e4b2c09cba [term 2 LEADER]: Received request to transfer leadership
W20260630 12:21:26.348858 29227 proxy.cc:239] Call had error, refreshing address and retrying: Remote error: Service unavailable: leadership transfer for 6f93ac26a5e041b69f50bd776816a9f6 already in progress [suppressed 2 similar messages]
I20260630 12:21:26.358866 29344 tablet_service.cc:2072] Received LeaderStepDown RPC: tablet_id: "6f93ac26a5e041b69f50bd776816a9f6"
dest_uuid: "aa9ca7bf42384b3da7c783e4b2c09cba"
mode: GRACEFUL
 from {username='slave'} at 127.0.0.1:47838
I20260630 12:21:26.359371 29344 raft_consensus.cc:606] T 6f93ac26a5e041b69f50bd776816a9f6 P aa9ca7bf42384b3da7c783e4b2c09cba [term 2 LEADER]: Received request to transfer leadership
I20260630 12:21:26.429638 29656 raft_consensus.cc:1217] T 9d5f3cda9d0947d49b26b69f53b279e1 P fef806d54fa34d39a038fd4d321057f6 [term 1 LEARNER]: Deduplicated request from leader. Original: 1.1->[1.2-1.2]   Dedup: 1.2->[]
I20260630 12:21:26.441573 29656 raft_consensus.cc:1217] T d7ab9365c3ba4817aeb0605052f1d6e9 P fef806d54fa34d39a038fd4d321057f6 [term 1 LEARNER]: Deduplicated request from leader. Original: 1.1->[1.2-1.2]   Dedup: 1.2->[]
