I20260630 12:21:04.841882 28616 raft_consensus.cc:385] T 00000000000000000000000000000000 P ed37e990974b40b293743677bc446aa7 [term 0 FOLLOWER]: Consensus starting up: Expiring failure detector timer to make a prompt election more likely
I20260630 12:21:04.842115 28616 raft_consensus.cc:740] T 00000000000000000000000000000000 P ed37e990974b40b293743677bc446aa7 [term 0 FOLLOWER]: Becoming Follower/Learner. State: Replica: ed37e990974b40b293743677bc446aa7, State: Initialized, Role: FOLLOWER
I20260630 12:21:04.842765 28616 consensus_queue.cc:260] T 00000000000000000000000000000000 P ed37e990974b40b293743677bc446aa7 [NON_LEADER]: Queue going to NON_LEADER mode. State: All replicated index: 0, Majority replicated index: 0, Committed index: 0, Last appended: 0.0, Last appended by leader: 0, Current term: 0, Majority size: -1, State: 0, Mode: NON_LEADER, active raft config: opid_index: -1 OBSOLETE_local: true peers { permanent_uuid: "ed37e990974b40b293743677bc446aa7" member_type: VOTER }
I20260630 12:21:04.843230 28616 raft_consensus.cc:399] T 00000000000000000000000000000000 P ed37e990974b40b293743677bc446aa7 [term 0 FOLLOWER]: Only one voter in the Raft config. Triggering election immediately
I20260630 12:21:04.843461 28616 raft_consensus.cc:493] T 00000000000000000000000000000000 P ed37e990974b40b293743677bc446aa7 [term 0 FOLLOWER]: Starting leader election (initial election of a single-replica configuration)
I20260630 12:21:04.843735 28616 raft_consensus.cc:3060] T 00000000000000000000000000000000 P ed37e990974b40b293743677bc446aa7 [term 0 FOLLOWER]: Advancing to term 1
I20260630 12:21:04.848063 28616 raft_consensus.cc:515] T 00000000000000000000000000000000 P ed37e990974b40b293743677bc446aa7 [term 1 FOLLOWER]: Starting leader election with config: opid_index: -1 OBSOLETE_local: true peers { permanent_uuid: "ed37e990974b40b293743677bc446aa7" member_type: VOTER }
I20260630 12:21:04.848549 28616 leader_election.cc:304] T 00000000000000000000000000000000 P ed37e990974b40b293743677bc446aa7 [CANDIDATE]: Term 1 election: Election decided. Result: candidate won. Election summary: received 1 responses out of 1 voters: 1 yes votes; 0 no votes. yes voters: ed37e990974b40b293743677bc446aa7; no voters: 
I20260630 12:21:04.849767 28616 leader_election.cc:290] T 00000000000000000000000000000000 P ed37e990974b40b293743677bc446aa7 [CANDIDATE]: Term 1 election: Requested vote from peers 
I20260630 12:21:04.850083 28619 raft_consensus.cc:2804] T 00000000000000000000000000000000 P ed37e990974b40b293743677bc446aa7 [term 1 FOLLOWER]: Leader election won for term 1
I20260630 12:21:04.851492 28619 raft_consensus.cc:697] T 00000000000000000000000000000000 P ed37e990974b40b293743677bc446aa7 [term 1 LEADER]: Becoming Leader. State: Replica: ed37e990974b40b293743677bc446aa7, State: Running, Role: LEADER
I20260630 12:21:04.852295 28619 consensus_queue.cc:237] T 00000000000000000000000000000000 P ed37e990974b40b293743677bc446aa7 [LEADER]: Queue going to LEADER mode. State: All replicated index: 0, Majority replicated index: 0, Committed index: 0, Last appended: 0.0, Last appended by leader: 0, Current term: 1, Majority size: 1, State: 0, Mode: LEADER, active raft config: opid_index: -1 OBSOLETE_local: true peers { permanent_uuid: "ed37e990974b40b293743677bc446aa7" member_type: VOTER }
I20260630 12:21:04.852705 28616 sys_catalog.cc:565] T 00000000000000000000000000000000 P ed37e990974b40b293743677bc446aa7 [sys.catalog]: configured and running, proceeding with master startup.
I20260630 12:21:04.855163 28620 sys_catalog.cc:455] T 00000000000000000000000000000000 P ed37e990974b40b293743677bc446aa7 [sys.catalog]: SysCatalogTable state changed. Reason: RaftConsensus started. Latest consensus state: current_term: 1 leader_uuid: "ed37e990974b40b293743677bc446aa7" committed_config { opid_index: -1 OBSOLETE_local: true peers { permanent_uuid: "ed37e990974b40b293743677bc446aa7" member_type: VOTER } }
I20260630 12:21:04.855185 28621 sys_catalog.cc:455] T 00000000000000000000000000000000 P ed37e990974b40b293743677bc446aa7 [sys.catalog]: SysCatalogTable state changed. Reason: New leader ed37e990974b40b293743677bc446aa7. Latest consensus state: current_term: 1 leader_uuid: "ed37e990974b40b293743677bc446aa7" committed_config { opid_index: -1 OBSOLETE_local: true peers { permanent_uuid: "ed37e990974b40b293743677bc446aa7" member_type: VOTER } }
I20260630 12:21:04.855845 28620 sys_catalog.cc:458] T 00000000000000000000000000000000 P ed37e990974b40b293743677bc446aa7 [sys.catalog]: This master's current role is: LEADER
I20260630 12:21:04.855966 28621 sys_catalog.cc:458] T 00000000000000000000000000000000 P ed37e990974b40b293743677bc446aa7 [sys.catalog]: This master's current role is: LEADER
I20260630 12:21:04.864208 28624 catalog_manager.cc:1511] Loading table and tablet metadata into memory...
I20260630 12:21:04.872277 28624 catalog_manager.cc:1520] Initializing Kudu cluster ID...
I20260630 12:21:04.873281 26378 internal_mini_cluster.cc:184] Waiting to initialize catalog manager on master 0
I20260630 12:21:04.881011 28624 catalog_manager.cc:1383] Generated new cluster ID: 5efa1ab712d04c3ca86be06d1a95aa05
I20260630 12:21:04.881338 28624 catalog_manager.cc:1531] Initializing Kudu internal certificate authority...
I20260630 12:21:04.907533 28624 catalog_manager.cc:1406] Generated new certificate authority record
I20260630 12:21:04.908773 28624 catalog_manager.cc:1540] Loading token signing keys...
I20260630 12:21:04.920658 28624 catalog_manager.cc:6070] T 00000000000000000000000000000000 P ed37e990974b40b293743677bc446aa7: Generated new TSK 0
I20260630 12:21:04.921263 28624 catalog_manager.cc:1550] Initializing in-progress tserver states...
I20260630 12:21:04.939755 26378 file_cache.cc:492] Constructed file cache file cache with capacity 419430
W20260630 12:21:04.945870 28637 instance_detector.cc:116] could not retrieve AWS instance metadata: Network error: curl error: HTTP response code said error: The requested URL returned error: 404
W20260630 12:21:04.947168 28638 instance_detector.cc:116] could not retrieve Azure instance metadata: Network error: curl error: HTTP response code said error: The requested URL returned error: 404
W20260630 12:21:04.948725 28640 instance_detector.cc:116] could not retrieve OpenStack instance metadata: Network error: curl error: HTTP response code said error: The requested URL returned error: 404
I20260630 12:21:04.949719 26378 server_base.cc:1061] running on GCE node
I20260630 12:21:04.950498 26378 hybrid_clock.cc:584] initializing the hybrid clock with 'system_unsync' time source
W20260630 12:21:04.950709 26378 system_unsync_time.cc:38] NTP support is disabled. Clock error bounds will not be accurate. This configuration is not suitable for distributed clusters.
I20260630 12:21:04.950922 26378 hybrid_clock.cc:648] HybridClock initialized: now 1782822064950885 us; error 0 us; skew 500 ppm
I20260630 12:21:04.951491 26378 server_base.cc:861] Flag tcmalloc_max_total_thread_cache_bytes is not working since tcmalloc is not enabled.
I20260630 12:21:04.953830 26378 webserver.cc:533] Webserver started at http://127.25.194.129:44491/ using document root <none> and password file <none>
I20260630 12:21:04.954358 26378 fs_manager.cc:362] Metadata directory not provided
I20260630 12:21:04.954566 26378 fs_manager.cc:368] Using write-ahead log directory (fs_wal_dir) as metadata directory
I20260630 12:21:04.954859 26378 server_base.cc:909] This appears to be a new deployment of Kudu; creating new FS layout
I20260630 12:21:04.956029 26378 fs_manager.cc:1068] Generated new instance metadata in path /tmp/dist-test-taskw_wKZA/test-tmp/auto_rebalancer-test.0.AutoRebalancerTest.NoReplicaMovesIfNoTablets.1782822001287371-26378-0/minicluster-data/ts-0-root/instance:
uuid: "4e4bdcde1f4f4ae895030c121373ea73"
format_stamp: "Formatted at 2026-06-30 12:21:04 on dist-test-slave-r4vl"
I20260630 12:21:04.960515 26378 fs_manager.cc:696] Time spent creating directory manager: real 0.004s	user 0.005s	sys 0.000s
I20260630 12:21:04.964074 28645 log_block_manager.cc:4031] Time spent loading block containers with low live blocks: real 0.000s	user 0.000s	sys 0.000s
I20260630 12:21:04.964859 26378 fs_manager.cc:730] Time spent opening block manager: real 0.002s	user 0.002s	sys 0.001s
I20260630 12:21:04.965178 26378 fs_manager.cc:647] Opened local filesystem: /tmp/dist-test-taskw_wKZA/test-tmp/auto_rebalancer-test.0.AutoRebalancerTest.NoReplicaMovesIfNoTablets.1782822001287371-26378-0/minicluster-data/ts-0-root
uuid: "4e4bdcde1f4f4ae895030c121373ea73"
format_stamp: "Formatted at 2026-06-30 12:21:04 on dist-test-slave-r4vl"
I20260630 12:21:04.965472 26378 fs_report.cc:389] FS layout report
--------------------
wal directory: /tmp/dist-test-taskw_wKZA/test-tmp/auto_rebalancer-test.0.AutoRebalancerTest.NoReplicaMovesIfNoTablets.1782822001287371-26378-0/minicluster-data/ts-0-root
metadata directory: /tmp/dist-test-taskw_wKZA/test-tmp/auto_rebalancer-test.0.AutoRebalancerTest.NoReplicaMovesIfNoTablets.1782822001287371-26378-0/minicluster-data/ts-0-root
1 data directories: /tmp/dist-test-taskw_wKZA/test-tmp/auto_rebalancer-test.0.AutoRebalancerTest.NoReplicaMovesIfNoTablets.1782822001287371-26378-0/minicluster-data/ts-0-root/data
Total live blocks: 0
Total live bytes: 0
Total live bytes (after alignment): 0
Total number of LBM containers: 0 (0 full)
Did not check for missing blocks
Did not check for orphaned blocks
Total full LBM containers with extra space: 0 (0 repaired)
Total full LBM container extra space in bytes: 0 (0 repaired)
Total incomplete LBM containers: 0 (0 repaired)
Total LBM partial records: 0 (0 repaired)
Total corrupted LBM metadata records in RocksDB: 0 (0 repaired)
I20260630 12:21:04.978883 26378 rpc_server.cc:225] running with OpenSSL 1.1.1  11 Sep 2018
I20260630 12:21:04.980070 26378 kserver.cc:163] Server-wide thread pool size limit: 3276
I20260630 12:21:04.981570 26378 txn_system_client.cc:432] TxnSystemClient initialization is disabled...
I20260630 12:21:04.984027 26378 ts_tablet_manager.cc:585] Loaded tablet metadata (0 total tablets, 0 live tablets)
I20260630 12:21:04.984242 26378 ts_tablet_manager.cc:531] Time spent load tablet metadata: real 0.000s	user 0.000s	sys 0.000s
I20260630 12:21:04.984493 26378 ts_tablet_manager.cc:616] Registered 0 tablets
I20260630 12:21:04.984675 26378 ts_tablet_manager.cc:595] Time spent register tablets: real 0.000s	user 0.000s	sys 0.000s
I20260630 12:21:05.024633 26378 rpc_server.cc:307] RPC server started. Bound to: 127.25.194.129:38093
I20260630 12:21:05.024724 28707 acceptor_pool.cc:272] collecting diagnostics on the listening RPC socket 127.25.194.129:38093 every 8 connection(s)
I20260630 12:21:05.029691 26378 file_cache.cc:492] Constructed file cache file cache with capacity 419430
W20260630 12:21:05.037696 28712 instance_detector.cc:116] could not retrieve AWS instance metadata: Network error: curl error: HTTP response code said error: The requested URL returned error: 404
W20260630 12:21:05.039548 28713 instance_detector.cc:116] could not retrieve Azure instance metadata: Network error: curl error: HTTP response code said error: The requested URL returned error: 404
W20260630 12:21:05.042140 28715 instance_detector.cc:116] could not retrieve OpenStack instance metadata: Network error: curl error: HTTP response code said error: The requested URL returned error: 404
I20260630 12:21:05.043081 26378 server_base.cc:1061] running on GCE node
I20260630 12:21:05.043865 26378 hybrid_clock.cc:584] initializing the hybrid clock with 'system_unsync' time source
W20260630 12:21:05.044109 26378 system_unsync_time.cc:38] NTP support is disabled. Clock error bounds will not be accurate. This configuration is not suitable for distributed clusters.
I20260630 12:21:05.044240 26378 hybrid_clock.cc:648] HybridClock initialized: now 1782822065044229 us; error 0 us; skew 500 ppm
I20260630 12:21:05.044646 26378 server_base.cc:861] Flag tcmalloc_max_total_thread_cache_bytes is not working since tcmalloc is not enabled.
I20260630 12:21:05.047566 26378 webserver.cc:533] Webserver started at http://127.25.194.130:34873/ using document root <none> and password file <none>
I20260630 12:21:05.048238 26378 fs_manager.cc:362] Metadata directory not provided
I20260630 12:21:05.048501 26378 fs_manager.cc:368] Using write-ahead log directory (fs_wal_dir) as metadata directory
I20260630 12:21:05.048851 26378 server_base.cc:909] This appears to be a new deployment of Kudu; creating new FS layout
I20260630 12:21:05.050034 28708 heartbeater.cc:344] Connected to a master server at 127.25.194.190:44675
I20260630 12:21:05.050407 28708 heartbeater.cc:461] Registering TS with master...
I20260630 12:21:05.050401 26378 fs_manager.cc:1068] Generated new instance metadata in path /tmp/dist-test-taskw_wKZA/test-tmp/auto_rebalancer-test.0.AutoRebalancerTest.NoReplicaMovesIfNoTablets.1782822001287371-26378-0/minicluster-data/ts-1-root/instance:
uuid: "233220eb08d64c198125c5ba8e352814"
format_stamp: "Formatted at 2026-06-30 12:21:05 on dist-test-slave-r4vl"
I20260630 12:21:05.051404 28708 heartbeater.cc:507] Master 127.25.194.190:44675 requested a full tablet report, sending...
I20260630 12:21:05.053789 28581 ts_manager.cc:194] Registered new tserver with Master: 4e4bdcde1f4f4ae895030c121373ea73 (127.25.194.129:38093)
I20260630 12:21:05.056139 26378 fs_manager.cc:696] Time spent creating directory manager: real 0.005s	user 0.004s	sys 0.000s
I20260630 12:21:05.056169 28581 master_service.cc:502] Signed X509 certificate for tserver {username='slave'} at 127.0.0.1:46996
I20260630 12:21:05.060155 28720 log_block_manager.cc:4031] Time spent loading block containers with low live blocks: real 0.000s	user 0.000s	sys 0.000s
I20260630 12:21:05.061124 26378 fs_manager.cc:730] Time spent opening block manager: real 0.003s	user 0.003s	sys 0.000s
I20260630 12:21:05.061522 26378 fs_manager.cc:647] Opened local filesystem: /tmp/dist-test-taskw_wKZA/test-tmp/auto_rebalancer-test.0.AutoRebalancerTest.NoReplicaMovesIfNoTablets.1782822001287371-26378-0/minicluster-data/ts-1-root
uuid: "233220eb08d64c198125c5ba8e352814"
format_stamp: "Formatted at 2026-06-30 12:21:05 on dist-test-slave-r4vl"
I20260630 12:21:05.061798 26378 fs_report.cc:389] FS layout report
--------------------
wal directory: /tmp/dist-test-taskw_wKZA/test-tmp/auto_rebalancer-test.0.AutoRebalancerTest.NoReplicaMovesIfNoTablets.1782822001287371-26378-0/minicluster-data/ts-1-root
metadata directory: /tmp/dist-test-taskw_wKZA/test-tmp/auto_rebalancer-test.0.AutoRebalancerTest.NoReplicaMovesIfNoTablets.1782822001287371-26378-0/minicluster-data/ts-1-root
1 data directories: /tmp/dist-test-taskw_wKZA/test-tmp/auto_rebalancer-test.0.AutoRebalancerTest.NoReplicaMovesIfNoTablets.1782822001287371-26378-0/minicluster-data/ts-1-root/data
Total live blocks: 0
Total live bytes: 0
Total live bytes (after alignment): 0
Total number of LBM containers: 0 (0 full)
Did not check for missing blocks
Did not check for orphaned blocks
Total full LBM containers with extra space: 0 (0 repaired)
Total full LBM container extra space in bytes: 0 (0 repaired)
Total incomplete LBM containers: 0 (0 repaired)
Total LBM partial records: 0 (0 repaired)
Total corrupted LBM metadata records in RocksDB: 0 (0 repaired)
I20260630 12:21:05.080144 26378 rpc_server.cc:225] running with OpenSSL 1.1.1  11 Sep 2018
I20260630 12:21:05.081372 26378 kserver.cc:163] Server-wide thread pool size limit: 3276
I20260630 12:21:05.082862 26378 txn_system_client.cc:432] TxnSystemClient initialization is disabled...
I20260630 12:21:05.084996 26378 ts_tablet_manager.cc:585] Loaded tablet metadata (0 total tablets, 0 live tablets)
I20260630 12:21:05.085198 26378 ts_tablet_manager.cc:531] Time spent load tablet metadata: real 0.000s	user 0.000s	sys 0.000s
I20260630 12:21:05.085443 26378 ts_tablet_manager.cc:616] Registered 0 tablets
I20260630 12:21:05.085624 26378 ts_tablet_manager.cc:595] Time spent register tablets: real 0.000s	user 0.000s	sys 0.000s
I20260630 12:21:05.124579 26378 rpc_server.cc:307] RPC server started. Bound to: 127.25.194.130:36933
I20260630 12:21:05.124682 28782 acceptor_pool.cc:272] collecting diagnostics on the listening RPC socket 127.25.194.130:36933 every 8 connection(s)
I20260630 12:21:05.129730 26378 file_cache.cc:492] Constructed file cache file cache with capacity 419430
W20260630 12:21:05.136267 28786 instance_detector.cc:116] could not retrieve AWS instance metadata: Network error: curl error: HTTP response code said error: The requested URL returned error: 404
W20260630 12:21:05.138172 28787 instance_detector.cc:116] could not retrieve Azure instance metadata: Network error: curl error: HTTP response code said error: The requested URL returned error: 404
I20260630 12:21:05.140048 26378 server_base.cc:1061] running on GCE node
W20260630 12:21:05.141532 28789 instance_detector.cc:116] could not retrieve OpenStack instance metadata: Network error: curl error: HTTP response code said error: The requested URL returned error: 404
I20260630 12:21:05.142488 28783 heartbeater.cc:344] Connected to a master server at 127.25.194.190:44675
I20260630 12:21:05.142591 26378 hybrid_clock.cc:584] initializing the hybrid clock with 'system_unsync' time source
I20260630 12:21:05.142869 28783 heartbeater.cc:461] Registering TS with master...
W20260630 12:21:05.142920 26378 system_unsync_time.cc:38] NTP support is disabled. Clock error bounds will not be accurate. This configuration is not suitable for distributed clusters.
I20260630 12:21:05.143365 26378 hybrid_clock.cc:648] HybridClock initialized: now 1782822065143348 us; error 0 us; skew 500 ppm
I20260630 12:21:05.143853 28783 heartbeater.cc:507] Master 127.25.194.190:44675 requested a full tablet report, sending...
I20260630 12:21:05.143929 26378 server_base.cc:861] Flag tcmalloc_max_total_thread_cache_bytes is not working since tcmalloc is not enabled.
I20260630 12:21:05.146152 28581 ts_manager.cc:194] Registered new tserver with Master: 233220eb08d64c198125c5ba8e352814 (127.25.194.130:36933)
I20260630 12:21:05.146831 26378 webserver.cc:533] Webserver started at http://127.25.194.131:44311/ using document root <none> and password file <none>
I20260630 12:21:05.147439 26378 fs_manager.cc:362] Metadata directory not provided
I20260630 12:21:05.147670 26378 fs_manager.cc:368] Using write-ahead log directory (fs_wal_dir) as metadata directory
I20260630 12:21:05.147985 26378 server_base.cc:909] This appears to be a new deployment of Kudu; creating new FS layout
I20260630 12:21:05.148105 28581 master_service.cc:502] Signed X509 certificate for tserver {username='slave'} at 127.0.0.1:46998
I20260630 12:21:05.149562 26378 fs_manager.cc:1068] Generated new instance metadata in path /tmp/dist-test-taskw_wKZA/test-tmp/auto_rebalancer-test.0.AutoRebalancerTest.NoReplicaMovesIfNoTablets.1782822001287371-26378-0/minicluster-data/ts-2-root/instance:
uuid: "132ec0abc854400d8757528d3349b173"
format_stamp: "Formatted at 2026-06-30 12:21:05 on dist-test-slave-r4vl"
I20260630 12:21:05.154106 26378 fs_manager.cc:696] Time spent creating directory manager: real 0.004s	user 0.007s	sys 0.000s
I20260630 12:21:05.157464 28794 log_block_manager.cc:4031] Time spent loading block containers with low live blocks: real 0.000s	user 0.000s	sys 0.000s
I20260630 12:21:05.158223 26378 fs_manager.cc:730] Time spent opening block manager: real 0.002s	user 0.002s	sys 0.000s
I20260630 12:21:05.158546 26378 fs_manager.cc:647] Opened local filesystem: /tmp/dist-test-taskw_wKZA/test-tmp/auto_rebalancer-test.0.AutoRebalancerTest.NoReplicaMovesIfNoTablets.1782822001287371-26378-0/minicluster-data/ts-2-root
uuid: "132ec0abc854400d8757528d3349b173"
format_stamp: "Formatted at 2026-06-30 12:21:05 on dist-test-slave-r4vl"
I20260630 12:21:05.158879 26378 fs_report.cc:389] FS layout report
--------------------
wal directory: /tmp/dist-test-taskw_wKZA/test-tmp/auto_rebalancer-test.0.AutoRebalancerTest.NoReplicaMovesIfNoTablets.1782822001287371-26378-0/minicluster-data/ts-2-root
metadata directory: /tmp/dist-test-taskw_wKZA/test-tmp/auto_rebalancer-test.0.AutoRebalancerTest.NoReplicaMovesIfNoTablets.1782822001287371-26378-0/minicluster-data/ts-2-root
1 data directories: /tmp/dist-test-taskw_wKZA/test-tmp/auto_rebalancer-test.0.AutoRebalancerTest.NoReplicaMovesIfNoTablets.1782822001287371-26378-0/minicluster-data/ts-2-root/data
Total live blocks: 0
Total live bytes: 0
Total live bytes (after alignment): 0
Total number of LBM containers: 0 (0 full)
Did not check for missing blocks
Did not check for orphaned blocks
Total full LBM containers with extra space: 0 (0 repaired)
Total full LBM container extra space in bytes: 0 (0 repaired)
Total incomplete LBM containers: 0 (0 repaired)
Total LBM partial records: 0 (0 repaired)
Total corrupted LBM metadata records in RocksDB: 0 (0 repaired)
I20260630 12:21:05.176512 26378 rpc_server.cc:225] running with OpenSSL 1.1.1  11 Sep 2018
I20260630 12:21:05.177736 26378 kserver.cc:163] Server-wide thread pool size limit: 3276
I20260630 12:21:05.179275 26378 txn_system_client.cc:432] TxnSystemClient initialization is disabled...
I20260630 12:21:05.181456 26378 ts_tablet_manager.cc:585] Loaded tablet metadata (0 total tablets, 0 live tablets)
I20260630 12:21:05.181681 26378 ts_tablet_manager.cc:531] Time spent load tablet metadata: real 0.000s	user 0.000s	sys 0.000s
I20260630 12:21:05.181910 26378 ts_tablet_manager.cc:616] Registered 0 tablets
I20260630 12:21:05.182087 26378 ts_tablet_manager.cc:595] Time spent register tablets: real 0.000s	user 0.000s	sys 0.000s
I20260630 12:21:05.223242 26378 rpc_server.cc:307] RPC server started. Bound to: 127.25.194.131:45099
I20260630 12:21:05.223348 28856 acceptor_pool.cc:272] collecting diagnostics on the listening RPC socket 127.25.194.131:45099 every 8 connection(s)
I20260630 12:21:05.237007 28857 heartbeater.cc:344] Connected to a master server at 127.25.194.190:44675
I20260630 12:21:05.237417 28857 heartbeater.cc:461] Registering TS with master...
I20260630 12:21:05.238190 28857 heartbeater.cc:507] Master 127.25.194.190:44675 requested a full tablet report, sending...
I20260630 12:21:05.240092 28581 ts_manager.cc:194] Registered new tserver with Master: 132ec0abc854400d8757528d3349b173 (127.25.194.131:45099)
I20260630 12:21:05.240743 26378 internal_mini_cluster.cc:371] 3 TS(s) registered with all masters after 0.014442167s
I20260630 12:21:05.241463 28581 master_service.cc:502] Signed X509 certificate for tserver {username='slave'} at 127.0.0.1:47008
I20260630 12:21:06.058861 28708 heartbeater.cc:499] Master 127.25.194.190:44675 was elected leader, sending a full tablet report...
I20260630 12:21:06.150926 28783 heartbeater.cc:499] Master 127.25.194.190:44675 was elected leader, sending a full tablet report...
I20260630 12:21:06.244194 28857 heartbeater.cc:499] Master 127.25.194.190:44675 was elected leader, sending a full tablet report...
I20260630 12:21:06.868336 28634 auto_leader_rebalancer.cc:515] All tables' leader rebalancing finished this round
I20260630 12:21:08.869148 28634 auto_leader_rebalancer.cc:515] All tables' leader rebalancing finished this round
I20260630 12:21:10.870106 28634 auto_leader_rebalancer.cc:515] All tables' leader rebalancing finished this round
I20260630 12:21:12.871279 28634 auto_leader_rebalancer.cc:515] All tables' leader rebalancing finished this round
I20260630 12:21:14.872417 28634 auto_leader_rebalancer.cc:515] All tables' leader rebalancing finished this round
I20260630 12:21:16.873489 28634 auto_leader_rebalancer.cc:515] All tables' leader rebalancing finished this round
I20260630 12:21:17.335510 26378 tablet_server.cc:179] TabletServer@127.25.194.129:0 shutting down...
I20260630 12:21:17.361830 26378 ts_tablet_manager.cc:1507] Shutting down tablet manager...
I20260630 12:21:17.378818 26378 tablet_server.cc:196] TabletServer@127.25.194.129:0 shutdown complete.
I20260630 12:21:17.388520 26378 tablet_server.cc:179] TabletServer@127.25.194.130:0 shutting down...
I20260630 12:21:17.408061 26378 ts_tablet_manager.cc:1507] Shutting down tablet manager...
I20260630 12:21:17.423579 26378 tablet_server.cc:196] TabletServer@127.25.194.130:0 shutdown complete.
I20260630 12:21:17.432837 26378 tablet_server.cc:179] TabletServer@127.25.194.131:0 shutting down...
I20260630 12:21:17.450603 26378 ts_tablet_manager.cc:1507] Shutting down tablet manager...
I20260630 12:21:17.466252 26378 tablet_server.cc:196] TabletServer@127.25.194.131:0 shutdown complete.
I20260630 12:21:17.476608 26378 master.cc:562] Master@127.25.194.190:44675 shutting down...
I20260630 12:21:17.494680 26378 raft_consensus.cc:2243] T 00000000000000000000000000000000 P ed37e990974b40b293743677bc446aa7 [term 1 LEADER]: Raft consensus shutting down.
I20260630 12:21:17.495533 26378 raft_consensus.cc:2272] T 00000000000000000000000000000000 P ed37e990974b40b293743677bc446aa7 [term 1 FOLLOWER]: Raft consensus is shut down!
I20260630 12:21:17.495910 26378 tablet_replica.cc:333] T 00000000000000000000000000000000 P ed37e990974b40b293743677bc446aa7: stopping tablet replica
I20260630 12:21:17.513648 26378 master.cc:584] Master@127.25.194.190:44675 shutdown complete.
[       OK ] AutoRebalancerTest.NoReplicaMovesIfNoTablets (12820 ms)
[ RUN      ] AutoRebalancerTest.RangeAwareBuildClusterInfoGroupsByRange
I20260630 12:21:17.547858 26378 internal_mini_cluster.cc:156] Creating distributed mini masters. Addrs: 127.25.194.190:44789
I20260630 12:21:17.549073 26378 file_cache.cc:492] Constructed file cache file cache with capacity 419430
W20260630 12:21:17.554484 28863 instance_detector.cc:116] could not retrieve Azure instance metadata: Network error: curl error: HTTP response code said error: The requested URL returned error: 404
W20260630 12:21:17.554528 28862 instance_detector.cc:116] could not retrieve AWS instance metadata: Network error: curl error: HTTP response code said error: The requested URL returned error: 404
W20260630 12:21:17.556967 28865 instance_detector.cc:116] could not retrieve OpenStack instance metadata: Network error: curl error: HTTP response code said error: The requested URL returned error: 404
I20260630 12:21:17.557875 26378 server_base.cc:1061] running on GCE node
I20260630 12:21:17.558679 26378 hybrid_clock.cc:584] initializing the hybrid clock with 'system_unsync' time source
W20260630 12:21:17.558941 26378 system_unsync_time.cc:38] NTP support is disabled. Clock error bounds will not be accurate. This configuration is not suitable for distributed clusters.
I20260630 12:21:17.559104 26378 hybrid_clock.cc:648] HybridClock initialized: now 1782822077559087 us; error 0 us; skew 500 ppm
I20260630 12:21:17.559621 26378 server_base.cc:861] Flag tcmalloc_max_total_thread_cache_bytes is not working since tcmalloc is not enabled.
I20260630 12:21:17.561918 26378 webserver.cc:533] Webserver started at http://127.25.194.190:41913/ using document root <none> and password file <none>
I20260630 12:21:17.562404 26378 fs_manager.cc:362] Metadata directory not provided
I20260630 12:21:17.562611 26378 fs_manager.cc:368] Using write-ahead log directory (fs_wal_dir) as metadata directory
I20260630 12:21:17.562898 26378 server_base.cc:909] This appears to be a new deployment of Kudu; creating new FS layout
I20260630 12:21:17.564050 26378 fs_manager.cc:1068] Generated new instance metadata in path /tmp/dist-test-taskw_wKZA/test-tmp/auto_rebalancer-test.0.AutoRebalancerTest.RangeAwareBuildClusterInfoGroupsByRange.1782822001287371-26378-0/minicluster-data/master-0-root/instance:
uuid: "f4a66c70fbc24174a1401dacebdfb629"
format_stamp: "Formatted at 2026-06-30 12:21:17 on dist-test-slave-r4vl"
I20260630 12:21:17.568368 26378 fs_manager.cc:696] Time spent creating directory manager: real 0.004s	user 0.005s	sys 0.000s
I20260630 12:21:17.571547 28870 log_block_manager.cc:4031] Time spent loading block containers with low live blocks: real 0.000s	user 0.000s	sys 0.000s
I20260630 12:21:17.572393 26378 fs_manager.cc:730] Time spent opening block manager: real 0.002s	user 0.003s	sys 0.000s
I20260630 12:21:17.572659 26378 fs_manager.cc:647] Opened local filesystem: /tmp/dist-test-taskw_wKZA/test-tmp/auto_rebalancer-test.0.AutoRebalancerTest.RangeAwareBuildClusterInfoGroupsByRange.1782822001287371-26378-0/minicluster-data/master-0-root
uuid: "f4a66c70fbc24174a1401dacebdfb629"
format_stamp: "Formatted at 2026-06-30 12:21:17 on dist-test-slave-r4vl"
I20260630 12:21:17.572877 26378 fs_report.cc:389] FS layout report
--------------------
wal directory: /tmp/dist-test-taskw_wKZA/test-tmp/auto_rebalancer-test.0.AutoRebalancerTest.RangeAwareBuildClusterInfoGroupsByRange.1782822001287371-26378-0/minicluster-data/master-0-root
metadata directory: /tmp/dist-test-taskw_wKZA/test-tmp/auto_rebalancer-test.0.AutoRebalancerTest.RangeAwareBuildClusterInfoGroupsByRange.1782822001287371-26378-0/minicluster-data/master-0-root
1 data directories: /tmp/dist-test-taskw_wKZA/test-tmp/auto_rebalancer-test.0.AutoRebalancerTest.RangeAwareBuildClusterInfoGroupsByRange.1782822001287371-26378-0/minicluster-data/master-0-root/data
Total live blocks: 0
Total live bytes: 0
Total live bytes (after alignment): 0
Total number of LBM containers: 0 (0 full)
Did not check for missing blocks
Did not check for orphaned blocks
Total full LBM containers with extra space: 0 (0 repaired)
Total full LBM container extra space in bytes: 0 (0 repaired)
Total incomplete LBM containers: 0 (0 repaired)
Total LBM partial records: 0 (0 repaired)
Total corrupted LBM metadata records in RocksDB: 0 (0 repaired)
I20260630 12:21:17.592352 26378 rpc_server.cc:225] running with OpenSSL 1.1.1  11 Sep 2018
I20260630 12:21:17.593492 26378 kserver.cc:163] Server-wide thread pool size limit: 3276
I20260630 12:21:17.630419 26378 rpc_server.cc:307] RPC server started. Bound to: 127.25.194.190:44789
I20260630 12:21:17.630575 28921 acceptor_pool.cc:272] collecting diagnostics on the listening RPC socket 127.25.194.190:44789 every 8 connection(s)
I20260630 12:21:17.634655 28922 data_dirs.cc:400] Could only allocate 1 dirs of requested 3 for tablet 00000000000000000000000000000000. 1 dirs total, 0 dirs full, 0 dirs failed
I20260630 12:21:17.645336 28922 tablet_bootstrap.cc:492] T 00000000000000000000000000000000 P f4a66c70fbc24174a1401dacebdfb629: Bootstrap starting.
I20260630 12:21:17.649837 28922 tablet_bootstrap.cc:654] T 00000000000000000000000000000000 P f4a66c70fbc24174a1401dacebdfb629: Neither blocks nor log segments found. Creating new log.
I20260630 12:21:17.653857 28922 tablet_bootstrap.cc:492] T 00000000000000000000000000000000 P f4a66c70fbc24174a1401dacebdfb629: No bootstrap required, opened a new log
I20260630 12:21:17.656062 28922 raft_consensus.cc:359] T 00000000000000000000000000000000 P f4a66c70fbc24174a1401dacebdfb629 [term 0 FOLLOWER]: Replica starting. Triggering 0 pending ops. Active config: opid_index: -1 OBSOLETE_local: true peers { permanent_uuid: "f4a66c70fbc24174a1401dacebdfb629" member_type: VOTER }
I20260630 12:21:17.656526 28922 raft_consensus.cc:385] T 00000000000000000000000000000000 P f4a66c70fbc24174a1401dacebdfb629 [term 0 FOLLOWER]: Consensus starting up: Expiring failure detector timer to make a prompt election more likely
I20260630 12:21:17.656756 28922 raft_consensus.cc:740] T 00000000000000000000000000000000 P f4a66c70fbc24174a1401dacebdfb629 [term 0 FOLLOWER]: Becoming Follower/Learner. State: Replica: f4a66c70fbc24174a1401dacebdfb629, State: Initialized, Role: FOLLOWER
I20260630 12:21:17.657387 28922 consensus_queue.cc:260] T 00000000000000000000000000000000 P f4a66c70fbc24174a1401dacebdfb629 [NON_LEADER]: Queue going to NON_LEADER mode. State: All replicated index: 0, Majority replicated index: 0, Committed index: 0, Last appended: 0.0, Last appended by leader: 0, Current term: 0, Majority size: -1, State: 0, Mode: NON_LEADER, active raft config: opid_index: -1 OBSOLETE_local: true peers { permanent_uuid: "f4a66c70fbc24174a1401dacebdfb629" member_type: VOTER }
I20260630 12:21:17.657886 28922 raft_consensus.cc:399] T 00000000000000000000000000000000 P f4a66c70fbc24174a1401dacebdfb629 [term 0 FOLLOWER]: Only one voter in the Raft config. Triggering election immediately
I20260630 12:21:17.658115 28922 raft_consensus.cc:493] T 00000000000000000000000000000000 P f4a66c70fbc24174a1401dacebdfb629 [term 0 FOLLOWER]: Starting leader election (initial election of a single-replica configuration)
I20260630 12:21:17.658396 28922 raft_consensus.cc:3060] T 00000000000000000000000000000000 P f4a66c70fbc24174a1401dacebdfb629 [term 0 FOLLOWER]: Advancing to term 1
I20260630 12:21:17.662655 28922 raft_consensus.cc:515] T 00000000000000000000000000000000 P f4a66c70fbc24174a1401dacebdfb629 [term 1 FOLLOWER]: Starting leader election with config: opid_index: -1 OBSOLETE_local: true peers { permanent_uuid: "f4a66c70fbc24174a1401dacebdfb629" member_type: VOTER }
I20260630 12:21:17.663230 28922 leader_election.cc:304] T 00000000000000000000000000000000 P f4a66c70fbc24174a1401dacebdfb629 [CANDIDATE]: Term 1 election: Election decided. Result: candidate won. Election summary: received 1 responses out of 1 voters: 1 yes votes; 0 no votes. yes voters: f4a66c70fbc24174a1401dacebdfb629; no voters: 
I20260630 12:21:17.664381 28922 leader_election.cc:290] T 00000000000000000000000000000000 P f4a66c70fbc24174a1401dacebdfb629 [CANDIDATE]: Term 1 election: Requested vote from peers 
I20260630 12:21:17.664836 28925 raft_consensus.cc:2804] T 00000000000000000000000000000000 P f4a66c70fbc24174a1401dacebdfb629 [term 1 FOLLOWER]: Leader election won for term 1
I20260630 12:21:17.666174 28925 raft_consensus.cc:697] T 00000000000000000000000000000000 P f4a66c70fbc24174a1401dacebdfb629 [term 1 LEADER]: Becoming Leader. State: Replica: f4a66c70fbc24174a1401dacebdfb629, State: Running, Role: LEADER
I20260630 12:21:17.666913 28925 consensus_queue.cc:237] T 00000000000000000000000000000000 P f4a66c70fbc24174a1401dacebdfb629 [LEADER]: Queue going to LEADER mode. State: All replicated index: 0, Majority replicated index: 0, Committed index: 0, Last appended: 0.0, Last appended by leader: 0, Current term: 1, Majority size: 1, State: 0, Mode: LEADER, active raft config: opid_index: -1 OBSOLETE_local: true peers { permanent_uuid: "f4a66c70fbc24174a1401dacebdfb629" member_type: VOTER }
I20260630 12:21:17.667338 28922 sys_catalog.cc:565] T 00000000000000000000000000000000 P f4a66c70fbc24174a1401dacebdfb629 [sys.catalog]: configured and running, proceeding with master startup.
I20260630 12:21:17.669799 28926 sys_catalog.cc:455] T 00000000000000000000000000000000 P f4a66c70fbc24174a1401dacebdfb629 [sys.catalog]: SysCatalogTable state changed. Reason: RaftConsensus started. Latest consensus state: current_term: 1 leader_uuid: "f4a66c70fbc24174a1401dacebdfb629" committed_config { opid_index: -1 OBSOLETE_local: true peers { permanent_uuid: "f4a66c70fbc24174a1401dacebdfb629" member_type: VOTER } }
I20260630 12:21:17.670500 28926 sys_catalog.cc:458] T 00000000000000000000000000000000 P f4a66c70fbc24174a1401dacebdfb629 [sys.catalog]: This master's current role is: LEADER
I20260630 12:21:17.669865 28927 sys_catalog.cc:455] T 00000000000000000000000000000000 P f4a66c70fbc24174a1401dacebdfb629 [sys.catalog]: SysCatalogTable state changed. Reason: New leader f4a66c70fbc24174a1401dacebdfb629. Latest consensus state: current_term: 1 leader_uuid: "f4a66c70fbc24174a1401dacebdfb629" committed_config { opid_index: -1 OBSOLETE_local: true peers { permanent_uuid: "f4a66c70fbc24174a1401dacebdfb629" member_type: VOTER } }
I20260630 12:21:17.671564 28927 sys_catalog.cc:458] T 00000000000000000000000000000000 P f4a66c70fbc24174a1401dacebdfb629 [sys.catalog]: This master's current role is: LEADER
I20260630 12:21:17.674743 28930 catalog_manager.cc:1511] Loading table and tablet metadata into memory...
I20260630 12:21:17.683035 28930 catalog_manager.cc:1520] Initializing Kudu cluster ID...
I20260630 12:21:17.684129 26378 internal_mini_cluster.cc:184] Waiting to initialize catalog manager on master 0
I20260630 12:21:17.691787 28930 catalog_manager.cc:1383] Generated new cluster ID: 44f75baaa7124e5ca611e1bfec17e255
I20260630 12:21:17.692066 28930 catalog_manager.cc:1531] Initializing Kudu internal certificate authority...
I20260630 12:21:17.710605 28930 catalog_manager.cc:1406] Generated new certificate authority record
I20260630 12:21:17.711971 28930 catalog_manager.cc:1540] Loading token signing keys...
I20260630 12:21:17.723400 28930 catalog_manager.cc:6070] T 00000000000000000000000000000000 P f4a66c70fbc24174a1401dacebdfb629: Generated new TSK 0
I20260630 12:21:17.724064 28930 catalog_manager.cc:1550] Initializing in-progress tserver states...
I20260630 12:21:17.750507 26378 file_cache.cc:492] Constructed file cache file cache with capacity 419430
W20260630 12:21:17.756635 28943 instance_detector.cc:116] could not retrieve AWS instance metadata: Network error: curl error: HTTP response code said error: The requested URL returned error: 404
W20260630 12:21:17.757936 28944 instance_detector.cc:116] could not retrieve Azure instance metadata: Network error: curl error: HTTP response code said error: The requested URL returned error: 404
W20260630 12:21:17.759570 28946 instance_detector.cc:116] could not retrieve OpenStack instance metadata: Network error: curl error: HTTP response code said error: The requested URL returned error: 404
I20260630 12:21:17.760241 26378 server_base.cc:1061] running on GCE node
I20260630 12:21:17.761004 26378 hybrid_clock.cc:584] initializing the hybrid clock with 'system_unsync' time source
W20260630 12:21:17.761199 26378 system_unsync_time.cc:38] NTP support is disabled. Clock error bounds will not be accurate. This configuration is not suitable for distributed clusters.
I20260630 12:21:17.761317 26378 hybrid_clock.cc:648] HybridClock initialized: now 1782822077761307 us; error 0 us; skew 500 ppm
I20260630 12:21:17.761731 26378 server_base.cc:861] Flag tcmalloc_max_total_thread_cache_bytes is not working since tcmalloc is not enabled.
I20260630 12:21:17.763913 26378 webserver.cc:533] Webserver started at http://127.25.194.129:38453/ using document root <none> and password file <none>
I20260630 12:21:17.764312 26378 fs_manager.cc:362] Metadata directory not provided
I20260630 12:21:17.764456 26378 fs_manager.cc:368] Using write-ahead log directory (fs_wal_dir) as metadata directory
I20260630 12:21:17.764652 26378 server_base.cc:909] This appears to be a new deployment of Kudu; creating new FS layout
I20260630 12:21:17.765621 26378 fs_manager.cc:1068] Generated new instance metadata in path /tmp/dist-test-taskw_wKZA/test-tmp/auto_rebalancer-test.0.AutoRebalancerTest.RangeAwareBuildClusterInfoGroupsByRange.1782822001287371-26378-0/minicluster-data/ts-0-root/instance:
uuid: "e2ab76940de3476bb20f989ab103a71b"
format_stamp: "Formatted at 2026-06-30 12:21:17 on dist-test-slave-r4vl"
I20260630 12:21:17.770000 26378 fs_manager.cc:696] Time spent creating directory manager: real 0.004s	user 0.006s	sys 0.000s
I20260630 12:21:17.773039 28951 log_block_manager.cc:4031] Time spent loading block containers with low live blocks: real 0.000s	user 0.000s	sys 0.000s
I20260630 12:21:17.773788 26378 fs_manager.cc:730] Time spent opening block manager: real 0.002s	user 0.002s	sys 0.000s
I20260630 12:21:17.774086 26378 fs_manager.cc:647] Opened local filesystem: /tmp/dist-test-taskw_wKZA/test-tmp/auto_rebalancer-test.0.AutoRebalancerTest.RangeAwareBuildClusterInfoGroupsByRange.1782822001287371-26378-0/minicluster-data/ts-0-root
uuid: "e2ab76940de3476bb20f989ab103a71b"
format_stamp: "Formatted at 2026-06-30 12:21:17 on dist-test-slave-r4vl"
I20260630 12:21:17.774390 26378 fs_report.cc:389] FS layout report
--------------------
wal directory: /tmp/dist-test-taskw_wKZA/test-tmp/auto_rebalancer-test.0.AutoRebalancerTest.RangeAwareBuildClusterInfoGroupsByRange.1782822001287371-26378-0/minicluster-data/ts-0-root
metadata directory: /tmp/dist-test-taskw_wKZA/test-tmp/auto_rebalancer-test.0.AutoRebalancerTest.RangeAwareBuildClusterInfoGroupsByRange.1782822001287371-26378-0/minicluster-data/ts-0-root
1 data directories: /tmp/dist-test-taskw_wKZA/test-tmp/auto_rebalancer-test.0.AutoRebalancerTest.RangeAwareBuildClusterInfoGroupsByRange.1782822001287371-26378-0/minicluster-data/ts-0-root/data
Total live blocks: 0
Total live bytes: 0
Total live bytes (after alignment): 0
Total number of LBM containers: 0 (0 full)
Did not check for missing blocks
Did not check for orphaned blocks
Total full LBM containers with extra space: 0 (0 repaired)
Total full LBM container extra space in bytes: 0 (0 repaired)
Total incomplete LBM containers: 0 (0 repaired)
Total LBM partial records: 0 (0 repaired)
Total corrupted LBM metadata records in RocksDB: 0 (0 repaired)
I20260630 12:21:17.793838 26378 rpc_server.cc:225] running with OpenSSL 1.1.1  11 Sep 2018
I20260630 12:21:17.795030 26378 kserver.cc:163] Server-wide thread pool size limit: 3276
I20260630 12:21:17.796495 26378 txn_system_client.cc:432] TxnSystemClient initialization is disabled...
I20260630 12:21:17.798777 26378 ts_tablet_manager.cc:585] Loaded tablet metadata (0 total tablets, 0 live tablets)
I20260630 12:21:17.798982 26378 ts_tablet_manager.cc:531] Time spent load tablet metadata: real 0.000s	user 0.000s	sys 0.000s
I20260630 12:21:17.799238 26378 ts_tablet_manager.cc:616] Registered 0 tablets
I20260630 12:21:17.799430 26378 ts_tablet_manager.cc:595] Time spent register tablets: real 0.000s	user 0.000s	sys 0.000s
I20260630 12:21:17.838434 26378 rpc_server.cc:307] RPC server started. Bound to: 127.25.194.129:43885
I20260630 12:21:17.838565 29013 acceptor_pool.cc:272] collecting diagnostics on the listening RPC socket 127.25.194.129:43885 every 8 connection(s)
I20260630 12:21:17.843333 26378 file_cache.cc:492] Constructed file cache file cache with capacity 419430
W20260630 12:21:17.850962 29018 instance_detector.cc:116] could not retrieve AWS instance metadata: Network error: curl error: HTTP response code said error: The requested URL returned error: 404
W20260630 12:21:17.851903 29019 instance_detector.cc:116] could not retrieve Azure instance metadata: Network error: curl error: HTTP response code said error: The requested URL returned error: 404
I20260630 12:21:17.855911 26378 server_base.cc:1061] running on GCE node
W20260630 12:21:17.855959 29021 instance_detector.cc:116] could not retrieve OpenStack instance metadata: Network error: curl error: HTTP response code said error: The requested URL returned error: 404
I20260630 12:21:17.856909 26378 hybrid_clock.cc:584] initializing the hybrid clock with 'system_unsync' time source
W20260630 12:21:17.857146 26378 system_unsync_time.cc:38] NTP support is disabled. Clock error bounds will not be accurate. This configuration is not suitable for distributed clusters.
I20260630 12:21:17.857332 26378 hybrid_clock.cc:648] HybridClock initialized: now 1782822077857317 us; error 0 us; skew 500 ppm
I20260630 12:21:17.857857 26378 server_base.cc:861] Flag tcmalloc_max_total_thread_cache_bytes is not working since tcmalloc is not enabled.
I20260630 12:21:17.860168 26378 webserver.cc:533] Webserver started at http://127.25.194.130:44173/ using document root <none> and password file <none>
I20260630 12:21:17.860628 26378 fs_manager.cc:362] Metadata directory not provided
I20260630 12:21:17.860838 26378 fs_manager.cc:368] Using write-ahead log directory (fs_wal_dir) as metadata directory
I20260630 12:21:17.861140 26378 server_base.cc:909] This appears to be a new deployment of Kudu; creating new FS layout
I20260630 12:21:17.862383 26378 fs_manager.cc:1068] Generated new instance metadata in path /tmp/dist-test-taskw_wKZA/test-tmp/auto_rebalancer-test.0.AutoRebalancerTest.RangeAwareBuildClusterInfoGroupsByRange.1782822001287371-26378-0/minicluster-data/ts-1-root/instance:
uuid: "f86afb09da77499fa9f3fa7f13efd117"
format_stamp: "Formatted at 2026-06-30 12:21:17 on dist-test-slave-r4vl"
I20260630 12:21:17.866029 29014 heartbeater.cc:344] Connected to a master server at 127.25.194.190:44789
I20260630 12:21:17.866397 29014 heartbeater.cc:461] Registering TS with master...
I20260630 12:21:17.867338 29014 heartbeater.cc:507] Master 127.25.194.190:44789 requested a full tablet report, sending...
I20260630 12:21:17.868086 26378 fs_manager.cc:696] Time spent creating directory manager: real 0.005s	user 0.005s	sys 0.000s
I20260630 12:21:17.869709 28887 ts_manager.cc:194] Registered new tserver with Master: e2ab76940de3476bb20f989ab103a71b (127.25.194.129:43885)
I20260630 12:21:17.871873 28887 master_service.cc:502] Signed X509 certificate for tserver {username='slave'} at 127.0.0.1:48870
I20260630 12:21:17.871981 29026 log_block_manager.cc:4031] Time spent loading block containers with low live blocks: real 0.000s	user 0.000s	sys 0.000s
I20260630 12:21:17.872877 26378 fs_manager.cc:730] Time spent opening block manager: real 0.003s	user 0.004s	sys 0.000s
I20260630 12:21:17.873178 26378 fs_manager.cc:647] Opened local filesystem: /tmp/dist-test-taskw_wKZA/test-tmp/auto_rebalancer-test.0.AutoRebalancerTest.RangeAwareBuildClusterInfoGroupsByRange.1782822001287371-26378-0/minicluster-data/ts-1-root
uuid: "f86afb09da77499fa9f3fa7f13efd117"
format_stamp: "Formatted at 2026-06-30 12:21:17 on dist-test-slave-r4vl"
I20260630 12:21:17.873533 26378 fs_report.cc:389] FS layout report
--------------------
wal directory: /tmp/dist-test-taskw_wKZA/test-tmp/auto_rebalancer-test.0.AutoRebalancerTest.RangeAwareBuildClusterInfoGroupsByRange.1782822001287371-26378-0/minicluster-data/ts-1-root
metadata directory: /tmp/dist-test-taskw_wKZA/test-tmp/auto_rebalancer-test.0.AutoRebalancerTest.RangeAwareBuildClusterInfoGroupsByRange.1782822001287371-26378-0/minicluster-data/ts-1-root
1 data directories: /tmp/dist-test-taskw_wKZA/test-tmp/auto_rebalancer-test.0.AutoRebalancerTest.RangeAwareBuildClusterInfoGroupsByRange.1782822001287371-26378-0/minicluster-data/ts-1-root/data
Total live blocks: 0
Total live bytes: 0
Total live bytes (after alignment): 0
Total number of LBM containers: 0 (0 full)
Did not check for missing blocks
Did not check for orphaned blocks
Total full LBM containers with extra space: 0 (0 repaired)
Total full LBM container extra space in bytes: 0 (0 repaired)
Total incomplete LBM containers: 0 (0 repaired)
Total LBM partial records: 0 (0 repaired)
Total corrupted LBM metadata records in RocksDB: 0 (0 repaired)
I20260630 12:21:17.892997 26378 rpc_server.cc:225] running with OpenSSL 1.1.1  11 Sep 2018
I20260630 12:21:17.894135 26378 kserver.cc:163] Server-wide thread pool size limit: 3276
I20260630 12:21:17.895633 26378 txn_system_client.cc:432] TxnSystemClient initialization is disabled...
I20260630 12:21:17.897790 26378 ts_tablet_manager.cc:585] Loaded tablet metadata (0 total tablets, 0 live tablets)
I20260630 12:21:17.898008 26378 ts_tablet_manager.cc:531] Time spent load tablet metadata: real 0.000s	user 0.000s	sys 0.000s
I20260630 12:21:17.898233 26378 ts_tablet_manager.cc:616] Registered 0 tablets
I20260630 12:21:17.898401 26378 ts_tablet_manager.cc:595] Time spent register tablets: real 0.000s	user 0.000s	sys 0.000s
I20260630 12:21:17.936941 26378 rpc_server.cc:307] RPC server started. Bound to: 127.25.194.130:35163
I20260630 12:21:17.937047 29088 acceptor_pool.cc:272] collecting diagnostics on the listening RPC socket 127.25.194.130:35163 every 8 connection(s)
I20260630 12:21:17.941567 26378 file_cache.cc:492] Constructed file cache file cache with capacity 419430
W20260630 12:21:17.948514 29092 instance_detector.cc:116] could not retrieve AWS instance metadata: Network error: curl error: HTTP response code said error: The requested URL returned error: 404
W20260630 12:21:17.949616 29093 instance_detector.cc:116] could not retrieve Azure instance metadata: Network error: curl error: HTTP response code said error: The requested URL returned error: 404
W20260630 12:21:17.952131 29095 instance_detector.cc:116] could not retrieve OpenStack instance metadata: Network error: curl error: HTTP response code said error: The requested URL returned error: 404
I20260630 12:21:17.953017 26378 server_base.cc:1061] running on GCE node
I20260630 12:21:17.954198 26378 hybrid_clock.cc:584] initializing the hybrid clock with 'system_unsync' time source
I20260630 12:21:17.954334 29089 heartbeater.cc:344] Connected to a master server at 127.25.194.190:44789
W20260630 12:21:17.954484 26378 system_unsync_time.cc:38] NTP support is disabled. Clock error bounds will not be accurate. This configuration is not suitable for distributed clusters.
I20260630 12:21:17.954785 26378 hybrid_clock.cc:648] HybridClock initialized: now 1782822077954769 us; error 0 us; skew 500 ppm
I20260630 12:21:17.954843 29089 heartbeater.cc:461] Registering TS with master...
I20260630 12:21:17.955359 26378 server_base.cc:861] Flag tcmalloc_max_total_thread_cache_bytes is not working since tcmalloc is not enabled.
I20260630 12:21:17.955670 29089 heartbeater.cc:507] Master 127.25.194.190:44789 requested a full tablet report, sending...
I20260630 12:21:17.957815 28887 ts_manager.cc:194] Registered new tserver with Master: f86afb09da77499fa9f3fa7f13efd117 (127.25.194.130:35163)
I20260630 12:21:17.958169 26378 webserver.cc:533] Webserver started at http://127.25.194.131:39339/ using document root <none> and password file <none>
I20260630 12:21:17.958652 26378 fs_manager.cc:362] Metadata directory not provided
I20260630 12:21:17.958894 26378 fs_manager.cc:368] Using write-ahead log directory (fs_wal_dir) as metadata directory
I20260630 12:21:17.959174 26378 server_base.cc:909] This appears to be a new deployment of Kudu; creating new FS layout
I20260630 12:21:17.959393 28887 master_service.cc:502] Signed X509 certificate for tserver {username='slave'} at 127.0.0.1:48884
