I20260630 12:20:38.339821 26493 hybrid_clock.cc:584] initializing the hybrid clock with 'system_unsync' time source
W20260630 12:20:38.340014 26493 system_unsync_time.cc:38] NTP support is disabled. Clock error bounds will not be accurate. This configuration is not suitable for distributed clusters.
I20260630 12:20:38.340189 26493 hybrid_clock.cc:648] HybridClock initialized: now 1782822038340175 us; error 0 us; skew 500 ppm
I20260630 12:20:38.340668 26493 server_base.cc:861] Flag tcmalloc_max_total_thread_cache_bytes is not working since tcmalloc is not enabled.
I20260630 12:20:38.343104 26493 webserver.cc:533] Webserver started at http://127.25.223.68:45485/ using document root <none> and password file <none>
I20260630 12:20:38.343621 26493 fs_manager.cc:362] Metadata directory not provided
I20260630 12:20:38.343845 26493 fs_manager.cc:368] Using write-ahead log directory (fs_wal_dir) as metadata directory
I20260630 12:20:38.344213 26493 server_base.cc:909] This appears to be a new deployment of Kudu; creating new FS layout
I20260630 12:20:38.345455 26493 fs_manager.cc:1068] Generated new instance metadata in path /tmp/dist-test-taskNPTNQD/test-tmp/auto_rebalancer-test.0.AutoRebalancerTest.MovesScheduledIfAddTserver.1782821999966190-26493-0/minicluster-data/ts-3-root/instance:
uuid: "27686dcb45934c44b1a3cbc9a283f85d"
format_stamp: "Formatted at 2026-06-30 12:20:38 on dist-test-slave-7v3c"
I20260630 12:20:38.349856 26493 fs_manager.cc:696] Time spent creating directory manager: real 0.004s	user 0.005s	sys 0.000s
I20260630 12:20:38.353101 28480 log_block_manager.cc:4031] Time spent loading block containers with low live blocks: real 0.000s	user 0.000s	sys 0.000s
I20260630 12:20:38.353821 26493 fs_manager.cc:730] Time spent opening block manager: real 0.002s	user 0.003s	sys 0.000s
I20260630 12:20:38.354096 26493 fs_manager.cc:647] Opened local filesystem: /tmp/dist-test-taskNPTNQD/test-tmp/auto_rebalancer-test.0.AutoRebalancerTest.MovesScheduledIfAddTserver.1782821999966190-26493-0/minicluster-data/ts-3-root
uuid: "27686dcb45934c44b1a3cbc9a283f85d"
format_stamp: "Formatted at 2026-06-30 12:20:38 on dist-test-slave-7v3c"
I20260630 12:20:38.354346 26493 fs_report.cc:389] FS layout report
--------------------
wal directory: /tmp/dist-test-taskNPTNQD/test-tmp/auto_rebalancer-test.0.AutoRebalancerTest.MovesScheduledIfAddTserver.1782821999966190-26493-0/minicluster-data/ts-3-root
metadata directory: /tmp/dist-test-taskNPTNQD/test-tmp/auto_rebalancer-test.0.AutoRebalancerTest.MovesScheduledIfAddTserver.1782821999966190-26493-0/minicluster-data/ts-3-root
1 data directories: /tmp/dist-test-taskNPTNQD/test-tmp/auto_rebalancer-test.0.AutoRebalancerTest.MovesScheduledIfAddTserver.1782821999966190-26493-0/minicluster-data/ts-3-root/data
Total live blocks: 0
Total live bytes: 0
Total live bytes (after alignment): 0
Total number of LBM containers: 0 (0 full)
Did not check for missing blocks
Did not check for orphaned blocks
Total full LBM containers with extra space: 0 (0 repaired)
Total full LBM container extra space in bytes: 0 (0 repaired)
Total incomplete LBM containers: 0 (0 repaired)
Total LBM partial records: 0 (0 repaired)
Total corrupted LBM metadata records in RocksDB: 0 (0 repaired)
I20260630 12:20:38.387820 26493 rpc_server.cc:225] running with OpenSSL 1.1.1  11 Sep 2018
I20260630 12:20:38.389142 26493 kserver.cc:163] Server-wide thread pool size limit: 3276
I20260630 12:20:38.390614 26493 txn_system_client.cc:432] TxnSystemClient initialization is disabled...
I20260630 12:20:38.392903 26493 ts_tablet_manager.cc:585] Loaded tablet metadata (0 total tablets, 0 live tablets)
I20260630 12:20:38.393103 26493 ts_tablet_manager.cc:531] Time spent load tablet metadata: real 0.000s	user 0.000s	sys 0.000s
I20260630 12:20:38.393337 26493 ts_tablet_manager.cc:616] Registered 0 tablets
I20260630 12:20:38.393510 26493 ts_tablet_manager.cc:595] Time spent register tablets: real 0.000s	user 0.000s	sys 0.000s
I20260630 12:20:38.430822 26493 rpc_server.cc:307] RPC server started. Bound to: 127.25.223.68:33361
I20260630 12:20:38.430912 28542 acceptor_pool.cc:272] collecting diagnostics on the listening RPC socket 127.25.223.68:33361 every 8 connection(s)
I20260630 12:20:38.449409 28543 heartbeater.cc:344] Connected to a master server at 127.25.223.126:42481
I20260630 12:20:38.449759 28543 heartbeater.cc:461] Registering TS with master...
I20260630 12:20:38.450429 28543 heartbeater.cc:507] Master 127.25.223.126:42481 requested a full tablet report, sending...
I20260630 12:20:38.452207 28126 ts_manager.cc:194] Registered new tserver with Master: 27686dcb45934c44b1a3cbc9a283f85d (127.25.223.68:33361)
I20260630 12:20:38.453599 28126 master_service.cc:502] Signed X509 certificate for tserver {username='slave'} at 127.0.0.1:53002
W20260630 12:20:39.057284 28399 debug-util.cc:398] Leaking SignalData structure 0x7b080005b300 after lost signal to thread 26496
W20260630 12:20:39.058902 28399 debug-util.cc:398] Leaking SignalData structure 0x7b08001a4da0 after lost signal to thread 28253
W20260630 12:20:39.060739 28399 debug-util.cc:398] Leaking SignalData structure 0x7b080003ed20 after lost signal to thread 28402
I20260630 12:20:39.065363 28304 consensus_queue.cc:237] T c3fcea4370fe49718d2c725f8c864df2 P 491145d13fff4aa9ae14ef254b5ce085 [LEADER]: Queue going to LEADER mode. State: All replicated index: 0, Majority replicated index: 2, Committed index: 2, Last appended: 2.2, Last appended by leader: 1, Current term: 2, Majority size: 2, State: 0, Mode: LEADER, active raft config: opid_index: 3 OBSOLETE_local: false peers { permanent_uuid: "3b7e6799261f4ff299c1a3c28a6112ce" member_type: VOTER last_known_addr { host: "127.25.223.67" port: 37375 } } peers { permanent_uuid: "c86d4474c4cc4a6f91a343714cdc2983" member_type: VOTER last_known_addr { host: "127.25.223.65" port: 32879 } attrs { replace: true } } peers { permanent_uuid: "491145d13fff4aa9ae14ef254b5ce085" member_type: VOTER last_known_addr { host: "127.25.223.66" port: 43315 } } peers { permanent_uuid: "27686dcb45934c44b1a3cbc9a283f85d" member_type: NON_VOTER last_known_addr { host: "127.25.223.68" port: 33361 } attrs { promote: true } }
I20260630 12:20:39.072455 28229 raft_consensus.cc:1275] T c3fcea4370fe49718d2c725f8c864df2 P c86d4474c4cc4a6f91a343714cdc2983 [term 2 FOLLOWER]: Refusing update from remote peer 491145d13fff4aa9ae14ef254b5ce085: Log matching property violated. Preceding OpId in replica: term: 2 index: 2. Preceding OpId from leader: term: 2 index: 3. (index mismatch)
I20260630 12:20:39.074153 28465 consensus_queue.cc:1048] T c3fcea4370fe49718d2c725f8c864df2 P 491145d13fff4aa9ae14ef254b5ce085 [LEADER]: Connected to new peer: Peer: permanent_uuid: "c86d4474c4cc4a6f91a343714cdc2983" member_type: VOTER last_known_addr { host: "127.25.223.65" port: 32879 } attrs { replace: true }, Status: LMP_MISMATCH, Last received: 0.0, Next index: 3, Last known committed idx: 2, Time since last communication: 0.000s
I20260630 12:20:39.083488 28378 raft_consensus.cc:1275] T c3fcea4370fe49718d2c725f8c864df2 P 3b7e6799261f4ff299c1a3c28a6112ce [term 2 FOLLOWER]: Refusing update from remote peer 491145d13fff4aa9ae14ef254b5ce085: Log matching property violated. Preceding OpId in replica: term: 2 index: 2. Preceding OpId from leader: term: 2 index: 3. (index mismatch)
I20260630 12:20:39.085170 28465 consensus_queue.cc:1048] T c3fcea4370fe49718d2c725f8c864df2 P 491145d13fff4aa9ae14ef254b5ce085 [LEADER]: Connected to new peer: Peer: permanent_uuid: "3b7e6799261f4ff299c1a3c28a6112ce" member_type: VOTER last_known_addr { host: "127.25.223.67" port: 37375 }, Status: LMP_MISMATCH, Last received: 0.0, Next index: 3, Last known committed idx: 2, Time since last communication: 0.000s
W20260630 12:20:39.092876 28268 consensus_peers.cc:597] T c3fcea4370fe49718d2c725f8c864df2 P 491145d13fff4aa9ae14ef254b5ce085 -> Peer 27686dcb45934c44b1a3cbc9a283f85d (127.25.223.68:33361): Couldn't send request to peer 27686dcb45934c44b1a3cbc9a283f85d. Error code: TABLET_NOT_FOUND (6). Status: Not found: Tablet not found: c3fcea4370fe49718d2c725f8c864df2. This is attempt 1: this message will repeat every 5th retry.
I20260630 12:20:39.094548 28465 raft_consensus.cc:2955] T c3fcea4370fe49718d2c725f8c864df2 P 491145d13fff4aa9ae14ef254b5ce085 [term 2 LEADER]: Committing config change with OpId 2.3: config changed from index -1 to 3, NON_VOTER 27686dcb45934c44b1a3cbc9a283f85d (127.25.223.68) added. New config: { opid_index: 3 OBSOLETE_local: false peers { permanent_uuid: "3b7e6799261f4ff299c1a3c28a6112ce" member_type: VOTER last_known_addr { host: "127.25.223.67" port: 37375 } } peers { permanent_uuid: "c86d4474c4cc4a6f91a343714cdc2983" member_type: VOTER last_known_addr { host: "127.25.223.65" port: 32879 } attrs { replace: true } } peers { permanent_uuid: "491145d13fff4aa9ae14ef254b5ce085" member_type: VOTER last_known_addr { host: "127.25.223.66" port: 43315 } } peers { permanent_uuid: "27686dcb45934c44b1a3cbc9a283f85d" member_type: NON_VOTER last_known_addr { host: "127.25.223.68" port: 33361 } attrs { promote: true } } }
I20260630 12:20:39.096349 28229 raft_consensus.cc:2955] T c3fcea4370fe49718d2c725f8c864df2 P c86d4474c4cc4a6f91a343714cdc2983 [term 2 FOLLOWER]: Committing config change with OpId 2.3: config changed from index -1 to 3, NON_VOTER 27686dcb45934c44b1a3cbc9a283f85d (127.25.223.68) added. New config: { opid_index: 3 OBSOLETE_local: false peers { permanent_uuid: "3b7e6799261f4ff299c1a3c28a6112ce" member_type: VOTER last_known_addr { host: "127.25.223.67" port: 37375 } } peers { permanent_uuid: "c86d4474c4cc4a6f91a343714cdc2983" member_type: VOTER last_known_addr { host: "127.25.223.65" port: 32879 } attrs { replace: true } } peers { permanent_uuid: "491145d13fff4aa9ae14ef254b5ce085" member_type: VOTER last_known_addr { host: "127.25.223.66" port: 43315 } } peers { permanent_uuid: "27686dcb45934c44b1a3cbc9a283f85d" member_type: NON_VOTER last_known_addr { host: "127.25.223.68" port: 33361 } attrs { promote: true } } }
I20260630 12:20:39.109771 28377 raft_consensus.cc:2955] T c3fcea4370fe49718d2c725f8c864df2 P 3b7e6799261f4ff299c1a3c28a6112ce [term 2 FOLLOWER]: Committing config change with OpId 2.3: config changed from index -1 to 3, NON_VOTER 27686dcb45934c44b1a3cbc9a283f85d (127.25.223.68) added. New config: { opid_index: 3 OBSOLETE_local: false peers { permanent_uuid: "3b7e6799261f4ff299c1a3c28a6112ce" member_type: VOTER last_known_addr { host: "127.25.223.67" port: 37375 } } peers { permanent_uuid: "c86d4474c4cc4a6f91a343714cdc2983" member_type: VOTER last_known_addr { host: "127.25.223.65" port: 32879 } attrs { replace: true } } peers { permanent_uuid: "491145d13fff4aa9ae14ef254b5ce085" member_type: VOTER last_known_addr { host: "127.25.223.66" port: 43315 } } peers { permanent_uuid: "27686dcb45934c44b1a3cbc9a283f85d" member_type: NON_VOTER last_known_addr { host: "127.25.223.68" port: 33361 } attrs { promote: true } } }
I20260630 12:20:39.116302 28126 catalog_manager.cc:5697] T c3fcea4370fe49718d2c725f8c864df2 P c86d4474c4cc4a6f91a343714cdc2983 reported cstate change: config changed from index -1 to 3, NON_VOTER 27686dcb45934c44b1a3cbc9a283f85d (127.25.223.68) added. New cstate: current_term: 2 leader_uuid: "491145d13fff4aa9ae14ef254b5ce085" committed_config { opid_index: 3 OBSOLETE_local: false peers { permanent_uuid: "3b7e6799261f4ff299c1a3c28a6112ce" member_type: VOTER last_known_addr { host: "127.25.223.67" port: 37375 } } peers { permanent_uuid: "c86d4474c4cc4a6f91a343714cdc2983" member_type: VOTER last_known_addr { host: "127.25.223.65" port: 32879 } attrs { replace: true } } peers { permanent_uuid: "491145d13fff4aa9ae14ef254b5ce085" member_type: VOTER last_known_addr { host: "127.25.223.66" port: 43315 } } peers { permanent_uuid: "27686dcb45934c44b1a3cbc9a283f85d" member_type: NON_VOTER last_known_addr { host: "127.25.223.68" port: 33361 } attrs { promote: true } } }
I20260630 12:20:39.456190 28543 heartbeater.cc:499] Master 127.25.223.126:42481 was elected leader, sending a full tablet report...
I20260630 12:20:39.513279 28562 ts_tablet_manager.cc:933] T c3fcea4370fe49718d2c725f8c864df2 P 27686dcb45934c44b1a3cbc9a283f85d: Initiating tablet copy from peer 491145d13fff4aa9ae14ef254b5ce085 (127.25.223.66:43315)
I20260630 12:20:39.515718 28562 tablet_copy_client.cc:323] T c3fcea4370fe49718d2c725f8c864df2 P 27686dcb45934c44b1a3cbc9a283f85d: tablet copy: Beginning tablet copy session from remote peer at address 127.25.223.66:43315
I20260630 12:20:39.528538 28314 tablet_copy_service.cc:140] P 491145d13fff4aa9ae14ef254b5ce085: Received BeginTabletCopySession request for tablet c3fcea4370fe49718d2c725f8c864df2 from peer 27686dcb45934c44b1a3cbc9a283f85d ({username='slave'} at 127.0.0.1:60252)
I20260630 12:20:39.529165 28314 tablet_copy_service.cc:161] P 491145d13fff4aa9ae14ef254b5ce085: Beginning new tablet copy session on tablet c3fcea4370fe49718d2c725f8c864df2 from peer 27686dcb45934c44b1a3cbc9a283f85d at {username='slave'} at 127.0.0.1:60252: session id = 27686dcb45934c44b1a3cbc9a283f85d-c3fcea4370fe49718d2c725f8c864df2
I20260630 12:20:39.537878 28314 tablet_copy_source_session.cc:215] T c3fcea4370fe49718d2c725f8c864df2 P 491145d13fff4aa9ae14ef254b5ce085: Tablet Copy: opened 0 blocks and 1 log segments
I20260630 12:20:39.541900 28562 data_dirs.cc:400] Could only allocate 1 dirs of requested 3 for tablet c3fcea4370fe49718d2c725f8c864df2. 1 dirs total, 0 dirs full, 0 dirs failed
I20260630 12:20:39.557542 28562 tablet_copy_client.cc:806] T c3fcea4370fe49718d2c725f8c864df2 P 27686dcb45934c44b1a3cbc9a283f85d: tablet copy: Starting download of 0 data blocks...
I20260630 12:20:39.558260 28562 tablet_copy_client.cc:670] T c3fcea4370fe49718d2c725f8c864df2 P 27686dcb45934c44b1a3cbc9a283f85d: tablet copy: Starting download of 1 WAL segments...
I20260630 12:20:39.562705 28562 tablet_copy_client.cc:538] T c3fcea4370fe49718d2c725f8c864df2 P 27686dcb45934c44b1a3cbc9a283f85d: tablet copy: Tablet Copy complete. Replacing tablet superblock.
I20260630 12:20:39.571426 28562 tablet_bootstrap.cc:492] T c3fcea4370fe49718d2c725f8c864df2 P 27686dcb45934c44b1a3cbc9a283f85d: Bootstrap starting.
I20260630 12:20:39.594344 28562 tablet_bootstrap.cc:492] T c3fcea4370fe49718d2c725f8c864df2 P 27686dcb45934c44b1a3cbc9a283f85d: Bootstrap replayed 1/1 log segments. Stats: ops{read=3 overwritten=0 applied=3 ignored=0} inserts{seen=0 ignored=0} mutations{seen=0 ignored=0} orphaned_commits=0. Pending: 0 replicates
I20260630 12:20:39.595258 28562 tablet_bootstrap.cc:492] T c3fcea4370fe49718d2c725f8c864df2 P 27686dcb45934c44b1a3cbc9a283f85d: Bootstrap complete.
I20260630 12:20:39.595922 28562 ts_tablet_manager.cc:1403] T c3fcea4370fe49718d2c725f8c864df2 P 27686dcb45934c44b1a3cbc9a283f85d: Time spent bootstrapping tablet: real 0.025s	user 0.016s	sys 0.008s
I20260630 12:20:39.598755 28562 raft_consensus.cc:359] T c3fcea4370fe49718d2c725f8c864df2 P 27686dcb45934c44b1a3cbc9a283f85d [term 2 LEARNER]: Replica starting. Triggering 0 pending ops. Active config: opid_index: 3 OBSOLETE_local: false peers { permanent_uuid: "3b7e6799261f4ff299c1a3c28a6112ce" member_type: VOTER last_known_addr { host: "127.25.223.67" port: 37375 } } peers { permanent_uuid: "c86d4474c4cc4a6f91a343714cdc2983" member_type: VOTER last_known_addr { host: "127.25.223.65" port: 32879 } attrs { replace: true } } peers { permanent_uuid: "491145d13fff4aa9ae14ef254b5ce085" member_type: VOTER last_known_addr { host: "127.25.223.66" port: 43315 } } peers { permanent_uuid: "27686dcb45934c44b1a3cbc9a283f85d" member_type: NON_VOTER last_known_addr { host: "127.25.223.68" port: 33361 } attrs { promote: true } }
I20260630 12:20:39.599699 28562 raft_consensus.cc:740] T c3fcea4370fe49718d2c725f8c864df2 P 27686dcb45934c44b1a3cbc9a283f85d [term 2 LEARNER]: Becoming Follower/Learner. State: Replica: 27686dcb45934c44b1a3cbc9a283f85d, State: Initialized, Role: LEARNER
I20260630 12:20:39.600419 28562 consensus_queue.cc:260] T c3fcea4370fe49718d2c725f8c864df2 P 27686dcb45934c44b1a3cbc9a283f85d [NON_LEADER]: Queue going to NON_LEADER mode. State: All replicated index: 0, Majority replicated index: 0, Committed index: 3, Last appended: 2.3, Last appended by leader: 3, Current term: 0, Majority size: -1, State: 0, Mode: NON_LEADER, active raft config: opid_index: 3 OBSOLETE_local: false peers { permanent_uuid: "3b7e6799261f4ff299c1a3c28a6112ce" member_type: VOTER last_known_addr { host: "127.25.223.67" port: 37375 } } peers { permanent_uuid: "c86d4474c4cc4a6f91a343714cdc2983" member_type: VOTER last_known_addr { host: "127.25.223.65" port: 32879 } attrs { replace: true } } peers { permanent_uuid: "491145d13fff4aa9ae14ef254b5ce085" member_type: VOTER last_known_addr { host: "127.25.223.66" port: 43315 } } peers { permanent_uuid: "27686dcb45934c44b1a3cbc9a283f85d" member_type: NON_VOTER last_known_addr { host: "127.25.223.68" port: 33361 } attrs { promote: true } }
I20260630 12:20:39.604267 28562 ts_tablet_manager.cc:1434] T c3fcea4370fe49718d2c725f8c864df2 P 27686dcb45934c44b1a3cbc9a283f85d: Time spent starting tablet: real 0.008s	user 0.007s	sys 0.001s
I20260630 12:20:39.606279 28314 tablet_copy_service.cc:342] P 491145d13fff4aa9ae14ef254b5ce085: Request end of tablet copy session 27686dcb45934c44b1a3cbc9a283f85d-c3fcea4370fe49718d2c725f8c864df2 received from {username='slave'} at 127.0.0.1:60252
I20260630 12:20:39.606721 28314 tablet_copy_service.cc:434] P 491145d13fff4aa9ae14ef254b5ce085: ending tablet copy session 27686dcb45934c44b1a3cbc9a283f85d-c3fcea4370fe49718d2c725f8c864df2 on tablet c3fcea4370fe49718d2c725f8c864df2 with peer 27686dcb45934c44b1a3cbc9a283f85d
I20260630 12:20:39.686419 28180 auto_leader_rebalancer.cc:141] leader rebalance for table test-workload
I20260630 12:20:39.689402 28180 auto_leader_rebalancer.cc:440] table: test-workload, leader rebalance finish, leader transfer count: 0
I20260630 12:20:39.689962 28180 auto_leader_rebalancer.cc:515] All tables' leader rebalancing finished this round
I20260630 12:20:39.898720 28518 raft_consensus.cc:1217] T c3fcea4370fe49718d2c725f8c864df2 P 27686dcb45934c44b1a3cbc9a283f85d [term 2 LEARNER]: Deduplicated request from leader. Original: 2.2->[2.3-2.3]   Dedup: 2.3->[]
I20260630 12:20:40.320160 28551 raft_consensus.cc:1064] T c3fcea4370fe49718d2c725f8c864df2 P 491145d13fff4aa9ae14ef254b5ce085: attempting to promote NON_VOTER 27686dcb45934c44b1a3cbc9a283f85d to VOTER
I20260630 12:20:40.324441 28551 consensus_queue.cc:237] T c3fcea4370fe49718d2c725f8c864df2 P 491145d13fff4aa9ae14ef254b5ce085 [LEADER]: Queue going to LEADER mode. State: All replicated index: 0, Majority replicated index: 3, Committed index: 3, Last appended: 2.3, Last appended by leader: 1, Current term: 2, Majority size: 3, State: 0, Mode: LEADER, active raft config: opid_index: 4 OBSOLETE_local: false peers { permanent_uuid: "3b7e6799261f4ff299c1a3c28a6112ce" member_type: VOTER last_known_addr { host: "127.25.223.67" port: 37375 } } peers { permanent_uuid: "c86d4474c4cc4a6f91a343714cdc2983" member_type: VOTER last_known_addr { host: "127.25.223.65" port: 32879 } attrs { replace: true } } peers { permanent_uuid: "491145d13fff4aa9ae14ef254b5ce085" member_type: VOTER last_known_addr { host: "127.25.223.66" port: 43315 } } peers { permanent_uuid: "27686dcb45934c44b1a3cbc9a283f85d" member_type: VOTER last_known_addr { host: "127.25.223.68" port: 33361 } attrs { promote: false } }
I20260630 12:20:40.332592 28518 raft_consensus.cc:1275] T c3fcea4370fe49718d2c725f8c864df2 P 27686dcb45934c44b1a3cbc9a283f85d [term 2 LEARNER]: Refusing update from remote peer 491145d13fff4aa9ae14ef254b5ce085: Log matching property violated. Preceding OpId in replica: term: 2 index: 3. Preceding OpId from leader: term: 2 index: 4. (index mismatch)
I20260630 12:20:40.334508 28568 consensus_queue.cc:1048] T c3fcea4370fe49718d2c725f8c864df2 P 491145d13fff4aa9ae14ef254b5ce085 [LEADER]: Connected to new peer: Peer: permanent_uuid: "27686dcb45934c44b1a3cbc9a283f85d" member_type: VOTER last_known_addr { host: "127.25.223.68" port: 33361 } attrs { promote: false }, Status: LMP_MISMATCH, Last received: 0.0, Next index: 4, Last known committed idx: 3, Time since last communication: 0.001s
I20260630 12:20:40.336845 28377 raft_consensus.cc:1275] T c3fcea4370fe49718d2c725f8c864df2 P 3b7e6799261f4ff299c1a3c28a6112ce [term 2 FOLLOWER]: Refusing update from remote peer 491145d13fff4aa9ae14ef254b5ce085: Log matching property violated. Preceding OpId in replica: term: 2 index: 3. Preceding OpId from leader: term: 2 index: 4. (index mismatch)
I20260630 12:20:40.337026 28229 raft_consensus.cc:1275] T c3fcea4370fe49718d2c725f8c864df2 P c86d4474c4cc4a6f91a343714cdc2983 [term 2 FOLLOWER]: Refusing update from remote peer 491145d13fff4aa9ae14ef254b5ce085: Log matching property violated. Preceding OpId in replica: term: 2 index: 3. Preceding OpId from leader: term: 2 index: 4. (index mismatch)
I20260630 12:20:40.340724 28567 consensus_queue.cc:1048] T c3fcea4370fe49718d2c725f8c864df2 P 491145d13fff4aa9ae14ef254b5ce085 [LEADER]: Connected to new peer: Peer: permanent_uuid: "3b7e6799261f4ff299c1a3c28a6112ce" member_type: VOTER last_known_addr { host: "127.25.223.67" port: 37375 }, Status: LMP_MISMATCH, Last received: 0.0, Next index: 4, Last known committed idx: 3, Time since last communication: 0.001s
I20260630 12:20:40.342526 28567 consensus_queue.cc:1048] T c3fcea4370fe49718d2c725f8c864df2 P 491145d13fff4aa9ae14ef254b5ce085 [LEADER]: Connected to new peer: Peer: permanent_uuid: "c86d4474c4cc4a6f91a343714cdc2983" member_type: VOTER last_known_addr { host: "127.25.223.65" port: 32879 } attrs { replace: true }, Status: LMP_MISMATCH, Last received: 0.0, Next index: 4, Last known committed idx: 3, Time since last communication: 0.000s
I20260630 12:20:40.358843 28568 raft_consensus.cc:2955] T c3fcea4370fe49718d2c725f8c864df2 P 491145d13fff4aa9ae14ef254b5ce085 [term 2 LEADER]: Committing config change with OpId 2.4: config changed from index 3 to 4, 27686dcb45934c44b1a3cbc9a283f85d (127.25.223.68) changed from NON_VOTER to VOTER. New config: { opid_index: 4 OBSOLETE_local: false peers { permanent_uuid: "3b7e6799261f4ff299c1a3c28a6112ce" member_type: VOTER last_known_addr { host: "127.25.223.67" port: 37375 } } peers { permanent_uuid: "c86d4474c4cc4a6f91a343714cdc2983" member_type: VOTER last_known_addr { host: "127.25.223.65" port: 32879 } attrs { replace: true } } peers { permanent_uuid: "491145d13fff4aa9ae14ef254b5ce085" member_type: VOTER last_known_addr { host: "127.25.223.66" port: 43315 } } peers { permanent_uuid: "27686dcb45934c44b1a3cbc9a283f85d" member_type: VOTER last_known_addr { host: "127.25.223.68" port: 33361 } attrs { promote: false } } }
I20260630 12:20:40.364106 28378 raft_consensus.cc:2955] T c3fcea4370fe49718d2c725f8c864df2 P 3b7e6799261f4ff299c1a3c28a6112ce [term 2 FOLLOWER]: Committing config change with OpId 2.4: config changed from index 3 to 4, 27686dcb45934c44b1a3cbc9a283f85d (127.25.223.68) changed from NON_VOTER to VOTER. New config: { opid_index: 4 OBSOLETE_local: false peers { permanent_uuid: "3b7e6799261f4ff299c1a3c28a6112ce" member_type: VOTER last_known_addr { host: "127.25.223.67" port: 37375 } } peers { permanent_uuid: "c86d4474c4cc4a6f91a343714cdc2983" member_type: VOTER last_known_addr { host: "127.25.223.65" port: 32879 } attrs { replace: true } } peers { permanent_uuid: "491145d13fff4aa9ae14ef254b5ce085" member_type: VOTER last_known_addr { host: "127.25.223.66" port: 43315 } } peers { permanent_uuid: "27686dcb45934c44b1a3cbc9a283f85d" member_type: VOTER last_known_addr { host: "127.25.223.68" port: 33361 } attrs { promote: false } } }
I20260630 12:20:40.365109 28228 raft_consensus.cc:2955] T c3fcea4370fe49718d2c725f8c864df2 P c86d4474c4cc4a6f91a343714cdc2983 [term 2 FOLLOWER]: Committing config change with OpId 2.4: config changed from index 3 to 4, 27686dcb45934c44b1a3cbc9a283f85d (127.25.223.68) changed from NON_VOTER to VOTER. New config: { opid_index: 4 OBSOLETE_local: false peers { permanent_uuid: "3b7e6799261f4ff299c1a3c28a6112ce" member_type: VOTER last_known_addr { host: "127.25.223.67" port: 37375 } } peers { permanent_uuid: "c86d4474c4cc4a6f91a343714cdc2983" member_type: VOTER last_known_addr { host: "127.25.223.65" port: 32879 } attrs { replace: true } } peers { permanent_uuid: "491145d13fff4aa9ae14ef254b5ce085" member_type: VOTER last_known_addr { host: "127.25.223.66" port: 43315 } } peers { permanent_uuid: "27686dcb45934c44b1a3cbc9a283f85d" member_type: VOTER last_known_addr { host: "127.25.223.68" port: 33361 } attrs { promote: false } } }
I20260630 12:20:40.375723 28518 raft_consensus.cc:2955] T c3fcea4370fe49718d2c725f8c864df2 P 27686dcb45934c44b1a3cbc9a283f85d [term 2 FOLLOWER]: Committing config change with OpId 2.4: config changed from index 3 to 4, 27686dcb45934c44b1a3cbc9a283f85d (127.25.223.68) changed from NON_VOTER to VOTER. New config: { opid_index: 4 OBSOLETE_local: false peers { permanent_uuid: "3b7e6799261f4ff299c1a3c28a6112ce" member_type: VOTER last_known_addr { host: "127.25.223.67" port: 37375 } } peers { permanent_uuid: "c86d4474c4cc4a6f91a343714cdc2983" member_type: VOTER last_known_addr { host: "127.25.223.65" port: 32879 } attrs { replace: true } } peers { permanent_uuid: "491145d13fff4aa9ae14ef254b5ce085" member_type: VOTER last_known_addr { host: "127.25.223.66" port: 43315 } } peers { permanent_uuid: "27686dcb45934c44b1a3cbc9a283f85d" member_type: VOTER last_known_addr { host: "127.25.223.68" port: 33361 } attrs { promote: false } } }
I20260630 12:20:40.380175 28125 catalog_manager.cc:5697] T c3fcea4370fe49718d2c725f8c864df2 P 3b7e6799261f4ff299c1a3c28a6112ce reported cstate change: config changed from index 3 to 4, 27686dcb45934c44b1a3cbc9a283f85d (127.25.223.68) changed from NON_VOTER to VOTER. New cstate: current_term: 2 leader_uuid: "491145d13fff4aa9ae14ef254b5ce085" committed_config { opid_index: 4 OBSOLETE_local: false peers { permanent_uuid: "3b7e6799261f4ff299c1a3c28a6112ce" member_type: VOTER last_known_addr { host: "127.25.223.67" port: 37375 } } peers { permanent_uuid: "c86d4474c4cc4a6f91a343714cdc2983" member_type: VOTER last_known_addr { host: "127.25.223.65" port: 32879 } attrs { replace: true } } peers { permanent_uuid: "491145d13fff4aa9ae14ef254b5ce085" member_type: VOTER last_known_addr { host: "127.25.223.66" port: 43315 } } peers { permanent_uuid: "27686dcb45934c44b1a3cbc9a283f85d" member_type: VOTER last_known_addr { host: "127.25.223.68" port: 33361 } attrs { promote: false } } }
I20260630 12:20:40.420832 28304 consensus_queue.cc:237] T c3fcea4370fe49718d2c725f8c864df2 P 491145d13fff4aa9ae14ef254b5ce085 [LEADER]: Queue going to LEADER mode. State: All replicated index: 0, Majority replicated index: 4, Committed index: 4, Last appended: 2.4, Last appended by leader: 1, Current term: 2, Majority size: 2, State: 0, Mode: LEADER, active raft config: opid_index: 5 OBSOLETE_local: false peers { permanent_uuid: "3b7e6799261f4ff299c1a3c28a6112ce" member_type: VOTER last_known_addr { host: "127.25.223.67" port: 37375 } } peers { permanent_uuid: "491145d13fff4aa9ae14ef254b5ce085" member_type: VOTER last_known_addr { host: "127.25.223.66" port: 43315 } } peers { permanent_uuid: "27686dcb45934c44b1a3cbc9a283f85d" member_type: VOTER last_known_addr { host: "127.25.223.68" port: 33361 } attrs { promote: false } }
I20260630 12:20:40.428793 28518 raft_consensus.cc:1275] T c3fcea4370fe49718d2c725f8c864df2 P 27686dcb45934c44b1a3cbc9a283f85d [term 2 FOLLOWER]: Refusing update from remote peer 491145d13fff4aa9ae14ef254b5ce085: Log matching property violated. Preceding OpId in replica: term: 2 index: 4. Preceding OpId from leader: term: 2 index: 5. (index mismatch)
I20260630 12:20:40.429291 28378 raft_consensus.cc:1275] T c3fcea4370fe49718d2c725f8c864df2 P 3b7e6799261f4ff299c1a3c28a6112ce [term 2 FOLLOWER]: Refusing update from remote peer 491145d13fff4aa9ae14ef254b5ce085: Log matching property violated. Preceding OpId in replica: term: 2 index: 4. Preceding OpId from leader: term: 2 index: 5. (index mismatch)
I20260630 12:20:40.430553 28568 consensus_queue.cc:1048] T c3fcea4370fe49718d2c725f8c864df2 P 491145d13fff4aa9ae14ef254b5ce085 [LEADER]: Connected to new peer: Peer: permanent_uuid: "27686dcb45934c44b1a3cbc9a283f85d" member_type: VOTER last_known_addr { host: "127.25.223.68" port: 33361 } attrs { promote: false }, Status: LMP_MISMATCH, Last received: 0.0, Next index: 5, Last known committed idx: 4, Time since last communication: 0.000s
I20260630 12:20:40.440326 28569 consensus_queue.cc:1048] T c3fcea4370fe49718d2c725f8c864df2 P 491145d13fff4aa9ae14ef254b5ce085 [LEADER]: Connected to new peer: Peer: permanent_uuid: "3b7e6799261f4ff299c1a3c28a6112ce" member_type: VOTER last_known_addr { host: "127.25.223.67" port: 37375 }, Status: LMP_MISMATCH, Last received: 0.0, Next index: 5, Last known committed idx: 4, Time since last communication: 0.001s
I20260630 12:20:40.441748 28551 raft_consensus.cc:2955] T c3fcea4370fe49718d2c725f8c864df2 P 491145d13fff4aa9ae14ef254b5ce085 [term 2 LEADER]: Committing config change with OpId 2.5: config changed from index 4 to 5, VOTER c86d4474c4cc4a6f91a343714cdc2983 (127.25.223.65) evicted. New config: { opid_index: 5 OBSOLETE_local: false peers { permanent_uuid: "3b7e6799261f4ff299c1a3c28a6112ce" member_type: VOTER last_known_addr { host: "127.25.223.67" port: 37375 } } peers { permanent_uuid: "491145d13fff4aa9ae14ef254b5ce085" member_type: VOTER last_known_addr { host: "127.25.223.66" port: 43315 } } peers { permanent_uuid: "27686dcb45934c44b1a3cbc9a283f85d" member_type: VOTER last_known_addr { host: "127.25.223.68" port: 33361 } attrs { promote: false } } }
I20260630 12:20:40.448031 28378 raft_consensus.cc:2955] T c3fcea4370fe49718d2c725f8c864df2 P 3b7e6799261f4ff299c1a3c28a6112ce [term 2 FOLLOWER]: Committing config change with OpId 2.5: config changed from index 4 to 5, VOTER c86d4474c4cc4a6f91a343714cdc2983 (127.25.223.65) evicted. New config: { opid_index: 5 OBSOLETE_local: false peers { permanent_uuid: "3b7e6799261f4ff299c1a3c28a6112ce" member_type: VOTER last_known_addr { host: "127.25.223.67" port: 37375 } } peers { permanent_uuid: "491145d13fff4aa9ae14ef254b5ce085" member_type: VOTER last_known_addr { host: "127.25.223.66" port: 43315 } } peers { permanent_uuid: "27686dcb45934c44b1a3cbc9a283f85d" member_type: VOTER last_known_addr { host: "127.25.223.68" port: 33361 } attrs { promote: false } } }
I20260630 12:20:40.448138 28517 raft_consensus.cc:2955] T c3fcea4370fe49718d2c725f8c864df2 P 27686dcb45934c44b1a3cbc9a283f85d [term 2 FOLLOWER]: Committing config change with OpId 2.5: config changed from index 4 to 5, VOTER c86d4474c4cc4a6f91a343714cdc2983 (127.25.223.65) evicted. New config: { opid_index: 5 OBSOLETE_local: false peers { permanent_uuid: "3b7e6799261f4ff299c1a3c28a6112ce" member_type: VOTER last_known_addr { host: "127.25.223.67" port: 37375 } } peers { permanent_uuid: "491145d13fff4aa9ae14ef254b5ce085" member_type: VOTER last_known_addr { host: "127.25.223.66" port: 43315 } } peers { permanent_uuid: "27686dcb45934c44b1a3cbc9a283f85d" member_type: VOTER last_known_addr { host: "127.25.223.68" port: 33361 } attrs { promote: false } } }
I20260630 12:20:40.453955 28114 catalog_manager.cc:5210] ChangeConfig:REMOVE_PEER RPC for tablet c3fcea4370fe49718d2c725f8c864df2 with cas_config_opid_index 4: ChangeConfig:REMOVE_PEER succeeded (attempt 1)
I20260630 12:20:40.457878 28124 catalog_manager.cc:5697] T c3fcea4370fe49718d2c725f8c864df2 P 491145d13fff4aa9ae14ef254b5ce085 reported cstate change: config changed from index 4 to 5, VOTER c86d4474c4cc4a6f91a343714cdc2983 (127.25.223.65) evicted. New cstate: current_term: 2 leader_uuid: "491145d13fff4aa9ae14ef254b5ce085" committed_config { opid_index: 5 OBSOLETE_local: false peers { permanent_uuid: "3b7e6799261f4ff299c1a3c28a6112ce" member_type: VOTER last_known_addr { host: "127.25.223.67" port: 37375 } health_report { overall_health: UNKNOWN } } peers { permanent_uuid: "491145d13fff4aa9ae14ef254b5ce085" member_type: VOTER last_known_addr { host: "127.25.223.66" port: 43315 } health_report { overall_health: HEALTHY } } peers { permanent_uuid: "27686dcb45934c44b1a3cbc9a283f85d" member_type: VOTER last_known_addr { host: "127.25.223.68" port: 33361 } attrs { promote: false } health_report { overall_health: HEALTHY } } }
I20260630 12:20:40.474747 28218 tablet_service.cc:1558] Processing DeleteTablet for tablet c3fcea4370fe49718d2c725f8c864df2 with delete_type TABLET_DATA_TOMBSTONED (TS c86d4474c4cc4a6f91a343714cdc2983 not found in new config with opid_index 5) from {username='slave'} at 127.0.0.1:35824
I20260630 12:20:40.477351 28580 tablet_replica.cc:333] T c3fcea4370fe49718d2c725f8c864df2 P c86d4474c4cc4a6f91a343714cdc2983: stopping tablet replica
I20260630 12:20:40.478240 28580 raft_consensus.cc:2243] T c3fcea4370fe49718d2c725f8c864df2 P c86d4474c4cc4a6f91a343714cdc2983 [term 2 FOLLOWER]: Raft consensus shutting down.
I20260630 12:20:40.479074 28580 raft_consensus.cc:2272] T c3fcea4370fe49718d2c725f8c864df2 P c86d4474c4cc4a6f91a343714cdc2983 [term 2 FOLLOWER]: Raft consensus is shut down!
I20260630 12:20:40.482542 28580 ts_tablet_manager.cc:1916] T c3fcea4370fe49718d2c725f8c864df2 P c86d4474c4cc4a6f91a343714cdc2983: Deleting tablet data with delete state TABLET_DATA_TOMBSTONED
I20260630 12:20:40.497886 28580 ts_tablet_manager.cc:1929] T c3fcea4370fe49718d2c725f8c864df2 P c86d4474c4cc4a6f91a343714cdc2983: tablet deleted with delete type TABLET_DATA_TOMBSTONED: last-logged OpId 2.4
I20260630 12:20:40.498385 28580 log.cc:1199] T c3fcea4370fe49718d2c725f8c864df2 P c86d4474c4cc4a6f91a343714cdc2983: Deleting WAL directory at /tmp/dist-test-taskNPTNQD/test-tmp/auto_rebalancer-test.0.AutoRebalancerTest.MovesScheduledIfAddTserver.1782821999966190-26493-0/minicluster-data/ts-0-root/wals/c3fcea4370fe49718d2c725f8c864df2
I20260630 12:20:40.500274 28114 catalog_manager.cc:5028] TS c86d4474c4cc4a6f91a343714cdc2983 (127.25.223.65:32879): tablet c3fcea4370fe49718d2c725f8c864df2 (table test-workload [id=aab86fd71498490d8b70bc76648ee291]) successfully deleted
I20260630 12:20:41.691406 28180 auto_leader_rebalancer.cc:141] leader rebalance for table test-workload
I20260630 12:20:41.694335 28180 auto_leader_rebalancer.cc:440] table: test-workload, leader rebalance finish, leader transfer count: 0
I20260630 12:20:41.694787 28180 auto_leader_rebalancer.cc:515] All tables' leader rebalancing finished this round
I20260630 12:20:43.695673 28180 auto_leader_rebalancer.cc:141] leader rebalance for table test-workload
I20260630 12:20:43.697520 28180 auto_leader_rebalancer.cc:440] table: test-workload, leader rebalance finish, leader transfer count: 0
I20260630 12:20:43.697788 28180 auto_leader_rebalancer.cc:515] All tables' leader rebalancing finished this round
I20260630 12:20:45.708431 28180 auto_leader_rebalancer.cc:141] leader rebalance for table test-workload
I20260630 12:20:45.717106 28180 auto_leader_rebalancer.cc:440] table: test-workload, leader rebalance finish, leader transfer count: 0
I20260630 12:20:45.717671 28180 auto_leader_rebalancer.cc:515] All tables' leader rebalancing finished this round
I20260630 12:20:46.753722 28586 raft_consensus.cc:493] T 727c083b1bf445b2bb291990106a80d0 P 491145d13fff4aa9ae14ef254b5ce085 [term 1 FOLLOWER]: Starting pre-election (detected failure of leader 3b7e6799261f4ff299c1a3c28a6112ce)
I20260630 12:20:46.754514 28586 raft_consensus.cc:515] T 727c083b1bf445b2bb291990106a80d0 P 491145d13fff4aa9ae14ef254b5ce085 [term 1 FOLLOWER]: Starting pre-election with config: opid_index: -1 OBSOLETE_local: false peers { permanent_uuid: "c86d4474c4cc4a6f91a343714cdc2983" member_type: VOTER last_known_addr { host: "127.25.223.65" port: 32879 } } peers { permanent_uuid: "491145d13fff4aa9ae14ef254b5ce085" member_type: VOTER last_known_addr { host: "127.25.223.66" port: 43315 } } peers { permanent_uuid: "3b7e6799261f4ff299c1a3c28a6112ce" member_type: VOTER last_known_addr { host: "127.25.223.67" port: 37375 } }
I20260630 12:20:46.757970 28228 tablet_service.cc:1917] Received RequestConsensusVote() RPC: tablet_id: "727c083b1bf445b2bb291990106a80d0" candidate_uuid: "491145d13fff4aa9ae14ef254b5ce085" candidate_term: 2 candidate_status { last_received { term: 1 index: 1 } } ignore_live_leader: false dest_uuid: "c86d4474c4cc4a6f91a343714cdc2983" is_pre_election: true
I20260630 12:20:46.761288 28586 leader_election.cc:290] T 727c083b1bf445b2bb291990106a80d0 P 491145d13fff4aa9ae14ef254b5ce085 [CANDIDATE]: Term 2 pre-election: Requested pre-vote from peers c86d4474c4cc4a6f91a343714cdc2983 (127.25.223.65:32879), 3b7e6799261f4ff299c1a3c28a6112ce (127.25.223.67:37375)
I20260630 12:20:46.762928 28378 tablet_service.cc:1917] Received RequestConsensusVote() RPC: tablet_id: "727c083b1bf445b2bb291990106a80d0" candidate_uuid: "491145d13fff4aa9ae14ef254b5ce085" candidate_term: 2 candidate_status { last_received { term: 1 index: 1 } } ignore_live_leader: false dest_uuid: "3b7e6799261f4ff299c1a3c28a6112ce" is_pre_election: true
I20260630 12:20:46.773363 28267 leader_election.cc:304] T 727c083b1bf445b2bb291990106a80d0 P 491145d13fff4aa9ae14ef254b5ce085 [CANDIDATE]: Term 2 pre-election: Election decided. Result: candidate lost. Election summary: received 3 responses out of 3 voters: 1 yes votes; 2 no votes. yes voters: 491145d13fff4aa9ae14ef254b5ce085; no voters: 3b7e6799261f4ff299c1a3c28a6112ce, c86d4474c4cc4a6f91a343714cdc2983
I20260630 12:20:46.774425 28585 raft_consensus.cc:2749] T 727c083b1bf445b2bb291990106a80d0 P 491145d13fff4aa9ae14ef254b5ce085 [term 1 FOLLOWER]: Leader pre-election lost for term 2. Reason: could not achieve majority
I20260630 12:20:47.718775 28180 auto_leader_rebalancer.cc:141] leader rebalance for table test-workload
I20260630 12:20:47.720628 28180 auto_leader_rebalancer.cc:440] table: test-workload, leader rebalance finish, leader transfer count: 0
I20260630 12:20:47.720907 28180 auto_leader_rebalancer.cc:515] All tables' leader rebalancing finished this round
W20260630 12:20:47.770594 28399 debug-util.cc:398] Leaking SignalData structure 0x7b08001aba80 after lost signal to thread 26496
W20260630 12:20:47.771646 28399 debug-util.cc:398] Leaking SignalData structure 0x7b080004c6e0 after lost signal to thread 28161
W20260630 12:20:47.772526 28399 debug-util.cc:398] Leaking SignalData structure 0x7b080005b400 after lost signal to thread 28253
W20260630 12:20:47.773253 28399 debug-util.cc:398] Leaking SignalData structure 0x7b08001d4700 after lost signal to thread 28328
W20260630 12:20:47.773981 28399 debug-util.cc:398] Leaking SignalData structure 0x7b0800202f80 after lost signal to thread 28402
W20260630 12:20:47.774884 28399 debug-util.cc:398] Leaking SignalData structure 0x7b08000f68c0 after lost signal to thread 28542
I20260630 12:20:49.721748 28180 auto_leader_rebalancer.cc:141] leader rebalance for table test-workload
I20260630 12:20:49.723632 28180 auto_leader_rebalancer.cc:440] table: test-workload, leader rebalance finish, leader transfer count: 0
I20260630 12:20:49.723908 28180 auto_leader_rebalancer.cc:515] All tables' leader rebalancing finished this round
I20260630 12:20:51.724812 28180 auto_leader_rebalancer.cc:141] leader rebalance for table test-workload
I20260630 12:20:51.726730 28180 auto_leader_rebalancer.cc:440] table: test-workload, leader rebalance finish, leader transfer count: 0
I20260630 12:20:51.727018 28180 auto_leader_rebalancer.cc:515] All tables' leader rebalancing finished this round
I20260630 12:20:51.880437 26493 tablet_server.cc:179] TabletServer@127.25.223.65:0 shutting down...
I20260630 12:20:51.902437 26493 ts_tablet_manager.cc:1507] Shutting down tablet manager...
I20260630 12:20:51.903287 26493 tablet_replica.cc:333] T 727c083b1bf445b2bb291990106a80d0 P c86d4474c4cc4a6f91a343714cdc2983: stopping tablet replica
I20260630 12:20:51.903781 26493 raft_consensus.cc:2243] T 727c083b1bf445b2bb291990106a80d0 P c86d4474c4cc4a6f91a343714cdc2983 [term 1 FOLLOWER]: Raft consensus shutting down.
I20260630 12:20:51.904357 26493 raft_consensus.cc:2272] T 727c083b1bf445b2bb291990106a80d0 P c86d4474c4cc4a6f91a343714cdc2983 [term 1 FOLLOWER]: Raft consensus is shut down!
I20260630 12:20:51.926047 26493 tablet_server.cc:196] TabletServer@127.25.223.65:0 shutdown complete.
I20260630 12:20:51.938051 26493 tablet_server.cc:179] TabletServer@127.25.223.66:0 shutting down...
I20260630 12:20:51.955257 26493 ts_tablet_manager.cc:1507] Shutting down tablet manager...
I20260630 12:20:51.955869 26493 tablet_replica.cc:333] T 727c083b1bf445b2bb291990106a80d0 P 491145d13fff4aa9ae14ef254b5ce085: stopping tablet replica
I20260630 12:20:51.956435 26493 raft_consensus.cc:2243] T 727c083b1bf445b2bb291990106a80d0 P 491145d13fff4aa9ae14ef254b5ce085 [term 1 FOLLOWER]: Raft consensus shutting down.
I20260630 12:20:51.956880 26493 raft_consensus.cc:2272] T 727c083b1bf445b2bb291990106a80d0 P 491145d13fff4aa9ae14ef254b5ce085 [term 1 FOLLOWER]: Raft consensus is shut down!
I20260630 12:20:51.958976 26493 tablet_replica.cc:333] T c3fcea4370fe49718d2c725f8c864df2 P 491145d13fff4aa9ae14ef254b5ce085: stopping tablet replica
I20260630 12:20:51.959380 26493 raft_consensus.cc:2243] T c3fcea4370fe49718d2c725f8c864df2 P 491145d13fff4aa9ae14ef254b5ce085 [term 2 LEADER]: Raft consensus shutting down.
I20260630 12:20:51.960213 26493 raft_consensus.cc:2272] T c3fcea4370fe49718d2c725f8c864df2 P 491145d13fff4aa9ae14ef254b5ce085 [term 2 FOLLOWER]: Raft consensus is shut down!
I20260630 12:20:51.980351 26493 tablet_server.cc:196] TabletServer@127.25.223.66:0 shutdown complete.
I20260630 12:20:51.991003 26493 tablet_server.cc:179] TabletServer@127.25.223.67:0 shutting down...
I20260630 12:20:52.010215 26493 ts_tablet_manager.cc:1507] Shutting down tablet manager...
I20260630 12:20:52.011237 26493 tablet_replica.cc:333] T c3fcea4370fe49718d2c725f8c864df2 P 3b7e6799261f4ff299c1a3c28a6112ce: stopping tablet replica
I20260630 12:20:52.011803 26493 raft_consensus.cc:2243] T c3fcea4370fe49718d2c725f8c864df2 P 3b7e6799261f4ff299c1a3c28a6112ce [term 2 FOLLOWER]: Raft consensus shutting down.
W20260630 12:20:52.012171 28344 proxy.cc:239] Call had error, refreshing address and retrying: Network error: Client connection negotiation failed: client connection to 127.25.223.65:32879: connect: Connection refused (error 111) [suppressed 2 similar messages]
I20260630 12:20:52.012914 26493 raft_consensus.cc:2272] T c3fcea4370fe49718d2c725f8c864df2 P 3b7e6799261f4ff299c1a3c28a6112ce [term 2 FOLLOWER]: Raft consensus is shut down!
I20260630 12:20:52.015244 26493 tablet_replica.cc:333] T 727c083b1bf445b2bb291990106a80d0 P 3b7e6799261f4ff299c1a3c28a6112ce: stopping tablet replica
I20260630 12:20:52.015676 26493 raft_consensus.cc:2243] T 727c083b1bf445b2bb291990106a80d0 P 3b7e6799261f4ff299c1a3c28a6112ce [term 1 LEADER]: Raft consensus shutting down.
W20260630 12:20:52.015729 28344 consensus_peers.cc:597] T 727c083b1bf445b2bb291990106a80d0 P 3b7e6799261f4ff299c1a3c28a6112ce -> Peer c86d4474c4cc4a6f91a343714cdc2983 (127.25.223.65:32879): Couldn't send request to peer c86d4474c4cc4a6f91a343714cdc2983. Status: Network error: Client connection negotiation failed: client connection to 127.25.223.65:32879: connect: Connection refused (error 111). This is attempt 1: this message will repeat every 5th retry.
I20260630 12:20:52.016606 26493 raft_consensus.cc:2272] T 727c083b1bf445b2bb291990106a80d0 P 3b7e6799261f4ff299c1a3c28a6112ce [term 1 FOLLOWER]: Raft consensus is shut down!
I20260630 12:20:52.060253 26493 tablet_server.cc:196] TabletServer@127.25.223.67:0 shutdown complete.
I20260630 12:20:52.071051 26493 tablet_server.cc:179] TabletServer@127.25.223.68:0 shutting down...
I20260630 12:20:52.089866 26493 ts_tablet_manager.cc:1507] Shutting down tablet manager...
I20260630 12:20:52.090689 26493 tablet_replica.cc:333] T c3fcea4370fe49718d2c725f8c864df2 P 27686dcb45934c44b1a3cbc9a283f85d: stopping tablet replica
I20260630 12:20:52.091285 26493 raft_consensus.cc:2243] T c3fcea4370fe49718d2c725f8c864df2 P 27686dcb45934c44b1a3cbc9a283f85d [term 2 FOLLOWER]: Raft consensus shutting down.
I20260630 12:20:52.091832 26493 raft_consensus.cc:2272] T c3fcea4370fe49718d2c725f8c864df2 P 27686dcb45934c44b1a3cbc9a283f85d [term 2 FOLLOWER]: Raft consensus is shut down!
I20260630 12:20:52.109843 26493 tablet_server.cc:196] TabletServer@127.25.223.68:0 shutdown complete.
I20260630 12:20:52.119061 26493 master.cc:562] Master@127.25.223.126:42481 shutting down...
I20260630 12:20:52.134028 26493 raft_consensus.cc:2243] T 00000000000000000000000000000000 P 755f34f50bf94d168be9b89f8d002b0a [term 1 LEADER]: Raft consensus shutting down.
I20260630 12:20:52.134554 26493 raft_consensus.cc:2272] T 00000000000000000000000000000000 P 755f34f50bf94d168be9b89f8d002b0a [term 1 FOLLOWER]: Raft consensus is shut down!
I20260630 12:20:52.134856 26493 tablet_replica.cc:333] T 00000000000000000000000000000000 P 755f34f50bf94d168be9b89f8d002b0a: stopping tablet replica
I20260630 12:20:52.152870 26493 master.cc:584] Master@127.25.223.126:42481 shutdown complete.
[       OK ] AutoRebalancerTest.MovesScheduledIfAddTserver (26975 ms)
[ RUN      ] AutoRebalancerTest.NoReplicaMovesIfNoTservers
I20260630 12:20:52.185071 26493 internal_mini_cluster.cc:156] Creating distributed mini masters. Addrs: 127.25.223.126:41203
I20260630 12:20:52.186054 26493 file_cache.cc:492] Constructed file cache file cache with capacity 419430
W20260630 12:20:52.191136 28594 instance_detector.cc:116] could not retrieve Azure instance metadata: Network error: curl error: HTTP response code said error: The requested URL returned error: 404
W20260630 12:20:52.191249 28593 instance_detector.cc:116] could not retrieve AWS instance metadata: Network error: curl error: HTTP response code said error: The requested URL returned error: 404
W20260630 12:20:52.192222 28596 instance_detector.cc:116] could not retrieve OpenStack instance metadata: Network error: curl error: HTTP response code said error: The requested URL returned error: 404
I20260630 12:20:52.193346 26493 server_base.cc:1061] running on GCE node
I20260630 12:20:52.194169 26493 hybrid_clock.cc:584] initializing the hybrid clock with 'system_unsync' time source
W20260630 12:20:52.194341 26493 system_unsync_time.cc:38] NTP support is disabled. Clock error bounds will not be accurate. This configuration is not suitable for distributed clusters.
I20260630 12:20:52.194491 26493 hybrid_clock.cc:648] HybridClock initialized: now 1782822052194475 us; error 0 us; skew 500 ppm
I20260630 12:20:52.194952 26493 server_base.cc:861] Flag tcmalloc_max_total_thread_cache_bytes is not working since tcmalloc is not enabled.
I20260630 12:20:52.197178 26493 webserver.cc:533] Webserver started at http://127.25.223.126:36751/ using document root <none> and password file <none>
I20260630 12:20:52.197604 26493 fs_manager.cc:362] Metadata directory not provided
I20260630 12:20:52.197770 26493 fs_manager.cc:368] Using write-ahead log directory (fs_wal_dir) as metadata directory
I20260630 12:20:52.198032 26493 server_base.cc:909] This appears to be a new deployment of Kudu; creating new FS layout
I20260630 12:20:52.199118 26493 fs_manager.cc:1068] Generated new instance metadata in path /tmp/dist-test-taskNPTNQD/test-tmp/auto_rebalancer-test.0.AutoRebalancerTest.NoReplicaMovesIfNoTservers.1782821999966190-26493-0/minicluster-data/master-0-root/instance:
uuid: "2323b8d8502f4400be47368a9ca8f79a"
format_stamp: "Formatted at 2026-06-30 12:20:52 on dist-test-slave-7v3c"
I20260630 12:20:52.203116 26493 fs_manager.cc:696] Time spent creating directory manager: real 0.003s	user 0.006s	sys 0.000s
I20260630 12:20:52.206219 28601 log_block_manager.cc:4031] Time spent loading block containers with low live blocks: real 0.000s	user 0.000s	sys 0.000s
I20260630 12:20:52.206830 26493 fs_manager.cc:730] Time spent opening block manager: real 0.002s	user 0.000s	sys 0.002s
I20260630 12:20:52.207074 26493 fs_manager.cc:647] Opened local filesystem: /tmp/dist-test-taskNPTNQD/test-tmp/auto_rebalancer-test.0.AutoRebalancerTest.NoReplicaMovesIfNoTservers.1782821999966190-26493-0/minicluster-data/master-0-root
uuid: "2323b8d8502f4400be47368a9ca8f79a"
format_stamp: "Formatted at 2026-06-30 12:20:52 on dist-test-slave-7v3c"
I20260630 12:20:52.207314 26493 fs_report.cc:389] FS layout report
--------------------
wal directory: /tmp/dist-test-taskNPTNQD/test-tmp/auto_rebalancer-test.0.AutoRebalancerTest.NoReplicaMovesIfNoTservers.1782821999966190-26493-0/minicluster-data/master-0-root
metadata directory: /tmp/dist-test-taskNPTNQD/test-tmp/auto_rebalancer-test.0.AutoRebalancerTest.NoReplicaMovesIfNoTservers.1782821999966190-26493-0/minicluster-data/master-0-root
1 data directories: /tmp/dist-test-taskNPTNQD/test-tmp/auto_rebalancer-test.0.AutoRebalancerTest.NoReplicaMovesIfNoTservers.1782821999966190-26493-0/minicluster-data/master-0-root/data
Total live blocks: 0
Total live bytes: 0
Total live bytes (after alignment): 0
Total number of LBM containers: 0 (0 full)
Did not check for missing blocks
Did not check for orphaned blocks
Total full LBM containers with extra space: 0 (0 repaired)
Total full LBM container extra space in bytes: 0 (0 repaired)
Total incomplete LBM containers: 0 (0 repaired)
Total LBM partial records: 0 (0 repaired)
Total corrupted LBM metadata records in RocksDB: 0 (0 repaired)
I20260630 12:20:52.227067 26493 rpc_server.cc:225] running with OpenSSL 1.1.1  11 Sep 2018
I20260630 12:20:52.228149 26493 kserver.cc:163] Server-wide thread pool size limit: 3276
I20260630 12:20:52.262507 26493 rpc_server.cc:307] RPC server started. Bound to: 127.25.223.126:41203
I20260630 12:20:52.262581 28652 acceptor_pool.cc:272] collecting diagnostics on the listening RPC socket 127.25.223.126:41203 every 8 connection(s)
I20260630 12:20:52.266160 28653 data_dirs.cc:400] Could only allocate 1 dirs of requested 3 for tablet 00000000000000000000000000000000. 1 dirs total, 0 dirs full, 0 dirs failed
