I20260630 12:20:09.284904 27449 tablet_bootstrap.cc:492] T 39df5dab357f44f0b7e50226395f9448 P aabcacf00b994b969e32949b6fcc8fe6: No bootstrap required, opened a new log
I20260630 12:20:09.285463 27449 ts_tablet_manager.cc:1403] T 39df5dab357f44f0b7e50226395f9448 P aabcacf00b994b969e32949b6fcc8fe6: Time spent bootstrapping tablet: real 0.085s	user 0.013s	sys 0.022s
I20260630 12:20:09.286127 27330 tablet_service.cc:1917] Received RequestConsensusVote() RPC: tablet_id: "6c6784b2dcfa44d7affcc1e1ca52b832" candidate_uuid: "f5bed0cc11c54df68183b2c29ef1b488" candidate_term: 1 candidate_status { last_received { term: 0 index: 0 } } ignore_live_leader: false dest_uuid: "aabcacf00b994b969e32949b6fcc8fe6" is_pre_election: true
I20260630 12:20:09.282042 27404 tablet_service.cc:1917] Received RequestConsensusVote() RPC: tablet_id: "4a904740a96b46f98c0bac1046f6a320" candidate_uuid: "aabcacf00b994b969e32949b6fcc8fe6" candidate_term: 1 candidate_status { last_received { term: 0 index: 0 } } ignore_live_leader: false dest_uuid: "108716b727f24e3f86a795f9f61aba61"
I20260630 12:20:09.286741 27330 raft_consensus.cc:2468] T 6c6784b2dcfa44d7affcc1e1ca52b832 P aabcacf00b994b969e32949b6fcc8fe6 [term 0 FOLLOWER]: Leader pre-election vote request: Granting yes vote for candidate f5bed0cc11c54df68183b2c29ef1b488 in term 0.
I20260630 12:20:09.287107 27404 raft_consensus.cc:3060] T 4a904740a96b46f98c0bac1046f6a320 P 108716b727f24e3f86a795f9f61aba61 [term 0 FOLLOWER]: Advancing to term 1
I20260630 12:20:09.286837 27488 raft_consensus.cc:515] T eb74b562e8c64317b7f2bfdf527f3d95 P 108716b727f24e3f86a795f9f61aba61 [term 1 FOLLOWER]: Starting leader election with config: opid_index: -1 OBSOLETE_local: false peers { permanent_uuid: "f5bed0cc11c54df68183b2c29ef1b488" member_type: VOTER last_known_addr { host: "127.25.247.1" port: 40543 } } peers { permanent_uuid: "aabcacf00b994b969e32949b6fcc8fe6" member_type: VOTER last_known_addr { host: "127.25.247.2" port: 45299 } } peers { permanent_uuid: "108716b727f24e3f86a795f9f61aba61" member_type: VOTER last_known_addr { host: "127.25.247.3" port: 40959 } }
I20260630 12:20:09.288100 27219 leader_election.cc:304] T 6c6784b2dcfa44d7affcc1e1ca52b832 P f5bed0cc11c54df68183b2c29ef1b488 [CANDIDATE]: Term 1 pre-election: Election decided. Result: candidate won. Election summary: received 2 responses out of 3 voters: 2 yes votes; 0 no votes. yes voters: aabcacf00b994b969e32949b6fcc8fe6, f5bed0cc11c54df68183b2c29ef1b488; no voters: 
I20260630 12:20:09.288852 27488 leader_election.cc:290] T eb74b562e8c64317b7f2bfdf527f3d95 P 108716b727f24e3f86a795f9f61aba61 [CANDIDATE]: Term 1 election: Requested vote from peers f5bed0cc11c54df68183b2c29ef1b488 (127.25.247.1:40543), aabcacf00b994b969e32949b6fcc8fe6 (127.25.247.2:45299)
I20260630 12:20:09.288069 27329 tablet_service.cc:1917] Received RequestConsensusVote() RPC: tablet_id: "39df5dab357f44f0b7e50226395f9448" candidate_uuid: "f5bed0cc11c54df68183b2c29ef1b488" candidate_term: 1 candidate_status { last_received { term: 0 index: 0 } } ignore_live_leader: false dest_uuid: "aabcacf00b994b969e32949b6fcc8fe6" is_pre_election: true
I20260630 12:20:09.293689 27490 raft_consensus.cc:2804] T 6c6784b2dcfa44d7affcc1e1ca52b832 P f5bed0cc11c54df68183b2c29ef1b488 [term 0 FOLLOWER]: Leader pre-election won for term 1
I20260630 12:20:09.294375 27490 raft_consensus.cc:493] T 6c6784b2dcfa44d7affcc1e1ca52b832 P f5bed0cc11c54df68183b2c29ef1b488 [term 0 FOLLOWER]: Starting leader election (no leader contacted us within the election timeout)
I20260630 12:20:09.293498 27403 tablet_service.cc:1917] Received RequestConsensusVote() RPC: tablet_id: "6c6784b2dcfa44d7affcc1e1ca52b832" candidate_uuid: "f5bed0cc11c54df68183b2c29ef1b488" candidate_term: 1 candidate_status { last_received { term: 0 index: 0 } } ignore_live_leader: false dest_uuid: "108716b727f24e3f86a795f9f61aba61" is_pre_election: true
I20260630 12:20:09.294225 27150 catalog_manager.cc:5697] T 68141b6ee9f04c748925fc0ee4cac94a P 108716b727f24e3f86a795f9f61aba61 reported cstate change: term changed from 0 to 1, leader changed from <none> to 108716b727f24e3f86a795f9f61aba61 (127.25.247.3). New cstate: current_term: 1 leader_uuid: "108716b727f24e3f86a795f9f61aba61" committed_config { opid_index: -1 OBSOLETE_local: false peers { permanent_uuid: "f5bed0cc11c54df68183b2c29ef1b488" member_type: VOTER last_known_addr { host: "127.25.247.1" port: 40543 } health_report { overall_health: UNKNOWN } } peers { permanent_uuid: "aabcacf00b994b969e32949b6fcc8fe6" member_type: VOTER last_known_addr { host: "127.25.247.2" port: 45299 } health_report { overall_health: UNKNOWN } } peers { permanent_uuid: "108716b727f24e3f86a795f9f61aba61" member_type: VOTER last_known_addr { host: "127.25.247.3" port: 40959 } health_report { overall_health: HEALTHY } } }
W20260630 12:20:09.290722 27219 leader_election.cc:343] T 39df5dab357f44f0b7e50226395f9448 P f5bed0cc11c54df68183b2c29ef1b488 [CANDIDATE]: Term 1 pre-election: Tablet error from VoteRequest() call to peer aabcacf00b994b969e32949b6fcc8fe6 (127.25.247.2:45299): Illegal state: must be running to vote when last-logged opid is not known
I20260630 12:20:09.296490 27329 tablet_service.cc:1917] Received RequestConsensusVote() RPC: tablet_id: "eb74b562e8c64317b7f2bfdf527f3d95" candidate_uuid: "108716b727f24e3f86a795f9f61aba61" candidate_term: 1 candidate_status { last_received { term: 0 index: 0 } } ignore_live_leader: false dest_uuid: "aabcacf00b994b969e32949b6fcc8fe6"
I20260630 12:20:09.299713 27404 raft_consensus.cc:2468] T 4a904740a96b46f98c0bac1046f6a320 P 108716b727f24e3f86a795f9f61aba61 [term 1 FOLLOWER]: Leader election vote request: Granting yes vote for candidate aabcacf00b994b969e32949b6fcc8fe6 in term 1.
I20260630 12:20:09.299932 27329 raft_consensus.cc:3060] T eb74b562e8c64317b7f2bfdf527f3d95 P aabcacf00b994b969e32949b6fcc8fe6 [term 0 FOLLOWER]: Advancing to term 1
I20260630 12:20:09.294740 27490 raft_consensus.cc:3060] T 6c6784b2dcfa44d7affcc1e1ca52b832 P f5bed0cc11c54df68183b2c29ef1b488 [term 0 FOLLOWER]: Advancing to term 1
I20260630 12:20:09.278470 27487 raft_consensus.cc:515] T a8cf7211b9d9413fa100f2d6f6ff4e5f P 108716b727f24e3f86a795f9f61aba61 [term 0 FOLLOWER]: Starting pre-election with config: opid_index: -1 OBSOLETE_local: false peers { permanent_uuid: "aabcacf00b994b969e32949b6fcc8fe6" member_type: VOTER last_known_addr { host: "127.25.247.2" port: 45299 } } peers { permanent_uuid: "f5bed0cc11c54df68183b2c29ef1b488" member_type: VOTER last_known_addr { host: "127.25.247.1" port: 40543 } } peers { permanent_uuid: "108716b727f24e3f86a795f9f61aba61" member_type: VOTER last_known_addr { host: "127.25.247.3" port: 40959 } }
I20260630 12:20:09.295197 27403 raft_consensus.cc:2468] T 6c6784b2dcfa44d7affcc1e1ca52b832 P 108716b727f24e3f86a795f9f61aba61 [term 0 FOLLOWER]: Leader pre-election vote request: Granting yes vote for candidate f5bed0cc11c54df68183b2c29ef1b488 in term 0.
I20260630 12:20:09.302663 27489 leader_election.cc:290] T 39df5dab357f44f0b7e50226395f9448 P f5bed0cc11c54df68183b2c29ef1b488 [CANDIDATE]: Term 1 pre-election: Requested pre-vote from peers aabcacf00b994b969e32949b6fcc8fe6 (127.25.247.2:45299), 108716b727f24e3f86a795f9f61aba61 (127.25.247.3:40959)
I20260630 12:20:09.290772 27469 consensus_queue.cc:237] T 4a904740a96b46f98c0bac1046f6a320 P aabcacf00b994b969e32949b6fcc8fe6 [LEADER]: Queue going to LEADER mode. State: All replicated index: 0, Majority replicated index: 0, Committed index: 0, Last appended: 0.0, Last appended by leader: 0, Current term: 1, Majority size: 2, State: 0, Mode: LEADER, active raft config: opid_index: -1 OBSOLETE_local: false peers { permanent_uuid: "f5bed0cc11c54df68183b2c29ef1b488" member_type: VOTER last_known_addr { host: "127.25.247.1" port: 40543 } } peers { permanent_uuid: "aabcacf00b994b969e32949b6fcc8fe6" member_type: VOTER last_known_addr { host: "127.25.247.2" port: 45299 } } peers { permanent_uuid: "108716b727f24e3f86a795f9f61aba61" member_type: VOTER last_known_addr { host: "127.25.247.3" port: 40959 } }
I20260630 12:20:09.299834 27153 catalog_manager.cc:5697] T 0883e10154994ef99d1e8431eca06635 P f5bed0cc11c54df68183b2c29ef1b488 reported cstate change: term changed from 0 to 1, leader changed from <none> to f5bed0cc11c54df68183b2c29ef1b488 (127.25.247.1). New cstate: current_term: 1 leader_uuid: "f5bed0cc11c54df68183b2c29ef1b488" committed_config { opid_index: -1 OBSOLETE_local: false peers { permanent_uuid: "f5bed0cc11c54df68183b2c29ef1b488" member_type: VOTER last_known_addr { host: "127.25.247.1" port: 40543 } health_report { overall_health: HEALTHY } } peers { permanent_uuid: "aabcacf00b994b969e32949b6fcc8fe6" member_type: VOTER last_known_addr { host: "127.25.247.2" port: 45299 } health_report { overall_health: UNKNOWN } } peers { permanent_uuid: "108716b727f24e3f86a795f9f61aba61" member_type: VOTER last_known_addr { host: "127.25.247.3" port: 40959 } health_report { overall_health: UNKNOWN } } }
I20260630 12:20:09.304889 27487 leader_election.cc:290] T a8cf7211b9d9413fa100f2d6f6ff4e5f P 108716b727f24e3f86a795f9f61aba61 [CANDIDATE]: Term 1 pre-election: Requested pre-vote from peers aabcacf00b994b969e32949b6fcc8fe6 (127.25.247.2:45299), f5bed0cc11c54df68183b2c29ef1b488 (127.25.247.1:40543)
I20260630 12:20:09.301954 27449 raft_consensus.cc:359] T 39df5dab357f44f0b7e50226395f9448 P aabcacf00b994b969e32949b6fcc8fe6 [term 0 FOLLOWER]: Replica starting. Triggering 0 pending ops. Active config: opid_index: -1 OBSOLETE_local: false peers { permanent_uuid: "f5bed0cc11c54df68183b2c29ef1b488" member_type: VOTER last_known_addr { host: "127.25.247.1" port: 40543 } } peers { permanent_uuid: "aabcacf00b994b969e32949b6fcc8fe6" member_type: VOTER last_known_addr { host: "127.25.247.2" port: 45299 } } peers { permanent_uuid: "108716b727f24e3f86a795f9f61aba61" member_type: VOTER last_known_addr { host: "127.25.247.3" port: 40959 } }
I20260630 12:20:09.306535 27449 raft_consensus.cc:385] T 39df5dab357f44f0b7e50226395f9448 P aabcacf00b994b969e32949b6fcc8fe6 [term 0 FOLLOWER]: Consensus starting up: Expiring failure detector timer to make a prompt election more likely
I20260630 12:20:09.306903 27449 raft_consensus.cc:740] T 39df5dab357f44f0b7e50226395f9448 P aabcacf00b994b969e32949b6fcc8fe6 [term 0 FOLLOWER]: Becoming Follower/Learner. State: Replica: aabcacf00b994b969e32949b6fcc8fe6, State: Initialized, Role: FOLLOWER
I20260630 12:20:09.307622 27449 consensus_queue.cc:260] T 39df5dab357f44f0b7e50226395f9448 P aabcacf00b994b969e32949b6fcc8fe6 [NON_LEADER]: Queue going to NON_LEADER mode. State: All replicated index: 0, Majority replicated index: 0, Committed index: 0, Last appended: 0.0, Last appended by leader: 0, Current term: 0, Majority size: -1, State: 0, Mode: NON_LEADER, active raft config: opid_index: -1 OBSOLETE_local: false peers { permanent_uuid: "f5bed0cc11c54df68183b2c29ef1b488" member_type: VOTER last_known_addr { host: "127.25.247.1" port: 40543 } } peers { permanent_uuid: "aabcacf00b994b969e32949b6fcc8fe6" member_type: VOTER last_known_addr { host: "127.25.247.2" port: 45299 } } peers { permanent_uuid: "108716b727f24e3f86a795f9f61aba61" member_type: VOTER last_known_addr { host: "127.25.247.3" port: 40959 } }
I20260630 12:20:09.309908 27254 tablet_service.cc:1917] Received RequestConsensusVote() RPC: tablet_id: "a8cf7211b9d9413fa100f2d6f6ff4e5f" candidate_uuid: "108716b727f24e3f86a795f9f61aba61" candidate_term: 1 candidate_status { last_received { term: 0 index: 0 } } ignore_live_leader: false dest_uuid: "f5bed0cc11c54df68183b2c29ef1b488" is_pre_election: true
I20260630 12:20:09.310458 27329 raft_consensus.cc:2468] T eb74b562e8c64317b7f2bfdf527f3d95 P aabcacf00b994b969e32949b6fcc8fe6 [term 1 FOLLOWER]: Leader election vote request: Granting yes vote for candidate 108716b727f24e3f86a795f9f61aba61 in term 1.
I20260630 12:20:09.310657 27254 raft_consensus.cc:2393] T a8cf7211b9d9413fa100f2d6f6ff4e5f P f5bed0cc11c54df68183b2c29ef1b488 [term 1 FOLLOWER]: Leader pre-election vote request: Denying vote to candidate 108716b727f24e3f86a795f9f61aba61 in current term 1: Already voted for candidate aabcacf00b994b969e32949b6fcc8fe6 in this term.
I20260630 12:20:09.299795 27253 tablet_service.cc:1917] Received RequestConsensusVote() RPC: tablet_id: "eb74b562e8c64317b7f2bfdf527f3d95" candidate_uuid: "108716b727f24e3f86a795f9f61aba61" candidate_term: 1 candidate_status { last_received { term: 0 index: 0 } } ignore_live_leader: false dest_uuid: "f5bed0cc11c54df68183b2c29ef1b488"
I20260630 12:20:09.311229 27253 raft_consensus.cc:3060] T eb74b562e8c64317b7f2bfdf527f3d95 P f5bed0cc11c54df68183b2c29ef1b488 [term 0 FOLLOWER]: Advancing to term 1
I20260630 12:20:09.312422 27403 tablet_service.cc:1917] Received RequestConsensusVote() RPC: tablet_id: "39df5dab357f44f0b7e50226395f9448" candidate_uuid: "f5bed0cc11c54df68183b2c29ef1b488" candidate_term: 1 candidate_status { last_received { term: 0 index: 0 } } ignore_live_leader: false dest_uuid: "108716b727f24e3f86a795f9f61aba61" is_pre_election: true
I20260630 12:20:09.312422 27330 tablet_service.cc:1917] Received RequestConsensusVote() RPC: tablet_id: "a8cf7211b9d9413fa100f2d6f6ff4e5f" candidate_uuid: "108716b727f24e3f86a795f9f61aba61" candidate_term: 1 candidate_status { last_received { term: 0 index: 0 } } ignore_live_leader: false dest_uuid: "aabcacf00b994b969e32949b6fcc8fe6" is_pre_election: true
I20260630 12:20:09.309473 27449 ts_tablet_manager.cc:1434] T 39df5dab357f44f0b7e50226395f9448 P aabcacf00b994b969e32949b6fcc8fe6: Time spent starting tablet: real 0.024s	user 0.001s	sys 0.004s
W20260630 12:20:09.314513 27221 leader_election.cc:343] T 39df5dab357f44f0b7e50226395f9448 P f5bed0cc11c54df68183b2c29ef1b488 [CANDIDATE]: Term 1 pre-election: Tablet error from VoteRequest() call to peer 108716b727f24e3f86a795f9f61aba61 (127.25.247.3:40959): Illegal state: must be running to vote when last-logged opid is not known
I20260630 12:20:09.314992 27221 leader_election.cc:304] T 39df5dab357f44f0b7e50226395f9448 P f5bed0cc11c54df68183b2c29ef1b488 [CANDIDATE]: Term 1 pre-election: Election decided. Result: candidate lost. Election summary: received 3 responses out of 3 voters: 1 yes votes; 2 no votes. yes voters: f5bed0cc11c54df68183b2c29ef1b488; no voters: 108716b727f24e3f86a795f9f61aba61, aabcacf00b994b969e32949b6fcc8fe6
I20260630 12:20:09.305516 27453 tablet_bootstrap.cc:654] T 39df5dab357f44f0b7e50226395f9448 P 108716b727f24e3f86a795f9f61aba61: Neither blocks nor log segments found. Creating new log.
I20260630 12:20:09.314648 27368 leader_election.cc:304] T eb74b562e8c64317b7f2bfdf527f3d95 P 108716b727f24e3f86a795f9f61aba61 [CANDIDATE]: Term 1 election: Election decided. Result: candidate won. Election summary: received 2 responses out of 3 voters: 2 yes votes; 0 no votes. yes voters: 108716b727f24e3f86a795f9f61aba61, aabcacf00b994b969e32949b6fcc8fe6; no voters: 
I20260630 12:20:09.321483 27368 leader_election.cc:304] T a8cf7211b9d9413fa100f2d6f6ff4e5f P 108716b727f24e3f86a795f9f61aba61 [CANDIDATE]: Term 1 pre-election: Election decided. Result: candidate lost. Election summary: received 3 responses out of 3 voters: 1 yes votes; 2 no votes. yes voters: 108716b727f24e3f86a795f9f61aba61; no voters: aabcacf00b994b969e32949b6fcc8fe6, f5bed0cc11c54df68183b2c29ef1b488
I20260630 12:20:09.322266 27488 raft_consensus.cc:2804] T eb74b562e8c64317b7f2bfdf527f3d95 P 108716b727f24e3f86a795f9f61aba61 [term 1 FOLLOWER]: Leader election won for term 1
I20260630 12:20:09.319376 27489 raft_consensus.cc:2749] T 39df5dab357f44f0b7e50226395f9448 P f5bed0cc11c54df68183b2c29ef1b488 [term 0 FOLLOWER]: Leader pre-election lost for term 1. Reason: could not achieve majority
I20260630 12:20:09.322750 27488 raft_consensus.cc:697] T eb74b562e8c64317b7f2bfdf527f3d95 P 108716b727f24e3f86a795f9f61aba61 [term 1 LEADER]: Becoming Leader. State: Replica: 108716b727f24e3f86a795f9f61aba61, State: Running, Role: LEADER
I20260630 12:20:09.323576 27488 consensus_queue.cc:237] T eb74b562e8c64317b7f2bfdf527f3d95 P 108716b727f24e3f86a795f9f61aba61 [LEADER]: Queue going to LEADER mode. State: All replicated index: 0, Majority replicated index: 0, Committed index: 0, Last appended: 0.0, Last appended by leader: 0, Current term: 1, Majority size: 2, State: 0, Mode: LEADER, active raft config: opid_index: -1 OBSOLETE_local: false peers { permanent_uuid: "f5bed0cc11c54df68183b2c29ef1b488" member_type: VOTER last_known_addr { host: "127.25.247.1" port: 40543 } } peers { permanent_uuid: "aabcacf00b994b969e32949b6fcc8fe6" member_type: VOTER last_known_addr { host: "127.25.247.2" port: 45299 } } peers { permanent_uuid: "108716b727f24e3f86a795f9f61aba61" member_type: VOTER last_known_addr { host: "127.25.247.3" port: 40959 } }
I20260630 12:20:09.324416 27487 raft_consensus.cc:3060] T a8cf7211b9d9413fa100f2d6f6ff4e5f P 108716b727f24e3f86a795f9f61aba61 [term 0 FOLLOWER]: Advancing to term 1
I20260630 12:20:09.327342 27153 catalog_manager.cc:5697] T 4a904740a96b46f98c0bac1046f6a320 P aabcacf00b994b969e32949b6fcc8fe6 reported cstate change: term changed from 0 to 1, leader changed from <none> to aabcacf00b994b969e32949b6fcc8fe6 (127.25.247.2). New cstate: current_term: 1 leader_uuid: "aabcacf00b994b969e32949b6fcc8fe6" committed_config { opid_index: -1 OBSOLETE_local: false peers { permanent_uuid: "f5bed0cc11c54df68183b2c29ef1b488" member_type: VOTER last_known_addr { host: "127.25.247.1" port: 40543 } health_report { overall_health: UNKNOWN } } peers { permanent_uuid: "aabcacf00b994b969e32949b6fcc8fe6" member_type: VOTER last_known_addr { host: "127.25.247.2" port: 45299 } health_report { overall_health: HEALTHY } } peers { permanent_uuid: "108716b727f24e3f86a795f9f61aba61" member_type: VOTER last_known_addr { host: "127.25.247.3" port: 40959 } health_report { overall_health: UNKNOWN } } }
I20260630 12:20:09.331393 27490 raft_consensus.cc:515] T 6c6784b2dcfa44d7affcc1e1ca52b832 P f5bed0cc11c54df68183b2c29ef1b488 [term 1 FOLLOWER]: Starting leader election with config: opid_index: -1 OBSOLETE_local: false peers { permanent_uuid: "f5bed0cc11c54df68183b2c29ef1b488" member_type: VOTER last_known_addr { host: "127.25.247.1" port: 40543 } } peers { permanent_uuid: "aabcacf00b994b969e32949b6fcc8fe6" member_type: VOTER last_known_addr { host: "127.25.247.2" port: 45299 } } peers { permanent_uuid: "108716b727f24e3f86a795f9f61aba61" member_type: VOTER last_known_addr { host: "127.25.247.3" port: 40959 } }
I20260630 12:20:09.326853 27253 raft_consensus.cc:2468] T eb74b562e8c64317b7f2bfdf527f3d95 P f5bed0cc11c54df68183b2c29ef1b488 [term 1 FOLLOWER]: Leader election vote request: Granting yes vote for candidate 108716b727f24e3f86a795f9f61aba61 in term 1.
I20260630 12:20:09.334064 27330 tablet_service.cc:1917] Received RequestConsensusVote() RPC: tablet_id: "6c6784b2dcfa44d7affcc1e1ca52b832" candidate_uuid: "f5bed0cc11c54df68183b2c29ef1b488" candidate_term: 1 candidate_status { last_received { term: 0 index: 0 } } ignore_live_leader: false dest_uuid: "aabcacf00b994b969e32949b6fcc8fe6"
I20260630 12:20:09.334614 27330 raft_consensus.cc:3060] T 6c6784b2dcfa44d7affcc1e1ca52b832 P aabcacf00b994b969e32949b6fcc8fe6 [term 0 FOLLOWER]: Advancing to term 1
I20260630 12:20:09.341138 27330 raft_consensus.cc:2468] T 6c6784b2dcfa44d7affcc1e1ca52b832 P aabcacf00b994b969e32949b6fcc8fe6 [term 1 FOLLOWER]: Leader election vote request: Granting yes vote for candidate f5bed0cc11c54df68183b2c29ef1b488 in term 1.
I20260630 12:20:09.343153 27219 leader_election.cc:304] T 6c6784b2dcfa44d7affcc1e1ca52b832 P f5bed0cc11c54df68183b2c29ef1b488 [CANDIDATE]: Term 1 election: Election decided. Result: candidate won. Election summary: received 2 responses out of 3 voters: 2 yes votes; 0 no votes. yes voters: aabcacf00b994b969e32949b6fcc8fe6, f5bed0cc11c54df68183b2c29ef1b488; no voters: 
I20260630 12:20:09.343945 27489 raft_consensus.cc:2804] T 6c6784b2dcfa44d7affcc1e1ca52b832 P f5bed0cc11c54df68183b2c29ef1b488 [term 1 FOLLOWER]: Leader election won for term 1
I20260630 12:20:09.344532 27489 raft_consensus.cc:697] T 6c6784b2dcfa44d7affcc1e1ca52b832 P f5bed0cc11c54df68183b2c29ef1b488 [term 1 LEADER]: Becoming Leader. State: Replica: f5bed0cc11c54df68183b2c29ef1b488, State: Running, Role: LEADER
I20260630 12:20:09.345515 27489 consensus_queue.cc:237] T 6c6784b2dcfa44d7affcc1e1ca52b832 P f5bed0cc11c54df68183b2c29ef1b488 [LEADER]: Queue going to LEADER mode. State: All replicated index: 0, Majority replicated index: 0, Committed index: 0, Last appended: 0.0, Last appended by leader: 0, Current term: 1, Majority size: 2, State: 0, Mode: LEADER, active raft config: opid_index: -1 OBSOLETE_local: false peers { permanent_uuid: "f5bed0cc11c54df68183b2c29ef1b488" member_type: VOTER last_known_addr { host: "127.25.247.1" port: 40543 } } peers { permanent_uuid: "aabcacf00b994b969e32949b6fcc8fe6" member_type: VOTER last_known_addr { host: "127.25.247.2" port: 45299 } } peers { permanent_uuid: "108716b727f24e3f86a795f9f61aba61" member_type: VOTER last_known_addr { host: "127.25.247.3" port: 40959 } }
I20260630 12:20:09.347935 27490 leader_election.cc:290] T 6c6784b2dcfa44d7affcc1e1ca52b832 P f5bed0cc11c54df68183b2c29ef1b488 [CANDIDATE]: Term 1 election: Requested vote from peers aabcacf00b994b969e32949b6fcc8fe6 (127.25.247.2:45299), 108716b727f24e3f86a795f9f61aba61 (127.25.247.3:40959)
I20260630 12:20:09.349320 27403 tablet_service.cc:1917] Received RequestConsensusVote() RPC: tablet_id: "6c6784b2dcfa44d7affcc1e1ca52b832" candidate_uuid: "f5bed0cc11c54df68183b2c29ef1b488" candidate_term: 1 candidate_status { last_received { term: 0 index: 0 } } ignore_live_leader: false dest_uuid: "108716b727f24e3f86a795f9f61aba61"
I20260630 12:20:09.349938 27403 raft_consensus.cc:3060] T 6c6784b2dcfa44d7affcc1e1ca52b832 P 108716b727f24e3f86a795f9f61aba61 [term 0 FOLLOWER]: Advancing to term 1
I20260630 12:20:09.351491 27487 raft_consensus.cc:2749] T a8cf7211b9d9413fa100f2d6f6ff4e5f P 108716b727f24e3f86a795f9f61aba61 [term 1 FOLLOWER]: Leader pre-election lost for term 1. Reason: could not achieve majority
I20260630 12:20:09.356547 27403 raft_consensus.cc:2468] T 6c6784b2dcfa44d7affcc1e1ca52b832 P 108716b727f24e3f86a795f9f61aba61 [term 1 FOLLOWER]: Leader election vote request: Granting yes vote for candidate f5bed0cc11c54df68183b2c29ef1b488 in term 1.
I20260630 12:20:09.360703 27151 catalog_manager.cc:5697] T 6c6784b2dcfa44d7affcc1e1ca52b832 P f5bed0cc11c54df68183b2c29ef1b488 reported cstate change: term changed from 0 to 1, leader changed from <none> to f5bed0cc11c54df68183b2c29ef1b488 (127.25.247.1). New cstate: current_term: 1 leader_uuid: "f5bed0cc11c54df68183b2c29ef1b488" committed_config { opid_index: -1 OBSOLETE_local: false peers { permanent_uuid: "f5bed0cc11c54df68183b2c29ef1b488" member_type: VOTER last_known_addr { host: "127.25.247.1" port: 40543 } health_report { overall_health: HEALTHY } } peers { permanent_uuid: "aabcacf00b994b969e32949b6fcc8fe6" member_type: VOTER last_known_addr { host: "127.25.247.2" port: 45299 } health_report { overall_health: UNKNOWN } } peers { permanent_uuid: "108716b727f24e3f86a795f9f61aba61" member_type: VOTER last_known_addr { host: "127.25.247.3" port: 40959 } health_report { overall_health: UNKNOWN } } }
I20260630 12:20:09.362480 27150 catalog_manager.cc:5697] T eb74b562e8c64317b7f2bfdf527f3d95 P 108716b727f24e3f86a795f9f61aba61 reported cstate change: term changed from 0 to 1, leader changed from <none> to 108716b727f24e3f86a795f9f61aba61 (127.25.247.3). New cstate: current_term: 1 leader_uuid: "108716b727f24e3f86a795f9f61aba61" committed_config { opid_index: -1 OBSOLETE_local: false peers { permanent_uuid: "f5bed0cc11c54df68183b2c29ef1b488" member_type: VOTER last_known_addr { host: "127.25.247.1" port: 40543 } health_report { overall_health: UNKNOWN } } peers { permanent_uuid: "aabcacf00b994b969e32949b6fcc8fe6" member_type: VOTER last_known_addr { host: "127.25.247.2" port: 45299 } health_report { overall_health: UNKNOWN } } peers { permanent_uuid: "108716b727f24e3f86a795f9f61aba61" member_type: VOTER last_known_addr { host: "127.25.247.3" port: 40959 } health_report { overall_health: HEALTHY } } }
I20260630 12:20:09.364723 27453 tablet_bootstrap.cc:492] T 39df5dab357f44f0b7e50226395f9448 P 108716b727f24e3f86a795f9f61aba61: No bootstrap required, opened a new log
I20260630 12:20:09.365103 27453 ts_tablet_manager.cc:1403] T 39df5dab357f44f0b7e50226395f9448 P 108716b727f24e3f86a795f9f61aba61: Time spent bootstrapping tablet: real 0.120s	user 0.010s	sys 0.013s
I20260630 12:20:09.367399 27453 raft_consensus.cc:359] T 39df5dab357f44f0b7e50226395f9448 P 108716b727f24e3f86a795f9f61aba61 [term 0 FOLLOWER]: Replica starting. Triggering 0 pending ops. Active config: opid_index: -1 OBSOLETE_local: false peers { permanent_uuid: "f5bed0cc11c54df68183b2c29ef1b488" member_type: VOTER last_known_addr { host: "127.25.247.1" port: 40543 } } peers { permanent_uuid: "aabcacf00b994b969e32949b6fcc8fe6" member_type: VOTER last_known_addr { host: "127.25.247.2" port: 45299 } } peers { permanent_uuid: "108716b727f24e3f86a795f9f61aba61" member_type: VOTER last_known_addr { host: "127.25.247.3" port: 40959 } }
I20260630 12:20:09.368010 27453 raft_consensus.cc:385] T 39df5dab357f44f0b7e50226395f9448 P 108716b727f24e3f86a795f9f61aba61 [term 0 FOLLOWER]: Consensus starting up: Expiring failure detector timer to make a prompt election more likely
I20260630 12:20:09.368268 27453 raft_consensus.cc:740] T 39df5dab357f44f0b7e50226395f9448 P 108716b727f24e3f86a795f9f61aba61 [term 0 FOLLOWER]: Becoming Follower/Learner. State: Replica: 108716b727f24e3f86a795f9f61aba61, State: Initialized, Role: FOLLOWER
I20260630 12:20:09.368901 27453 consensus_queue.cc:260] T 39df5dab357f44f0b7e50226395f9448 P 108716b727f24e3f86a795f9f61aba61 [NON_LEADER]: Queue going to NON_LEADER mode. State: All replicated index: 0, Majority replicated index: 0, Committed index: 0, Last appended: 0.0, Last appended by leader: 0, Current term: 0, Majority size: -1, State: 0, Mode: NON_LEADER, active raft config: opid_index: -1 OBSOLETE_local: false peers { permanent_uuid: "f5bed0cc11c54df68183b2c29ef1b488" member_type: VOTER last_known_addr { host: "127.25.247.1" port: 40543 } } peers { permanent_uuid: "aabcacf00b994b969e32949b6fcc8fe6" member_type: VOTER last_known_addr { host: "127.25.247.2" port: 45299 } } peers { permanent_uuid: "108716b727f24e3f86a795f9f61aba61" member_type: VOTER last_known_addr { host: "127.25.247.3" port: 40959 } }
I20260630 12:20:09.370782 27453 ts_tablet_manager.cc:1434] T 39df5dab357f44f0b7e50226395f9448 P 108716b727f24e3f86a795f9f61aba61: Time spent starting tablet: real 0.005s	user 0.003s	sys 0.000s
I20260630 12:20:09.417168 27469 consensus_queue.cc:1048] T a8cf7211b9d9413fa100f2d6f6ff4e5f P aabcacf00b994b969e32949b6fcc8fe6 [LEADER]: Connected to new peer: Peer: permanent_uuid: "f5bed0cc11c54df68183b2c29ef1b488" member_type: VOTER last_known_addr { host: "127.25.247.1" port: 40543 }, Status: LMP_MISMATCH, Last received: 0.0, Next index: 1, Last known committed idx: 0, Time since last communication: 0.000s
I20260630 12:20:09.428211 27455 raft_consensus.cc:493] T 39df5dab357f44f0b7e50226395f9448 P aabcacf00b994b969e32949b6fcc8fe6 [term 0 FOLLOWER]: Starting pre-election (no leader contacted us within the election timeout)
I20260630 12:20:09.428710 27455 raft_consensus.cc:515] T 39df5dab357f44f0b7e50226395f9448 P aabcacf00b994b969e32949b6fcc8fe6 [term 0 FOLLOWER]: Starting pre-election with config: opid_index: -1 OBSOLETE_local: false peers { permanent_uuid: "f5bed0cc11c54df68183b2c29ef1b488" member_type: VOTER last_known_addr { host: "127.25.247.1" port: 40543 } } peers { permanent_uuid: "aabcacf00b994b969e32949b6fcc8fe6" member_type: VOTER last_known_addr { host: "127.25.247.2" port: 45299 } } peers { permanent_uuid: "108716b727f24e3f86a795f9f61aba61" member_type: VOTER last_known_addr { host: "127.25.247.3" port: 40959 } }
I20260630 12:20:09.429328 27494 consensus_queue.cc:1048] T a8cf7211b9d9413fa100f2d6f6ff4e5f P aabcacf00b994b969e32949b6fcc8fe6 [LEADER]: Connected to new peer: Peer: permanent_uuid: "108716b727f24e3f86a795f9f61aba61" member_type: VOTER last_known_addr { host: "127.25.247.3" port: 40959 }, Status: LMP_MISMATCH, Last received: 0.0, Next index: 1, Last known committed idx: 0, Time since last communication: 0.001s
I20260630 12:20:09.430755 27455 leader_election.cc:290] T 39df5dab357f44f0b7e50226395f9448 P aabcacf00b994b969e32949b6fcc8fe6 [CANDIDATE]: Term 1 pre-election: Requested pre-vote from peers f5bed0cc11c54df68183b2c29ef1b488 (127.25.247.1:40543), 108716b727f24e3f86a795f9f61aba61 (127.25.247.3:40959)
I20260630 12:20:09.433425 27404 tablet_service.cc:1917] Received RequestConsensusVote() RPC: tablet_id: "39df5dab357f44f0b7e50226395f9448" candidate_uuid: "aabcacf00b994b969e32949b6fcc8fe6" candidate_term: 1 candidate_status { last_received { term: 0 index: 0 } } ignore_live_leader: false dest_uuid: "108716b727f24e3f86a795f9f61aba61" is_pre_election: true
I20260630 12:20:09.433979 27404 raft_consensus.cc:2468] T 39df5dab357f44f0b7e50226395f9448 P 108716b727f24e3f86a795f9f61aba61 [term 0 FOLLOWER]: Leader pre-election vote request: Granting yes vote for candidate aabcacf00b994b969e32949b6fcc8fe6 in term 0.
I20260630 12:20:09.435117 27296 leader_election.cc:304] T 39df5dab357f44f0b7e50226395f9448 P aabcacf00b994b969e32949b6fcc8fe6 [CANDIDATE]: Term 1 pre-election: Election decided. Result: candidate won. Election summary: received 2 responses out of 3 voters: 2 yes votes; 0 no votes. yes voters: 108716b727f24e3f86a795f9f61aba61, aabcacf00b994b969e32949b6fcc8fe6; no voters: 
I20260630 12:20:09.435822 27455 raft_consensus.cc:2804] T 39df5dab357f44f0b7e50226395f9448 P aabcacf00b994b969e32949b6fcc8fe6 [term 0 FOLLOWER]: Leader pre-election won for term 1
I20260630 12:20:09.436232 27455 raft_consensus.cc:493] T 39df5dab357f44f0b7e50226395f9448 P aabcacf00b994b969e32949b6fcc8fe6 [term 0 FOLLOWER]: Starting leader election (no leader contacted us within the election timeout)
I20260630 12:20:09.436553 27455 raft_consensus.cc:3060] T 39df5dab357f44f0b7e50226395f9448 P aabcacf00b994b969e32949b6fcc8fe6 [term 0 FOLLOWER]: Advancing to term 1
I20260630 12:20:09.437269 27253 tablet_service.cc:1917] Received RequestConsensusVote() RPC: tablet_id: "39df5dab357f44f0b7e50226395f9448" candidate_uuid: "aabcacf00b994b969e32949b6fcc8fe6" candidate_term: 1 candidate_status { last_received { term: 0 index: 0 } } ignore_live_leader: false dest_uuid: "f5bed0cc11c54df68183b2c29ef1b488" is_pre_election: true
I20260630 12:20:09.437861 27253 raft_consensus.cc:2468] T 39df5dab357f44f0b7e50226395f9448 P f5bed0cc11c54df68183b2c29ef1b488 [term 0 FOLLOWER]: Leader pre-election vote request: Granting yes vote for candidate aabcacf00b994b969e32949b6fcc8fe6 in term 0.
I20260630 12:20:09.443416 27455 raft_consensus.cc:515] T 39df5dab357f44f0b7e50226395f9448 P aabcacf00b994b969e32949b6fcc8fe6 [term 1 FOLLOWER]: Starting leader election with config: opid_index: -1 OBSOLETE_local: false peers { permanent_uuid: "f5bed0cc11c54df68183b2c29ef1b488" member_type: VOTER last_known_addr { host: "127.25.247.1" port: 40543 } } peers { permanent_uuid: "aabcacf00b994b969e32949b6fcc8fe6" member_type: VOTER last_known_addr { host: "127.25.247.2" port: 45299 } } peers { permanent_uuid: "108716b727f24e3f86a795f9f61aba61" member_type: VOTER last_known_addr { host: "127.25.247.3" port: 40959 } }
I20260630 12:20:09.445051 27455 leader_election.cc:290] T 39df5dab357f44f0b7e50226395f9448 P aabcacf00b994b969e32949b6fcc8fe6 [CANDIDATE]: Term 1 election: Requested vote from peers f5bed0cc11c54df68183b2c29ef1b488 (127.25.247.1:40543), 108716b727f24e3f86a795f9f61aba61 (127.25.247.3:40959)
I20260630 12:20:09.445806 27253 tablet_service.cc:1917] Received RequestConsensusVote() RPC: tablet_id: "39df5dab357f44f0b7e50226395f9448" candidate_uuid: "aabcacf00b994b969e32949b6fcc8fe6" candidate_term: 1 candidate_status { last_received { term: 0 index: 0 } } ignore_live_leader: false dest_uuid: "f5bed0cc11c54df68183b2c29ef1b488"
I20260630 12:20:09.446185 27403 tablet_service.cc:1917] Received RequestConsensusVote() RPC: tablet_id: "39df5dab357f44f0b7e50226395f9448" candidate_uuid: "aabcacf00b994b969e32949b6fcc8fe6" candidate_term: 1 candidate_status { last_received { term: 0 index: 0 } } ignore_live_leader: false dest_uuid: "108716b727f24e3f86a795f9f61aba61"
I20260630 12:20:09.446468 27253 raft_consensus.cc:3060] T 39df5dab357f44f0b7e50226395f9448 P f5bed0cc11c54df68183b2c29ef1b488 [term 0 FOLLOWER]: Advancing to term 1
I20260630 12:20:09.446805 27403 raft_consensus.cc:3060] T 39df5dab357f44f0b7e50226395f9448 P 108716b727f24e3f86a795f9f61aba61 [term 0 FOLLOWER]: Advancing to term 1
I20260630 12:20:09.452222 27253 raft_consensus.cc:2468] T 39df5dab357f44f0b7e50226395f9448 P f5bed0cc11c54df68183b2c29ef1b488 [term 1 FOLLOWER]: Leader election vote request: Granting yes vote for candidate aabcacf00b994b969e32949b6fcc8fe6 in term 1.
I20260630 12:20:09.452375 27403 raft_consensus.cc:2468] T 39df5dab357f44f0b7e50226395f9448 P 108716b727f24e3f86a795f9f61aba61 [term 1 FOLLOWER]: Leader election vote request: Granting yes vote for candidate aabcacf00b994b969e32949b6fcc8fe6 in term 1.
I20260630 12:20:09.453150 27294 leader_election.cc:304] T 39df5dab357f44f0b7e50226395f9448 P aabcacf00b994b969e32949b6fcc8fe6 [CANDIDATE]: Term 1 election: Election decided. Result: candidate won. Election summary: received 2 responses out of 3 voters: 2 yes votes; 0 no votes. yes voters: aabcacf00b994b969e32949b6fcc8fe6, f5bed0cc11c54df68183b2c29ef1b488; no voters: 
I20260630 12:20:09.453871 27455 raft_consensus.cc:2804] T 39df5dab357f44f0b7e50226395f9448 P aabcacf00b994b969e32949b6fcc8fe6 [term 1 FOLLOWER]: Leader election won for term 1
I20260630 12:20:09.454290 27455 raft_consensus.cc:697] T 39df5dab357f44f0b7e50226395f9448 P aabcacf00b994b969e32949b6fcc8fe6 [term 1 LEADER]: Becoming Leader. State: Replica: aabcacf00b994b969e32949b6fcc8fe6, State: Running, Role: LEADER
I20260630 12:20:09.455024 27455 consensus_queue.cc:237] T 39df5dab357f44f0b7e50226395f9448 P aabcacf00b994b969e32949b6fcc8fe6 [LEADER]: Queue going to LEADER mode. State: All replicated index: 0, Majority replicated index: 0, Committed index: 0, Last appended: 0.0, Last appended by leader: 0, Current term: 1, Majority size: 2, State: 0, Mode: LEADER, active raft config: opid_index: -1 OBSOLETE_local: false peers { permanent_uuid: "f5bed0cc11c54df68183b2c29ef1b488" member_type: VOTER last_known_addr { host: "127.25.247.1" port: 40543 } } peers { permanent_uuid: "aabcacf00b994b969e32949b6fcc8fe6" member_type: VOTER last_known_addr { host: "127.25.247.2" port: 45299 } } peers { permanent_uuid: "108716b727f24e3f86a795f9f61aba61" member_type: VOTER last_known_addr { host: "127.25.247.3" port: 40959 } }
I20260630 12:20:09.461877 27151 catalog_manager.cc:5697] T 39df5dab357f44f0b7e50226395f9448 P aabcacf00b994b969e32949b6fcc8fe6 reported cstate change: term changed from 0 to 1, leader changed from <none> to aabcacf00b994b969e32949b6fcc8fe6 (127.25.247.2). New cstate: current_term: 1 leader_uuid: "aabcacf00b994b969e32949b6fcc8fe6" committed_config { opid_index: -1 OBSOLETE_local: false peers { permanent_uuid: "f5bed0cc11c54df68183b2c29ef1b488" member_type: VOTER last_known_addr { host: "127.25.247.1" port: 40543 } health_report { overall_health: UNKNOWN } } peers { permanent_uuid: "aabcacf00b994b969e32949b6fcc8fe6" member_type: VOTER last_known_addr { host: "127.25.247.2" port: 45299 } health_report { overall_health: HEALTHY } } peers { permanent_uuid: "108716b727f24e3f86a795f9f61aba61" member_type: VOTER last_known_addr { host: "127.25.247.3" port: 40959 } health_report { overall_health: UNKNOWN } } }
I20260630 12:20:09.479955 26588 file_cache.cc:492] Constructed file cache file cache with capacity 419430
W20260630 12:20:09.486069 27506 instance_detector.cc:116] could not retrieve AWS instance metadata: Network error: curl error: HTTP response code said error: The requested URL returned error: 404
W20260630 12:20:09.487226 27507 instance_detector.cc:116] could not retrieve Azure instance metadata: Network error: curl error: HTTP response code said error: The requested URL returned error: 404
W20260630 12:20:09.487836 27509 instance_detector.cc:116] could not retrieve OpenStack instance metadata: Network error: curl error: HTTP response code said error: The requested URL returned error: 404
I20260630 12:20:09.488325 26588 server_base.cc:1061] running on GCE node
I20260630 12:20:09.489073 26588 hybrid_clock.cc:584] initializing the hybrid clock with 'system_unsync' time source
W20260630 12:20:09.489317 26588 system_unsync_time.cc:38] NTP support is disabled. Clock error bounds will not be accurate. This configuration is not suitable for distributed clusters.
I20260630 12:20:09.489485 26588 hybrid_clock.cc:648] HybridClock initialized: now 1782822009489449 us; error 0 us; skew 500 ppm
I20260630 12:20:09.489970 26588 server_base.cc:861] Flag tcmalloc_max_total_thread_cache_bytes is not working since tcmalloc is not enabled.
I20260630 12:20:09.492347 26588 webserver.cc:533] Webserver started at http://127.25.247.4:34103/ using document root <none> and password file <none>
I20260630 12:20:09.492798 26588 fs_manager.cc:362] Metadata directory not provided
I20260630 12:20:09.493007 26588 fs_manager.cc:368] Using write-ahead log directory (fs_wal_dir) as metadata directory
I20260630 12:20:09.493273 26588 server_base.cc:909] This appears to be a new deployment of Kudu; creating new FS layout
I20260630 12:20:09.494292 26588 fs_manager.cc:1068] Generated new instance metadata in path /tmp/dist-test-taskZqWF52/test-tmp/auto_rebalancer-test.0.AutoRebalancerTest.AutoRebalancingTurnOffAndOn.1782822000059741-26588-0/minicluster-data/ts-3-root/instance:
uuid: "132c96d064a6486fafd2e592b12e0a45"
format_stamp: "Formatted at 2026-06-30 12:20:09 on dist-test-slave-zbh0"
I20260630 12:20:09.498383 26588 fs_manager.cc:696] Time spent creating directory manager: real 0.003s	user 0.002s	sys 0.001s
I20260630 12:20:09.501387 27514 log_block_manager.cc:4031] Time spent loading block containers with low live blocks: real 0.000s	user 0.000s	sys 0.000s
I20260630 12:20:09.502239 26588 fs_manager.cc:730] Time spent opening block manager: real 0.002s	user 0.000s	sys 0.002s
I20260630 12:20:09.502580 26588 fs_manager.cc:647] Opened local filesystem: /tmp/dist-test-taskZqWF52/test-tmp/auto_rebalancer-test.0.AutoRebalancerTest.AutoRebalancingTurnOffAndOn.1782822000059741-26588-0/minicluster-data/ts-3-root
uuid: "132c96d064a6486fafd2e592b12e0a45"
format_stamp: "Formatted at 2026-06-30 12:20:09 on dist-test-slave-zbh0"
I20260630 12:20:09.502954 26588 fs_report.cc:389] FS layout report
--------------------
wal directory: /tmp/dist-test-taskZqWF52/test-tmp/auto_rebalancer-test.0.AutoRebalancerTest.AutoRebalancingTurnOffAndOn.1782822000059741-26588-0/minicluster-data/ts-3-root
metadata directory: /tmp/dist-test-taskZqWF52/test-tmp/auto_rebalancer-test.0.AutoRebalancerTest.AutoRebalancingTurnOffAndOn.1782822000059741-26588-0/minicluster-data/ts-3-root
1 data directories: /tmp/dist-test-taskZqWF52/test-tmp/auto_rebalancer-test.0.AutoRebalancerTest.AutoRebalancingTurnOffAndOn.1782822000059741-26588-0/minicluster-data/ts-3-root/data
Total live blocks: 0
Total live bytes: 0
Total live bytes (after alignment): 0
Total number of LBM containers: 0 (0 full)
Did not check for missing blocks
Did not check for orphaned blocks
Total full LBM containers with extra space: 0 (0 repaired)
Total full LBM container extra space in bytes: 0 (0 repaired)
Total incomplete LBM containers: 0 (0 repaired)
Total LBM partial records: 0 (0 repaired)
Total corrupted LBM metadata records in RocksDB: 0 (0 repaired)
I20260630 12:20:09.517699 26588 rpc_server.cc:225] running with OpenSSL 1.1.1  11 Sep 2018
I20260630 12:20:09.518572 26588 kserver.cc:163] Server-wide thread pool size limit: 3276
I20260630 12:20:09.519979 26588 txn_system_client.cc:432] TxnSystemClient initialization is disabled...
I20260630 12:20:09.522049 26588 ts_tablet_manager.cc:585] Loaded tablet metadata (0 total tablets, 0 live tablets)
I20260630 12:20:09.522254 26588 ts_tablet_manager.cc:531] Time spent load tablet metadata: real 0.000s	user 0.000s	sys 0.000s
I20260630 12:20:09.522527 26588 ts_tablet_manager.cc:616] Registered 0 tablets
I20260630 12:20:09.522686 26588 ts_tablet_manager.cc:595] Time spent register tablets: real 0.000s	user 0.000s	sys 0.000s
I20260630 12:20:09.563271 26588 rpc_server.cc:307] RPC server started. Bound to: 127.25.247.4:37295
I20260630 12:20:09.563351 27576 acceptor_pool.cc:272] collecting diagnostics on the listening RPC socket 127.25.247.4:37295 every 8 connection(s)
I20260630 12:20:09.576861 27577 heartbeater.cc:344] Connected to a master server at 127.25.247.62:43987
I20260630 12:20:09.577235 27577 heartbeater.cc:461] Registering TS with master...
I20260630 12:20:09.577968 27577 heartbeater.cc:507] Master 127.25.247.62:43987 requested a full tablet report, sending...
I20260630 12:20:09.579833 27151 ts_manager.cc:194] Registered new tserver with Master: 132c96d064a6486fafd2e592b12e0a45 (127.25.247.4:37295)
I20260630 12:20:09.581116 27151 master_service.cc:502] Signed X509 certificate for tserver {username='slave'} at 127.0.0.1:40178
I20260630 12:20:09.589403 27455 consensus_queue.cc:1048] T e80cef4e946f4f728baac6a34427bf0b P aabcacf00b994b969e32949b6fcc8fe6 [LEADER]: Connected to new peer: Peer: permanent_uuid: "108716b727f24e3f86a795f9f61aba61" member_type: VOTER last_known_addr { host: "127.25.247.3" port: 40959 }, Status: LMP_MISMATCH, Last received: 0.0, Next index: 1, Last known committed idx: 0, Time since last communication: 0.000s
I20260630 12:20:09.599032 27469 consensus_queue.cc:1048] T e80cef4e946f4f728baac6a34427bf0b P aabcacf00b994b969e32949b6fcc8fe6 [LEADER]: Connected to new peer: Peer: permanent_uuid: "f5bed0cc11c54df68183b2c29ef1b488" member_type: VOTER last_known_addr { host: "127.25.247.1" port: 40543 }, Status: LMP_MISMATCH, Last received: 0.0, Next index: 1, Last known committed idx: 0, Time since last communication: 0.000s
I20260630 12:20:09.639410 27487 consensus_queue.cc:1048] T 68141b6ee9f04c748925fc0ee4cac94a P 108716b727f24e3f86a795f9f61aba61 [LEADER]: Connected to new peer: Peer: permanent_uuid: "aabcacf00b994b969e32949b6fcc8fe6" member_type: VOTER last_known_addr { host: "127.25.247.2" port: 45299 }, Status: LMP_MISMATCH, Last received: 0.0, Next index: 1, Last known committed idx: 0, Time since last communication: 0.000s
I20260630 12:20:09.650094 27488 consensus_queue.cc:1048] T 68141b6ee9f04c748925fc0ee4cac94a P 108716b727f24e3f86a795f9f61aba61 [LEADER]: Connected to new peer: Peer: permanent_uuid: "f5bed0cc11c54df68183b2c29ef1b488" member_type: VOTER last_known_addr { host: "127.25.247.1" port: 40543 }, Status: LMP_MISMATCH, Last received: 0.0, Next index: 1, Last known committed idx: 0, Time since last communication: 0.000s
I20260630 12:20:09.692189 27469 consensus_queue.cc:1048] T 4a904740a96b46f98c0bac1046f6a320 P aabcacf00b994b969e32949b6fcc8fe6 [LEADER]: Connected to new peer: Peer: permanent_uuid: "f5bed0cc11c54df68183b2c29ef1b488" member_type: VOTER last_known_addr { host: "127.25.247.1" port: 40543 }, Status: LMP_MISMATCH, Last received: 0.0, Next index: 1, Last known committed idx: 0, Time since last communication: 0.000s
I20260630 12:20:09.702714 27455 consensus_queue.cc:1048] T 4a904740a96b46f98c0bac1046f6a320 P aabcacf00b994b969e32949b6fcc8fe6 [LEADER]: Connected to new peer: Peer: permanent_uuid: "108716b727f24e3f86a795f9f61aba61" member_type: VOTER last_known_addr { host: "127.25.247.3" port: 40959 }, Status: LMP_MISMATCH, Last received: 0.0, Next index: 1, Last known committed idx: 0, Time since last communication: 0.000s
I20260630 12:20:09.740693 27489 consensus_queue.cc:1048] T 6c6784b2dcfa44d7affcc1e1ca52b832 P f5bed0cc11c54df68183b2c29ef1b488 [LEADER]: Connected to new peer: Peer: permanent_uuid: "aabcacf00b994b969e32949b6fcc8fe6" member_type: VOTER last_known_addr { host: "127.25.247.2" port: 45299 }, Status: LMP_MISMATCH, Last received: 0.0, Next index: 1, Last known committed idx: 0, Time since last communication: 0.000s
I20260630 12:20:09.751377 27454 consensus_queue.cc:1048] T 6c6784b2dcfa44d7affcc1e1ca52b832 P f5bed0cc11c54df68183b2c29ef1b488 [LEADER]: Connected to new peer: Peer: permanent_uuid: "108716b727f24e3f86a795f9f61aba61" member_type: VOTER last_known_addr { host: "127.25.247.3" port: 40959 }, Status: LMP_MISMATCH, Last received: 0.0, Next index: 1, Last known committed idx: 0, Time since last communication: 0.000s
I20260630 12:20:09.752378 27489 consensus_queue.cc:1048] T 0883e10154994ef99d1e8431eca06635 P f5bed0cc11c54df68183b2c29ef1b488 [LEADER]: Connected to new peer: Peer: permanent_uuid: "108716b727f24e3f86a795f9f61aba61" member_type: VOTER last_known_addr { host: "127.25.247.3" port: 40959 }, Status: LMP_MISMATCH, Last received: 0.0, Next index: 1, Last known committed idx: 0, Time since last communication: 0.000s
I20260630 12:20:09.764844 27489 consensus_queue.cc:1048] T 0883e10154994ef99d1e8431eca06635 P f5bed0cc11c54df68183b2c29ef1b488 [LEADER]: Connected to new peer: Peer: permanent_uuid: "aabcacf00b994b969e32949b6fcc8fe6" member_type: VOTER last_known_addr { host: "127.25.247.2" port: 45299 }, Status: LMP_MISMATCH, Last received: 0.0, Next index: 1, Last known committed idx: 0, Time since last communication: 0.000s
I20260630 12:20:09.808033 27488 consensus_queue.cc:1048] T eb74b562e8c64317b7f2bfdf527f3d95 P 108716b727f24e3f86a795f9f61aba61 [LEADER]: Connected to new peer: Peer: permanent_uuid: "f5bed0cc11c54df68183b2c29ef1b488" member_type: VOTER last_known_addr { host: "127.25.247.1" port: 40543 }, Status: LMP_MISMATCH, Last received: 0.0, Next index: 1, Last known committed idx: 0, Time since last communication: 0.000s
I20260630 12:20:09.817775 27487 consensus_queue.cc:1048] T eb74b562e8c64317b7f2bfdf527f3d95 P 108716b727f24e3f86a795f9f61aba61 [LEADER]: Connected to new peer: Peer: permanent_uuid: "aabcacf00b994b969e32949b6fcc8fe6" member_type: VOTER last_known_addr { host: "127.25.247.2" port: 45299 }, Status: LMP_MISMATCH, Last received: 0.0, Next index: 1, Last known committed idx: 0, Time since last communication: 0.000s
I20260630 12:20:09.984642 27469 consensus_queue.cc:1048] T 39df5dab357f44f0b7e50226395f9448 P aabcacf00b994b969e32949b6fcc8fe6 [LEADER]: Connected to new peer: Peer: permanent_uuid: "108716b727f24e3f86a795f9f61aba61" member_type: VOTER last_known_addr { host: "127.25.247.3" port: 40959 }, Status: LMP_MISMATCH, Last received: 0.0, Next index: 1, Last known committed idx: 0, Time since last communication: 0.000s
I20260630 12:20:09.994263 27469 consensus_queue.cc:1048] T 39df5dab357f44f0b7e50226395f9448 P aabcacf00b994b969e32949b6fcc8fe6 [LEADER]: Connected to new peer: Peer: permanent_uuid: "f5bed0cc11c54df68183b2c29ef1b488" member_type: VOTER last_known_addr { host: "127.25.247.1" port: 40543 }, Status: LMP_MISMATCH, Last received: 0.0, Next index: 1, Last known committed idx: 0, Time since last communication: 0.000s
I20260630 12:20:10.583643 27577 heartbeater.cc:499] Master 127.25.247.62:43987 was elected leader, sending a full tablet report...
I20260630 12:20:11.221158 27206 auto_leader_rebalancer.cc:141] leader rebalance for table test-workload
I20260630 12:20:11.238953 27330 tablet_service.cc:2072] Received LeaderStepDown RPC: tablet_id: "e80cef4e946f4f728baac6a34427bf0b"
dest_uuid: "aabcacf00b994b969e32949b6fcc8fe6"
mode: GRACEFUL
new_leader_uuid: "108716b727f24e3f86a795f9f61aba61"
 from {username='slave'} at 127.0.0.1:40420
I20260630 12:20:11.239710 27330 raft_consensus.cc:606] T e80cef4e946f4f728baac6a34427bf0b P aabcacf00b994b969e32949b6fcc8fe6 [term 1 LEADER]: Received request to transfer leadership to TS 108716b727f24e3f86a795f9f61aba61
I20260630 12:20:11.241071 27206 auto_leader_rebalancer.cc:440] table: test-workload, leader rebalance finish, leader transfer count: 1
I20260630 12:20:11.241554 27206 auto_leader_rebalancer.cc:515] All tables' leader rebalancing finished this round
I20260630 12:20:11.552861 27469 raft_consensus.cc:993] T e80cef4e946f4f728baac6a34427bf0b P aabcacf00b994b969e32949b6fcc8fe6: : Instructing follower 108716b727f24e3f86a795f9f61aba61 to start an election
I20260630 12:20:11.553390 27600 raft_consensus.cc:1081] T e80cef4e946f4f728baac6a34427bf0b P aabcacf00b994b969e32949b6fcc8fe6 [term 1 LEADER]: Signalling peer 108716b727f24e3f86a795f9f61aba61 to start an election
I20260630 12:20:11.555028 27403 tablet_service.cc:2044] Received Run Leader Election RPC: tablet_id: "e80cef4e946f4f728baac6a34427bf0b"
dest_uuid: "108716b727f24e3f86a795f9f61aba61"
 from {username='slave'} at 127.0.0.1:43490
I20260630 12:20:11.555513 27403 raft_consensus.cc:493] T e80cef4e946f4f728baac6a34427bf0b P 108716b727f24e3f86a795f9f61aba61 [term 1 FOLLOWER]: Starting forced leader election (received explicit request)
I20260630 12:20:11.555850 27403 raft_consensus.cc:3060] T e80cef4e946f4f728baac6a34427bf0b P 108716b727f24e3f86a795f9f61aba61 [term 1 FOLLOWER]: Advancing to term 2
I20260630 12:20:11.561537 27403 raft_consensus.cc:515] T e80cef4e946f4f728baac6a34427bf0b P 108716b727f24e3f86a795f9f61aba61 [term 2 FOLLOWER]: Starting forced leader election with config: opid_index: -1 OBSOLETE_local: false peers { permanent_uuid: "f5bed0cc11c54df68183b2c29ef1b488" member_type: VOTER last_known_addr { host: "127.25.247.1" port: 40543 } } peers { permanent_uuid: "aabcacf00b994b969e32949b6fcc8fe6" member_type: VOTER last_known_addr { host: "127.25.247.2" port: 45299 } } peers { permanent_uuid: "108716b727f24e3f86a795f9f61aba61" member_type: VOTER last_known_addr { host: "127.25.247.3" port: 40959 } }
I20260630 12:20:11.563383 27403 leader_election.cc:290] T e80cef4e946f4f728baac6a34427bf0b P 108716b727f24e3f86a795f9f61aba61 [CANDIDATE]: Term 2 election: Requested vote from peers f5bed0cc11c54df68183b2c29ef1b488 (127.25.247.1:40543), aabcacf00b994b969e32949b6fcc8fe6 (127.25.247.2:45299)
