I20260630 12:20:12.845173 27331 raft_consensus.cc:740] T 72b504405d0a472fb0c968bad13f0ef9 P 3711f7d49a644838a90eef1991b5aafa [term 0 FOLLOWER]: Becoming Follower/Learner. State: Replica: 3711f7d49a644838a90eef1991b5aafa, State: Initialized, Role: FOLLOWER
I20260630 12:20:12.848816 27331 consensus_queue.cc:260] T 72b504405d0a472fb0c968bad13f0ef9 P 3711f7d49a644838a90eef1991b5aafa [NON_LEADER]: Queue going to NON_LEADER mode. State: All replicated index: 0, Majority replicated index: 0, Committed index: 0, Last appended: 0.0, Last appended by leader: 0, Current term: 0, Majority size: -1, State: 0, Mode: NON_LEADER, active raft config: opid_index: -1 OBSOLETE_local: false peers { permanent_uuid: "0c57eb7f84894ab59b396c9ad57f8a72" member_type: VOTER last_known_addr { host: "127.25.215.193" port: 37243 } } peers { permanent_uuid: "3711f7d49a644838a90eef1991b5aafa" member_type: VOTER last_known_addr { host: "127.25.215.194" port: 42221 } } peers { permanent_uuid: "a404436013df402a855c3cbcfc3a318d" member_type: VOTER last_known_addr { host: "127.25.215.195" port: 45501 } }
I20260630 12:20:12.850409 27329 ts_tablet_manager.cc:1434] T 72b504405d0a472fb0c968bad13f0ef9 P 0c57eb7f84894ab59b396c9ad57f8a72: Time spent starting tablet: real 0.008s	user 0.006s	sys 0.000s
I20260630 12:20:12.851460 27329 tablet_bootstrap.cc:492] T d7972574951b47fda792c795c63ffbc6 P 0c57eb7f84894ab59b396c9ad57f8a72: Bootstrap starting.
I20260630 12:20:12.851857 27331 ts_tablet_manager.cc:1434] T 72b504405d0a472fb0c968bad13f0ef9 P 3711f7d49a644838a90eef1991b5aafa: Time spent starting tablet: real 0.010s	user 0.000s	sys 0.006s
I20260630 12:20:12.852835 27331 tablet_bootstrap.cc:492] T f3703c1d14b34398b1a076a0fa966a65 P 3711f7d49a644838a90eef1991b5aafa: Bootstrap starting.
I20260630 12:20:12.854403 27363 raft_consensus.cc:2804] T d7972574951b47fda792c795c63ffbc6 P a404436013df402a855c3cbcfc3a318d [term 1 FOLLOWER]: Leader election won for term 1
I20260630 12:20:12.858090 27329 tablet_bootstrap.cc:654] T d7972574951b47fda792c795c63ffbc6 P 0c57eb7f84894ab59b396c9ad57f8a72: Neither blocks nor log segments found. Creating new log.
I20260630 12:20:12.857071 27031 catalog_manager.cc:5697] T 9254a45d4b054021883bff9ba64e8f7a P 3711f7d49a644838a90eef1991b5aafa reported cstate change: term changed from 0 to 1, leader changed from <none> to 3711f7d49a644838a90eef1991b5aafa (127.25.215.194). New cstate: current_term: 1 leader_uuid: "3711f7d49a644838a90eef1991b5aafa" committed_config { opid_index: -1 OBSOLETE_local: false peers { permanent_uuid: "0c57eb7f84894ab59b396c9ad57f8a72" member_type: VOTER last_known_addr { host: "127.25.215.193" port: 37243 } health_report { overall_health: UNKNOWN } } peers { permanent_uuid: "3711f7d49a644838a90eef1991b5aafa" member_type: VOTER last_known_addr { host: "127.25.215.194" port: 42221 } health_report { overall_health: HEALTHY } } peers { permanent_uuid: "a404436013df402a855c3cbcfc3a318d" member_type: VOTER last_known_addr { host: "127.25.215.195" port: 45501 } health_report { overall_health: UNKNOWN } } }
I20260630 12:20:12.858834 27331 tablet_bootstrap.cc:654] T f3703c1d14b34398b1a076a0fa966a65 P 3711f7d49a644838a90eef1991b5aafa: Neither blocks nor log segments found. Creating new log.
I20260630 12:20:12.854930 27363 raft_consensus.cc:697] T d7972574951b47fda792c795c63ffbc6 P a404436013df402a855c3cbcfc3a318d [term 1 LEADER]: Becoming Leader. State: Replica: a404436013df402a855c3cbcfc3a318d, State: Running, Role: LEADER
I20260630 12:20:12.863449 27362 raft_consensus.cc:493] T 233c59c89efd434a85551294c257d136 P a404436013df402a855c3cbcfc3a318d [term 0 FOLLOWER]: Starting pre-election (no leader contacted us within the election timeout)
I20260630 12:20:12.863912 27362 raft_consensus.cc:515] T 233c59c89efd434a85551294c257d136 P a404436013df402a855c3cbcfc3a318d [term 0 FOLLOWER]: Starting pre-election with config: opid_index: -1 OBSOLETE_local: false peers { permanent_uuid: "0c57eb7f84894ab59b396c9ad57f8a72" member_type: VOTER last_known_addr { host: "127.25.215.193" port: 37243 } } peers { permanent_uuid: "3711f7d49a644838a90eef1991b5aafa" member_type: VOTER last_known_addr { host: "127.25.215.194" port: 42221 } } peers { permanent_uuid: "a404436013df402a855c3cbcfc3a318d" member_type: VOTER last_known_addr { host: "127.25.215.195" port: 45501 } }
I20260630 12:20:12.864053 27363 consensus_queue.cc:237] T d7972574951b47fda792c795c63ffbc6 P a404436013df402a855c3cbcfc3a318d [LEADER]: Queue going to LEADER mode. State: All replicated index: 0, Majority replicated index: 0, Committed index: 0, Last appended: 0.0, Last appended by leader: 0, Current term: 1, Majority size: 2, State: 0, Mode: LEADER, active raft config: opid_index: -1 OBSOLETE_local: false peers { permanent_uuid: "0c57eb7f84894ab59b396c9ad57f8a72" member_type: VOTER last_known_addr { host: "127.25.215.193" port: 37243 } } peers { permanent_uuid: "3711f7d49a644838a90eef1991b5aafa" member_type: VOTER last_known_addr { host: "127.25.215.194" port: 42221 } } peers { permanent_uuid: "a404436013df402a855c3cbcfc3a318d" member_type: VOTER last_known_addr { host: "127.25.215.195" port: 45501 } }
I20260630 12:20:12.866046 27362 leader_election.cc:290] T 233c59c89efd434a85551294c257d136 P a404436013df402a855c3cbcfc3a318d [CANDIDATE]: Term 1 pre-election: Requested pre-vote from peers 0c57eb7f84894ab59b396c9ad57f8a72 (127.25.215.193:37243), 3711f7d49a644838a90eef1991b5aafa (127.25.215.194:42221)
I20260630 12:20:12.870489 27135 tablet_service.cc:1917] Received RequestConsensusVote() RPC: tablet_id: "233c59c89efd434a85551294c257d136" candidate_uuid: "a404436013df402a855c3cbcfc3a318d" candidate_term: 1 candidate_status { last_received { term: 0 index: 0 } } ignore_live_leader: false dest_uuid: "0c57eb7f84894ab59b396c9ad57f8a72" is_pre_election: true
I20260630 12:20:12.871153 27135 raft_consensus.cc:2468] T 233c59c89efd434a85551294c257d136 P 0c57eb7f84894ab59b396c9ad57f8a72 [term 0 FOLLOWER]: Leader pre-election vote request: Granting yes vote for candidate a404436013df402a855c3cbcfc3a318d in term 0.
I20260630 12:20:12.873965 27248 leader_election.cc:304] T 233c59c89efd434a85551294c257d136 P a404436013df402a855c3cbcfc3a318d [CANDIDATE]: Term 1 pre-election: Election decided. Result: candidate won. Election summary: received 2 responses out of 3 voters: 2 yes votes; 0 no votes. yes voters: 0c57eb7f84894ab59b396c9ad57f8a72, a404436013df402a855c3cbcfc3a318d; no voters: 
I20260630 12:20:12.869691 27209 tablet_service.cc:1917] Received RequestConsensusVote() RPC: tablet_id: "233c59c89efd434a85551294c257d136" candidate_uuid: "a404436013df402a855c3cbcfc3a318d" candidate_term: 1 candidate_status { last_received { term: 0 index: 0 } } ignore_live_leader: false dest_uuid: "3711f7d49a644838a90eef1991b5aafa" is_pre_election: true
I20260630 12:20:12.874779 27362 raft_consensus.cc:2804] T 233c59c89efd434a85551294c257d136 P a404436013df402a855c3cbcfc3a318d [term 0 FOLLOWER]: Leader pre-election won for term 1
I20260630 12:20:12.875155 27362 raft_consensus.cc:493] T 233c59c89efd434a85551294c257d136 P a404436013df402a855c3cbcfc3a318d [term 0 FOLLOWER]: Starting leader election (no leader contacted us within the election timeout)
I20260630 12:20:12.875643 27362 raft_consensus.cc:3060] T 233c59c89efd434a85551294c257d136 P a404436013df402a855c3cbcfc3a318d [term 0 FOLLOWER]: Advancing to term 1
I20260630 12:20:12.875103 27209 raft_consensus.cc:2468] T 233c59c89efd434a85551294c257d136 P 3711f7d49a644838a90eef1991b5aafa [term 0 FOLLOWER]: Leader pre-election vote request: Granting yes vote for candidate a404436013df402a855c3cbcfc3a318d in term 0.
I20260630 12:20:12.885310 27362 raft_consensus.cc:515] T 233c59c89efd434a85551294c257d136 P a404436013df402a855c3cbcfc3a318d [term 1 FOLLOWER]: Starting leader election with config: opid_index: -1 OBSOLETE_local: false peers { permanent_uuid: "0c57eb7f84894ab59b396c9ad57f8a72" member_type: VOTER last_known_addr { host: "127.25.215.193" port: 37243 } } peers { permanent_uuid: "3711f7d49a644838a90eef1991b5aafa" member_type: VOTER last_known_addr { host: "127.25.215.194" port: 42221 } } peers { permanent_uuid: "a404436013df402a855c3cbcfc3a318d" member_type: VOTER last_known_addr { host: "127.25.215.195" port: 45501 } }
I20260630 12:20:12.887575 27329 tablet_bootstrap.cc:492] T d7972574951b47fda792c795c63ffbc6 P 0c57eb7f84894ab59b396c9ad57f8a72: No bootstrap required, opened a new log
I20260630 12:20:12.888043 27329 ts_tablet_manager.cc:1403] T d7972574951b47fda792c795c63ffbc6 P 0c57eb7f84894ab59b396c9ad57f8a72: Time spent bootstrapping tablet: real 0.037s	user 0.023s	sys 0.010s
I20260630 12:20:12.888283 27135 tablet_service.cc:1917] Received RequestConsensusVote() RPC: tablet_id: "233c59c89efd434a85551294c257d136" candidate_uuid: "a404436013df402a855c3cbcfc3a318d" candidate_term: 1 candidate_status { last_received { term: 0 index: 0 } } ignore_live_leader: false dest_uuid: "0c57eb7f84894ab59b396c9ad57f8a72"
I20260630 12:20:12.888867 27135 raft_consensus.cc:3060] T 233c59c89efd434a85551294c257d136 P 0c57eb7f84894ab59b396c9ad57f8a72 [term 0 FOLLOWER]: Advancing to term 1
I20260630 12:20:12.889609 27209 tablet_service.cc:1917] Received RequestConsensusVote() RPC: tablet_id: "233c59c89efd434a85551294c257d136" candidate_uuid: "a404436013df402a855c3cbcfc3a318d" candidate_term: 1 candidate_status { last_received { term: 0 index: 0 } } ignore_live_leader: false dest_uuid: "3711f7d49a644838a90eef1991b5aafa"
I20260630 12:20:12.890182 27209 raft_consensus.cc:3060] T 233c59c89efd434a85551294c257d136 P 3711f7d49a644838a90eef1991b5aafa [term 0 FOLLOWER]: Advancing to term 1
I20260630 12:20:12.890365 27363 raft_consensus.cc:493] T 72b504405d0a472fb0c968bad13f0ef9 P a404436013df402a855c3cbcfc3a318d [term 0 FOLLOWER]: Starting pre-election (no leader contacted us within the election timeout)
I20260630 12:20:12.890560 27329 raft_consensus.cc:359] T d7972574951b47fda792c795c63ffbc6 P 0c57eb7f84894ab59b396c9ad57f8a72 [term 0 FOLLOWER]: Replica starting. Triggering 0 pending ops. Active config: opid_index: -1 OBSOLETE_local: false peers { permanent_uuid: "0c57eb7f84894ab59b396c9ad57f8a72" member_type: VOTER last_known_addr { host: "127.25.215.193" port: 37243 } } peers { permanent_uuid: "3711f7d49a644838a90eef1991b5aafa" member_type: VOTER last_known_addr { host: "127.25.215.194" port: 42221 } } peers { permanent_uuid: "a404436013df402a855c3cbcfc3a318d" member_type: VOTER last_known_addr { host: "127.25.215.195" port: 45501 } }
I20260630 12:20:12.890836 27363 raft_consensus.cc:515] T 72b504405d0a472fb0c968bad13f0ef9 P a404436013df402a855c3cbcfc3a318d [term 0 FOLLOWER]: Starting pre-election with config: opid_index: -1 OBSOLETE_local: false peers { permanent_uuid: "0c57eb7f84894ab59b396c9ad57f8a72" member_type: VOTER last_known_addr { host: "127.25.215.193" port: 37243 } } peers { permanent_uuid: "3711f7d49a644838a90eef1991b5aafa" member_type: VOTER last_known_addr { host: "127.25.215.194" port: 42221 } } peers { permanent_uuid: "a404436013df402a855c3cbcfc3a318d" member_type: VOTER last_known_addr { host: "127.25.215.195" port: 45501 } }
I20260630 12:20:12.891233 27329 raft_consensus.cc:385] T d7972574951b47fda792c795c63ffbc6 P 0c57eb7f84894ab59b396c9ad57f8a72 [term 0 FOLLOWER]: Consensus starting up: Expiring failure detector timer to make a prompt election more likely
I20260630 12:20:12.891562 27329 raft_consensus.cc:740] T d7972574951b47fda792c795c63ffbc6 P 0c57eb7f84894ab59b396c9ad57f8a72 [term 0 FOLLOWER]: Becoming Follower/Learner. State: Replica: 0c57eb7f84894ab59b396c9ad57f8a72, State: Initialized, Role: FOLLOWER
I20260630 12:20:12.892316 27329 consensus_queue.cc:260] T d7972574951b47fda792c795c63ffbc6 P 0c57eb7f84894ab59b396c9ad57f8a72 [NON_LEADER]: Queue going to NON_LEADER mode. State: All replicated index: 0, Majority replicated index: 0, Committed index: 0, Last appended: 0.0, Last appended by leader: 0, Current term: 0, Majority size: -1, State: 0, Mode: NON_LEADER, active raft config: opid_index: -1 OBSOLETE_local: false peers { permanent_uuid: "0c57eb7f84894ab59b396c9ad57f8a72" member_type: VOTER last_known_addr { host: "127.25.215.193" port: 37243 } } peers { permanent_uuid: "3711f7d49a644838a90eef1991b5aafa" member_type: VOTER last_known_addr { host: "127.25.215.194" port: 42221 } } peers { permanent_uuid: "a404436013df402a855c3cbcfc3a318d" member_type: VOTER last_known_addr { host: "127.25.215.195" port: 45501 } }
I20260630 12:20:12.892939 27363 leader_election.cc:290] T 72b504405d0a472fb0c968bad13f0ef9 P a404436013df402a855c3cbcfc3a318d [CANDIDATE]: Term 1 pre-election: Requested pre-vote from peers 0c57eb7f84894ab59b396c9ad57f8a72 (127.25.215.193:37243), 3711f7d49a644838a90eef1991b5aafa (127.25.215.194:42221)
I20260630 12:20:12.893837 27134 tablet_service.cc:1917] Received RequestConsensusVote() RPC: tablet_id: "72b504405d0a472fb0c968bad13f0ef9" candidate_uuid: "a404436013df402a855c3cbcfc3a318d" candidate_term: 1 candidate_status { last_received { term: 0 index: 0 } } ignore_live_leader: false dest_uuid: "0c57eb7f84894ab59b396c9ad57f8a72" is_pre_election: true
I20260630 12:20:12.894435 27134 raft_consensus.cc:2468] T 72b504405d0a472fb0c968bad13f0ef9 P 0c57eb7f84894ab59b396c9ad57f8a72 [term 0 FOLLOWER]: Leader pre-election vote request: Granting yes vote for candidate a404436013df402a855c3cbcfc3a318d in term 0.
I20260630 12:20:12.895434 27135 raft_consensus.cc:2468] T 233c59c89efd434a85551294c257d136 P 0c57eb7f84894ab59b396c9ad57f8a72 [term 1 FOLLOWER]: Leader election vote request: Granting yes vote for candidate a404436013df402a855c3cbcfc3a318d in term 1.
I20260630 12:20:12.896045 27248 leader_election.cc:304] T 72b504405d0a472fb0c968bad13f0ef9 P a404436013df402a855c3cbcfc3a318d [CANDIDATE]: Term 1 pre-election: Election decided. Result: candidate won. Election summary: received 2 responses out of 3 voters: 2 yes votes; 0 no votes. yes voters: 0c57eb7f84894ab59b396c9ad57f8a72, a404436013df402a855c3cbcfc3a318d; no voters: 
I20260630 12:20:12.896422 27329 ts_tablet_manager.cc:1434] T d7972574951b47fda792c795c63ffbc6 P 0c57eb7f84894ab59b396c9ad57f8a72: Time spent starting tablet: real 0.008s	user 0.006s	sys 0.001s
I20260630 12:20:12.897151 27248 leader_election.cc:304] T 233c59c89efd434a85551294c257d136 P a404436013df402a855c3cbcfc3a318d [CANDIDATE]: Term 1 election: Election decided. Result: candidate won. Election summary: received 2 responses out of 3 voters: 2 yes votes; 0 no votes. yes voters: 0c57eb7f84894ab59b396c9ad57f8a72, a404436013df402a855c3cbcfc3a318d; no voters: 
I20260630 12:20:12.897672 27363 raft_consensus.cc:2804] T 72b504405d0a472fb0c968bad13f0ef9 P a404436013df402a855c3cbcfc3a318d [term 0 FOLLOWER]: Leader pre-election won for term 1
I20260630 12:20:12.897816 27210 tablet_service.cc:1917] Received RequestConsensusVote() RPC: tablet_id: "72b504405d0a472fb0c968bad13f0ef9" candidate_uuid: "a404436013df402a855c3cbcfc3a318d" candidate_term: 1 candidate_status { last_received { term: 0 index: 0 } } ignore_live_leader: false dest_uuid: "3711f7d49a644838a90eef1991b5aafa" is_pre_election: true
I20260630 12:20:12.897938 27335 raft_consensus.cc:2804] T 233c59c89efd434a85551294c257d136 P a404436013df402a855c3cbcfc3a318d [term 1 FOLLOWER]: Leader election won for term 1
I20260630 12:20:12.898551 27210 raft_consensus.cc:2468] T 72b504405d0a472fb0c968bad13f0ef9 P 3711f7d49a644838a90eef1991b5aafa [term 0 FOLLOWER]: Leader pre-election vote request: Granting yes vote for candidate a404436013df402a855c3cbcfc3a318d in term 0.
I20260630 12:20:12.898823 27331 tablet_bootstrap.cc:492] T f3703c1d14b34398b1a076a0fa966a65 P 3711f7d49a644838a90eef1991b5aafa: No bootstrap required, opened a new log
I20260630 12:20:12.899431 27331 ts_tablet_manager.cc:1403] T f3703c1d14b34398b1a076a0fa966a65 P 3711f7d49a644838a90eef1991b5aafa: Time spent bootstrapping tablet: real 0.047s	user 0.007s	sys 0.024s
I20260630 12:20:12.898078 27363 raft_consensus.cc:493] T 72b504405d0a472fb0c968bad13f0ef9 P a404436013df402a855c3cbcfc3a318d [term 0 FOLLOWER]: Starting leader election (no leader contacted us within the election timeout)
I20260630 12:20:12.900432 27363 raft_consensus.cc:3060] T 72b504405d0a472fb0c968bad13f0ef9 P a404436013df402a855c3cbcfc3a318d [term 0 FOLLOWER]: Advancing to term 1
I20260630 12:20:12.900810 27335 raft_consensus.cc:697] T 233c59c89efd434a85551294c257d136 P a404436013df402a855c3cbcfc3a318d [term 1 LEADER]: Becoming Leader. State: Replica: a404436013df402a855c3cbcfc3a318d, State: Running, Role: LEADER
I20260630 12:20:12.889911 27032 catalog_manager.cc:5697] T 527261045d2846d2bea93190cde10f82 P a404436013df402a855c3cbcfc3a318d reported cstate change: term changed from 0 to 1, leader changed from <none> to a404436013df402a855c3cbcfc3a318d (127.25.215.195). New cstate: current_term: 1 leader_uuid: "a404436013df402a855c3cbcfc3a318d" committed_config { opid_index: -1 OBSOLETE_local: false peers { permanent_uuid: "0c57eb7f84894ab59b396c9ad57f8a72" member_type: VOTER last_known_addr { host: "127.25.215.193" port: 37243 } health_report { overall_health: UNKNOWN } } peers { permanent_uuid: "3711f7d49a644838a90eef1991b5aafa" member_type: VOTER last_known_addr { host: "127.25.215.194" port: 42221 } health_report { overall_health: UNKNOWN } } peers { permanent_uuid: "a404436013df402a855c3cbcfc3a318d" member_type: VOTER last_known_addr { host: "127.25.215.195" port: 45501 } health_report { overall_health: HEALTHY } } }
I20260630 12:20:12.901739 27335 consensus_queue.cc:237] T 233c59c89efd434a85551294c257d136 P a404436013df402a855c3cbcfc3a318d [LEADER]: Queue going to LEADER mode. State: All replicated index: 0, Majority replicated index: 0, Committed index: 0, Last appended: 0.0, Last appended by leader: 0, Current term: 1, Majority size: 2, State: 0, Mode: LEADER, active raft config: opid_index: -1 OBSOLETE_local: false peers { permanent_uuid: "0c57eb7f84894ab59b396c9ad57f8a72" member_type: VOTER last_known_addr { host: "127.25.215.193" port: 37243 } } peers { permanent_uuid: "3711f7d49a644838a90eef1991b5aafa" member_type: VOTER last_known_addr { host: "127.25.215.194" port: 42221 } } peers { permanent_uuid: "a404436013df402a855c3cbcfc3a318d" member_type: VOTER last_known_addr { host: "127.25.215.195" port: 45501 } }
I20260630 12:20:12.902740 27209 raft_consensus.cc:2468] T 233c59c89efd434a85551294c257d136 P 3711f7d49a644838a90eef1991b5aafa [term 1 FOLLOWER]: Leader election vote request: Granting yes vote for candidate a404436013df402a855c3cbcfc3a318d in term 1.
I20260630 12:20:12.903028 27331 raft_consensus.cc:359] T f3703c1d14b34398b1a076a0fa966a65 P 3711f7d49a644838a90eef1991b5aafa [term 0 FOLLOWER]: Replica starting. Triggering 0 pending ops. Active config: opid_index: -1 OBSOLETE_local: false peers { permanent_uuid: "0c57eb7f84894ab59b396c9ad57f8a72" member_type: VOTER last_known_addr { host: "127.25.215.193" port: 37243 } } peers { permanent_uuid: "3711f7d49a644838a90eef1991b5aafa" member_type: VOTER last_known_addr { host: "127.25.215.194" port: 42221 } } peers { permanent_uuid: "a404436013df402a855c3cbcfc3a318d" member_type: VOTER last_known_addr { host: "127.25.215.195" port: 45501 } }
I20260630 12:20:12.903548 27362 leader_election.cc:290] T 233c59c89efd434a85551294c257d136 P a404436013df402a855c3cbcfc3a318d [CANDIDATE]: Term 1 election: Requested vote from peers 0c57eb7f84894ab59b396c9ad57f8a72 (127.25.215.193:37243), 3711f7d49a644838a90eef1991b5aafa (127.25.215.194:42221)
I20260630 12:20:12.903728 27331 raft_consensus.cc:385] T f3703c1d14b34398b1a076a0fa966a65 P 3711f7d49a644838a90eef1991b5aafa [term 0 FOLLOWER]: Consensus starting up: Expiring failure detector timer to make a prompt election more likely
I20260630 12:20:12.904047 27331 raft_consensus.cc:740] T f3703c1d14b34398b1a076a0fa966a65 P 3711f7d49a644838a90eef1991b5aafa [term 0 FOLLOWER]: Becoming Follower/Learner. State: Replica: 3711f7d49a644838a90eef1991b5aafa, State: Initialized, Role: FOLLOWER
I20260630 12:20:12.903316 27032 catalog_manager.cc:5697] T d7972574951b47fda792c795c63ffbc6 P a404436013df402a855c3cbcfc3a318d reported cstate change: term changed from 0 to 1, leader changed from <none> to a404436013df402a855c3cbcfc3a318d (127.25.215.195). New cstate: current_term: 1 leader_uuid: "a404436013df402a855c3cbcfc3a318d" committed_config { opid_index: -1 OBSOLETE_local: false peers { permanent_uuid: "0c57eb7f84894ab59b396c9ad57f8a72" member_type: VOTER last_known_addr { host: "127.25.215.193" port: 37243 } health_report { overall_health: UNKNOWN } } peers { permanent_uuid: "3711f7d49a644838a90eef1991b5aafa" member_type: VOTER last_known_addr { host: "127.25.215.194" port: 42221 } health_report { overall_health: UNKNOWN } } peers { permanent_uuid: "a404436013df402a855c3cbcfc3a318d" member_type: VOTER last_known_addr { host: "127.25.215.195" port: 45501 } health_report { overall_health: HEALTHY } } }
I20260630 12:20:12.904846 27331 consensus_queue.cc:260] T f3703c1d14b34398b1a076a0fa966a65 P 3711f7d49a644838a90eef1991b5aafa [NON_LEADER]: Queue going to NON_LEADER mode. State: All replicated index: 0, Majority replicated index: 0, Committed index: 0, Last appended: 0.0, Last appended by leader: 0, Current term: 0, Majority size: -1, State: 0, Mode: NON_LEADER, active raft config: opid_index: -1 OBSOLETE_local: false peers { permanent_uuid: "0c57eb7f84894ab59b396c9ad57f8a72" member_type: VOTER last_known_addr { host: "127.25.215.193" port: 37243 } } peers { permanent_uuid: "3711f7d49a644838a90eef1991b5aafa" member_type: VOTER last_known_addr { host: "127.25.215.194" port: 42221 } } peers { permanent_uuid: "a404436013df402a855c3cbcfc3a318d" member_type: VOTER last_known_addr { host: "127.25.215.195" port: 45501 } }
I20260630 12:20:12.906927 27331 ts_tablet_manager.cc:1434] T f3703c1d14b34398b1a076a0fa966a65 P 3711f7d49a644838a90eef1991b5aafa: Time spent starting tablet: real 0.007s	user 0.004s	sys 0.004s
I20260630 12:20:12.910903 27363 raft_consensus.cc:515] T 72b504405d0a472fb0c968bad13f0ef9 P a404436013df402a855c3cbcfc3a318d [term 1 FOLLOWER]: Starting leader election with config: opid_index: -1 OBSOLETE_local: false peers { permanent_uuid: "0c57eb7f84894ab59b396c9ad57f8a72" member_type: VOTER last_known_addr { host: "127.25.215.193" port: 37243 } } peers { permanent_uuid: "3711f7d49a644838a90eef1991b5aafa" member_type: VOTER last_known_addr { host: "127.25.215.194" port: 42221 } } peers { permanent_uuid: "a404436013df402a855c3cbcfc3a318d" member_type: VOTER last_known_addr { host: "127.25.215.195" port: 45501 } }
I20260630 12:20:12.913657 27135 tablet_service.cc:1917] Received RequestConsensusVote() RPC: tablet_id: "72b504405d0a472fb0c968bad13f0ef9" candidate_uuid: "a404436013df402a855c3cbcfc3a318d" candidate_term: 1 candidate_status { last_received { term: 0 index: 0 } } ignore_live_leader: false dest_uuid: "0c57eb7f84894ab59b396c9ad57f8a72"
I20260630 12:20:12.914433 27135 raft_consensus.cc:3060] T 72b504405d0a472fb0c968bad13f0ef9 P 0c57eb7f84894ab59b396c9ad57f8a72 [term 0 FOLLOWER]: Advancing to term 1
I20260630 12:20:12.914453 27363 leader_election.cc:290] T 72b504405d0a472fb0c968bad13f0ef9 P a404436013df402a855c3cbcfc3a318d [CANDIDATE]: Term 1 election: Requested vote from peers 0c57eb7f84894ab59b396c9ad57f8a72 (127.25.215.193:37243), 3711f7d49a644838a90eef1991b5aafa (127.25.215.194:42221)
I20260630 12:20:12.915320 27209 tablet_service.cc:1917] Received RequestConsensusVote() RPC: tablet_id: "72b504405d0a472fb0c968bad13f0ef9" candidate_uuid: "a404436013df402a855c3cbcfc3a318d" candidate_term: 1 candidate_status { last_received { term: 0 index: 0 } } ignore_live_leader: false dest_uuid: "3711f7d49a644838a90eef1991b5aafa"
I20260630 12:20:12.916522 27209 raft_consensus.cc:3060] T 72b504405d0a472fb0c968bad13f0ef9 P 3711f7d49a644838a90eef1991b5aafa [term 0 FOLLOWER]: Advancing to term 1
I20260630 12:20:12.920903 27135 raft_consensus.cc:2468] T 72b504405d0a472fb0c968bad13f0ef9 P 0c57eb7f84894ab59b396c9ad57f8a72 [term 1 FOLLOWER]: Leader election vote request: Granting yes vote for candidate a404436013df402a855c3cbcfc3a318d in term 1.
I20260630 12:20:12.922020 27248 leader_election.cc:304] T 72b504405d0a472fb0c968bad13f0ef9 P a404436013df402a855c3cbcfc3a318d [CANDIDATE]: Term 1 election: Election decided. Result: candidate won. Election summary: received 2 responses out of 3 voters: 2 yes votes; 0 no votes. yes voters: 0c57eb7f84894ab59b396c9ad57f8a72, a404436013df402a855c3cbcfc3a318d; no voters: 
I20260630 12:20:12.922881 27363 raft_consensus.cc:2804] T 72b504405d0a472fb0c968bad13f0ef9 P a404436013df402a855c3cbcfc3a318d [term 1 FOLLOWER]: Leader election won for term 1
I20260630 12:20:12.922919 27209 raft_consensus.cc:2468] T 72b504405d0a472fb0c968bad13f0ef9 P 3711f7d49a644838a90eef1991b5aafa [term 1 FOLLOWER]: Leader election vote request: Granting yes vote for candidate a404436013df402a855c3cbcfc3a318d in term 1.
I20260630 12:20:12.923511 27363 raft_consensus.cc:697] T 72b504405d0a472fb0c968bad13f0ef9 P a404436013df402a855c3cbcfc3a318d [term 1 LEADER]: Becoming Leader. State: Replica: a404436013df402a855c3cbcfc3a318d, State: Running, Role: LEADER
I20260630 12:20:12.924283 27363 consensus_queue.cc:237] T 72b504405d0a472fb0c968bad13f0ef9 P a404436013df402a855c3cbcfc3a318d [LEADER]: Queue going to LEADER mode. State: All replicated index: 0, Majority replicated index: 0, Committed index: 0, Last appended: 0.0, Last appended by leader: 0, Current term: 1, Majority size: 2, State: 0, Mode: LEADER, active raft config: opid_index: -1 OBSOLETE_local: false peers { permanent_uuid: "0c57eb7f84894ab59b396c9ad57f8a72" member_type: VOTER last_known_addr { host: "127.25.215.193" port: 37243 } } peers { permanent_uuid: "3711f7d49a644838a90eef1991b5aafa" member_type: VOTER last_known_addr { host: "127.25.215.194" port: 42221 } } peers { permanent_uuid: "a404436013df402a855c3cbcfc3a318d" member_type: VOTER last_known_addr { host: "127.25.215.195" port: 45501 } }
I20260630 12:20:12.930275 27033 catalog_manager.cc:5697] T 233c59c89efd434a85551294c257d136 P a404436013df402a855c3cbcfc3a318d reported cstate change: term changed from 0 to 1, leader changed from <none> to a404436013df402a855c3cbcfc3a318d (127.25.215.195). New cstate: current_term: 1 leader_uuid: "a404436013df402a855c3cbcfc3a318d" committed_config { opid_index: -1 OBSOLETE_local: false peers { permanent_uuid: "0c57eb7f84894ab59b396c9ad57f8a72" member_type: VOTER last_known_addr { host: "127.25.215.193" port: 37243 } health_report { overall_health: UNKNOWN } } peers { permanent_uuid: "3711f7d49a644838a90eef1991b5aafa" member_type: VOTER last_known_addr { host: "127.25.215.194" port: 42221 } health_report { overall_health: UNKNOWN } } peers { permanent_uuid: "a404436013df402a855c3cbcfc3a318d" member_type: VOTER last_known_addr { host: "127.25.215.195" port: 45501 } health_report { overall_health: HEALTHY } } }
I20260630 12:20:12.934478 27339 raft_consensus.cc:493] T d7972574951b47fda792c795c63ffbc6 P 0c57eb7f84894ab59b396c9ad57f8a72 [term 0 FOLLOWER]: Starting pre-election (no leader contacted us within the election timeout)
I20260630 12:20:12.934908 27339 raft_consensus.cc:515] T d7972574951b47fda792c795c63ffbc6 P 0c57eb7f84894ab59b396c9ad57f8a72 [term 0 FOLLOWER]: Starting pre-election with config: opid_index: -1 OBSOLETE_local: false peers { permanent_uuid: "0c57eb7f84894ab59b396c9ad57f8a72" member_type: VOTER last_known_addr { host: "127.25.215.193" port: 37243 } } peers { permanent_uuid: "3711f7d49a644838a90eef1991b5aafa" member_type: VOTER last_known_addr { host: "127.25.215.194" port: 42221 } } peers { permanent_uuid: "a404436013df402a855c3cbcfc3a318d" member_type: VOTER last_known_addr { host: "127.25.215.195" port: 45501 } }
I20260630 12:20:12.936734 27339 leader_election.cc:290] T d7972574951b47fda792c795c63ffbc6 P 0c57eb7f84894ab59b396c9ad57f8a72 [CANDIDATE]: Term 1 pre-election: Requested pre-vote from peers 3711f7d49a644838a90eef1991b5aafa (127.25.215.194:42221), a404436013df402a855c3cbcfc3a318d (127.25.215.195:45501)
I20260630 12:20:12.937716 27209 tablet_service.cc:1917] Received RequestConsensusVote() RPC: tablet_id: "d7972574951b47fda792c795c63ffbc6" candidate_uuid: "0c57eb7f84894ab59b396c9ad57f8a72" candidate_term: 1 candidate_status { last_received { term: 0 index: 0 } } ignore_live_leader: false dest_uuid: "3711f7d49a644838a90eef1991b5aafa" is_pre_election: true
I20260630 12:20:12.938277 27283 tablet_service.cc:1917] Received RequestConsensusVote() RPC: tablet_id: "d7972574951b47fda792c795c63ffbc6" candidate_uuid: "0c57eb7f84894ab59b396c9ad57f8a72" candidate_term: 1 candidate_status { last_received { term: 0 index: 0 } } ignore_live_leader: false dest_uuid: "a404436013df402a855c3cbcfc3a318d" is_pre_election: true
I20260630 12:20:12.938690 27209 raft_consensus.cc:2393] T d7972574951b47fda792c795c63ffbc6 P 3711f7d49a644838a90eef1991b5aafa [term 1 FOLLOWER]: Leader pre-election vote request: Denying vote to candidate 0c57eb7f84894ab59b396c9ad57f8a72 in current term 1: Already voted for candidate a404436013df402a855c3cbcfc3a318d in this term.
I20260630 12:20:12.939788 27098 leader_election.cc:304] T d7972574951b47fda792c795c63ffbc6 P 0c57eb7f84894ab59b396c9ad57f8a72 [CANDIDATE]: Term 1 pre-election: Election decided. Result: candidate lost. Election summary: received 3 responses out of 3 voters: 1 yes votes; 2 no votes. yes voters: 0c57eb7f84894ab59b396c9ad57f8a72; no voters: 3711f7d49a644838a90eef1991b5aafa, a404436013df402a855c3cbcfc3a318d
I20260630 12:20:12.940558 27339 raft_consensus.cc:3060] T d7972574951b47fda792c795c63ffbc6 P 0c57eb7f84894ab59b396c9ad57f8a72 [term 0 FOLLOWER]: Advancing to term 1
I20260630 12:20:12.944218 27033 catalog_manager.cc:5697] T 72b504405d0a472fb0c968bad13f0ef9 P a404436013df402a855c3cbcfc3a318d reported cstate change: term changed from 0 to 1, leader changed from <none> to a404436013df402a855c3cbcfc3a318d (127.25.215.195). New cstate: current_term: 1 leader_uuid: "a404436013df402a855c3cbcfc3a318d" committed_config { opid_index: -1 OBSOLETE_local: false peers { permanent_uuid: "0c57eb7f84894ab59b396c9ad57f8a72" member_type: VOTER last_known_addr { host: "127.25.215.193" port: 37243 } health_report { overall_health: UNKNOWN } } peers { permanent_uuid: "3711f7d49a644838a90eef1991b5aafa" member_type: VOTER last_known_addr { host: "127.25.215.194" port: 42221 } health_report { overall_health: UNKNOWN } } peers { permanent_uuid: "a404436013df402a855c3cbcfc3a318d" member_type: VOTER last_known_addr { host: "127.25.215.195" port: 45501 } health_report { overall_health: HEALTHY } } }
I20260630 12:20:12.945756 27339 raft_consensus.cc:2749] T d7972574951b47fda792c795c63ffbc6 P 0c57eb7f84894ab59b396c9ad57f8a72 [term 1 FOLLOWER]: Leader pre-election lost for term 1. Reason: could not achieve majority
I20260630 12:20:12.974998 27363 raft_consensus.cc:493] T f3703c1d14b34398b1a076a0fa966a65 P a404436013df402a855c3cbcfc3a318d [term 0 FOLLOWER]: Starting pre-election (no leader contacted us within the election timeout)
I20260630 12:20:12.975456 27363 raft_consensus.cc:515] T f3703c1d14b34398b1a076a0fa966a65 P a404436013df402a855c3cbcfc3a318d [term 0 FOLLOWER]: Starting pre-election with config: opid_index: -1 OBSOLETE_local: false peers { permanent_uuid: "0c57eb7f84894ab59b396c9ad57f8a72" member_type: VOTER last_known_addr { host: "127.25.215.193" port: 37243 } } peers { permanent_uuid: "3711f7d49a644838a90eef1991b5aafa" member_type: VOTER last_known_addr { host: "127.25.215.194" port: 42221 } } peers { permanent_uuid: "a404436013df402a855c3cbcfc3a318d" member_type: VOTER last_known_addr { host: "127.25.215.195" port: 45501 } }
I20260630 12:20:12.977123 27363 leader_election.cc:290] T f3703c1d14b34398b1a076a0fa966a65 P a404436013df402a855c3cbcfc3a318d [CANDIDATE]: Term 1 pre-election: Requested pre-vote from peers 0c57eb7f84894ab59b396c9ad57f8a72 (127.25.215.193:37243), 3711f7d49a644838a90eef1991b5aafa (127.25.215.194:42221)
I20260630 12:20:12.977981 27135 tablet_service.cc:1917] Received RequestConsensusVote() RPC: tablet_id: "f3703c1d14b34398b1a076a0fa966a65" candidate_uuid: "a404436013df402a855c3cbcfc3a318d" candidate_term: 1 candidate_status { last_received { term: 0 index: 0 } } ignore_live_leader: false dest_uuid: "0c57eb7f84894ab59b396c9ad57f8a72" is_pre_election: true
I20260630 12:20:12.978157 27209 tablet_service.cc:1917] Received RequestConsensusVote() RPC: tablet_id: "f3703c1d14b34398b1a076a0fa966a65" candidate_uuid: "a404436013df402a855c3cbcfc3a318d" candidate_term: 1 candidate_status { last_received { term: 0 index: 0 } } ignore_live_leader: false dest_uuid: "3711f7d49a644838a90eef1991b5aafa" is_pre_election: true
I20260630 12:20:12.978515 27135 raft_consensus.cc:2468] T f3703c1d14b34398b1a076a0fa966a65 P 0c57eb7f84894ab59b396c9ad57f8a72 [term 0 FOLLOWER]: Leader pre-election vote request: Granting yes vote for candidate a404436013df402a855c3cbcfc3a318d in term 0.
I20260630 12:20:12.978708 27209 raft_consensus.cc:2468] T f3703c1d14b34398b1a076a0fa966a65 P 3711f7d49a644838a90eef1991b5aafa [term 0 FOLLOWER]: Leader pre-election vote request: Granting yes vote for candidate a404436013df402a855c3cbcfc3a318d in term 0.
I20260630 12:20:12.979465 27248 leader_election.cc:304] T f3703c1d14b34398b1a076a0fa966a65 P a404436013df402a855c3cbcfc3a318d [CANDIDATE]: Term 1 pre-election: Election decided. Result: candidate won. Election summary: received 2 responses out of 3 voters: 2 yes votes; 0 no votes. yes voters: 0c57eb7f84894ab59b396c9ad57f8a72, a404436013df402a855c3cbcfc3a318d; no voters: 
I20260630 12:20:12.980094 27363 raft_consensus.cc:2804] T f3703c1d14b34398b1a076a0fa966a65 P a404436013df402a855c3cbcfc3a318d [term 0 FOLLOWER]: Leader pre-election won for term 1
I20260630 12:20:12.980449 27363 raft_consensus.cc:493] T f3703c1d14b34398b1a076a0fa966a65 P a404436013df402a855c3cbcfc3a318d [term 0 FOLLOWER]: Starting leader election (no leader contacted us within the election timeout)
I20260630 12:20:12.980756 27363 raft_consensus.cc:3060] T f3703c1d14b34398b1a076a0fa966a65 P a404436013df402a855c3cbcfc3a318d [term 0 FOLLOWER]: Advancing to term 1
I20260630 12:20:12.984972 27363 raft_consensus.cc:515] T f3703c1d14b34398b1a076a0fa966a65 P a404436013df402a855c3cbcfc3a318d [term 1 FOLLOWER]: Starting leader election with config: opid_index: -1 OBSOLETE_local: false peers { permanent_uuid: "0c57eb7f84894ab59b396c9ad57f8a72" member_type: VOTER last_known_addr { host: "127.25.215.193" port: 37243 } } peers { permanent_uuid: "3711f7d49a644838a90eef1991b5aafa" member_type: VOTER last_known_addr { host: "127.25.215.194" port: 42221 } } peers { permanent_uuid: "a404436013df402a855c3cbcfc3a318d" member_type: VOTER last_known_addr { host: "127.25.215.195" port: 45501 } }
I20260630 12:20:12.986565 27363 leader_election.cc:290] T f3703c1d14b34398b1a076a0fa966a65 P a404436013df402a855c3cbcfc3a318d [CANDIDATE]: Term 1 election: Requested vote from peers 0c57eb7f84894ab59b396c9ad57f8a72 (127.25.215.193:37243), 3711f7d49a644838a90eef1991b5aafa (127.25.215.194:42221)
I20260630 12:20:12.987507 27135 tablet_service.cc:1917] Received RequestConsensusVote() RPC: tablet_id: "f3703c1d14b34398b1a076a0fa966a65" candidate_uuid: "a404436013df402a855c3cbcfc3a318d" candidate_term: 1 candidate_status { last_received { term: 0 index: 0 } } ignore_live_leader: false dest_uuid: "0c57eb7f84894ab59b396c9ad57f8a72"
I20260630 12:20:12.987510 27209 tablet_service.cc:1917] Received RequestConsensusVote() RPC: tablet_id: "f3703c1d14b34398b1a076a0fa966a65" candidate_uuid: "a404436013df402a855c3cbcfc3a318d" candidate_term: 1 candidate_status { last_received { term: 0 index: 0 } } ignore_live_leader: false dest_uuid: "3711f7d49a644838a90eef1991b5aafa"
I20260630 12:20:12.988127 27135 raft_consensus.cc:3060] T f3703c1d14b34398b1a076a0fa966a65 P 0c57eb7f84894ab59b396c9ad57f8a72 [term 0 FOLLOWER]: Advancing to term 1
I20260630 12:20:12.988195 27209 raft_consensus.cc:3060] T f3703c1d14b34398b1a076a0fa966a65 P 3711f7d49a644838a90eef1991b5aafa [term 0 FOLLOWER]: Advancing to term 1
I20260630 12:20:12.994712 27209 raft_consensus.cc:2468] T f3703c1d14b34398b1a076a0fa966a65 P 3711f7d49a644838a90eef1991b5aafa [term 1 FOLLOWER]: Leader election vote request: Granting yes vote for candidate a404436013df402a855c3cbcfc3a318d in term 1.
I20260630 12:20:12.994712 27135 raft_consensus.cc:2468] T f3703c1d14b34398b1a076a0fa966a65 P 0c57eb7f84894ab59b396c9ad57f8a72 [term 1 FOLLOWER]: Leader election vote request: Granting yes vote for candidate a404436013df402a855c3cbcfc3a318d in term 1.
I20260630 12:20:12.996007 27247 leader_election.cc:304] T f3703c1d14b34398b1a076a0fa966a65 P a404436013df402a855c3cbcfc3a318d [CANDIDATE]: Term 1 election: Election decided. Result: candidate won. Election summary: received 2 responses out of 3 voters: 2 yes votes; 0 no votes. yes voters: 3711f7d49a644838a90eef1991b5aafa, a404436013df402a855c3cbcfc3a318d; no voters: 
I20260630 12:20:12.996624 27363 raft_consensus.cc:2804] T f3703c1d14b34398b1a076a0fa966a65 P a404436013df402a855c3cbcfc3a318d [term 1 FOLLOWER]: Leader election won for term 1
I20260630 12:20:12.997133 27363 raft_consensus.cc:697] T f3703c1d14b34398b1a076a0fa966a65 P a404436013df402a855c3cbcfc3a318d [term 1 LEADER]: Becoming Leader. State: Replica: a404436013df402a855c3cbcfc3a318d, State: Running, Role: LEADER
I20260630 12:20:12.997824 27363 consensus_queue.cc:237] T f3703c1d14b34398b1a076a0fa966a65 P a404436013df402a855c3cbcfc3a318d [LEADER]: Queue going to LEADER mode. State: All replicated index: 0, Majority replicated index: 0, Committed index: 0, Last appended: 0.0, Last appended by leader: 0, Current term: 1, Majority size: 2, State: 0, Mode: LEADER, active raft config: opid_index: -1 OBSOLETE_local: false peers { permanent_uuid: "0c57eb7f84894ab59b396c9ad57f8a72" member_type: VOTER last_known_addr { host: "127.25.215.193" port: 37243 } } peers { permanent_uuid: "3711f7d49a644838a90eef1991b5aafa" member_type: VOTER last_known_addr { host: "127.25.215.194" port: 42221 } } peers { permanent_uuid: "a404436013df402a855c3cbcfc3a318d" member_type: VOTER last_known_addr { host: "127.25.215.195" port: 45501 } }
I20260630 12:20:13.005653 27033 catalog_manager.cc:5697] T f3703c1d14b34398b1a076a0fa966a65 P a404436013df402a855c3cbcfc3a318d reported cstate change: term changed from 0 to 1, leader changed from <none> to a404436013df402a855c3cbcfc3a318d (127.25.215.195). New cstate: current_term: 1 leader_uuid: "a404436013df402a855c3cbcfc3a318d" committed_config { opid_index: -1 OBSOLETE_local: false peers { permanent_uuid: "0c57eb7f84894ab59b396c9ad57f8a72" member_type: VOTER last_known_addr { host: "127.25.215.193" port: 37243 } health_report { overall_health: UNKNOWN } } peers { permanent_uuid: "3711f7d49a644838a90eef1991b5aafa" member_type: VOTER last_known_addr { host: "127.25.215.194" port: 42221 } health_report { overall_health: UNKNOWN } } peers { permanent_uuid: "a404436013df402a855c3cbcfc3a318d" member_type: VOTER last_known_addr { host: "127.25.215.195" port: 45501 } health_report { overall_health: HEALTHY } } }
I20260630 12:20:13.091244 26463 file_cache.cc:492] Constructed file cache file cache with capacity 419430
W20260630 12:20:13.097225 27383 instance_detector.cc:116] could not retrieve AWS instance metadata: Network error: curl error: HTTP response code said error: The requested URL returned error: 404
W20260630 12:20:13.098042 27384 instance_detector.cc:116] could not retrieve Azure instance metadata: Network error: curl error: HTTP response code said error: The requested URL returned error: 404
I20260630 12:20:13.099314 26463 server_base.cc:1061] running on GCE node
W20260630 12:20:13.099288 27386 instance_detector.cc:116] could not retrieve OpenStack instance metadata: Network error: curl error: HTTP response code said error: The requested URL returned error: 404
I20260630 12:20:13.100471 26463 hybrid_clock.cc:584] initializing the hybrid clock with 'system_unsync' time source
W20260630 12:20:13.100659 26463 system_unsync_time.cc:38] NTP support is disabled. Clock error bounds will not be accurate. This configuration is not suitable for distributed clusters.
I20260630 12:20:13.100812 26463 hybrid_clock.cc:648] HybridClock initialized: now 1782822013100800 us; error 0 us; skew 500 ppm
I20260630 12:20:13.101302 26463 server_base.cc:861] Flag tcmalloc_max_total_thread_cache_bytes is not working since tcmalloc is not enabled.
I20260630 12:20:13.103648 26463 webserver.cc:533] Webserver started at http://127.25.215.196:33927/ using document root <none> and password file <none>
I20260630 12:20:13.104085 26463 fs_manager.cc:362] Metadata directory not provided
I20260630 12:20:13.104255 26463 fs_manager.cc:368] Using write-ahead log directory (fs_wal_dir) as metadata directory
I20260630 12:20:13.104523 26463 server_base.cc:909] This appears to be a new deployment of Kudu; creating new FS layout
I20260630 12:20:13.105782 26463 fs_manager.cc:1068] Generated new instance metadata in path /tmp/dist-test-tasklRWR_9/test-tmp/auto_rebalancer-test.0.AutoRebalancerTest.AutoRebalancingTurnOffAndOn.1782822000120194-26463-0/minicluster-data/ts-3-root/instance:
uuid: "c95bed1ccee344ae940e45e55e78c6c9"
format_stamp: "Formatted at 2026-06-30 12:20:13 on dist-test-slave-3z5p"
I20260630 12:20:13.110064 26463 fs_manager.cc:696] Time spent creating directory manager: real 0.004s	user 0.002s	sys 0.002s
I20260630 12:20:13.113281 27391 log_block_manager.cc:4031] Time spent loading block containers with low live blocks: real 0.000s	user 0.000s	sys 0.000s
I20260630 12:20:13.114238 26463 fs_manager.cc:730] Time spent opening block manager: real 0.002s	user 0.002s	sys 0.001s
I20260630 12:20:13.114527 26463 fs_manager.cc:647] Opened local filesystem: /tmp/dist-test-tasklRWR_9/test-tmp/auto_rebalancer-test.0.AutoRebalancerTest.AutoRebalancingTurnOffAndOn.1782822000120194-26463-0/minicluster-data/ts-3-root
uuid: "c95bed1ccee344ae940e45e55e78c6c9"
format_stamp: "Formatted at 2026-06-30 12:20:13 on dist-test-slave-3z5p"
I20260630 12:20:13.114874 26463 fs_report.cc:389] FS layout report
--------------------
wal directory: /tmp/dist-test-tasklRWR_9/test-tmp/auto_rebalancer-test.0.AutoRebalancerTest.AutoRebalancingTurnOffAndOn.1782822000120194-26463-0/minicluster-data/ts-3-root
metadata directory: /tmp/dist-test-tasklRWR_9/test-tmp/auto_rebalancer-test.0.AutoRebalancerTest.AutoRebalancingTurnOffAndOn.1782822000120194-26463-0/minicluster-data/ts-3-root
1 data directories: /tmp/dist-test-tasklRWR_9/test-tmp/auto_rebalancer-test.0.AutoRebalancerTest.AutoRebalancingTurnOffAndOn.1782822000120194-26463-0/minicluster-data/ts-3-root/data
Total live blocks: 0
Total live bytes: 0
Total live bytes (after alignment): 0
Total number of LBM containers: 0 (0 full)
Did not check for missing blocks
Did not check for orphaned blocks
Total full LBM containers with extra space: 0 (0 repaired)
Total full LBM container extra space in bytes: 0 (0 repaired)
Total incomplete LBM containers: 0 (0 repaired)
Total LBM partial records: 0 (0 repaired)
Total corrupted LBM metadata records in RocksDB: 0 (0 repaired)
I20260630 12:20:13.147045 26463 rpc_server.cc:225] running with OpenSSL 1.1.1  11 Sep 2018
I20260630 12:20:13.149272 26463 kserver.cc:163] Server-wide thread pool size limit: 3276
I20260630 12:20:13.151172 26463 txn_system_client.cc:432] TxnSystemClient initialization is disabled...
I20260630 12:20:13.153451 26463 ts_tablet_manager.cc:585] Loaded tablet metadata (0 total tablets, 0 live tablets)
I20260630 12:20:13.153673 26463 ts_tablet_manager.cc:531] Time spent load tablet metadata: real 0.000s	user 0.000s	sys 0.000s
I20260630 12:20:13.153915 26463 ts_tablet_manager.cc:616] Registered 0 tablets
I20260630 12:20:13.154053 26463 ts_tablet_manager.cc:595] Time spent register tablets: real 0.000s	user 0.000s	sys 0.000s
I20260630 12:20:13.175386 27349 consensus_queue.cc:1048] T 428bdd70389a407c8aeb2c523a370193 P 3711f7d49a644838a90eef1991b5aafa [LEADER]: Connected to new peer: Peer: permanent_uuid: "0c57eb7f84894ab59b396c9ad57f8a72" member_type: VOTER last_known_addr { host: "127.25.215.193" port: 37243 }, Status: LMP_MISMATCH, Last received: 0.0, Next index: 1, Last known committed idx: 0, Time since last communication: 0.001s
I20260630 12:20:13.179039 27349 consensus_queue.cc:1048] T 9254a45d4b054021883bff9ba64e8f7a P 3711f7d49a644838a90eef1991b5aafa [LEADER]: Connected to new peer: Peer: permanent_uuid: "0c57eb7f84894ab59b396c9ad57f8a72" member_type: VOTER last_known_addr { host: "127.25.215.193" port: 37243 }, Status: LMP_MISMATCH, Last received: 0.0, Next index: 1, Last known committed idx: 0, Time since last communication: 0.001s
I20260630 12:20:13.238987 27363 consensus_queue.cc:1048] T 527261045d2846d2bea93190cde10f82 P a404436013df402a855c3cbcfc3a318d [LEADER]: Connected to new peer: Peer: permanent_uuid: "3711f7d49a644838a90eef1991b5aafa" member_type: VOTER last_known_addr { host: "127.25.215.194" port: 42221 }, Status: LMP_MISMATCH, Last received: 0.0, Next index: 1, Last known committed idx: 0, Time since last communication: 0.001s
I20260630 12:20:13.256577 27349 consensus_queue.cc:1048] T 428bdd70389a407c8aeb2c523a370193 P 3711f7d49a644838a90eef1991b5aafa [LEADER]: Connected to new peer: Peer: permanent_uuid: "a404436013df402a855c3cbcfc3a318d" member_type: VOTER last_known_addr { host: "127.25.215.195" port: 45501 }, Status: LMP_MISMATCH, Last received: 0.0, Next index: 1, Last known committed idx: 0, Time since last communication: 0.001s
I20260630 12:20:13.282311 27339 raft_consensus.cc:493] T f7ba48cc08564a0d9f9781d5c36d7c56 P 0c57eb7f84894ab59b396c9ad57f8a72 [term 0 FOLLOWER]: Starting pre-election (no leader contacted us within the election timeout)
I20260630 12:20:13.283037 27339 raft_consensus.cc:515] T f7ba48cc08564a0d9f9781d5c36d7c56 P 0c57eb7f84894ab59b396c9ad57f8a72 [term 0 FOLLOWER]: Starting pre-election with config: opid_index: -1 OBSOLETE_local: false peers { permanent_uuid: "0c57eb7f84894ab59b396c9ad57f8a72" member_type: VOTER last_known_addr { host: "127.25.215.193" port: 37243 } } peers { permanent_uuid: "3711f7d49a644838a90eef1991b5aafa" member_type: VOTER last_known_addr { host: "127.25.215.194" port: 42221 } } peers { permanent_uuid: "a404436013df402a855c3cbcfc3a318d" member_type: VOTER last_known_addr { host: "127.25.215.195" port: 45501 } }
I20260630 12:20:13.283720 27433 consensus_queue.cc:1048] T 9254a45d4b054021883bff9ba64e8f7a P 3711f7d49a644838a90eef1991b5aafa [LEADER]: Connected to new peer: Peer: permanent_uuid: "a404436013df402a855c3cbcfc3a318d" member_type: VOTER last_known_addr { host: "127.25.215.195" port: 45501 }, Status: LMP_MISMATCH, Last received: 0.0, Next index: 1, Last known committed idx: 0, Time since last communication: 0.001s
I20260630 12:20:13.288168 27210 tablet_service.cc:1917] Received RequestConsensusVote() RPC: tablet_id: "f7ba48cc08564a0d9f9781d5c36d7c56" candidate_uuid: "0c57eb7f84894ab59b396c9ad57f8a72" candidate_term: 1 candidate_status { last_received { term: 0 index: 0 } } ignore_live_leader: false dest_uuid: "3711f7d49a644838a90eef1991b5aafa" is_pre_election: true
I20260630 12:20:13.289261 27210 raft_consensus.cc:2393] T f7ba48cc08564a0d9f9781d5c36d7c56 P 3711f7d49a644838a90eef1991b5aafa [term 1 FOLLOWER]: Leader pre-election vote request: Denying vote to candidate 0c57eb7f84894ab59b396c9ad57f8a72 in current term 1: Already voted for candidate a404436013df402a855c3cbcfc3a318d in this term.
I20260630 12:20:13.294070 27339 leader_election.cc:290] T f7ba48cc08564a0d9f9781d5c36d7c56 P 0c57eb7f84894ab59b396c9ad57f8a72 [CANDIDATE]: Term 1 pre-election: Requested pre-vote from peers 3711f7d49a644838a90eef1991b5aafa (127.25.215.194:42221), a404436013df402a855c3cbcfc3a318d (127.25.215.195:45501)
I20260630 12:20:13.300709 27284 tablet_service.cc:1917] Received RequestConsensusVote() RPC: tablet_id: "f7ba48cc08564a0d9f9781d5c36d7c56" candidate_uuid: "0c57eb7f84894ab59b396c9ad57f8a72" candidate_term: 1 candidate_status { last_received { term: 0 index: 0 } } ignore_live_leader: false dest_uuid: "a404436013df402a855c3cbcfc3a318d" is_pre_election: true
I20260630 12:20:13.302948 27100 leader_election.cc:304] T f7ba48cc08564a0d9f9781d5c36d7c56 P 0c57eb7f84894ab59b396c9ad57f8a72 [CANDIDATE]: Term 1 pre-election: Election decided. Result: candidate lost. Election summary: received 3 responses out of 3 voters: 1 yes votes; 2 no votes. yes voters: 0c57eb7f84894ab59b396c9ad57f8a72; no voters: 3711f7d49a644838a90eef1991b5aafa, a404436013df402a855c3cbcfc3a318d
I20260630 12:20:13.304517 27339 raft_consensus.cc:3060] T f7ba48cc08564a0d9f9781d5c36d7c56 P 0c57eb7f84894ab59b396c9ad57f8a72 [term 0 FOLLOWER]: Advancing to term 1
I20260630 12:20:13.310702 27339 raft_consensus.cc:2749] T f7ba48cc08564a0d9f9781d5c36d7c56 P 0c57eb7f84894ab59b396c9ad57f8a72 [term 1 FOLLOWER]: Leader pre-election lost for term 1. Reason: could not achieve majority
I20260630 12:20:13.321406 27363 consensus_queue.cc:1048] T 527261045d2846d2bea93190cde10f82 P a404436013df402a855c3cbcfc3a318d [LEADER]: Connected to new peer: Peer: permanent_uuid: "0c57eb7f84894ab59b396c9ad57f8a72" member_type: VOTER last_known_addr { host: "127.25.215.193" port: 37243 }, Status: LMP_MISMATCH, Last received: 0.0, Next index: 1, Last known committed idx: 0, Time since last communication: 0.000s
I20260630 12:20:13.350585 26463 rpc_server.cc:307] RPC server started. Bound to: 127.25.215.196:44077
I20260630 12:20:13.350677 27469 acceptor_pool.cc:272] collecting diagnostics on the listening RPC socket 127.25.215.196:44077 every 8 connection(s)
I20260630 12:20:13.369901 27470 heartbeater.cc:344] Connected to a master server at 127.25.215.254:39933
I20260630 12:20:13.370368 27470 heartbeater.cc:461] Registering TS with master...
I20260630 12:20:13.371362 27470 heartbeater.cc:507] Master 127.25.215.254:39933 requested a full tablet report, sending...
