I20260630 12:21:20.701086 29163 consensus_queue.cc:237] T 99b36bb99772446bb30892292da55c4a P 9efc5a79db374b959dcf7293da96ad02 [LEADER]: Queue going to LEADER mode. State: All replicated index: 0, Majority replicated index: 0, Committed index: 0, Last appended: 0.0, Last appended by leader: 0, Current term: 1, Majority size: 2, State: 0, Mode: LEADER, active raft config: opid_index: -1 OBSOLETE_local: false peers { permanent_uuid: "2a135a61ba954ae1b00df3f574523643" member_type: VOTER last_known_addr { host: "127.25.187.2" port: 44201 } } peers { permanent_uuid: "3cd8dd4764044f8f869df6ff8dff0a17" member_type: VOTER last_known_addr { host: "127.25.187.3" port: 46699 } } peers { permanent_uuid: "9efc5a79db374b959dcf7293da96ad02" member_type: VOTER last_known_addr { host: "127.25.187.1" port: 43023 } }
I20260630 12:21:20.701637 29038 tablet_service.cc:1917] Received RequestConsensusVote() RPC: tablet_id: "99b36bb99772446bb30892292da55c4a" candidate_uuid: "3cd8dd4764044f8f869df6ff8dff0a17" candidate_term: 1 candidate_status { last_received { term: 0 index: 0 } } ignore_live_leader: false dest_uuid: "2a135a61ba954ae1b00df3f574523643"
I20260630 12:21:20.701854 29170 leader_election.cc:290] T 99b36bb99772446bb30892292da55c4a P 3cd8dd4764044f8f869df6ff8dff0a17 [CANDIDATE]: Term 1 election: Requested vote from peers 2a135a61ba954ae1b00df3f574523643 (127.25.187.2:44201), 9efc5a79db374b959dcf7293da96ad02 (127.25.187.1:43023)
I20260630 12:21:20.702399 29038 raft_consensus.cc:2393] T 99b36bb99772446bb30892292da55c4a P 2a135a61ba954ae1b00df3f574523643 [term 1 FOLLOWER]: Leader election vote request: Denying vote to candidate 3cd8dd4764044f8f869df6ff8dff0a17 in current term 1: Already voted for candidate 9efc5a79db374b959dcf7293da96ad02 in this term.
I20260630 12:21:20.702869 29186 raft_consensus.cc:493] T 69d6f782964d41db814877d63b4832d5 P 9efc5a79db374b959dcf7293da96ad02 [term 0 FOLLOWER]: Starting pre-election (no leader contacted us within the election timeout)
I20260630 12:21:20.703279 29075 leader_election.cc:304] T 99b36bb99772446bb30892292da55c4a P 3cd8dd4764044f8f869df6ff8dff0a17 [CANDIDATE]: Term 1 election: Election decided. Result: candidate lost. Election summary: received 3 responses out of 3 voters: 1 yes votes; 2 no votes. yes voters: 3cd8dd4764044f8f869df6ff8dff0a17; no voters: 2a135a61ba954ae1b00df3f574523643, 9efc5a79db374b959dcf7293da96ad02
I20260630 12:21:20.703356 29186 raft_consensus.cc:515] T 69d6f782964d41db814877d63b4832d5 P 9efc5a79db374b959dcf7293da96ad02 [term 0 FOLLOWER]: Starting pre-election with config: opid_index: -1 OBSOLETE_local: false peers { permanent_uuid: "9efc5a79db374b959dcf7293da96ad02" member_type: VOTER last_known_addr { host: "127.25.187.1" port: 43023 } } peers { permanent_uuid: "2a135a61ba954ae1b00df3f574523643" member_type: VOTER last_known_addr { host: "127.25.187.2" port: 44201 } } peers { permanent_uuid: "3cd8dd4764044f8f869df6ff8dff0a17" member_type: VOTER last_known_addr { host: "127.25.187.3" port: 46699 } }
I20260630 12:21:20.703943 29170 raft_consensus.cc:2749] T 99b36bb99772446bb30892292da55c4a P 3cd8dd4764044f8f869df6ff8dff0a17 [term 1 FOLLOWER]: Leader election lost for term 1. Reason: could not achieve majority
I20260630 12:21:20.705747 29186 leader_election.cc:290] T 69d6f782964d41db814877d63b4832d5 P 9efc5a79db374b959dcf7293da96ad02 [CANDIDATE]: Term 1 pre-election: Requested pre-vote from peers 2a135a61ba954ae1b00df3f574523643 (127.25.187.2:44201), 3cd8dd4764044f8f869df6ff8dff0a17 (127.25.187.3:46699)
I20260630 12:21:20.706387 29038 tablet_service.cc:1917] Received RequestConsensusVote() RPC: tablet_id: "69d6f782964d41db814877d63b4832d5" candidate_uuid: "9efc5a79db374b959dcf7293da96ad02" candidate_term: 1 candidate_status { last_received { term: 0 index: 0 } } ignore_live_leader: false dest_uuid: "2a135a61ba954ae1b00df3f574523643" is_pre_election: true
I20260630 12:21:20.706789 29112 tablet_service.cc:1917] Received RequestConsensusVote() RPC: tablet_id: "69d6f782964d41db814877d63b4832d5" candidate_uuid: "9efc5a79db374b959dcf7293da96ad02" candidate_term: 1 candidate_status { last_received { term: 0 index: 0 } } ignore_live_leader: false dest_uuid: "3cd8dd4764044f8f869df6ff8dff0a17" is_pre_election: true
I20260630 12:21:20.706996 29038 raft_consensus.cc:2468] T 69d6f782964d41db814877d63b4832d5 P 2a135a61ba954ae1b00df3f574523643 [term 0 FOLLOWER]: Leader pre-election vote request: Granting yes vote for candidate 9efc5a79db374b959dcf7293da96ad02 in term 0.
I20260630 12:21:20.707441 29112 raft_consensus.cc:2468] T 69d6f782964d41db814877d63b4832d5 P 3cd8dd4764044f8f869df6ff8dff0a17 [term 0 FOLLOWER]: Leader pre-election vote request: Granting yes vote for candidate 9efc5a79db374b959dcf7293da96ad02 in term 0.
I20260630 12:21:20.708099 28926 leader_election.cc:304] T 69d6f782964d41db814877d63b4832d5 P 9efc5a79db374b959dcf7293da96ad02 [CANDIDATE]: Term 1 pre-election: Election decided. Result: candidate won. Election summary: received 2 responses out of 3 voters: 2 yes votes; 0 no votes. yes voters: 2a135a61ba954ae1b00df3f574523643, 9efc5a79db374b959dcf7293da96ad02; no voters: 
I20260630 12:21:20.709095 29163 raft_consensus.cc:2804] T 69d6f782964d41db814877d63b4832d5 P 9efc5a79db374b959dcf7293da96ad02 [term 0 FOLLOWER]: Leader pre-election won for term 1
I20260630 12:21:20.709483 29163 raft_consensus.cc:493] T 69d6f782964d41db814877d63b4832d5 P 9efc5a79db374b959dcf7293da96ad02 [term 0 FOLLOWER]: Starting leader election (no leader contacted us within the election timeout)
I20260630 12:21:20.709867 29163 raft_consensus.cc:3060] T 69d6f782964d41db814877d63b4832d5 P 9efc5a79db374b959dcf7293da96ad02 [term 0 FOLLOWER]: Advancing to term 1
I20260630 12:21:20.712383 28860 catalog_manager.cc:5697] T 99b36bb99772446bb30892292da55c4a P 9efc5a79db374b959dcf7293da96ad02 reported cstate change: term changed from 0 to 1, leader changed from <none> to 9efc5a79db374b959dcf7293da96ad02 (127.25.187.1). New cstate: current_term: 1 leader_uuid: "9efc5a79db374b959dcf7293da96ad02" committed_config { opid_index: -1 OBSOLETE_local: false peers { permanent_uuid: "2a135a61ba954ae1b00df3f574523643" member_type: VOTER last_known_addr { host: "127.25.187.2" port: 44201 } health_report { overall_health: UNKNOWN } } peers { permanent_uuid: "3cd8dd4764044f8f869df6ff8dff0a17" member_type: VOTER last_known_addr { host: "127.25.187.3" port: 46699 } health_report { overall_health: UNKNOWN } } peers { permanent_uuid: "9efc5a79db374b959dcf7293da96ad02" member_type: VOTER last_known_addr { host: "127.25.187.1" port: 43023 } health_report { overall_health: HEALTHY } } }
I20260630 12:21:20.714576 29163 raft_consensus.cc:515] T 69d6f782964d41db814877d63b4832d5 P 9efc5a79db374b959dcf7293da96ad02 [term 1 FOLLOWER]: Starting leader election with config: opid_index: -1 OBSOLETE_local: false peers { permanent_uuid: "9efc5a79db374b959dcf7293da96ad02" member_type: VOTER last_known_addr { host: "127.25.187.1" port: 43023 } } peers { permanent_uuid: "2a135a61ba954ae1b00df3f574523643" member_type: VOTER last_known_addr { host: "127.25.187.2" port: 44201 } } peers { permanent_uuid: "3cd8dd4764044f8f869df6ff8dff0a17" member_type: VOTER last_known_addr { host: "127.25.187.3" port: 46699 } }
I20260630 12:21:20.716737 29163 leader_election.cc:290] T 69d6f782964d41db814877d63b4832d5 P 9efc5a79db374b959dcf7293da96ad02 [CANDIDATE]: Term 1 election: Requested vote from peers 2a135a61ba954ae1b00df3f574523643 (127.25.187.2:44201), 3cd8dd4764044f8f869df6ff8dff0a17 (127.25.187.3:46699)
I20260630 12:21:20.717298 29038 tablet_service.cc:1917] Received RequestConsensusVote() RPC: tablet_id: "69d6f782964d41db814877d63b4832d5" candidate_uuid: "9efc5a79db374b959dcf7293da96ad02" candidate_term: 1 candidate_status { last_received { term: 0 index: 0 } } ignore_live_leader: false dest_uuid: "2a135a61ba954ae1b00df3f574523643"
I20260630 12:21:20.717856 29038 raft_consensus.cc:3060] T 69d6f782964d41db814877d63b4832d5 P 2a135a61ba954ae1b00df3f574523643 [term 0 FOLLOWER]: Advancing to term 1
I20260630 12:21:20.717796 29112 tablet_service.cc:1917] Received RequestConsensusVote() RPC: tablet_id: "69d6f782964d41db814877d63b4832d5" candidate_uuid: "9efc5a79db374b959dcf7293da96ad02" candidate_term: 1 candidate_status { last_received { term: 0 index: 0 } } ignore_live_leader: false dest_uuid: "3cd8dd4764044f8f869df6ff8dff0a17"
I20260630 12:21:20.718410 29112 raft_consensus.cc:3060] T 69d6f782964d41db814877d63b4832d5 P 3cd8dd4764044f8f869df6ff8dff0a17 [term 0 FOLLOWER]: Advancing to term 1
I20260630 12:21:20.723035 29112 raft_consensus.cc:2468] T 69d6f782964d41db814877d63b4832d5 P 3cd8dd4764044f8f869df6ff8dff0a17 [term 1 FOLLOWER]: Leader election vote request: Granting yes vote for candidate 9efc5a79db374b959dcf7293da96ad02 in term 1.
I20260630 12:21:20.723278 29038 raft_consensus.cc:2468] T 69d6f782964d41db814877d63b4832d5 P 2a135a61ba954ae1b00df3f574523643 [term 1 FOLLOWER]: Leader election vote request: Granting yes vote for candidate 9efc5a79db374b959dcf7293da96ad02 in term 1.
I20260630 12:21:20.723905 28929 leader_election.cc:304] T 69d6f782964d41db814877d63b4832d5 P 9efc5a79db374b959dcf7293da96ad02 [CANDIDATE]: Term 1 election: Election decided. Result: candidate won. Election summary: received 2 responses out of 3 voters: 2 yes votes; 0 no votes. yes voters: 3cd8dd4764044f8f869df6ff8dff0a17, 9efc5a79db374b959dcf7293da96ad02; no voters: 
I20260630 12:21:20.724525 29163 raft_consensus.cc:2804] T 69d6f782964d41db814877d63b4832d5 P 9efc5a79db374b959dcf7293da96ad02 [term 1 FOLLOWER]: Leader election won for term 1
I20260630 12:21:20.724958 29163 raft_consensus.cc:697] T 69d6f782964d41db814877d63b4832d5 P 9efc5a79db374b959dcf7293da96ad02 [term 1 LEADER]: Becoming Leader. State: Replica: 9efc5a79db374b959dcf7293da96ad02, State: Running, Role: LEADER
I20260630 12:21:20.725658 29163 consensus_queue.cc:237] T 69d6f782964d41db814877d63b4832d5 P 9efc5a79db374b959dcf7293da96ad02 [LEADER]: Queue going to LEADER mode. State: All replicated index: 0, Majority replicated index: 0, Committed index: 0, Last appended: 0.0, Last appended by leader: 0, Current term: 1, Majority size: 2, State: 0, Mode: LEADER, active raft config: opid_index: -1 OBSOLETE_local: false peers { permanent_uuid: "9efc5a79db374b959dcf7293da96ad02" member_type: VOTER last_known_addr { host: "127.25.187.1" port: 43023 } } peers { permanent_uuid: "2a135a61ba954ae1b00df3f574523643" member_type: VOTER last_known_addr { host: "127.25.187.2" port: 44201 } } peers { permanent_uuid: "3cd8dd4764044f8f869df6ff8dff0a17" member_type: VOTER last_known_addr { host: "127.25.187.3" port: 46699 } }
I20260630 12:21:20.731796 28860 catalog_manager.cc:5697] T 69d6f782964d41db814877d63b4832d5 P 9efc5a79db374b959dcf7293da96ad02 reported cstate change: term changed from 0 to 1, leader changed from <none> to 9efc5a79db374b959dcf7293da96ad02 (127.25.187.1). New cstate: current_term: 1 leader_uuid: "9efc5a79db374b959dcf7293da96ad02" committed_config { opid_index: -1 OBSOLETE_local: false peers { permanent_uuid: "9efc5a79db374b959dcf7293da96ad02" member_type: VOTER last_known_addr { host: "127.25.187.1" port: 43023 } health_report { overall_health: HEALTHY } } peers { permanent_uuid: "2a135a61ba954ae1b00df3f574523643" member_type: VOTER last_known_addr { host: "127.25.187.2" port: 44201 } health_report { overall_health: UNKNOWN } } peers { permanent_uuid: "3cd8dd4764044f8f869df6ff8dff0a17" member_type: VOTER last_known_addr { host: "127.25.187.3" port: 46699 } health_report { overall_health: UNKNOWN } } }
I20260630 12:21:20.803505 26348 tablet_server.cc:179] TabletServer@127.25.187.1:0 shutting down...
I20260630 12:21:20.818112 26348 ts_tablet_manager.cc:1507] Shutting down tablet manager...
I20260630 12:21:20.818758 26348 tablet_replica.cc:333] T 69d6f782964d41db814877d63b4832d5 P 9efc5a79db374b959dcf7293da96ad02: stopping tablet replica
I20260630 12:21:20.819300 26348 raft_consensus.cc:2243] T 69d6f782964d41db814877d63b4832d5 P 9efc5a79db374b959dcf7293da96ad02 [term 1 LEADER]: Raft consensus shutting down.
I20260630 12:21:20.819885 26348 pending_rounds.cc:70] T 69d6f782964d41db814877d63b4832d5 P 9efc5a79db374b959dcf7293da96ad02: Trying to abort 1 pending ops.
I20260630 12:21:20.820114 26348 pending_rounds.cc:77] T 69d6f782964d41db814877d63b4832d5 P 9efc5a79db374b959dcf7293da96ad02: Aborting op as it isn't in flight: id { term: 1 index: 1 } timestamp: 7302439242658967552 op_type: NO_OP noop_request { }
I20260630 12:21:20.820418 26348 raft_consensus.cc:2889] T 69d6f782964d41db814877d63b4832d5 P 9efc5a79db374b959dcf7293da96ad02 [term 1 LEADER]: NO_OP replication failed: Aborted: Op aborted
I20260630 12:21:20.820662 26348 raft_consensus.cc:2272] T 69d6f782964d41db814877d63b4832d5 P 9efc5a79db374b959dcf7293da96ad02 [term 1 FOLLOWER]: Raft consensus is shut down!
I20260630 12:21:20.822707 26348 tablet_replica.cc:333] T 0f4c970741c64fe0a91c1b20c26df9d3 P 9efc5a79db374b959dcf7293da96ad02: stopping tablet replica
I20260630 12:21:20.823144 26348 raft_consensus.cc:2243] T 0f4c970741c64fe0a91c1b20c26df9d3 P 9efc5a79db374b959dcf7293da96ad02 [term 1 FOLLOWER]: Raft consensus shutting down.
I20260630 12:21:20.823439 26348 raft_consensus.cc:2272] T 0f4c970741c64fe0a91c1b20c26df9d3 P 9efc5a79db374b959dcf7293da96ad02 [term 1 FOLLOWER]: Raft consensus is shut down!
I20260630 12:21:20.825110 26348 tablet_replica.cc:333] T 99b36bb99772446bb30892292da55c4a P 9efc5a79db374b959dcf7293da96ad02: stopping tablet replica
I20260630 12:21:20.825515 26348 raft_consensus.cc:2243] T 99b36bb99772446bb30892292da55c4a P 9efc5a79db374b959dcf7293da96ad02 [term 1 LEADER]: Raft consensus shutting down.
I20260630 12:21:20.825996 26348 pending_rounds.cc:70] T 99b36bb99772446bb30892292da55c4a P 9efc5a79db374b959dcf7293da96ad02: Trying to abort 1 pending ops.
I20260630 12:21:20.826246 26348 pending_rounds.cc:77] T 99b36bb99772446bb30892292da55c4a P 9efc5a79db374b959dcf7293da96ad02: Aborting op as it isn't in flight: id { term: 1 index: 1 } timestamp: 7302439242560565248 op_type: NO_OP noop_request { }
I20260630 12:21:20.826475 26348 raft_consensus.cc:2889] T 99b36bb99772446bb30892292da55c4a P 9efc5a79db374b959dcf7293da96ad02 [term 1 LEADER]: NO_OP replication failed: Aborted: Op aborted
I20260630 12:21:20.826700 26348 raft_consensus.cc:2272] T 99b36bb99772446bb30892292da55c4a P 9efc5a79db374b959dcf7293da96ad02 [term 1 FOLLOWER]: Raft consensus is shut down!
I20260630 12:21:20.828773 26348 tablet_replica.cc:333] T c185ca48e0c34cb7a95502ebead54ef6 P 9efc5a79db374b959dcf7293da96ad02: stopping tablet replica
I20260630 12:21:20.829186 26348 raft_consensus.cc:2243] T c185ca48e0c34cb7a95502ebead54ef6 P 9efc5a79db374b959dcf7293da96ad02 [term 1 FOLLOWER]: Raft consensus shutting down.
I20260630 12:21:20.829473 26348 raft_consensus.cc:2272] T c185ca48e0c34cb7a95502ebead54ef6 P 9efc5a79db374b959dcf7293da96ad02 [term 1 FOLLOWER]: Raft consensus is shut down!
I20260630 12:21:20.850687 26348 tablet_server.cc:196] TabletServer@127.25.187.1:0 shutdown complete.
I20260630 12:21:20.860452 28914 auto_leader_rebalancer.cc:141] leader rebalance for table range_aware_auto_rebalancer_test
I20260630 12:21:20.862243 26348 tablet_server.cc:179] TabletServer@127.25.187.2:0 shutting down...
W20260630 12:21:20.870255 28914 auto_leader_rebalancer.cc:524] the master instance isn't leader: Network error: Client connection negotiation failed: client connection to 127.25.187.1:43023: connect: Connection refused (error 111)
I20260630 12:21:20.878079 26348 ts_tablet_manager.cc:1507] Shutting down tablet manager...
I20260630 12:21:20.878721 26348 tablet_replica.cc:333] T 69d6f782964d41db814877d63b4832d5 P 2a135a61ba954ae1b00df3f574523643: stopping tablet replica
I20260630 12:21:20.879184 26348 raft_consensus.cc:2243] T 69d6f782964d41db814877d63b4832d5 P 2a135a61ba954ae1b00df3f574523643 [term 1 FOLLOWER]: Raft consensus shutting down.
I20260630 12:21:20.879499 26348 raft_consensus.cc:2272] T 69d6f782964d41db814877d63b4832d5 P 2a135a61ba954ae1b00df3f574523643 [term 1 FOLLOWER]: Raft consensus is shut down!
I20260630 12:21:20.881151 26348 tablet_replica.cc:333] T c185ca48e0c34cb7a95502ebead54ef6 P 2a135a61ba954ae1b00df3f574523643: stopping tablet replica
I20260630 12:21:20.881583 26348 raft_consensus.cc:2243] T c185ca48e0c34cb7a95502ebead54ef6 P 2a135a61ba954ae1b00df3f574523643 [term 1 LEADER]: Raft consensus shutting down.
I20260630 12:21:20.882045 26348 pending_rounds.cc:70] T c185ca48e0c34cb7a95502ebead54ef6 P 2a135a61ba954ae1b00df3f574523643: Trying to abort 1 pending ops.
I20260630 12:21:20.882197 26348 pending_rounds.cc:77] T c185ca48e0c34cb7a95502ebead54ef6 P 2a135a61ba954ae1b00df3f574523643: Aborting op as it isn't in flight: id { term: 1 index: 1 } timestamp: 7302439242251374592 op_type: NO_OP noop_request { }
I20260630 12:21:20.882407 26348 raft_consensus.cc:2889] T c185ca48e0c34cb7a95502ebead54ef6 P 2a135a61ba954ae1b00df3f574523643 [term 1 LEADER]: NO_OP replication failed: Aborted: Op aborted
I20260630 12:21:20.882608 26348 raft_consensus.cc:2272] T c185ca48e0c34cb7a95502ebead54ef6 P 2a135a61ba954ae1b00df3f574523643 [term 1 FOLLOWER]: Raft consensus is shut down!
I20260630 12:21:20.884557 26348 tablet_replica.cc:333] T 99b36bb99772446bb30892292da55c4a P 2a135a61ba954ae1b00df3f574523643: stopping tablet replica
I20260630 12:21:20.884969 26348 raft_consensus.cc:2243] T 99b36bb99772446bb30892292da55c4a P 2a135a61ba954ae1b00df3f574523643 [term 1 FOLLOWER]: Raft consensus shutting down.
I20260630 12:21:20.885259 26348 raft_consensus.cc:2272] T 99b36bb99772446bb30892292da55c4a P 2a135a61ba954ae1b00df3f574523643 [term 1 FOLLOWER]: Raft consensus is shut down!
I20260630 12:21:20.886751 26348 tablet_replica.cc:333] T 0f4c970741c64fe0a91c1b20c26df9d3 P 2a135a61ba954ae1b00df3f574523643: stopping tablet replica
I20260630 12:21:20.887138 26348 raft_consensus.cc:2243] T 0f4c970741c64fe0a91c1b20c26df9d3 P 2a135a61ba954ae1b00df3f574523643 [term 1 LEADER]: Raft consensus shutting down.
I20260630 12:21:20.887583 26348 pending_rounds.cc:70] T 0f4c970741c64fe0a91c1b20c26df9d3 P 2a135a61ba954ae1b00df3f574523643: Trying to abort 1 pending ops.
I20260630 12:21:20.887754 26348 pending_rounds.cc:77] T 0f4c970741c64fe0a91c1b20c26df9d3 P 2a135a61ba954ae1b00df3f574523643: Aborting op as it isn't in flight: id { term: 1 index: 1 } timestamp: 7302439242261954560 op_type: NO_OP noop_request { }
I20260630 12:21:20.887964 26348 raft_consensus.cc:2889] T 0f4c970741c64fe0a91c1b20c26df9d3 P 2a135a61ba954ae1b00df3f574523643 [term 1 LEADER]: NO_OP replication failed: Aborted: Op aborted
I20260630 12:21:20.888173 26348 raft_consensus.cc:2272] T 0f4c970741c64fe0a91c1b20c26df9d3 P 2a135a61ba954ae1b00df3f574523643 [term 1 FOLLOWER]: Raft consensus is shut down!
I20260630 12:21:20.908411 26348 tablet_server.cc:196] TabletServer@127.25.187.2:0 shutdown complete.
I20260630 12:21:20.917618 26348 tablet_server.cc:179] TabletServer@127.25.187.3:0 shutting down...
I20260630 12:21:20.931025 26348 ts_tablet_manager.cc:1507] Shutting down tablet manager...
I20260630 12:21:20.931763 26348 tablet_replica.cc:333] T 69d6f782964d41db814877d63b4832d5 P 3cd8dd4764044f8f869df6ff8dff0a17: stopping tablet replica
I20260630 12:21:20.932291 26348 raft_consensus.cc:2243] T 69d6f782964d41db814877d63b4832d5 P 3cd8dd4764044f8f869df6ff8dff0a17 [term 1 FOLLOWER]: Raft consensus shutting down.
I20260630 12:21:20.932660 26348 raft_consensus.cc:2272] T 69d6f782964d41db814877d63b4832d5 P 3cd8dd4764044f8f869df6ff8dff0a17 [term 1 FOLLOWER]: Raft consensus is shut down!
I20260630 12:21:20.934357 26348 tablet_replica.cc:333] T c185ca48e0c34cb7a95502ebead54ef6 P 3cd8dd4764044f8f869df6ff8dff0a17: stopping tablet replica
I20260630 12:21:20.934834 26348 raft_consensus.cc:2243] T c185ca48e0c34cb7a95502ebead54ef6 P 3cd8dd4764044f8f869df6ff8dff0a17 [term 1 FOLLOWER]: Raft consensus shutting down.
I20260630 12:21:20.935156 26348 raft_consensus.cc:2272] T c185ca48e0c34cb7a95502ebead54ef6 P 3cd8dd4764044f8f869df6ff8dff0a17 [term 1 FOLLOWER]: Raft consensus is shut down!
I20260630 12:21:20.937002 26348 tablet_replica.cc:333] T 0f4c970741c64fe0a91c1b20c26df9d3 P 3cd8dd4764044f8f869df6ff8dff0a17: stopping tablet replica
I20260630 12:21:20.937434 26348 raft_consensus.cc:2243] T 0f4c970741c64fe0a91c1b20c26df9d3 P 3cd8dd4764044f8f869df6ff8dff0a17 [term 1 FOLLOWER]: Raft consensus shutting down.
I20260630 12:21:20.937758 26348 raft_consensus.cc:2272] T 0f4c970741c64fe0a91c1b20c26df9d3 P 3cd8dd4764044f8f869df6ff8dff0a17 [term 1 FOLLOWER]: Raft consensus is shut down!
I20260630 12:21:20.939352 26348 tablet_replica.cc:333] T 99b36bb99772446bb30892292da55c4a P 3cd8dd4764044f8f869df6ff8dff0a17: stopping tablet replica
I20260630 12:21:20.939817 26348 raft_consensus.cc:2243] T 99b36bb99772446bb30892292da55c4a P 3cd8dd4764044f8f869df6ff8dff0a17 [term 1 FOLLOWER]: Raft consensus shutting down.
I20260630 12:21:20.940133 26348 raft_consensus.cc:2272] T 99b36bb99772446bb30892292da55c4a P 3cd8dd4764044f8f869df6ff8dff0a17 [term 1 FOLLOWER]: Raft consensus is shut down!
I20260630 12:21:20.960434 26348 tablet_server.cc:196] TabletServer@127.25.187.3:0 shutdown complete.
I20260630 12:21:20.970050 26348 master.cc:562] Master@127.25.187.62:35129 shutting down...
I20260630 12:21:20.982108 26348 raft_consensus.cc:2243] T 00000000000000000000000000000000 P 86dbf037ac814c8eb9e6bf7bbb4cedfa [term 1 LEADER]: Raft consensus shutting down.
I20260630 12:21:20.982596 26348 raft_consensus.cc:2272] T 00000000000000000000000000000000 P 86dbf037ac814c8eb9e6bf7bbb4cedfa [term 1 FOLLOWER]: Raft consensus is shut down!
I20260630 12:21:20.982890 26348 tablet_replica.cc:333] T 00000000000000000000000000000000 P 86dbf037ac814c8eb9e6bf7bbb4cedfa: stopping tablet replica
I20260630 12:21:20.990522 26348 master.cc:584] Master@127.25.187.62:35129 shutdown complete.
[       OK ] AutoRebalancerTest.RangeAwareBuildClusterInfoGroupsByRange (2288 ms)
[ RUN      ] AutoRebalancerTest.RangeAwareRebalancesNewRangeReplicas
I20260630 12:21:21.020107 26348 internal_mini_cluster.cc:156] Creating distributed mini masters. Addrs: 127.25.187.62:37431
I20260630 12:21:21.021086 26348 file_cache.cc:492] Constructed file cache file cache with capacity 419430
W20260630 12:21:21.025602 29190 instance_detector.cc:116] could not retrieve AWS instance metadata: Network error: curl error: HTTP response code said error: The requested URL returned error: 404
W20260630 12:21:21.026379 29191 instance_detector.cc:116] could not retrieve Azure instance metadata: Network error: curl error: HTTP response code said error: The requested URL returned error: 404
W20260630 12:21:21.026835 29193 instance_detector.cc:116] could not retrieve OpenStack instance metadata: Network error: curl error: HTTP response code said error: The requested URL returned error: 404
I20260630 12:21:21.027766 26348 server_base.cc:1061] running on GCE node
I20260630 12:21:21.028584 26348 hybrid_clock.cc:584] initializing the hybrid clock with 'system_unsync' time source
W20260630 12:21:21.028759 26348 system_unsync_time.cc:38] NTP support is disabled. Clock error bounds will not be accurate. This configuration is not suitable for distributed clusters.
I20260630 12:21:21.028899 26348 hybrid_clock.cc:648] HybridClock initialized: now 1782822081028882 us; error 0 us; skew 500 ppm
I20260630 12:21:21.029351 26348 server_base.cc:861] Flag tcmalloc_max_total_thread_cache_bytes is not working since tcmalloc is not enabled.
I20260630 12:21:21.031394 26348 webserver.cc:533] Webserver started at http://127.25.187.62:44167/ using document root <none> and password file <none>
I20260630 12:21:21.031898 26348 fs_manager.cc:362] Metadata directory not provided
I20260630 12:21:21.032073 26348 fs_manager.cc:368] Using write-ahead log directory (fs_wal_dir) as metadata directory
I20260630 12:21:21.032315 26348 server_base.cc:909] This appears to be a new deployment of Kudu; creating new FS layout
I20260630 12:21:21.033277 26348 fs_manager.cc:1068] Generated new instance metadata in path /tmp/dist-test-taskrcvzJB/test-tmp/auto_rebalancer-test.0.AutoRebalancerTest.RangeAwareRebalancesNewRangeReplicas.1782821997628070-26348-0/minicluster-data/master-0-root/instance:
uuid: "8dbebd20d8cc43a681b6f0dc24faa8bd"
format_stamp: "Formatted at 2026-06-30 12:21:21 on dist-test-slave-khbc"
I20260630 12:21:21.037300 26348 fs_manager.cc:696] Time spent creating directory manager: real 0.004s	user 0.001s	sys 0.004s
I20260630 12:21:21.040371 29198 log_block_manager.cc:4031] Time spent loading block containers with low live blocks: real 0.000s	user 0.000s	sys 0.000s
I20260630 12:21:21.041021 26348 fs_manager.cc:730] Time spent opening block manager: real 0.002s	user 0.002s	sys 0.001s
I20260630 12:21:21.041262 26348 fs_manager.cc:647] Opened local filesystem: /tmp/dist-test-taskrcvzJB/test-tmp/auto_rebalancer-test.0.AutoRebalancerTest.RangeAwareRebalancesNewRangeReplicas.1782821997628070-26348-0/minicluster-data/master-0-root
uuid: "8dbebd20d8cc43a681b6f0dc24faa8bd"
format_stamp: "Formatted at 2026-06-30 12:21:21 on dist-test-slave-khbc"
I20260630 12:21:21.041530 26348 fs_report.cc:389] FS layout report
--------------------
wal directory: /tmp/dist-test-taskrcvzJB/test-tmp/auto_rebalancer-test.0.AutoRebalancerTest.RangeAwareRebalancesNewRangeReplicas.1782821997628070-26348-0/minicluster-data/master-0-root
metadata directory: /tmp/dist-test-taskrcvzJB/test-tmp/auto_rebalancer-test.0.AutoRebalancerTest.RangeAwareRebalancesNewRangeReplicas.1782821997628070-26348-0/minicluster-data/master-0-root
1 data directories: /tmp/dist-test-taskrcvzJB/test-tmp/auto_rebalancer-test.0.AutoRebalancerTest.RangeAwareRebalancesNewRangeReplicas.1782821997628070-26348-0/minicluster-data/master-0-root/data
Total live blocks: 0
Total live bytes: 0
Total live bytes (after alignment): 0
Total number of LBM containers: 0 (0 full)
Did not check for missing blocks
Did not check for orphaned blocks
Total full LBM containers with extra space: 0 (0 repaired)
Total full LBM container extra space in bytes: 0 (0 repaired)
Total incomplete LBM containers: 0 (0 repaired)
Total LBM partial records: 0 (0 repaired)
Total corrupted LBM metadata records in RocksDB: 0 (0 repaired)
I20260630 12:21:21.053313 26348 rpc_server.cc:225] running with OpenSSL 1.1.1  11 Sep 2018
I20260630 12:21:21.054191 26348 kserver.cc:163] Server-wide thread pool size limit: 3276
I20260630 12:21:21.085914 26348 rpc_server.cc:307] RPC server started. Bound to: 127.25.187.62:37431
I20260630 12:21:21.085979 29249 acceptor_pool.cc:272] collecting diagnostics on the listening RPC socket 127.25.187.62:37431 every 8 connection(s)
I20260630 12:21:21.089947 29250 data_dirs.cc:400] Could only allocate 1 dirs of requested 3 for tablet 00000000000000000000000000000000. 1 dirs total, 0 dirs full, 0 dirs failed
I20260630 12:21:21.099069 29250 tablet_bootstrap.cc:492] T 00000000000000000000000000000000 P 8dbebd20d8cc43a681b6f0dc24faa8bd: Bootstrap starting.
I20260630 12:21:21.102941 29250 tablet_bootstrap.cc:654] T 00000000000000000000000000000000 P 8dbebd20d8cc43a681b6f0dc24faa8bd: Neither blocks nor log segments found. Creating new log.
I20260630 12:21:21.106308 29250 tablet_bootstrap.cc:492] T 00000000000000000000000000000000 P 8dbebd20d8cc43a681b6f0dc24faa8bd: No bootstrap required, opened a new log
I20260630 12:21:21.108119 29250 raft_consensus.cc:359] T 00000000000000000000000000000000 P 8dbebd20d8cc43a681b6f0dc24faa8bd [term 0 FOLLOWER]: Replica starting. Triggering 0 pending ops. Active config: opid_index: -1 OBSOLETE_local: true peers { permanent_uuid: "8dbebd20d8cc43a681b6f0dc24faa8bd" member_type: VOTER }
I20260630 12:21:21.108472 29250 raft_consensus.cc:385] T 00000000000000000000000000000000 P 8dbebd20d8cc43a681b6f0dc24faa8bd [term 0 FOLLOWER]: Consensus starting up: Expiring failure detector timer to make a prompt election more likely
I20260630 12:21:21.108677 29250 raft_consensus.cc:740] T 00000000000000000000000000000000 P 8dbebd20d8cc43a681b6f0dc24faa8bd [term 0 FOLLOWER]: Becoming Follower/Learner. State: Replica: 8dbebd20d8cc43a681b6f0dc24faa8bd, State: Initialized, Role: FOLLOWER
I20260630 12:21:21.109335 29250 consensus_queue.cc:260] T 00000000000000000000000000000000 P 8dbebd20d8cc43a681b6f0dc24faa8bd [NON_LEADER]: Queue going to NON_LEADER mode. State: All replicated index: 0, Majority replicated index: 0, Committed index: 0, Last appended: 0.0, Last appended by leader: 0, Current term: 0, Majority size: -1, State: 0, Mode: NON_LEADER, active raft config: opid_index: -1 OBSOLETE_local: true peers { permanent_uuid: "8dbebd20d8cc43a681b6f0dc24faa8bd" member_type: VOTER }
I20260630 12:21:21.109776 29250 raft_consensus.cc:399] T 00000000000000000000000000000000 P 8dbebd20d8cc43a681b6f0dc24faa8bd [term 0 FOLLOWER]: Only one voter in the Raft config. Triggering election immediately
I20260630 12:21:21.110008 29250 raft_consensus.cc:493] T 00000000000000000000000000000000 P 8dbebd20d8cc43a681b6f0dc24faa8bd [term 0 FOLLOWER]: Starting leader election (initial election of a single-replica configuration)
I20260630 12:21:21.110262 29250 raft_consensus.cc:3060] T 00000000000000000000000000000000 P 8dbebd20d8cc43a681b6f0dc24faa8bd [term 0 FOLLOWER]: Advancing to term 1
I20260630 12:21:21.114215 29250 raft_consensus.cc:515] T 00000000000000000000000000000000 P 8dbebd20d8cc43a681b6f0dc24faa8bd [term 1 FOLLOWER]: Starting leader election with config: opid_index: -1 OBSOLETE_local: true peers { permanent_uuid: "8dbebd20d8cc43a681b6f0dc24faa8bd" member_type: VOTER }
I20260630 12:21:21.114660 29250 leader_election.cc:304] T 00000000000000000000000000000000 P 8dbebd20d8cc43a681b6f0dc24faa8bd [CANDIDATE]: Term 1 election: Election decided. Result: candidate won. Election summary: received 1 responses out of 1 voters: 1 yes votes; 0 no votes. yes voters: 8dbebd20d8cc43a681b6f0dc24faa8bd; no voters: 
I20260630 12:21:21.115628 29250 leader_election.cc:290] T 00000000000000000000000000000000 P 8dbebd20d8cc43a681b6f0dc24faa8bd [CANDIDATE]: Term 1 election: Requested vote from peers 
I20260630 12:21:21.115892 29253 raft_consensus.cc:2804] T 00000000000000000000000000000000 P 8dbebd20d8cc43a681b6f0dc24faa8bd [term 1 FOLLOWER]: Leader election won for term 1
I20260630 12:21:21.117077 29253 raft_consensus.cc:697] T 00000000000000000000000000000000 P 8dbebd20d8cc43a681b6f0dc24faa8bd [term 1 LEADER]: Becoming Leader. State: Replica: 8dbebd20d8cc43a681b6f0dc24faa8bd, State: Running, Role: LEADER
I20260630 12:21:21.117660 29253 consensus_queue.cc:237] T 00000000000000000000000000000000 P 8dbebd20d8cc43a681b6f0dc24faa8bd [LEADER]: Queue going to LEADER mode. State: All replicated index: 0, Majority replicated index: 0, Committed index: 0, Last appended: 0.0, Last appended by leader: 0, Current term: 1, Majority size: 1, State: 0, Mode: LEADER, active raft config: opid_index: -1 OBSOLETE_local: true peers { permanent_uuid: "8dbebd20d8cc43a681b6f0dc24faa8bd" member_type: VOTER }
I20260630 12:21:21.118209 29250 sys_catalog.cc:565] T 00000000000000000000000000000000 P 8dbebd20d8cc43a681b6f0dc24faa8bd [sys.catalog]: configured and running, proceeding with master startup.
I20260630 12:21:21.120153 29254 sys_catalog.cc:455] T 00000000000000000000000000000000 P 8dbebd20d8cc43a681b6f0dc24faa8bd [sys.catalog]: SysCatalogTable state changed. Reason: RaftConsensus started. Latest consensus state: current_term: 1 leader_uuid: "8dbebd20d8cc43a681b6f0dc24faa8bd" committed_config { opid_index: -1 OBSOLETE_local: true peers { permanent_uuid: "8dbebd20d8cc43a681b6f0dc24faa8bd" member_type: VOTER } }
I20260630 12:21:21.120220 29255 sys_catalog.cc:455] T 00000000000000000000000000000000 P 8dbebd20d8cc43a681b6f0dc24faa8bd [sys.catalog]: SysCatalogTable state changed. Reason: New leader 8dbebd20d8cc43a681b6f0dc24faa8bd. Latest consensus state: current_term: 1 leader_uuid: "8dbebd20d8cc43a681b6f0dc24faa8bd" committed_config { opid_index: -1 OBSOLETE_local: true peers { permanent_uuid: "8dbebd20d8cc43a681b6f0dc24faa8bd" member_type: VOTER } }
I20260630 12:21:21.120827 29254 sys_catalog.cc:458] T 00000000000000000000000000000000 P 8dbebd20d8cc43a681b6f0dc24faa8bd [sys.catalog]: This master's current role is: LEADER
I20260630 12:21:21.120882 29255 sys_catalog.cc:458] T 00000000000000000000000000000000 P 8dbebd20d8cc43a681b6f0dc24faa8bd [sys.catalog]: This master's current role is: LEADER
I20260630 12:21:21.123436 29259 catalog_manager.cc:1511] Loading table and tablet metadata into memory...
I20260630 12:21:21.128199 29259 catalog_manager.cc:1520] Initializing Kudu cluster ID...
I20260630 12:21:21.131595 26348 internal_mini_cluster.cc:184] Waiting to initialize catalog manager on master 0
I20260630 12:21:21.135960 29259 catalog_manager.cc:1383] Generated new cluster ID: e0fd2255850441b88709311a1f01d1a2
I20260630 12:21:21.136214 29259 catalog_manager.cc:1531] Initializing Kudu internal certificate authority...
I20260630 12:21:21.187387 29259 catalog_manager.cc:1406] Generated new certificate authority record
I20260630 12:21:21.188611 29259 catalog_manager.cc:1540] Loading token signing keys...
I20260630 12:21:21.201445 29259 catalog_manager.cc:6070] T 00000000000000000000000000000000 P 8dbebd20d8cc43a681b6f0dc24faa8bd: Generated new TSK 0
I20260630 12:21:21.202031 29259 catalog_manager.cc:1550] Initializing in-progress tserver states...
I20260630 12:21:21.261811 26348 file_cache.cc:492] Constructed file cache file cache with capacity 419430
W20260630 12:21:21.267046 29271 instance_detector.cc:116] could not retrieve AWS instance metadata: Network error: curl error: HTTP response code said error: The requested URL returned error: 404
W20260630 12:21:21.267868 29272 instance_detector.cc:116] could not retrieve Azure instance metadata: Network error: curl error: HTTP response code said error: The requested URL returned error: 404
I20260630 12:21:21.269778 26348 server_base.cc:1061] running on GCE node
W20260630 12:21:21.270255 29274 instance_detector.cc:116] could not retrieve OpenStack instance metadata: Network error: curl error: HTTP response code said error: The requested URL returned error: 404
I20260630 12:21:21.271005 26348 hybrid_clock.cc:584] initializing the hybrid clock with 'system_unsync' time source
W20260630 12:21:21.271203 26348 system_unsync_time.cc:38] NTP support is disabled. Clock error bounds will not be accurate. This configuration is not suitable for distributed clusters.
I20260630 12:21:21.271353 26348 hybrid_clock.cc:648] HybridClock initialized: now 1782822081271335 us; error 0 us; skew 500 ppm
I20260630 12:21:21.271850 26348 server_base.cc:861] Flag tcmalloc_max_total_thread_cache_bytes is not working since tcmalloc is not enabled.
I20260630 12:21:21.273880 26348 webserver.cc:533] Webserver started at http://127.25.187.1:34021/ using document root <none> and password file <none>
I20260630 12:21:21.274349 26348 fs_manager.cc:362] Metadata directory not provided
I20260630 12:21:21.274521 26348 fs_manager.cc:368] Using write-ahead log directory (fs_wal_dir) as metadata directory
I20260630 12:21:21.274755 26348 server_base.cc:909] This appears to be a new deployment of Kudu; creating new FS layout
I20260630 12:21:21.275779 26348 fs_manager.cc:1068] Generated new instance metadata in path /tmp/dist-test-taskrcvzJB/test-tmp/auto_rebalancer-test.0.AutoRebalancerTest.RangeAwareRebalancesNewRangeReplicas.1782821997628070-26348-0/minicluster-data/ts-0-root/instance:
uuid: "4f59e5419f48436985a648a126aa3f9a"
format_stamp: "Formatted at 2026-06-30 12:21:21 on dist-test-slave-khbc"
I20260630 12:21:21.280069 26348 fs_manager.cc:696] Time spent creating directory manager: real 0.004s	user 0.002s	sys 0.001s
I20260630 12:21:21.283165 29279 log_block_manager.cc:4031] Time spent loading block containers with low live blocks: real 0.000s	user 0.000s	sys 0.000s
I20260630 12:21:21.283892 26348 fs_manager.cc:730] Time spent opening block manager: real 0.002s	user 0.002s	sys 0.001s
I20260630 12:21:21.284161 26348 fs_manager.cc:647] Opened local filesystem: /tmp/dist-test-taskrcvzJB/test-tmp/auto_rebalancer-test.0.AutoRebalancerTest.RangeAwareRebalancesNewRangeReplicas.1782821997628070-26348-0/minicluster-data/ts-0-root
uuid: "4f59e5419f48436985a648a126aa3f9a"
format_stamp: "Formatted at 2026-06-30 12:21:21 on dist-test-slave-khbc"
I20260630 12:21:21.284413 26348 fs_report.cc:389] FS layout report
--------------------
wal directory: /tmp/dist-test-taskrcvzJB/test-tmp/auto_rebalancer-test.0.AutoRebalancerTest.RangeAwareRebalancesNewRangeReplicas.1782821997628070-26348-0/minicluster-data/ts-0-root
metadata directory: /tmp/dist-test-taskrcvzJB/test-tmp/auto_rebalancer-test.0.AutoRebalancerTest.RangeAwareRebalancesNewRangeReplicas.1782821997628070-26348-0/minicluster-data/ts-0-root
1 data directories: /tmp/dist-test-taskrcvzJB/test-tmp/auto_rebalancer-test.0.AutoRebalancerTest.RangeAwareRebalancesNewRangeReplicas.1782821997628070-26348-0/minicluster-data/ts-0-root/data
Total live blocks: 0
Total live bytes: 0
Total live bytes (after alignment): 0
Total number of LBM containers: 0 (0 full)
Did not check for missing blocks
Did not check for orphaned blocks
Total full LBM containers with extra space: 0 (0 repaired)
Total full LBM container extra space in bytes: 0 (0 repaired)
Total incomplete LBM containers: 0 (0 repaired)
Total LBM partial records: 0 (0 repaired)
Total corrupted LBM metadata records in RocksDB: 0 (0 repaired)
I20260630 12:21:21.309852 26348 rpc_server.cc:225] running with OpenSSL 1.1.1  11 Sep 2018
I20260630 12:21:21.310899 26348 kserver.cc:163] Server-wide thread pool size limit: 3276
I20260630 12:21:21.312314 26348 txn_system_client.cc:432] TxnSystemClient initialization is disabled...
I20260630 12:21:21.314517 26348 ts_tablet_manager.cc:585] Loaded tablet metadata (0 total tablets, 0 live tablets)
I20260630 12:21:21.314711 26348 ts_tablet_manager.cc:531] Time spent load tablet metadata: real 0.000s	user 0.000s	sys 0.000s
I20260630 12:21:21.314922 26348 ts_tablet_manager.cc:616] Registered 0 tablets
I20260630 12:21:21.315065 26348 ts_tablet_manager.cc:595] Time spent register tablets: real 0.000s	user 0.000s	sys 0.000s
I20260630 12:21:21.350509 26348 rpc_server.cc:307] RPC server started. Bound to: 127.25.187.1:41399
I20260630 12:21:21.350592 29341 acceptor_pool.cc:272] collecting diagnostics on the listening RPC socket 127.25.187.1:41399 every 8 connection(s)
I20260630 12:21:21.355082 26348 file_cache.cc:492] Constructed file cache file cache with capacity 419430
W20260630 12:21:21.360836 29346 instance_detector.cc:116] could not retrieve AWS instance metadata: Network error: curl error: HTTP response code said error: The requested URL returned error: 404
W20260630 12:21:21.362169 29347 instance_detector.cc:116] could not retrieve Azure instance metadata: Network error: curl error: HTTP response code said error: The requested URL returned error: 404
I20260630 12:21:21.365139 26348 server_base.cc:1061] running on GCE node
W20260630 12:21:21.365236 29349 instance_detector.cc:116] could not retrieve OpenStack instance metadata: Network error: curl error: HTTP response code said error: The requested URL returned error: 404
I20260630 12:21:21.365569 29342 heartbeater.cc:344] Connected to a master server at 127.25.187.62:37431
I20260630 12:21:21.365990 29342 heartbeater.cc:461] Registering TS with master...
I20260630 12:21:21.366410 26348 hybrid_clock.cc:584] initializing the hybrid clock with 'system_unsync' time source
W20260630 12:21:21.366665 26348 system_unsync_time.cc:38] NTP support is disabled. Clock error bounds will not be accurate. This configuration is not suitable for distributed clusters.
I20260630 12:21:21.366815 29342 heartbeater.cc:507] Master 127.25.187.62:37431 requested a full tablet report, sending...
I20260630 12:21:21.366860 26348 hybrid_clock.cc:648] HybridClock initialized: now 1782822081366840 us; error 0 us; skew 500 ppm
I20260630 12:21:21.367735 26348 server_base.cc:861] Flag tcmalloc_max_total_thread_cache_bytes is not working since tcmalloc is not enabled.
I20260630 12:21:21.369236 29215 ts_manager.cc:194] Registered new tserver with Master: 4f59e5419f48436985a648a126aa3f9a (127.25.187.1:41399)
I20260630 12:21:21.370306 26348 webserver.cc:533] Webserver started at http://127.25.187.2:32929/ using document root <none> and password file <none>
I20260630 12:21:21.370770 26348 fs_manager.cc:362] Metadata directory not provided
I20260630 12:21:21.370942 26348 fs_manager.cc:368] Using write-ahead log directory (fs_wal_dir) as metadata directory
I20260630 12:21:21.371212 26348 server_base.cc:909] This appears to be a new deployment of Kudu; creating new FS layout
I20260630 12:21:21.370976 29215 master_service.cc:502] Signed X509 certificate for tserver {username='slave'} at 127.0.0.1:58252
I20260630 12:21:21.372242 26348 fs_manager.cc:1068] Generated new instance metadata in path /tmp/dist-test-taskrcvzJB/test-tmp/auto_rebalancer-test.0.AutoRebalancerTest.RangeAwareRebalancesNewRangeReplicas.1782821997628070-26348-0/minicluster-data/ts-1-root/instance:
uuid: "bbd8b99e585944c7a4306d5e21a949e3"
format_stamp: "Formatted at 2026-06-30 12:21:21 on dist-test-slave-khbc"
I20260630 12:21:21.376559 26348 fs_manager.cc:696] Time spent creating directory manager: real 0.004s	user 0.001s	sys 0.003s
I20260630 12:21:21.379951 29354 log_block_manager.cc:4031] Time spent loading block containers with low live blocks: real 0.000s	user 0.000s	sys 0.000s
I20260630 12:21:21.380612 26348 fs_manager.cc:730] Time spent opening block manager: real 0.002s	user 0.002s	sys 0.001s
I20260630 12:21:21.380859 26348 fs_manager.cc:647] Opened local filesystem: /tmp/dist-test-taskrcvzJB/test-tmp/auto_rebalancer-test.0.AutoRebalancerTest.RangeAwareRebalancesNewRangeReplicas.1782821997628070-26348-0/minicluster-data/ts-1-root
uuid: "bbd8b99e585944c7a4306d5e21a949e3"
format_stamp: "Formatted at 2026-06-30 12:21:21 on dist-test-slave-khbc"
I20260630 12:21:21.381103 26348 fs_report.cc:389] FS layout report
--------------------
wal directory: /tmp/dist-test-taskrcvzJB/test-tmp/auto_rebalancer-test.0.AutoRebalancerTest.RangeAwareRebalancesNewRangeReplicas.1782821997628070-26348-0/minicluster-data/ts-1-root
metadata directory: /tmp/dist-test-taskrcvzJB/test-tmp/auto_rebalancer-test.0.AutoRebalancerTest.RangeAwareRebalancesNewRangeReplicas.1782821997628070-26348-0/minicluster-data/ts-1-root
1 data directories: /tmp/dist-test-taskrcvzJB/test-tmp/auto_rebalancer-test.0.AutoRebalancerTest.RangeAwareRebalancesNewRangeReplicas.1782821997628070-26348-0/minicluster-data/ts-1-root/data
Total live blocks: 0
Total live bytes: 0
Total live bytes (after alignment): 0
Total number of LBM containers: 0 (0 full)
Did not check for missing blocks
Did not check for orphaned blocks
Total full LBM containers with extra space: 0 (0 repaired)
Total full LBM container extra space in bytes: 0 (0 repaired)
Total incomplete LBM containers: 0 (0 repaired)
Total LBM partial records: 0 (0 repaired)
Total corrupted LBM metadata records in RocksDB: 0 (0 repaired)
I20260630 12:21:21.402784 26348 rpc_server.cc:225] running with OpenSSL 1.1.1  11 Sep 2018
I20260630 12:21:21.403748 26348 kserver.cc:163] Server-wide thread pool size limit: 3276
I20260630 12:21:21.404978 26348 txn_system_client.cc:432] TxnSystemClient initialization is disabled...
I20260630 12:21:21.407076 26348 ts_tablet_manager.cc:585] Loaded tablet metadata (0 total tablets, 0 live tablets)
I20260630 12:21:21.407255 26348 ts_tablet_manager.cc:531] Time spent load tablet metadata: real 0.000s	user 0.000s	sys 0.000s
I20260630 12:21:21.407459 26348 ts_tablet_manager.cc:616] Registered 0 tablets
I20260630 12:21:21.407629 26348 ts_tablet_manager.cc:595] Time spent register tablets: real 0.000s	user 0.000s	sys 0.000s
I20260630 12:21:21.441398 26348 rpc_server.cc:307] RPC server started. Bound to: 127.25.187.2:45377
I20260630 12:21:21.441512 29416 acceptor_pool.cc:272] collecting diagnostics on the listening RPC socket 127.25.187.2:45377 every 8 connection(s)
I20260630 12:21:21.445647 26348 file_cache.cc:492] Constructed file cache file cache with capacity 419430
W20260630 12:21:21.452090 29421 instance_detector.cc:116] could not retrieve Azure instance metadata: Network error: curl error: HTTP response code said error: The requested URL returned error: 404
W20260630 12:21:21.454198 29420 instance_detector.cc:116] could not retrieve AWS instance metadata: Network error: curl error: HTTP response code said error: The requested URL returned error: 404
W20260630 12:21:21.454275 29423 instance_detector.cc:116] could not retrieve OpenStack instance metadata: Network error: curl error: HTTP response code said error: The requested URL returned error: 404
I20260630 12:21:21.456580 26348 server_base.cc:1061] running on GCE node
I20260630 12:21:21.456998 29417 heartbeater.cc:344] Connected to a master server at 127.25.187.62:37431
I20260630 12:21:21.457322 29417 heartbeater.cc:461] Registering TS with master...
I20260630 12:21:21.457386 26348 hybrid_clock.cc:584] initializing the hybrid clock with 'system_unsync' time source
W20260630 12:21:21.457639 26348 system_unsync_time.cc:38] NTP support is disabled. Clock error bounds will not be accurate. This configuration is not suitable for distributed clusters.
I20260630 12:21:21.457787 26348 hybrid_clock.cc:648] HybridClock initialized: now 1782822081457768 us; error 0 us; skew 500 ppm
I20260630 12:21:21.458010 29417 heartbeater.cc:507] Master 127.25.187.62:37431 requested a full tablet report, sending...
I20260630 12:21:21.458290 26348 server_base.cc:861] Flag tcmalloc_max_total_thread_cache_bytes is not working since tcmalloc is not enabled.
I20260630 12:21:21.460026 29215 ts_manager.cc:194] Registered new tserver with Master: bbd8b99e585944c7a4306d5e21a949e3 (127.25.187.2:45377)
I20260630 12:21:21.460798 26348 webserver.cc:533] Webserver started at http://127.25.187.3:40799/ using document root <none> and password file <none>
I20260630 12:21:21.461412 26348 fs_manager.cc:362] Metadata directory not provided
I20260630 12:21:21.461644 26348 fs_manager.cc:368] Using write-ahead log directory (fs_wal_dir) as metadata directory
I20260630 12:21:21.461724 29215 master_service.cc:502] Signed X509 certificate for tserver {username='slave'} at 127.0.0.1:58262
I20260630 12:21:21.461968 26348 server_base.cc:909] This appears to be a new deployment of Kudu; creating new FS layout
I20260630 12:21:21.463097 26348 fs_manager.cc:1068] Generated new instance metadata in path /tmp/dist-test-taskrcvzJB/test-tmp/auto_rebalancer-test.0.AutoRebalancerTest.RangeAwareRebalancesNewRangeReplicas.1782821997628070-26348-0/minicluster-data/ts-2-root/instance:
uuid: "758560eff049477ba02a3d689f17aa8e"
format_stamp: "Formatted at 2026-06-30 12:21:21 on dist-test-slave-khbc"
I20260630 12:21:21.466933 26348 fs_manager.cc:696] Time spent creating directory manager: real 0.003s	user 0.005s	sys 0.000s
I20260630 12:21:21.469764 29428 log_block_manager.cc:4031] Time spent loading block containers with low live blocks: real 0.000s	user 0.000s	sys 0.000s
I20260630 12:21:21.470417 26348 fs_manager.cc:730] Time spent opening block manager: real 0.002s	user 0.002s	sys 0.000s
I20260630 12:21:21.470674 26348 fs_manager.cc:647] Opened local filesystem: /tmp/dist-test-taskrcvzJB/test-tmp/auto_rebalancer-test.0.AutoRebalancerTest.RangeAwareRebalancesNewRangeReplicas.1782821997628070-26348-0/minicluster-data/ts-2-root
uuid: "758560eff049477ba02a3d689f17aa8e"
format_stamp: "Formatted at 2026-06-30 12:21:21 on dist-test-slave-khbc"
I20260630 12:21:21.470912 26348 fs_report.cc:389] FS layout report
--------------------
wal directory: /tmp/dist-test-taskrcvzJB/test-tmp/auto_rebalancer-test.0.AutoRebalancerTest.RangeAwareRebalancesNewRangeReplicas.1782821997628070-26348-0/minicluster-data/ts-2-root
metadata directory: /tmp/dist-test-taskrcvzJB/test-tmp/auto_rebalancer-test.0.AutoRebalancerTest.RangeAwareRebalancesNewRangeReplicas.1782821997628070-26348-0/minicluster-data/ts-2-root
1 data directories: /tmp/dist-test-taskrcvzJB/test-tmp/auto_rebalancer-test.0.AutoRebalancerTest.RangeAwareRebalancesNewRangeReplicas.1782821997628070-26348-0/minicluster-data/ts-2-root/data
Total live blocks: 0
Total live bytes: 0
Total live bytes (after alignment): 0
Total number of LBM containers: 0 (0 full)
Did not check for missing blocks
Did not check for orphaned blocks
Total full LBM containers with extra space: 0 (0 repaired)
Total full LBM container extra space in bytes: 0 (0 repaired)
Total incomplete LBM containers: 0 (0 repaired)
Total LBM partial records: 0 (0 repaired)
Total corrupted LBM metadata records in RocksDB: 0 (0 repaired)
I20260630 12:21:21.505312 26348 rpc_server.cc:225] running with OpenSSL 1.1.1  11 Sep 2018
I20260630 12:21:21.506304 26348 kserver.cc:163] Server-wide thread pool size limit: 3276
I20260630 12:21:21.507586 26348 txn_system_client.cc:432] TxnSystemClient initialization is disabled...
I20260630 12:21:21.509903 26348 ts_tablet_manager.cc:585] Loaded tablet metadata (0 total tablets, 0 live tablets)
I20260630 12:21:21.510110 26348 ts_tablet_manager.cc:531] Time spent load tablet metadata: real 0.000s	user 0.000s	sys 0.000s
I20260630 12:21:21.510324 26348 ts_tablet_manager.cc:616] Registered 0 tablets
I20260630 12:21:21.510468 26348 ts_tablet_manager.cc:595] Time spent register tablets: real 0.000s	user 0.000s	sys 0.000s
I20260630 12:21:21.545318 26348 rpc_server.cc:307] RPC server started. Bound to: 127.25.187.3:34461
I20260630 12:21:21.545400 29490 acceptor_pool.cc:272] collecting diagnostics on the listening RPC socket 127.25.187.3:34461 every 8 connection(s)
I20260630 12:21:21.557436 29491 heartbeater.cc:344] Connected to a master server at 127.25.187.62:37431
I20260630 12:21:21.557786 29491 heartbeater.cc:461] Registering TS with master...
I20260630 12:21:21.558475 29491 heartbeater.cc:507] Master 127.25.187.62:37431 requested a full tablet report, sending...
I20260630 12:21:21.560279 29215 ts_manager.cc:194] Registered new tserver with Master: 758560eff049477ba02a3d689f17aa8e (127.25.187.3:34461)
