I20260630 12:12:02.002264  6579 tablet_replica.cc:333] T 1abe8ecc91924fa4809e79b6c840943c P 575ad0030e0c4f03bccc73fb982f0a4b: stopping tablet replica
I20260630 12:12:02.002748  6579 raft_consensus.cc:2243] T 1abe8ecc91924fa4809e79b6c840943c P 575ad0030e0c4f03bccc73fb982f0a4b [term 2 LEADER]: Raft consensus shutting down.
I20260630 12:12:02.003484  6579 raft_consensus.cc:2272] T 1abe8ecc91924fa4809e79b6c840943c P 575ad0030e0c4f03bccc73fb982f0a4b [term 2 FOLLOWER]: Raft consensus is shut down!
I20260630 12:12:02.005074  6579 tablet_replica.cc:333] T b61948e4bc8244899a1a269244d14adb P 575ad0030e0c4f03bccc73fb982f0a4b: stopping tablet replica
I20260630 12:12:02.005517  6579 raft_consensus.cc:2243] T b61948e4bc8244899a1a269244d14adb P 575ad0030e0c4f03bccc73fb982f0a4b [term 4 FOLLOWER]: Raft consensus shutting down.
I20260630 12:12:02.005995  6579 raft_consensus.cc:2272] T b61948e4bc8244899a1a269244d14adb P 575ad0030e0c4f03bccc73fb982f0a4b [term 4 FOLLOWER]: Raft consensus is shut down!
I20260630 12:12:02.007987  6579 tablet_replica.cc:333] T 4cf264b3a800462f99fa3d8d0d1fe65b P 575ad0030e0c4f03bccc73fb982f0a4b: stopping tablet replica
I20260630 12:12:02.008446  6579 raft_consensus.cc:2243] T 4cf264b3a800462f99fa3d8d0d1fe65b P 575ad0030e0c4f03bccc73fb982f0a4b [term 3 FOLLOWER]: Raft consensus shutting down.
I20260630 12:12:02.008761  6579 raft_consensus.cc:2272] T 4cf264b3a800462f99fa3d8d0d1fe65b P 575ad0030e0c4f03bccc73fb982f0a4b [term 3 FOLLOWER]: Raft consensus is shut down!
I20260630 12:12:02.010454  6579 tablet_replica.cc:333] T 64e0e934b8fd4134a9e1543781743314 P 575ad0030e0c4f03bccc73fb982f0a4b: stopping tablet replica
I20260630 12:12:02.010869  6579 raft_consensus.cc:2243] T 64e0e934b8fd4134a9e1543781743314 P 575ad0030e0c4f03bccc73fb982f0a4b [term 1 LEADER]: Raft consensus shutting down.
I20260630 12:12:02.011495  6579 raft_consensus.cc:2272] T 64e0e934b8fd4134a9e1543781743314 P 575ad0030e0c4f03bccc73fb982f0a4b [term 1 FOLLOWER]: Raft consensus is shut down!
I20260630 12:12:02.013295  6579 tablet_replica.cc:333] T d4322db9970449a3b6ade50987cf905a P 575ad0030e0c4f03bccc73fb982f0a4b: stopping tablet replica
I20260630 12:12:02.013929  6579 raft_consensus.cc:2243] T d4322db9970449a3b6ade50987cf905a P 575ad0030e0c4f03bccc73fb982f0a4b [term 3 LEADER]: Raft consensus shutting down.
I20260630 12:12:02.014694  6579 raft_consensus.cc:2272] T d4322db9970449a3b6ade50987cf905a P 575ad0030e0c4f03bccc73fb982f0a4b [term 3 FOLLOWER]: Raft consensus is shut down!
I20260630 12:12:02.016966  6579 tablet_replica.cc:333] T d855e6036b2d4d1888a9a7e6cddcdd1a P 575ad0030e0c4f03bccc73fb982f0a4b: stopping tablet replica
I20260630 12:12:02.017441  6579 raft_consensus.cc:2243] T d855e6036b2d4d1888a9a7e6cddcdd1a P 575ad0030e0c4f03bccc73fb982f0a4b [term 1 FOLLOWER]: Raft consensus shutting down.
I20260630 12:12:02.017863  6579 raft_consensus.cc:2272] T d855e6036b2d4d1888a9a7e6cddcdd1a P 575ad0030e0c4f03bccc73fb982f0a4b [term 1 FOLLOWER]: Raft consensus is shut down!
I20260630 12:12:02.019678  6579 tablet_replica.cc:333] T 139e483aebfe4c2da1afb6615ff9dc0c P 575ad0030e0c4f03bccc73fb982f0a4b: stopping tablet replica
W20260630 12:12:02.020193  9821 consensus_peers.cc:597] T d0a7a0601a2246e3bf4c986f390b6d8f P deffcde43cc240d8a246c301f4c7edcb -> Peer 170f01ad959d4926be1e56e801336471 (127.6.108.193:34715): Couldn't send request to peer 170f01ad959d4926be1e56e801336471. Status: Network error: Client connection negotiation failed: client connection to 127.6.108.193:34715: connect: Connection refused (error 111). This is attempt 1: this message will repeat every 5th retry.
I20260630 12:12:02.020272  6579 raft_consensus.cc:2243] T 139e483aebfe4c2da1afb6615ff9dc0c P 575ad0030e0c4f03bccc73fb982f0a4b [term 3 LEADER]: Raft consensus shutting down.
I20260630 12:12:02.021227  6579 raft_consensus.cc:2272] T 139e483aebfe4c2da1afb6615ff9dc0c P 575ad0030e0c4f03bccc73fb982f0a4b [term 3 FOLLOWER]: Raft consensus is shut down!
W20260630 12:12:02.060652  9667 consensus_peers.cc:597] T 7e43c2a394334d39a5c21fd4f0f58903 P eb9d2706d526434dbf233649ed50462d -> Peer 575ad0030e0c4f03bccc73fb982f0a4b (127.6.108.194:35069): Couldn't send request to peer 575ad0030e0c4f03bccc73fb982f0a4b. Status: Network error: Client connection negotiation failed: client connection to 127.6.108.194:35069: connect: Connection refused (error 111). This is attempt 1: this message will repeat every 5th retry.
W20260630 12:12:02.064496  9819 consensus_peers.cc:597] T eb601fa8f3254dacb74e3b8e8e6e4cd3 P deffcde43cc240d8a246c301f4c7edcb -> Peer 575ad0030e0c4f03bccc73fb982f0a4b (127.6.108.194:35069): Couldn't send request to peer 575ad0030e0c4f03bccc73fb982f0a4b. Status: Network error: Client connection negotiation failed: client connection to 127.6.108.194:35069: connect: Connection refused (error 111). This is attempt 1: this message will repeat every 5th retry.
W20260630 12:12:02.069486  9821 consensus_peers.cc:597] T 4cf264b3a800462f99fa3d8d0d1fe65b P deffcde43cc240d8a246c301f4c7edcb -> Peer 170f01ad959d4926be1e56e801336471 (127.6.108.193:34715): Couldn't send request to peer 170f01ad959d4926be1e56e801336471. Status: Network error: Client connection negotiation failed: client connection to 127.6.108.193:34715: connect: Connection refused (error 111). This is attempt 1: this message will repeat every 5th retry.
W20260630 12:12:02.080878  9669 consensus_peers.cc:597] T bc0a9cc74b694f2e89641358d8426284 P eb9d2706d526434dbf233649ed50462d -> Peer 170f01ad959d4926be1e56e801336471 (127.6.108.193:34715): Couldn't send request to peer 170f01ad959d4926be1e56e801336471. Status: Network error: Client connection negotiation failed: client connection to 127.6.108.193:34715: connect: Connection refused (error 111). This is attempt 1: this message will repeat every 5th retry.
I20260630 12:12:02.099823  6579 tablet_server.cc:196] TabletServer@127.6.108.194:0 shutdown complete.
I20260630 12:12:02.124691  6579 tablet_server.cc:179] TabletServer@127.6.108.195:0 shutting down...
I20260630 12:12:02.151168  6579 ts_tablet_manager.cc:1507] Shutting down tablet manager...
I20260630 12:12:02.151887  6579 tablet_replica.cc:333] T 64e0e934b8fd4134a9e1543781743314 P eb9d2706d526434dbf233649ed50462d: stopping tablet replica
I20260630 12:12:02.152465  6579 raft_consensus.cc:2243] T 64e0e934b8fd4134a9e1543781743314 P eb9d2706d526434dbf233649ed50462d [term 1 FOLLOWER]: Raft consensus shutting down.
I20260630 12:12:02.152999  6579 raft_consensus.cc:2272] T 64e0e934b8fd4134a9e1543781743314 P eb9d2706d526434dbf233649ed50462d [term 1 FOLLOWER]: Raft consensus is shut down!
I20260630 12:12:02.154701  6579 tablet_replica.cc:333] T 7d94d704e93a4670b1ae7a64c83c9ac3 P eb9d2706d526434dbf233649ed50462d: stopping tablet replica
I20260630 12:12:02.155227  6579 raft_consensus.cc:2243] T 7d94d704e93a4670b1ae7a64c83c9ac3 P eb9d2706d526434dbf233649ed50462d [term 2 FOLLOWER]: Raft consensus shutting down.
I20260630 12:12:02.155655  6579 raft_consensus.cc:2272] T 7d94d704e93a4670b1ae7a64c83c9ac3 P eb9d2706d526434dbf233649ed50462d [term 2 FOLLOWER]: Raft consensus is shut down!
I20260630 12:12:02.157614  6579 tablet_replica.cc:333] T bb5fe5ddc5584fd09c7d2537a10ab38e P eb9d2706d526434dbf233649ed50462d: stopping tablet replica
I20260630 12:12:02.158388  6579 raft_consensus.cc:2243] T bb5fe5ddc5584fd09c7d2537a10ab38e P eb9d2706d526434dbf233649ed50462d [term 3 FOLLOWER]: Raft consensus shutting down.
I20260630 12:12:02.158771  6579 raft_consensus.cc:2272] T bb5fe5ddc5584fd09c7d2537a10ab38e P eb9d2706d526434dbf233649ed50462d [term 3 FOLLOWER]: Raft consensus is shut down!
I20260630 12:12:02.160348  6579 tablet_replica.cc:333] T 1abe8ecc91924fa4809e79b6c840943c P eb9d2706d526434dbf233649ed50462d: stopping tablet replica
I20260630 12:12:02.160784  6579 raft_consensus.cc:2243] T 1abe8ecc91924fa4809e79b6c840943c P eb9d2706d526434dbf233649ed50462d [term 2 FOLLOWER]: Raft consensus shutting down.
I20260630 12:12:02.161229  6579 raft_consensus.cc:2272] T 1abe8ecc91924fa4809e79b6c840943c P eb9d2706d526434dbf233649ed50462d [term 2 FOLLOWER]: Raft consensus is shut down!
I20260630 12:12:02.162953  6579 tablet_replica.cc:333] T d687cdbb096d4583a6515cd9912f7dd7 P eb9d2706d526434dbf233649ed50462d: stopping tablet replica
I20260630 12:12:02.163431  6579 raft_consensus.cc:2243] T d687cdbb096d4583a6515cd9912f7dd7 P eb9d2706d526434dbf233649ed50462d [term 2 LEADER]: Raft consensus shutting down.
I20260630 12:12:02.164049  6579 raft_consensus.cc:2272] T d687cdbb096d4583a6515cd9912f7dd7 P eb9d2706d526434dbf233649ed50462d [term 2 FOLLOWER]: Raft consensus is shut down!
I20260630 12:12:02.165628  6579 tablet_replica.cc:333] T eb601fa8f3254dacb74e3b8e8e6e4cd3 P eb9d2706d526434dbf233649ed50462d: stopping tablet replica
I20260630 12:12:02.166041  6579 raft_consensus.cc:2243] T eb601fa8f3254dacb74e3b8e8e6e4cd3 P eb9d2706d526434dbf233649ed50462d [term 2 FOLLOWER]: Raft consensus shutting down.
I20260630 12:12:02.166424  6579 raft_consensus.cc:2272] T eb601fa8f3254dacb74e3b8e8e6e4cd3 P eb9d2706d526434dbf233649ed50462d [term 2 FOLLOWER]: Raft consensus is shut down!
I20260630 12:12:02.168778  6579 tablet_replica.cc:333] T bc0a9cc74b694f2e89641358d8426284 P eb9d2706d526434dbf233649ed50462d: stopping tablet replica
I20260630 12:12:02.169231  6579 raft_consensus.cc:2243] T bc0a9cc74b694f2e89641358d8426284 P eb9d2706d526434dbf233649ed50462d [term 2 LEADER]: Raft consensus shutting down.
I20260630 12:12:02.169965  6579 raft_consensus.cc:2272] T bc0a9cc74b694f2e89641358d8426284 P eb9d2706d526434dbf233649ed50462d [term 2 FOLLOWER]: Raft consensus is shut down!
I20260630 12:12:02.171765  6579 tablet_replica.cc:333] T 7e43c2a394334d39a5c21fd4f0f58903 P eb9d2706d526434dbf233649ed50462d: stopping tablet replica
I20260630 12:12:02.172204  6579 raft_consensus.cc:2243] T 7e43c2a394334d39a5c21fd4f0f58903 P eb9d2706d526434dbf233649ed50462d [term 1 LEADER]: Raft consensus shutting down.
I20260630 12:12:02.172792  6579 raft_consensus.cc:2272] T 7e43c2a394334d39a5c21fd4f0f58903 P eb9d2706d526434dbf233649ed50462d [term 1 FOLLOWER]: Raft consensus is shut down!
I20260630 12:12:02.174723  6579 tablet_replica.cc:333] T b6a92660eabc427e901db14f4eff426b P eb9d2706d526434dbf233649ed50462d: stopping tablet replica
I20260630 12:12:02.175240  6579 raft_consensus.cc:2243] T b6a92660eabc427e901db14f4eff426b P eb9d2706d526434dbf233649ed50462d [term 3 FOLLOWER]: Raft consensus shutting down.
I20260630 12:12:02.175783  6579 raft_consensus.cc:2272] T b6a92660eabc427e901db14f4eff426b P eb9d2706d526434dbf233649ed50462d [term 3 FOLLOWER]: Raft consensus is shut down!
I20260630 12:12:02.177722  6579 tablet_replica.cc:333] T d855e6036b2d4d1888a9a7e6cddcdd1a P eb9d2706d526434dbf233649ed50462d: stopping tablet replica
I20260630 12:12:02.178283  6579 raft_consensus.cc:2243] T d855e6036b2d4d1888a9a7e6cddcdd1a P eb9d2706d526434dbf233649ed50462d [term 1 LEADER]: Raft consensus shutting down.
I20260630 12:12:02.178964  6579 raft_consensus.cc:2272] T d855e6036b2d4d1888a9a7e6cddcdd1a P eb9d2706d526434dbf233649ed50462d [term 1 FOLLOWER]: Raft consensus is shut down!
I20260630 12:12:02.181062  6579 tablet_replica.cc:333] T 139e483aebfe4c2da1afb6615ff9dc0c P eb9d2706d526434dbf233649ed50462d: stopping tablet replica
I20260630 12:12:02.181614  6579 raft_consensus.cc:2243] T 139e483aebfe4c2da1afb6615ff9dc0c P eb9d2706d526434dbf233649ed50462d [term 3 FOLLOWER]: Raft consensus shutting down.
I20260630 12:12:02.182248  6579 raft_consensus.cc:2272] T 139e483aebfe4c2da1afb6615ff9dc0c P eb9d2706d526434dbf233649ed50462d [term 3 FOLLOWER]: Raft consensus is shut down!
I20260630 12:12:02.183885  6579 tablet_replica.cc:333] T d4322db9970449a3b6ade50987cf905a P eb9d2706d526434dbf233649ed50462d: stopping tablet replica
I20260630 12:12:02.184262  6579 raft_consensus.cc:2243] T d4322db9970449a3b6ade50987cf905a P eb9d2706d526434dbf233649ed50462d [term 3 FOLLOWER]: Raft consensus shutting down.
I20260630 12:12:02.184616  6579 raft_consensus.cc:2272] T d4322db9970449a3b6ade50987cf905a P eb9d2706d526434dbf233649ed50462d [term 3 FOLLOWER]: Raft consensus is shut down!
W20260630 12:12:02.195569  9821 consensus_peers.cc:597] T bb5fe5ddc5584fd09c7d2537a10ab38e P deffcde43cc240d8a246c301f4c7edcb -> Peer 170f01ad959d4926be1e56e801336471 (127.6.108.193:34715): Couldn't send request to peer 170f01ad959d4926be1e56e801336471. Status: Network error: Client connection negotiation failed: client connection to 127.6.108.193:34715: connect: Connection refused (error 111). This is attempt 1: this message will repeat every 5th retry.
I20260630 12:12:02.217103  6579 tablet_server.cc:196] TabletServer@127.6.108.195:0 shutdown complete.
W20260630 12:12:02.225435  9819 consensus_peers.cc:597] T 4cf264b3a800462f99fa3d8d0d1fe65b P deffcde43cc240d8a246c301f4c7edcb -> Peer 575ad0030e0c4f03bccc73fb982f0a4b (127.6.108.194:35069): Couldn't send request to peer 575ad0030e0c4f03bccc73fb982f0a4b. Status: Network error: Client connection negotiation failed: client connection to 127.6.108.194:35069: connect: Connection refused (error 111). This is attempt 1: this message will repeat every 5th retry.
I20260630 12:12:02.246613  6579 tablet_server.cc:179] TabletServer@127.6.108.196:0 shutting down...
W20260630 12:12:02.249051  9821 consensus_peers.cc:597] T eb601fa8f3254dacb74e3b8e8e6e4cd3 P deffcde43cc240d8a246c301f4c7edcb -> Peer eb9d2706d526434dbf233649ed50462d (127.6.108.195:45545): Couldn't send request to peer eb9d2706d526434dbf233649ed50462d. Status: Network error: Client connection negotiation failed: client connection to 127.6.108.195:45545: connect: Connection refused (error 111). This is attempt 1: this message will repeat every 5th retry.
I20260630 12:12:02.270272  6579 ts_tablet_manager.cc:1507] Shutting down tablet manager...
I20260630 12:12:02.270998  6579 tablet_replica.cc:333] T b61948e4bc8244899a1a269244d14adb P deffcde43cc240d8a246c301f4c7edcb: stopping tablet replica
W20260630 12:12:02.271272  9819 consensus_peers.cc:597] T d0a7a0601a2246e3bf4c986f390b6d8f P deffcde43cc240d8a246c301f4c7edcb -> Peer 575ad0030e0c4f03bccc73fb982f0a4b (127.6.108.194:35069): Couldn't send request to peer 575ad0030e0c4f03bccc73fb982f0a4b. Status: Network error: Client connection negotiation failed: client connection to 127.6.108.194:35069: connect: Connection refused (error 111). This is attempt 1: this message will repeat every 5th retry.
I20260630 12:12:02.271770  6579 raft_consensus.cc:2243] T b61948e4bc8244899a1a269244d14adb P deffcde43cc240d8a246c301f4c7edcb [term 4 FOLLOWER]: Raft consensus shutting down.
I20260630 12:12:02.272316  6579 raft_consensus.cc:2272] T b61948e4bc8244899a1a269244d14adb P deffcde43cc240d8a246c301f4c7edcb [term 4 FOLLOWER]: Raft consensus is shut down!
I20260630 12:12:02.274032  6579 tablet_replica.cc:333] T b6a92660eabc427e901db14f4eff426b P deffcde43cc240d8a246c301f4c7edcb: stopping tablet replica
I20260630 12:12:02.274555  6579 raft_consensus.cc:2243] T b6a92660eabc427e901db14f4eff426b P deffcde43cc240d8a246c301f4c7edcb [term 3 FOLLOWER]: Raft consensus shutting down.
I20260630 12:12:02.274967  6579 raft_consensus.cc:2272] T b6a92660eabc427e901db14f4eff426b P deffcde43cc240d8a246c301f4c7edcb [term 3 FOLLOWER]: Raft consensus is shut down!
I20260630 12:12:02.276482  6579 tablet_replica.cc:333] T d855e6036b2d4d1888a9a7e6cddcdd1a P deffcde43cc240d8a246c301f4c7edcb: stopping tablet replica
I20260630 12:12:02.276983  6579 raft_consensus.cc:2243] T d855e6036b2d4d1888a9a7e6cddcdd1a P deffcde43cc240d8a246c301f4c7edcb [term 1 FOLLOWER]: Raft consensus shutting down.
I20260630 12:12:02.277354  6579 raft_consensus.cc:2272] T d855e6036b2d4d1888a9a7e6cddcdd1a P deffcde43cc240d8a246c301f4c7edcb [term 1 FOLLOWER]: Raft consensus is shut down!
I20260630 12:12:02.278972  6579 tablet_replica.cc:333] T 139e483aebfe4c2da1afb6615ff9dc0c P deffcde43cc240d8a246c301f4c7edcb: stopping tablet replica
I20260630 12:12:02.279449  6579 raft_consensus.cc:2243] T 139e483aebfe4c2da1afb6615ff9dc0c P deffcde43cc240d8a246c301f4c7edcb [term 3 FOLLOWER]: Raft consensus shutting down.
I20260630 12:12:02.279847  6579 raft_consensus.cc:2272] T 139e483aebfe4c2da1afb6615ff9dc0c P deffcde43cc240d8a246c301f4c7edcb [term 3 FOLLOWER]: Raft consensus is shut down!
I20260630 12:12:02.281335  6579 tablet_replica.cc:333] T d687cdbb096d4583a6515cd9912f7dd7 P deffcde43cc240d8a246c301f4c7edcb: stopping tablet replica
I20260630 12:12:02.281810  6579 raft_consensus.cc:2243] T d687cdbb096d4583a6515cd9912f7dd7 P deffcde43cc240d8a246c301f4c7edcb [term 2 FOLLOWER]: Raft consensus shutting down.
I20260630 12:12:02.282301  6579 raft_consensus.cc:2272] T d687cdbb096d4583a6515cd9912f7dd7 P deffcde43cc240d8a246c301f4c7edcb [term 2 FOLLOWER]: Raft consensus is shut down!
I20260630 12:12:02.283771  6579 tablet_replica.cc:333] T 4cf264b3a800462f99fa3d8d0d1fe65b P deffcde43cc240d8a246c301f4c7edcb: stopping tablet replica
I20260630 12:12:02.284245  6579 raft_consensus.cc:2243] T 4cf264b3a800462f99fa3d8d0d1fe65b P deffcde43cc240d8a246c301f4c7edcb [term 3 LEADER]: Raft consensus shutting down.
I20260630 12:12:02.284884  6579 raft_consensus.cc:2272] T 4cf264b3a800462f99fa3d8d0d1fe65b P deffcde43cc240d8a246c301f4c7edcb [term 3 FOLLOWER]: Raft consensus is shut down!
I20260630 12:12:02.286509  6579 tablet_replica.cc:333] T 3b15620f292149049ec755b240d150ef P deffcde43cc240d8a246c301f4c7edcb: stopping tablet replica
I20260630 12:12:02.286968  6579 raft_consensus.cc:2243] T 3b15620f292149049ec755b240d150ef P deffcde43cc240d8a246c301f4c7edcb [term 1 FOLLOWER]: Raft consensus shutting down.
I20260630 12:12:02.287329  6579 raft_consensus.cc:2272] T 3b15620f292149049ec755b240d150ef P deffcde43cc240d8a246c301f4c7edcb [term 1 FOLLOWER]: Raft consensus is shut down!
I20260630 12:12:02.288833  6579 tablet_replica.cc:333] T d0a7a0601a2246e3bf4c986f390b6d8f P deffcde43cc240d8a246c301f4c7edcb: stopping tablet replica
I20260630 12:12:02.289294  6579 raft_consensus.cc:2243] T d0a7a0601a2246e3bf4c986f390b6d8f P deffcde43cc240d8a246c301f4c7edcb [term 1 LEADER]: Raft consensus shutting down.
I20260630 12:12:02.289991  6579 raft_consensus.cc:2272] T d0a7a0601a2246e3bf4c986f390b6d8f P deffcde43cc240d8a246c301f4c7edcb [term 1 FOLLOWER]: Raft consensus is shut down!
I20260630 12:12:02.291677  6579 tablet_replica.cc:333] T eb601fa8f3254dacb74e3b8e8e6e4cd3 P deffcde43cc240d8a246c301f4c7edcb: stopping tablet replica
I20260630 12:12:02.292162  6579 raft_consensus.cc:2243] T eb601fa8f3254dacb74e3b8e8e6e4cd3 P deffcde43cc240d8a246c301f4c7edcb [term 2 LEADER]: Raft consensus shutting down.
I20260630 12:12:02.292838  6579 raft_consensus.cc:2272] T eb601fa8f3254dacb74e3b8e8e6e4cd3 P deffcde43cc240d8a246c301f4c7edcb [term 2 FOLLOWER]: Raft consensus is shut down!
I20260630 12:12:02.294653  6579 tablet_replica.cc:333] T 1abe8ecc91924fa4809e79b6c840943c P deffcde43cc240d8a246c301f4c7edcb: stopping tablet replica
I20260630 12:12:02.295142  6579 raft_consensus.cc:2243] T 1abe8ecc91924fa4809e79b6c840943c P deffcde43cc240d8a246c301f4c7edcb [term 2 FOLLOWER]: Raft consensus shutting down.
I20260630 12:12:02.295632  6579 raft_consensus.cc:2272] T 1abe8ecc91924fa4809e79b6c840943c P deffcde43cc240d8a246c301f4c7edcb [term 2 FOLLOWER]: Raft consensus is shut down!
I20260630 12:12:02.297044  6579 tablet_replica.cc:333] T bb5fe5ddc5584fd09c7d2537a10ab38e P deffcde43cc240d8a246c301f4c7edcb: stopping tablet replica
I20260630 12:12:02.297505  6579 raft_consensus.cc:2243] T bb5fe5ddc5584fd09c7d2537a10ab38e P deffcde43cc240d8a246c301f4c7edcb [term 3 LEADER]: Raft consensus shutting down.
I20260630 12:12:02.298220  6579 raft_consensus.cc:2272] T bb5fe5ddc5584fd09c7d2537a10ab38e P deffcde43cc240d8a246c301f4c7edcb [term 3 FOLLOWER]: Raft consensus is shut down!
I20260630 12:12:02.299817  6579 tablet_replica.cc:333] T 7d94d704e93a4670b1ae7a64c83c9ac3 P deffcde43cc240d8a246c301f4c7edcb: stopping tablet replica
I20260630 12:12:02.300266  6579 raft_consensus.cc:2243] T 7d94d704e93a4670b1ae7a64c83c9ac3 P deffcde43cc240d8a246c301f4c7edcb [term 2 FOLLOWER]: Raft consensus shutting down.
I20260630 12:12:02.300640  6579 raft_consensus.cc:2272] T 7d94d704e93a4670b1ae7a64c83c9ac3 P deffcde43cc240d8a246c301f4c7edcb [term 2 FOLLOWER]: Raft consensus is shut down!
I20260630 12:12:02.332732  6579 tablet_server.cc:196] TabletServer@127.6.108.196:0 shutdown complete.
I20260630 12:12:02.355203  6579 master.cc:562] Master@127.6.108.254:46219 shutting down...
I20260630 12:12:02.372923  6579 raft_consensus.cc:2243] T 00000000000000000000000000000000 P a67e2267abc74ecb9f72e8914faac8ee [term 1 LEADER]: Raft consensus shutting down.
I20260630 12:12:02.373407  6579 raft_consensus.cc:2272] T 00000000000000000000000000000000 P a67e2267abc74ecb9f72e8914faac8ee [term 1 FOLLOWER]: Raft consensus is shut down!
I20260630 12:12:02.373689  6579 tablet_replica.cc:333] T 00000000000000000000000000000000 P a67e2267abc74ecb9f72e8914faac8ee: stopping tablet replica
I20260630 12:12:02.394505  6579 master.cc:584] Master@127.6.108.254:46219 shutdown complete.
[       OK ] AutoRebalancerTest.RangeAwareRebalancesNewRangeReplicas (16316 ms)
[ RUN      ] AutoRebalancerTest.NoReplicaMovesIfLocationLoadSkewedByOne
I20260630 12:12:02.444131  6579 internal_mini_cluster.cc:156] Creating distributed mini masters. Addrs: 127.6.108.254:35825
I20260630 12:12:02.445122  6579 file_cache.cc:492] Constructed file cache file cache with capacity 419430
W20260630 12:12:02.449950 10216 instance_detector.cc:116] could not retrieve Azure instance metadata: Network error: curl error: HTTP response code said error: The requested URL returned error: 404
W20260630 12:12:02.450070 10215 instance_detector.cc:116] could not retrieve AWS instance metadata: Network error: curl error: HTTP response code said error: The requested URL returned error: 404
W20260630 12:12:02.452564 10218 instance_detector.cc:116] could not retrieve OpenStack instance metadata: Network error: curl error: HTTP response code said error: The requested URL returned error: 404
I20260630 12:12:02.453456  6579 server_base.cc:1061] running on GCE node
I20260630 12:12:02.454440  6579 hybrid_clock.cc:584] initializing the hybrid clock with 'system_unsync' time source
W20260630 12:12:02.454620  6579 system_unsync_time.cc:38] NTP support is disabled. Clock error bounds will not be accurate. This configuration is not suitable for distributed clusters.
I20260630 12:12:02.454733  6579 hybrid_clock.cc:648] HybridClock initialized: now 1782821522454723 us; error 0 us; skew 500 ppm
I20260630 12:12:02.455145  6579 server_base.cc:861] Flag tcmalloc_max_total_thread_cache_bytes is not working since tcmalloc is not enabled.
I20260630 12:12:02.457345  6579 webserver.cc:533] Webserver started at http://127.6.108.254:34137/ using document root <none> and password file <none>
I20260630 12:12:02.457758  6579 fs_manager.cc:362] Metadata directory not provided
I20260630 12:12:02.457902  6579 fs_manager.cc:368] Using write-ahead log directory (fs_wal_dir) as metadata directory
I20260630 12:12:02.458137  6579 server_base.cc:909] This appears to be a new deployment of Kudu; creating new FS layout
I20260630 12:12:02.459528  6579 fs_manager.cc:1068] Generated new instance metadata in path /tmp/dist-test-taskDWjj71/test-tmp/auto_rebalancer-test.0.AutoRebalancerTest.NoReplicaMovesIfLocationLoadSkewedByOne.1782821425990487-6579-0/minicluster-data/master-0-root/instance:
uuid: "9d2a09adb9e94bbe9e513cfbe348d012"
format_stamp: "Formatted at 2026-06-30 12:12:02 on dist-test-slave-zz34"
I20260630 12:12:02.463783  6579 fs_manager.cc:696] Time spent creating directory manager: real 0.004s	user 0.005s	sys 0.000s
I20260630 12:12:02.467222 10223 log_block_manager.cc:4031] Time spent loading block containers with low live blocks: real 0.000s	user 0.000s	sys 0.000s
I20260630 12:12:02.467944  6579 fs_manager.cc:730] Time spent opening block manager: real 0.002s	user 0.003s	sys 0.000s
I20260630 12:12:02.468250  6579 fs_manager.cc:647] Opened local filesystem: /tmp/dist-test-taskDWjj71/test-tmp/auto_rebalancer-test.0.AutoRebalancerTest.NoReplicaMovesIfLocationLoadSkewedByOne.1782821425990487-6579-0/minicluster-data/master-0-root
uuid: "9d2a09adb9e94bbe9e513cfbe348d012"
format_stamp: "Formatted at 2026-06-30 12:12:02 on dist-test-slave-zz34"
I20260630 12:12:02.468510  6579 fs_report.cc:389] FS layout report
--------------------
wal directory: /tmp/dist-test-taskDWjj71/test-tmp/auto_rebalancer-test.0.AutoRebalancerTest.NoReplicaMovesIfLocationLoadSkewedByOne.1782821425990487-6579-0/minicluster-data/master-0-root
metadata directory: /tmp/dist-test-taskDWjj71/test-tmp/auto_rebalancer-test.0.AutoRebalancerTest.NoReplicaMovesIfLocationLoadSkewedByOne.1782821425990487-6579-0/minicluster-data/master-0-root
1 data directories: /tmp/dist-test-taskDWjj71/test-tmp/auto_rebalancer-test.0.AutoRebalancerTest.NoReplicaMovesIfLocationLoadSkewedByOne.1782821425990487-6579-0/minicluster-data/master-0-root/data
Total live blocks: 0
Total live bytes: 0
Total live bytes (after alignment): 0
Total number of LBM containers: 0 (0 full)
Did not check for missing blocks
Did not check for orphaned blocks
Total full LBM containers with extra space: 0 (0 repaired)
Total full LBM container extra space in bytes: 0 (0 repaired)
Total incomplete LBM containers: 0 (0 repaired)
Total LBM partial records: 0 (0 repaired)
Total corrupted LBM metadata records in RocksDB: 0 (0 repaired)
I20260630 12:12:02.483985  6579 rpc_server.cc:225] running with OpenSSL 1.1.1  11 Sep 2018
I20260630 12:12:02.485111  6579 kserver.cc:163] Server-wide thread pool size limit: 3276
I20260630 12:12:02.524046  6579 rpc_server.cc:307] RPC server started. Bound to: 127.6.108.254:35825
I20260630 12:12:02.524156 10274 acceptor_pool.cc:272] collecting diagnostics on the listening RPC socket 127.6.108.254:35825 every 8 connection(s)
I20260630 12:12:02.528831 10275 data_dirs.cc:400] Could only allocate 1 dirs of requested 3 for tablet 00000000000000000000000000000000. 1 dirs total, 0 dirs full, 0 dirs failed
I20260630 12:12:02.538991 10275 tablet_bootstrap.cc:492] T 00000000000000000000000000000000 P 9d2a09adb9e94bbe9e513cfbe348d012: Bootstrap starting.
I20260630 12:12:02.543440 10275 tablet_bootstrap.cc:654] T 00000000000000000000000000000000 P 9d2a09adb9e94bbe9e513cfbe348d012: Neither blocks nor log segments found. Creating new log.
I20260630 12:12:02.547580 10275 tablet_bootstrap.cc:492] T 00000000000000000000000000000000 P 9d2a09adb9e94bbe9e513cfbe348d012: No bootstrap required, opened a new log
I20260630 12:12:02.549575 10275 raft_consensus.cc:359] T 00000000000000000000000000000000 P 9d2a09adb9e94bbe9e513cfbe348d012 [term 0 FOLLOWER]: Replica starting. Triggering 0 pending ops. Active config: opid_index: -1 OBSOLETE_local: true peers { permanent_uuid: "9d2a09adb9e94bbe9e513cfbe348d012" member_type: VOTER }
I20260630 12:12:02.550011 10275 raft_consensus.cc:385] T 00000000000000000000000000000000 P 9d2a09adb9e94bbe9e513cfbe348d012 [term 0 FOLLOWER]: Consensus starting up: Expiring failure detector timer to make a prompt election more likely
I20260630 12:12:02.550275 10275 raft_consensus.cc:740] T 00000000000000000000000000000000 P 9d2a09adb9e94bbe9e513cfbe348d012 [term 0 FOLLOWER]: Becoming Follower/Learner. State: Replica: 9d2a09adb9e94bbe9e513cfbe348d012, State: Initialized, Role: FOLLOWER
I20260630 12:12:02.550894 10275 consensus_queue.cc:260] T 00000000000000000000000000000000 P 9d2a09adb9e94bbe9e513cfbe348d012 [NON_LEADER]: Queue going to NON_LEADER mode. State: All replicated index: 0, Majority replicated index: 0, Committed index: 0, Last appended: 0.0, Last appended by leader: 0, Current term: 0, Majority size: -1, State: 0, Mode: NON_LEADER, active raft config: opid_index: -1 OBSOLETE_local: true peers { permanent_uuid: "9d2a09adb9e94bbe9e513cfbe348d012" member_type: VOTER }
I20260630 12:12:02.551345 10275 raft_consensus.cc:399] T 00000000000000000000000000000000 P 9d2a09adb9e94bbe9e513cfbe348d012 [term 0 FOLLOWER]: Only one voter in the Raft config. Triggering election immediately
I20260630 12:12:02.551736 10275 raft_consensus.cc:493] T 00000000000000000000000000000000 P 9d2a09adb9e94bbe9e513cfbe348d012 [term 0 FOLLOWER]: Starting leader election (initial election of a single-replica configuration)
I20260630 12:12:02.552074 10275 raft_consensus.cc:3060] T 00000000000000000000000000000000 P 9d2a09adb9e94bbe9e513cfbe348d012 [term 0 FOLLOWER]: Advancing to term 1
I20260630 12:12:02.556548 10275 raft_consensus.cc:515] T 00000000000000000000000000000000 P 9d2a09adb9e94bbe9e513cfbe348d012 [term 1 FOLLOWER]: Starting leader election with config: opid_index: -1 OBSOLETE_local: true peers { permanent_uuid: "9d2a09adb9e94bbe9e513cfbe348d012" member_type: VOTER }
I20260630 12:12:02.557083 10275 leader_election.cc:304] T 00000000000000000000000000000000 P 9d2a09adb9e94bbe9e513cfbe348d012 [CANDIDATE]: Term 1 election: Election decided. Result: candidate won. Election summary: received 1 responses out of 1 voters: 1 yes votes; 0 no votes. yes voters: 9d2a09adb9e94bbe9e513cfbe348d012; no voters: 
I20260630 12:12:02.558235 10275 leader_election.cc:290] T 00000000000000000000000000000000 P 9d2a09adb9e94bbe9e513cfbe348d012 [CANDIDATE]: Term 1 election: Requested vote from peers 
I20260630 12:12:02.558552 10278 raft_consensus.cc:2804] T 00000000000000000000000000000000 P 9d2a09adb9e94bbe9e513cfbe348d012 [term 1 FOLLOWER]: Leader election won for term 1
I20260630 12:12:02.559831 10278 raft_consensus.cc:697] T 00000000000000000000000000000000 P 9d2a09adb9e94bbe9e513cfbe348d012 [term 1 LEADER]: Becoming Leader. State: Replica: 9d2a09adb9e94bbe9e513cfbe348d012, State: Running, Role: LEADER
I20260630 12:12:02.560447 10278 consensus_queue.cc:237] T 00000000000000000000000000000000 P 9d2a09adb9e94bbe9e513cfbe348d012 [LEADER]: Queue going to LEADER mode. State: All replicated index: 0, Majority replicated index: 0, Committed index: 0, Last appended: 0.0, Last appended by leader: 0, Current term: 1, Majority size: 1, State: 0, Mode: LEADER, active raft config: opid_index: -1 OBSOLETE_local: true peers { permanent_uuid: "9d2a09adb9e94bbe9e513cfbe348d012" member_type: VOTER }
I20260630 12:12:02.561036 10275 sys_catalog.cc:565] T 00000000000000000000000000000000 P 9d2a09adb9e94bbe9e513cfbe348d012 [sys.catalog]: configured and running, proceeding with master startup.
I20260630 12:12:02.563512 10279 sys_catalog.cc:455] T 00000000000000000000000000000000 P 9d2a09adb9e94bbe9e513cfbe348d012 [sys.catalog]: SysCatalogTable state changed. Reason: RaftConsensus started. Latest consensus state: current_term: 1 leader_uuid: "9d2a09adb9e94bbe9e513cfbe348d012" committed_config { opid_index: -1 OBSOLETE_local: true peers { permanent_uuid: "9d2a09adb9e94bbe9e513cfbe348d012" member_type: VOTER } }
I20260630 12:12:02.563969 10279 sys_catalog.cc:458] T 00000000000000000000000000000000 P 9d2a09adb9e94bbe9e513cfbe348d012 [sys.catalog]: This master's current role is: LEADER
I20260630 12:12:02.564651 10280 sys_catalog.cc:455] T 00000000000000000000000000000000 P 9d2a09adb9e94bbe9e513cfbe348d012 [sys.catalog]: SysCatalogTable state changed. Reason: New leader 9d2a09adb9e94bbe9e513cfbe348d012. Latest consensus state: current_term: 1 leader_uuid: "9d2a09adb9e94bbe9e513cfbe348d012" committed_config { opid_index: -1 OBSOLETE_local: true peers { permanent_uuid: "9d2a09adb9e94bbe9e513cfbe348d012" member_type: VOTER } }
I20260630 12:12:02.565269 10280 sys_catalog.cc:458] T 00000000000000000000000000000000 P 9d2a09adb9e94bbe9e513cfbe348d012 [sys.catalog]: This master's current role is: LEADER
I20260630 12:12:02.567198 10283 catalog_manager.cc:1511] Loading table and tablet metadata into memory...
I20260630 12:12:02.572480 10283 catalog_manager.cc:1520] Initializing Kudu cluster ID...
I20260630 12:12:02.577160  6579 internal_mini_cluster.cc:184] Waiting to initialize catalog manager on master 0
I20260630 12:12:02.581264 10283 catalog_manager.cc:1383] Generated new cluster ID: 2d158851020c4f349c8b41756f5d9577
I20260630 12:12:02.581488 10283 catalog_manager.cc:1531] Initializing Kudu internal certificate authority...
I20260630 12:12:02.603142 10283 catalog_manager.cc:1406] Generated new certificate authority record
I20260630 12:12:02.604331 10283 catalog_manager.cc:1540] Loading token signing keys...
I20260630 12:12:02.620539 10283 catalog_manager.cc:6070] T 00000000000000000000000000000000 P 9d2a09adb9e94bbe9e513cfbe348d012: Generated new TSK 0
I20260630 12:12:02.621088 10283 catalog_manager.cc:1550] Initializing in-progress tserver states...
I20260630 12:12:02.644330  6579 file_cache.cc:492] Constructed file cache file cache with capacity 419430
W20260630 12:12:02.651182 10296 instance_detector.cc:116] could not retrieve AWS instance metadata: Network error: curl error: HTTP response code said error: The requested URL returned error: 404
W20260630 12:12:02.652483 10297 instance_detector.cc:116] could not retrieve Azure instance metadata: Network error: curl error: HTTP response code said error: The requested URL returned error: 404
W20260630 12:12:02.653299 10299 instance_detector.cc:116] could not retrieve OpenStack instance metadata: Network error: curl error: HTTP response code said error: The requested URL returned error: 404
I20260630 12:12:02.653683  6579 server_base.cc:1061] running on GCE node
I20260630 12:12:02.654647  6579 hybrid_clock.cc:584] initializing the hybrid clock with 'system_unsync' time source
W20260630 12:12:02.654822  6579 system_unsync_time.cc:38] NTP support is disabled. Clock error bounds will not be accurate. This configuration is not suitable for distributed clusters.
I20260630 12:12:02.655027  6579 hybrid_clock.cc:648] HybridClock initialized: now 1782821522654990 us; error 0 us; skew 500 ppm
I20260630 12:12:02.655539  6579 server_base.cc:861] Flag tcmalloc_max_total_thread_cache_bytes is not working since tcmalloc is not enabled.
I20260630 12:12:02.657814  6579 webserver.cc:533] Webserver started at http://127.6.108.193:36787/ using document root <none> and password file <none>
I20260630 12:12:02.658334  6579 fs_manager.cc:362] Metadata directory not provided
I20260630 12:12:02.658524  6579 fs_manager.cc:368] Using write-ahead log directory (fs_wal_dir) as metadata directory
I20260630 12:12:02.658815  6579 server_base.cc:909] This appears to be a new deployment of Kudu; creating new FS layout
I20260630 12:12:02.659870  6579 fs_manager.cc:1068] Generated new instance metadata in path /tmp/dist-test-taskDWjj71/test-tmp/auto_rebalancer-test.0.AutoRebalancerTest.NoReplicaMovesIfLocationLoadSkewedByOne.1782821425990487-6579-0/minicluster-data/ts-0-root/instance:
uuid: "ee913735d6fa462a9be886229267c2d7"
format_stamp: "Formatted at 2026-06-30 12:12:02 on dist-test-slave-zz34"
I20260630 12:12:02.664081  6579 fs_manager.cc:696] Time spent creating directory manager: real 0.004s	user 0.005s	sys 0.000s
I20260630 12:12:02.667204 10304 log_block_manager.cc:4031] Time spent loading block containers with low live blocks: real 0.000s	user 0.000s	sys 0.000s
I20260630 12:12:02.667856  6579 fs_manager.cc:730] Time spent opening block manager: real 0.002s	user 0.003s	sys 0.000s
I20260630 12:12:02.668141  6579 fs_manager.cc:647] Opened local filesystem: /tmp/dist-test-taskDWjj71/test-tmp/auto_rebalancer-test.0.AutoRebalancerTest.NoReplicaMovesIfLocationLoadSkewedByOne.1782821425990487-6579-0/minicluster-data/ts-0-root
uuid: "ee913735d6fa462a9be886229267c2d7"
format_stamp: "Formatted at 2026-06-30 12:12:02 on dist-test-slave-zz34"
I20260630 12:12:02.668398  6579 fs_report.cc:389] FS layout report
--------------------
wal directory: /tmp/dist-test-taskDWjj71/test-tmp/auto_rebalancer-test.0.AutoRebalancerTest.NoReplicaMovesIfLocationLoadSkewedByOne.1782821425990487-6579-0/minicluster-data/ts-0-root
metadata directory: /tmp/dist-test-taskDWjj71/test-tmp/auto_rebalancer-test.0.AutoRebalancerTest.NoReplicaMovesIfLocationLoadSkewedByOne.1782821425990487-6579-0/minicluster-data/ts-0-root
1 data directories: /tmp/dist-test-taskDWjj71/test-tmp/auto_rebalancer-test.0.AutoRebalancerTest.NoReplicaMovesIfLocationLoadSkewedByOne.1782821425990487-6579-0/minicluster-data/ts-0-root/data
Total live blocks: 0
Total live bytes: 0
Total live bytes (after alignment): 0
Total number of LBM containers: 0 (0 full)
Did not check for missing blocks
Did not check for orphaned blocks
Total full LBM containers with extra space: 0 (0 repaired)
Total full LBM container extra space in bytes: 0 (0 repaired)
Total incomplete LBM containers: 0 (0 repaired)
Total LBM partial records: 0 (0 repaired)
Total corrupted LBM metadata records in RocksDB: 0 (0 repaired)
I20260630 12:12:02.680513  6579 rpc_server.cc:225] running with OpenSSL 1.1.1  11 Sep 2018
I20260630 12:12:02.681622  6579 kserver.cc:163] Server-wide thread pool size limit: 3276
I20260630 12:12:02.683111  6579 txn_system_client.cc:432] TxnSystemClient initialization is disabled...
I20260630 12:12:02.685287  6579 ts_tablet_manager.cc:585] Loaded tablet metadata (0 total tablets, 0 live tablets)
I20260630 12:12:02.685535  6579 ts_tablet_manager.cc:531] Time spent load tablet metadata: real 0.000s	user 0.000s	sys 0.000s
I20260630 12:12:02.685868  6579 ts_tablet_manager.cc:616] Registered 0 tablets
I20260630 12:12:02.686101  6579 ts_tablet_manager.cc:595] Time spent register tablets: real 0.000s	user 0.000s	sys 0.000s
I20260630 12:12:02.726814  6579 rpc_server.cc:307] RPC server started. Bound to: 127.6.108.193:46327
I20260630 12:12:02.726925 10366 acceptor_pool.cc:272] collecting diagnostics on the listening RPC socket 127.6.108.193:46327 every 8 connection(s)
I20260630 12:12:02.731626  6579 file_cache.cc:492] Constructed file cache file cache with capacity 419430
W20260630 12:12:02.738374 10371 instance_detector.cc:116] could not retrieve AWS instance metadata: Network error: curl error: HTTP response code said error: The requested URL returned error: 404
W20260630 12:12:02.739944 10372 instance_detector.cc:116] could not retrieve Azure instance metadata: Network error: curl error: HTTP response code said error: The requested URL returned error: 404
W20260630 12:12:02.742218 10375 instance_detector.cc:116] could not retrieve OpenStack instance metadata: Network error: curl error: HTTP response code said error: The requested URL returned error: 404
I20260630 12:12:02.743184  6579 server_base.cc:1061] running on GCE node
I20260630 12:12:02.744153  6579 hybrid_clock.cc:584] initializing the hybrid clock with 'system_unsync' time source
I20260630 12:12:02.744270 10367 heartbeater.cc:344] Connected to a master server at 127.6.108.254:35825
W20260630 12:12:02.744365  6579 system_unsync_time.cc:38] NTP support is disabled. Clock error bounds will not be accurate. This configuration is not suitable for distributed clusters.
I20260630 12:12:02.744719  6579 hybrid_clock.cc:648] HybridClock initialized: now 1782821522744700 us; error 0 us; skew 500 ppm
I20260630 12:12:02.744767 10367 heartbeater.cc:461] Registering TS with master...
I20260630 12:12:02.745308  6579 server_base.cc:861] Flag tcmalloc_max_total_thread_cache_bytes is not working since tcmalloc is not enabled.
I20260630 12:12:02.745568 10367 heartbeater.cc:507] Master 127.6.108.254:35825 requested a full tablet report, sending...
I20260630 12:12:02.747911  6579 webserver.cc:533] Webserver started at http://127.6.108.194:33211/ using document root <none> and password file <none>
I20260630 12:12:02.747874 10240 ts_manager.cc:194] Registered new tserver with Master: ee913735d6fa462a9be886229267c2d7 (127.6.108.193:46327)
I20260630 12:12:02.748574  6579 fs_manager.cc:362] Metadata directory not provided
I20260630 12:12:02.748816  6579 fs_manager.cc:368] Using write-ahead log directory (fs_wal_dir) as metadata directory
I20260630 12:12:02.749075  6579 server_base.cc:909] This appears to be a new deployment of Kudu; creating new FS layout
I20260630 12:12:02.749956 10240 master_service.cc:502] Signed X509 certificate for tserver {username='slave'} at 127.0.0.1:46174
I20260630 12:12:02.750206  6579 fs_manager.cc:1068] Generated new instance metadata in path /tmp/dist-test-taskDWjj71/test-tmp/auto_rebalancer-test.0.AutoRebalancerTest.NoReplicaMovesIfLocationLoadSkewedByOne.1782821425990487-6579-0/minicluster-data/ts-1-root/instance:
uuid: "1eee8132856a42c6a154b1e96ec79ae3"
format_stamp: "Formatted at 2026-06-30 12:12:02 on dist-test-slave-zz34"
I20260630 12:12:02.754586  6579 fs_manager.cc:696] Time spent creating directory manager: real 0.004s	user 0.003s	sys 0.001s
I20260630 12:12:02.757658 10379 log_block_manager.cc:4031] Time spent loading block containers with low live blocks: real 0.000s	user 0.000s	sys 0.000s
I20260630 12:12:02.758538  6579 fs_manager.cc:730] Time spent opening block manager: real 0.002s	user 0.002s	sys 0.001s
I20260630 12:12:02.758769  6579 fs_manager.cc:647] Opened local filesystem: /tmp/dist-test-taskDWjj71/test-tmp/auto_rebalancer-test.0.AutoRebalancerTest.NoReplicaMovesIfLocationLoadSkewedByOne.1782821425990487-6579-0/minicluster-data/ts-1-root
uuid: "1eee8132856a42c6a154b1e96ec79ae3"
format_stamp: "Formatted at 2026-06-30 12:12:02 on dist-test-slave-zz34"
I20260630 12:12:02.759008  6579 fs_report.cc:389] FS layout report
--------------------
wal directory: /tmp/dist-test-taskDWjj71/test-tmp/auto_rebalancer-test.0.AutoRebalancerTest.NoReplicaMovesIfLocationLoadSkewedByOne.1782821425990487-6579-0/minicluster-data/ts-1-root
metadata directory: /tmp/dist-test-taskDWjj71/test-tmp/auto_rebalancer-test.0.AutoRebalancerTest.NoReplicaMovesIfLocationLoadSkewedByOne.1782821425990487-6579-0/minicluster-data/ts-1-root
1 data directories: /tmp/dist-test-taskDWjj71/test-tmp/auto_rebalancer-test.0.AutoRebalancerTest.NoReplicaMovesIfLocationLoadSkewedByOne.1782821425990487-6579-0/minicluster-data/ts-1-root/data
Total live blocks: 0
Total live bytes: 0
Total live bytes (after alignment): 0
Total number of LBM containers: 0 (0 full)
Did not check for missing blocks
Did not check for orphaned blocks
Total full LBM containers with extra space: 0 (0 repaired)
Total full LBM container extra space in bytes: 0 (0 repaired)
Total incomplete LBM containers: 0 (0 repaired)
Total LBM partial records: 0 (0 repaired)
Total corrupted LBM metadata records in RocksDB: 0 (0 repaired)
I20260630 12:12:02.768458  6579 rpc_server.cc:225] running with OpenSSL 1.1.1  11 Sep 2018
I20260630 12:12:02.769513  6579 kserver.cc:163] Server-wide thread pool size limit: 3276
I20260630 12:12:02.771018  6579 txn_system_client.cc:432] TxnSystemClient initialization is disabled...
I20260630 12:12:02.773242  6579 ts_tablet_manager.cc:585] Loaded tablet metadata (0 total tablets, 0 live tablets)
I20260630 12:12:02.773458  6579 ts_tablet_manager.cc:531] Time spent load tablet metadata: real 0.000s	user 0.000s	sys 0.000s
I20260630 12:12:02.773686  6579 ts_tablet_manager.cc:616] Registered 0 tablets
I20260630 12:12:02.773854  6579 ts_tablet_manager.cc:595] Time spent register tablets: real 0.000s	user 0.000s	sys 0.000s
I20260630 12:12:02.810992  6579 rpc_server.cc:307] RPC server started. Bound to: 127.6.108.194:33153
I20260630 12:12:02.811090 10441 acceptor_pool.cc:272] collecting diagnostics on the listening RPC socket 127.6.108.194:33153 every 8 connection(s)
I20260630 12:12:02.815610  6579 file_cache.cc:492] Constructed file cache file cache with capacity 419430
W20260630 12:12:02.822073 10445 instance_detector.cc:116] could not retrieve AWS instance metadata: Network error: curl error: HTTP response code said error: The requested URL returned error: 404
W20260630 12:12:02.822588 10446 instance_detector.cc:116] could not retrieve Azure instance metadata: Network error: curl error: HTTP response code said error: The requested URL returned error: 404
W20260630 12:12:02.827895 10448 instance_detector.cc:116] could not retrieve OpenStack instance metadata: Network error: curl error: HTTP response code said error: The requested URL returned error: 404
I20260630 12:12:02.827612  6579 server_base.cc:1061] running on GCE node
I20260630 12:12:02.828634 10442 heartbeater.cc:344] Connected to a master server at 127.6.108.254:35825
I20260630 12:12:02.828969 10442 heartbeater.cc:461] Registering TS with master...
I20260630 12:12:02.829051  6579 hybrid_clock.cc:584] initializing the hybrid clock with 'system_unsync' time source
W20260630 12:12:02.829334  6579 system_unsync_time.cc:38] NTP support is disabled. Clock error bounds will not be accurate. This configuration is not suitable for distributed clusters.
I20260630 12:12:02.829530  6579 hybrid_clock.cc:648] HybridClock initialized: now 1782821522829511 us; error 0 us; skew 500 ppm
I20260630 12:12:02.829793 10442 heartbeater.cc:507] Master 127.6.108.254:35825 requested a full tablet report, sending...
I20260630 12:12:02.830150  6579 server_base.cc:861] Flag tcmalloc_max_total_thread_cache_bytes is not working since tcmalloc is not enabled.
I20260630 12:12:02.831997 10240 ts_manager.cc:194] Registered new tserver with Master: 1eee8132856a42c6a154b1e96ec79ae3 (127.6.108.194:33153)
I20260630 12:12:02.832991  6579 webserver.cc:533] Webserver started at http://127.6.108.195:33875/ using document root <none> and password file <none>
I20260630 12:12:02.833623  6579 fs_manager.cc:362] Metadata directory not provided
I20260630 12:12:02.833818 10240 master_service.cc:502] Signed X509 certificate for tserver {username='slave'} at 127.0.0.1:46190
I20260630 12:12:02.834645  6579 fs_manager.cc:368] Using write-ahead log directory (fs_wal_dir) as metadata directory
I20260630 12:12:02.835016  6579 server_base.cc:909] This appears to be a new deployment of Kudu; creating new FS layout
I20260630 12:12:02.836172  6579 fs_manager.cc:1068] Generated new instance metadata in path /tmp/dist-test-taskDWjj71/test-tmp/auto_rebalancer-test.0.AutoRebalancerTest.NoReplicaMovesIfLocationLoadSkewedByOne.1782821425990487-6579-0/minicluster-data/ts-2-root/instance:
uuid: "74ebceca44d24a9a8d21acfe539d7783"
format_stamp: "Formatted at 2026-06-30 12:12:02 on dist-test-slave-zz34"
I20260630 12:12:02.840322  6579 fs_manager.cc:696] Time spent creating directory manager: real 0.004s	user 0.005s	sys 0.000s
I20260630 12:12:02.843286 10453 log_block_manager.cc:4031] Time spent loading block containers with low live blocks: real 0.000s	user 0.000s	sys 0.000s
I20260630 12:12:02.844019  6579 fs_manager.cc:730] Time spent opening block manager: real 0.002s	user 0.002s	sys 0.001s
I20260630 12:12:02.844298  6579 fs_manager.cc:647] Opened local filesystem: /tmp/dist-test-taskDWjj71/test-tmp/auto_rebalancer-test.0.AutoRebalancerTest.NoReplicaMovesIfLocationLoadSkewedByOne.1782821425990487-6579-0/minicluster-data/ts-2-root
uuid: "74ebceca44d24a9a8d21acfe539d7783"
format_stamp: "Formatted at 2026-06-30 12:12:02 on dist-test-slave-zz34"
I20260630 12:12:02.844560  6579 fs_report.cc:389] FS layout report
--------------------
wal directory: /tmp/dist-test-taskDWjj71/test-tmp/auto_rebalancer-test.0.AutoRebalancerTest.NoReplicaMovesIfLocationLoadSkewedByOne.1782821425990487-6579-0/minicluster-data/ts-2-root
metadata directory: /tmp/dist-test-taskDWjj71/test-tmp/auto_rebalancer-test.0.AutoRebalancerTest.NoReplicaMovesIfLocationLoadSkewedByOne.1782821425990487-6579-0/minicluster-data/ts-2-root
1 data directories: /tmp/dist-test-taskDWjj71/test-tmp/auto_rebalancer-test.0.AutoRebalancerTest.NoReplicaMovesIfLocationLoadSkewedByOne.1782821425990487-6579-0/minicluster-data/ts-2-root/data
Total live blocks: 0
Total live bytes: 0
Total live bytes (after alignment): 0
Total number of LBM containers: 0 (0 full)
Did not check for missing blocks
Did not check for orphaned blocks
Total full LBM containers with extra space: 0 (0 repaired)
Total full LBM container extra space in bytes: 0 (0 repaired)
Total incomplete LBM containers: 0 (0 repaired)
Total LBM partial records: 0 (0 repaired)
Total corrupted LBM metadata records in RocksDB: 0 (0 repaired)
I20260630 12:12:02.866086  6579 rpc_server.cc:225] running with OpenSSL 1.1.1  11 Sep 2018
I20260630 12:12:02.867174  6579 kserver.cc:163] Server-wide thread pool size limit: 3276
I20260630 12:12:02.868543  6579 txn_system_client.cc:432] TxnSystemClient initialization is disabled...
I20260630 12:12:02.870887  6579 ts_tablet_manager.cc:585] Loaded tablet metadata (0 total tablets, 0 live tablets)
I20260630 12:12:02.871141  6579 ts_tablet_manager.cc:531] Time spent load tablet metadata: real 0.000s	user 0.000s	sys 0.000s
I20260630 12:12:02.871376  6579 ts_tablet_manager.cc:616] Registered 0 tablets
I20260630 12:12:02.871551  6579 ts_tablet_manager.cc:595] Time spent register tablets: real 0.000s	user 0.000s	sys 0.000s
I20260630 12:12:02.909118  6579 rpc_server.cc:307] RPC server started. Bound to: 127.6.108.195:41825
I20260630 12:12:02.909214 10515 acceptor_pool.cc:272] collecting diagnostics on the listening RPC socket 127.6.108.195:41825 every 8 connection(s)
I20260630 12:12:02.913682  6579 file_cache.cc:492] Constructed file cache file cache with capacity 419430
W20260630 12:12:02.919768 10519 instance_detector.cc:116] could not retrieve AWS instance metadata: Network error: curl error: HTTP response code said error: The requested URL returned error: 404
W20260630 12:12:02.920709 10520 instance_detector.cc:116] could not retrieve Azure instance metadata: Network error: curl error: HTTP response code said error: The requested URL returned error: 404
W20260630 12:12:02.928187 10522 instance_detector.cc:116] could not retrieve OpenStack instance metadata: Network error: curl error: HTTP response code said error: The requested URL returned error: 404
I20260630 12:12:02.928740  6579 server_base.cc:1061] running on GCE node
I20260630 12:12:02.929690  6579 hybrid_clock.cc:584] initializing the hybrid clock with 'system_unsync' time source
W20260630 12:12:02.929927  6579 system_unsync_time.cc:38] NTP support is disabled. Clock error bounds will not be accurate. This configuration is not suitable for distributed clusters.
I20260630 12:12:02.930510  6579 hybrid_clock.cc:648] HybridClock initialized: now 1782821522930479 us; error 0 us; skew 500 ppm
