I20260630 12:21:23.552716 29920 consensus_queue.cc:260] T 9e225e91602b46f990b40eddfffd6ef4 P a734b4914f484d248e8e5b6e2dce177e [NON_LEADER]: Queue going to NON_LEADER mode. State: All replicated index: 0, Majority replicated index: 0, Committed index: 0, Last appended: 0.0, Last appended by leader: 0, Current term: 0, Majority size: -1, State: 0, Mode: NON_LEADER, active raft config: opid_index: -1 OBSOLETE_local: false peers { permanent_uuid: "a734b4914f484d248e8e5b6e2dce177e" member_type: VOTER last_known_addr { host: "127.25.242.129" port: 35999 } } peers { permanent_uuid: "2a50e4a5cd084ed7b05f6dd5c14252d7" member_type: VOTER last_known_addr { host: "127.25.242.132" port: 39593 } } peers { permanent_uuid: "9843f2bdd99740bc8552a54f06d06462" member_type: VOTER last_known_addr { host: "127.25.242.131" port: 42331 } }
I20260630 12:21:23.557483 29920 ts_tablet_manager.cc:1434] T 9e225e91602b46f990b40eddfffd6ef4 P a734b4914f484d248e8e5b6e2dce177e: Time spent starting tablet: real 0.017s	user 0.007s	sys 0.000s
I20260630 12:21:23.554948 29924 consensus_queue.cc:260] T 0761494bc8fb43d9806766988d1042b9 P 2a50e4a5cd084ed7b05f6dd5c14252d7 [NON_LEADER]: Queue going to NON_LEADER mode. State: All replicated index: 0, Majority replicated index: 0, Committed index: 0, Last appended: 0.0, Last appended by leader: 0, Current term: 0, Majority size: -1, State: 0, Mode: NON_LEADER, active raft config: opid_index: -1 OBSOLETE_local: false peers { permanent_uuid: "5f9d62de9d984601b9ac71c0c49e0c1d" member_type: VOTER last_known_addr { host: "127.25.242.130" port: 38171 } } peers { permanent_uuid: "9843f2bdd99740bc8552a54f06d06462" member_type: VOTER last_known_addr { host: "127.25.242.131" port: 42331 } } peers { permanent_uuid: "2a50e4a5cd084ed7b05f6dd5c14252d7" member_type: VOTER last_known_addr { host: "127.25.242.132" port: 39593 } }
I20260630 12:21:23.566059 29924 ts_tablet_manager.cc:1434] T 0761494bc8fb43d9806766988d1042b9 P 2a50e4a5cd084ed7b05f6dd5c14252d7: Time spent starting tablet: real 0.023s	user 0.006s	sys 0.000s
I20260630 12:21:23.567231 29924 tablet_bootstrap.cc:492] T 92ced60f20154977a7fee9561a9ae95f P 2a50e4a5cd084ed7b05f6dd5c14252d7: Bootstrap starting.
I20260630 12:21:23.578049 29924 tablet_bootstrap.cc:654] T 92ced60f20154977a7fee9561a9ae95f P 2a50e4a5cd084ed7b05f6dd5c14252d7: Neither blocks nor log segments found. Creating new log.
I20260630 12:21:23.599658 29924 tablet_bootstrap.cc:492] T 92ced60f20154977a7fee9561a9ae95f P 2a50e4a5cd084ed7b05f6dd5c14252d7: No bootstrap required, opened a new log
I20260630 12:21:23.600211 29924 ts_tablet_manager.cc:1403] T 92ced60f20154977a7fee9561a9ae95f P 2a50e4a5cd084ed7b05f6dd5c14252d7: Time spent bootstrapping tablet: real 0.033s	user 0.024s	sys 0.003s
I20260630 12:21:23.603366 29924 raft_consensus.cc:359] T 92ced60f20154977a7fee9561a9ae95f P 2a50e4a5cd084ed7b05f6dd5c14252d7 [term 0 FOLLOWER]: Replica starting. Triggering 0 pending ops. Active config: opid_index: -1 OBSOLETE_local: false peers { permanent_uuid: "2a50e4a5cd084ed7b05f6dd5c14252d7" member_type: VOTER last_known_addr { host: "127.25.242.132" port: 39593 } } peers { permanent_uuid: "9843f2bdd99740bc8552a54f06d06462" member_type: VOTER last_known_addr { host: "127.25.242.131" port: 42331 } } peers { permanent_uuid: "a734b4914f484d248e8e5b6e2dce177e" member_type: VOTER last_known_addr { host: "127.25.242.129" port: 35999 } }
I20260630 12:21:23.604212 29924 raft_consensus.cc:385] T 92ced60f20154977a7fee9561a9ae95f P 2a50e4a5cd084ed7b05f6dd5c14252d7 [term 0 FOLLOWER]: Consensus starting up: Expiring failure detector timer to make a prompt election more likely
I20260630 12:21:23.604526 29924 raft_consensus.cc:740] T 92ced60f20154977a7fee9561a9ae95f P 2a50e4a5cd084ed7b05f6dd5c14252d7 [term 0 FOLLOWER]: Becoming Follower/Learner. State: Replica: 2a50e4a5cd084ed7b05f6dd5c14252d7, State: Initialized, Role: FOLLOWER
I20260630 12:21:23.605293 29924 consensus_queue.cc:260] T 92ced60f20154977a7fee9561a9ae95f P 2a50e4a5cd084ed7b05f6dd5c14252d7 [NON_LEADER]: Queue going to NON_LEADER mode. State: All replicated index: 0, Majority replicated index: 0, Committed index: 0, Last appended: 0.0, Last appended by leader: 0, Current term: 0, Majority size: -1, State: 0, Mode: NON_LEADER, active raft config: opid_index: -1 OBSOLETE_local: false peers { permanent_uuid: "2a50e4a5cd084ed7b05f6dd5c14252d7" member_type: VOTER last_known_addr { host: "127.25.242.132" port: 39593 } } peers { permanent_uuid: "9843f2bdd99740bc8552a54f06d06462" member_type: VOTER last_known_addr { host: "127.25.242.131" port: 42331 } } peers { permanent_uuid: "a734b4914f484d248e8e5b6e2dce177e" member_type: VOTER last_known_addr { host: "127.25.242.129" port: 35999 } }
I20260630 12:21:23.610843 29924 ts_tablet_manager.cc:1434] T 92ced60f20154977a7fee9561a9ae95f P 2a50e4a5cd084ed7b05f6dd5c14252d7: Time spent starting tablet: real 0.010s	user 0.009s	sys 0.000s
I20260630 12:21:23.612026 29924 tablet_bootstrap.cc:492] T bd448fce4fb349f2892f0325334817be P 2a50e4a5cd084ed7b05f6dd5c14252d7: Bootstrap starting.
I20260630 12:21:23.619099 29924 tablet_bootstrap.cc:654] T bd448fce4fb349f2892f0325334817be P 2a50e4a5cd084ed7b05f6dd5c14252d7: Neither blocks nor log segments found. Creating new log.
I20260630 12:21:23.625828 29959 raft_consensus.cc:493] T 92ced60f20154977a7fee9561a9ae95f P 2a50e4a5cd084ed7b05f6dd5c14252d7 [term 0 FOLLOWER]: Starting pre-election (no leader contacted us within the election timeout)
I20260630 12:21:23.626426 29959 raft_consensus.cc:515] T 92ced60f20154977a7fee9561a9ae95f P 2a50e4a5cd084ed7b05f6dd5c14252d7 [term 0 FOLLOWER]: Starting pre-election with config: opid_index: -1 OBSOLETE_local: false peers { permanent_uuid: "2a50e4a5cd084ed7b05f6dd5c14252d7" member_type: VOTER last_known_addr { host: "127.25.242.132" port: 39593 } } peers { permanent_uuid: "9843f2bdd99740bc8552a54f06d06462" member_type: VOTER last_known_addr { host: "127.25.242.131" port: 42331 } } peers { permanent_uuid: "a734b4914f484d248e8e5b6e2dce177e" member_type: VOTER last_known_addr { host: "127.25.242.129" port: 35999 } }
I20260630 12:21:23.628866 29959 leader_election.cc:290] T 92ced60f20154977a7fee9561a9ae95f P 2a50e4a5cd084ed7b05f6dd5c14252d7 [CANDIDATE]: Term 1 pre-election: Requested pre-vote from peers 9843f2bdd99740bc8552a54f06d06462 (127.25.242.131:42331), a734b4914f484d248e8e5b6e2dce177e (127.25.242.129:35999)
I20260630 12:21:23.630117 29550 tablet_service.cc:1917] Received RequestConsensusVote() RPC: tablet_id: "92ced60f20154977a7fee9561a9ae95f" candidate_uuid: "2a50e4a5cd084ed7b05f6dd5c14252d7" candidate_term: 1 candidate_status { last_received { term: 0 index: 0 } } ignore_live_leader: false dest_uuid: "a734b4914f484d248e8e5b6e2dce177e" is_pre_election: true
I20260630 12:21:23.631002 29550 raft_consensus.cc:2393] T 92ced60f20154977a7fee9561a9ae95f P a734b4914f484d248e8e5b6e2dce177e [term 1 FOLLOWER]: Leader pre-election vote request: Denying vote to candidate 2a50e4a5cd084ed7b05f6dd5c14252d7 in current term 1: Already voted for candidate 9843f2bdd99740bc8552a54f06d06462 in this term.
I20260630 12:21:23.631793 29699 tablet_service.cc:1917] Received RequestConsensusVote() RPC: tablet_id: "92ced60f20154977a7fee9561a9ae95f" candidate_uuid: "2a50e4a5cd084ed7b05f6dd5c14252d7" candidate_term: 1 candidate_status { last_received { term: 0 index: 0 } } ignore_live_leader: false dest_uuid: "9843f2bdd99740bc8552a54f06d06462" is_pre_election: true
I20260630 12:21:23.633440 29850 leader_election.cc:304] T 92ced60f20154977a7fee9561a9ae95f P 2a50e4a5cd084ed7b05f6dd5c14252d7 [CANDIDATE]: Term 1 pre-election: Election decided. Result: candidate lost. Election summary: received 3 responses out of 3 voters: 1 yes votes; 2 no votes. yes voters: 2a50e4a5cd084ed7b05f6dd5c14252d7; no voters: 9843f2bdd99740bc8552a54f06d06462, a734b4914f484d248e8e5b6e2dce177e
I20260630 12:21:23.633703 29924 tablet_bootstrap.cc:492] T bd448fce4fb349f2892f0325334817be P 2a50e4a5cd084ed7b05f6dd5c14252d7: No bootstrap required, opened a new log
I20260630 12:21:23.634430 29924 ts_tablet_manager.cc:1403] T bd448fce4fb349f2892f0325334817be P 2a50e4a5cd084ed7b05f6dd5c14252d7: Time spent bootstrapping tablet: real 0.023s	user 0.006s	sys 0.012s
I20260630 12:21:23.634941 29959 raft_consensus.cc:3060] T 92ced60f20154977a7fee9561a9ae95f P 2a50e4a5cd084ed7b05f6dd5c14252d7 [term 0 FOLLOWER]: Advancing to term 1
I20260630 12:21:23.638149 29924 raft_consensus.cc:359] T bd448fce4fb349f2892f0325334817be P 2a50e4a5cd084ed7b05f6dd5c14252d7 [term 0 FOLLOWER]: Replica starting. Triggering 0 pending ops. Active config: opid_index: -1 OBSOLETE_local: false peers { permanent_uuid: "5f9d62de9d984601b9ac71c0c49e0c1d" member_type: VOTER last_known_addr { host: "127.25.242.130" port: 38171 } } peers { permanent_uuid: "a734b4914f484d248e8e5b6e2dce177e" member_type: VOTER last_known_addr { host: "127.25.242.129" port: 35999 } } peers { permanent_uuid: "2a50e4a5cd084ed7b05f6dd5c14252d7" member_type: VOTER last_known_addr { host: "127.25.242.132" port: 39593 } }
I20260630 12:21:23.639148 29924 raft_consensus.cc:385] T bd448fce4fb349f2892f0325334817be P 2a50e4a5cd084ed7b05f6dd5c14252d7 [term 0 FOLLOWER]: Consensus starting up: Expiring failure detector timer to make a prompt election more likely
I20260630 12:21:23.639523 29924 raft_consensus.cc:740] T bd448fce4fb349f2892f0325334817be P 2a50e4a5cd084ed7b05f6dd5c14252d7 [term 0 FOLLOWER]: Becoming Follower/Learner. State: Replica: 2a50e4a5cd084ed7b05f6dd5c14252d7, State: Initialized, Role: FOLLOWER
I20260630 12:21:23.640417 29924 consensus_queue.cc:260] T bd448fce4fb349f2892f0325334817be P 2a50e4a5cd084ed7b05f6dd5c14252d7 [NON_LEADER]: Queue going to NON_LEADER mode. State: All replicated index: 0, Majority replicated index: 0, Committed index: 0, Last appended: 0.0, Last appended by leader: 0, Current term: 0, Majority size: -1, State: 0, Mode: NON_LEADER, active raft config: opid_index: -1 OBSOLETE_local: false peers { permanent_uuid: "5f9d62de9d984601b9ac71c0c49e0c1d" member_type: VOTER last_known_addr { host: "127.25.242.130" port: 38171 } } peers { permanent_uuid: "a734b4914f484d248e8e5b6e2dce177e" member_type: VOTER last_known_addr { host: "127.25.242.129" port: 35999 } } peers { permanent_uuid: "2a50e4a5cd084ed7b05f6dd5c14252d7" member_type: VOTER last_known_addr { host: "127.25.242.132" port: 39593 } }
I20260630 12:21:23.642640 29959 raft_consensus.cc:2749] T 92ced60f20154977a7fee9561a9ae95f P 2a50e4a5cd084ed7b05f6dd5c14252d7 [term 1 FOLLOWER]: Leader pre-election lost for term 1. Reason: could not achieve majority
I20260630 12:21:23.643247 29924 ts_tablet_manager.cc:1434] T bd448fce4fb349f2892f0325334817be P 2a50e4a5cd084ed7b05f6dd5c14252d7: Time spent starting tablet: real 0.008s	user 0.008s	sys 0.000s
I20260630 12:21:23.644405 29924 tablet_bootstrap.cc:492] T 9e225e91602b46f990b40eddfffd6ef4 P 2a50e4a5cd084ed7b05f6dd5c14252d7: Bootstrap starting.
I20260630 12:21:23.651062 29924 tablet_bootstrap.cc:654] T 9e225e91602b46f990b40eddfffd6ef4 P 2a50e4a5cd084ed7b05f6dd5c14252d7: Neither blocks nor log segments found. Creating new log.
I20260630 12:21:23.653878 29956 raft_consensus.cc:493] T bd448fce4fb349f2892f0325334817be P 5f9d62de9d984601b9ac71c0c49e0c1d [term 0 FOLLOWER]: Starting pre-election (no leader contacted us within the election timeout)
I20260630 12:21:23.654481 29956 raft_consensus.cc:515] T bd448fce4fb349f2892f0325334817be P 5f9d62de9d984601b9ac71c0c49e0c1d [term 0 FOLLOWER]: Starting pre-election with config: opid_index: -1 OBSOLETE_local: false peers { permanent_uuid: "5f9d62de9d984601b9ac71c0c49e0c1d" member_type: VOTER last_known_addr { host: "127.25.242.130" port: 38171 } } peers { permanent_uuid: "a734b4914f484d248e8e5b6e2dce177e" member_type: VOTER last_known_addr { host: "127.25.242.129" port: 35999 } } peers { permanent_uuid: "2a50e4a5cd084ed7b05f6dd5c14252d7" member_type: VOTER last_known_addr { host: "127.25.242.132" port: 39593 } }
I20260630 12:21:23.658668 29550 tablet_service.cc:1917] Received RequestConsensusVote() RPC: tablet_id: "bd448fce4fb349f2892f0325334817be" candidate_uuid: "5f9d62de9d984601b9ac71c0c49e0c1d" candidate_term: 1 candidate_status { last_received { term: 0 index: 0 } } ignore_live_leader: false dest_uuid: "a734b4914f484d248e8e5b6e2dce177e" is_pre_election: true
I20260630 12:21:23.659428 29550 raft_consensus.cc:2468] T bd448fce4fb349f2892f0325334817be P a734b4914f484d248e8e5b6e2dce177e [term 0 FOLLOWER]: Leader pre-election vote request: Granting yes vote for candidate 5f9d62de9d984601b9ac71c0c49e0c1d in term 0.
I20260630 12:21:23.661037 29885 tablet_service.cc:1917] Received RequestConsensusVote() RPC: tablet_id: "bd448fce4fb349f2892f0325334817be" candidate_uuid: "5f9d62de9d984601b9ac71c0c49e0c1d" candidate_term: 1 candidate_status { last_received { term: 0 index: 0 } } ignore_live_leader: false dest_uuid: "2a50e4a5cd084ed7b05f6dd5c14252d7" is_pre_election: true
I20260630 12:21:23.661763 29885 raft_consensus.cc:2468] T bd448fce4fb349f2892f0325334817be P 2a50e4a5cd084ed7b05f6dd5c14252d7 [term 0 FOLLOWER]: Leader pre-election vote request: Granting yes vote for candidate 5f9d62de9d984601b9ac71c0c49e0c1d in term 0.
I20260630 12:21:23.663503 29591 leader_election.cc:304] T bd448fce4fb349f2892f0325334817be P 5f9d62de9d984601b9ac71c0c49e0c1d [CANDIDATE]: Term 1 pre-election: Election decided. Result: candidate won. Election summary: received 2 responses out of 3 voters: 2 yes votes; 0 no votes. yes voters: 5f9d62de9d984601b9ac71c0c49e0c1d, a734b4914f484d248e8e5b6e2dce177e; no voters: 
I20260630 12:21:23.664594 29925 raft_consensus.cc:2804] T bd448fce4fb349f2892f0325334817be P 5f9d62de9d984601b9ac71c0c49e0c1d [term 0 FOLLOWER]: Leader pre-election won for term 1
I20260630 12:21:23.664973 29925 raft_consensus.cc:493] T bd448fce4fb349f2892f0325334817be P 5f9d62de9d984601b9ac71c0c49e0c1d [term 0 FOLLOWER]: Starting leader election (no leader contacted us within the election timeout)
I20260630 12:21:23.665300 29925 raft_consensus.cc:3060] T bd448fce4fb349f2892f0325334817be P 5f9d62de9d984601b9ac71c0c49e0c1d [term 0 FOLLOWER]: Advancing to term 1
I20260630 12:21:23.671629 29956 leader_election.cc:290] T bd448fce4fb349f2892f0325334817be P 5f9d62de9d984601b9ac71c0c49e0c1d [CANDIDATE]: Term 1 pre-election: Requested pre-vote from peers a734b4914f484d248e8e5b6e2dce177e (127.25.242.129:35999), 2a50e4a5cd084ed7b05f6dd5c14252d7 (127.25.242.132:39593)
I20260630 12:21:23.677301 29925 raft_consensus.cc:515] T bd448fce4fb349f2892f0325334817be P 5f9d62de9d984601b9ac71c0c49e0c1d [term 1 FOLLOWER]: Starting leader election with config: opid_index: -1 OBSOLETE_local: false peers { permanent_uuid: "5f9d62de9d984601b9ac71c0c49e0c1d" member_type: VOTER last_known_addr { host: "127.25.242.130" port: 38171 } } peers { permanent_uuid: "a734b4914f484d248e8e5b6e2dce177e" member_type: VOTER last_known_addr { host: "127.25.242.129" port: 35999 } } peers { permanent_uuid: "2a50e4a5cd084ed7b05f6dd5c14252d7" member_type: VOTER last_known_addr { host: "127.25.242.132" port: 39593 } }
I20260630 12:21:23.686648 29550 tablet_service.cc:1917] Received RequestConsensusVote() RPC: tablet_id: "bd448fce4fb349f2892f0325334817be" candidate_uuid: "5f9d62de9d984601b9ac71c0c49e0c1d" candidate_term: 1 candidate_status { last_received { term: 0 index: 0 } } ignore_live_leader: false dest_uuid: "a734b4914f484d248e8e5b6e2dce177e"
I20260630 12:21:23.687350 29550 raft_consensus.cc:3060] T bd448fce4fb349f2892f0325334817be P a734b4914f484d248e8e5b6e2dce177e [term 0 FOLLOWER]: Advancing to term 1
I20260630 12:21:23.695637 29550 raft_consensus.cc:2468] T bd448fce4fb349f2892f0325334817be P a734b4914f484d248e8e5b6e2dce177e [term 1 FOLLOWER]: Leader election vote request: Granting yes vote for candidate 5f9d62de9d984601b9ac71c0c49e0c1d in term 1.
I20260630 12:21:23.697932 29885 tablet_service.cc:1917] Received RequestConsensusVote() RPC: tablet_id: "bd448fce4fb349f2892f0325334817be" candidate_uuid: "5f9d62de9d984601b9ac71c0c49e0c1d" candidate_term: 1 candidate_status { last_received { term: 0 index: 0 } } ignore_live_leader: false dest_uuid: "2a50e4a5cd084ed7b05f6dd5c14252d7"
I20260630 12:21:23.699237 29885 raft_consensus.cc:3060] T bd448fce4fb349f2892f0325334817be P 2a50e4a5cd084ed7b05f6dd5c14252d7 [term 0 FOLLOWER]: Advancing to term 1
I20260630 12:21:23.698666 29925 leader_election.cc:290] T bd448fce4fb349f2892f0325334817be P 5f9d62de9d984601b9ac71c0c49e0c1d [CANDIDATE]: Term 1 election: Requested vote from peers a734b4914f484d248e8e5b6e2dce177e (127.25.242.129:35999), 2a50e4a5cd084ed7b05f6dd5c14252d7 (127.25.242.132:39593)
I20260630 12:21:23.708801 29885 raft_consensus.cc:2468] T bd448fce4fb349f2892f0325334817be P 2a50e4a5cd084ed7b05f6dd5c14252d7 [term 1 FOLLOWER]: Leader election vote request: Granting yes vote for candidate 5f9d62de9d984601b9ac71c0c49e0c1d in term 1.
I20260630 12:21:23.710152 29589 leader_election.cc:304] T bd448fce4fb349f2892f0325334817be P 5f9d62de9d984601b9ac71c0c49e0c1d [CANDIDATE]: Term 1 election: Election decided. Result: candidate won. Election summary: received 2 responses out of 3 voters: 2 yes votes; 0 no votes. yes voters: 2a50e4a5cd084ed7b05f6dd5c14252d7, 5f9d62de9d984601b9ac71c0c49e0c1d; no voters: 
I20260630 12:21:23.717965 29932 raft_consensus.cc:493] T 6d9693c12fe2494699c66f7a3e3168e2 P a734b4914f484d248e8e5b6e2dce177e [term 0 FOLLOWER]: Starting pre-election (no leader contacted us within the election timeout)
I20260630 12:21:23.718567 29932 raft_consensus.cc:515] T 6d9693c12fe2494699c66f7a3e3168e2 P a734b4914f484d248e8e5b6e2dce177e [term 0 FOLLOWER]: Starting pre-election with config: opid_index: -1 OBSOLETE_local: false peers { permanent_uuid: "9843f2bdd99740bc8552a54f06d06462" member_type: VOTER last_known_addr { host: "127.25.242.131" port: 42331 } } peers { permanent_uuid: "2a50e4a5cd084ed7b05f6dd5c14252d7" member_type: VOTER last_known_addr { host: "127.25.242.132" port: 39593 } } peers { permanent_uuid: "a734b4914f484d248e8e5b6e2dce177e" member_type: VOTER last_known_addr { host: "127.25.242.129" port: 35999 } }
I20260630 12:21:23.720844 29932 leader_election.cc:290] T 6d9693c12fe2494699c66f7a3e3168e2 P a734b4914f484d248e8e5b6e2dce177e [CANDIDATE]: Term 1 pre-election: Requested pre-vote from peers 9843f2bdd99740bc8552a54f06d06462 (127.25.242.131:42331), 2a50e4a5cd084ed7b05f6dd5c14252d7 (127.25.242.132:39593)
I20260630 12:21:23.723330 29885 tablet_service.cc:1917] Received RequestConsensusVote() RPC: tablet_id: "6d9693c12fe2494699c66f7a3e3168e2" candidate_uuid: "a734b4914f484d248e8e5b6e2dce177e" candidate_term: 1 candidate_status { last_received { term: 0 index: 0 } } ignore_live_leader: false dest_uuid: "2a50e4a5cd084ed7b05f6dd5c14252d7" is_pre_election: true
I20260630 12:21:23.724102 29885 raft_consensus.cc:2468] T 6d9693c12fe2494699c66f7a3e3168e2 P 2a50e4a5cd084ed7b05f6dd5c14252d7 [term 0 FOLLOWER]: Leader pre-election vote request: Granting yes vote for candidate a734b4914f484d248e8e5b6e2dce177e in term 0.
I20260630 12:21:23.726137 29699 tablet_service.cc:1917] Received RequestConsensusVote() RPC: tablet_id: "6d9693c12fe2494699c66f7a3e3168e2" candidate_uuid: "a734b4914f484d248e8e5b6e2dce177e" candidate_term: 1 candidate_status { last_received { term: 0 index: 0 } } ignore_live_leader: false dest_uuid: "9843f2bdd99740bc8552a54f06d06462" is_pre_election: true
I20260630 12:21:23.728134 29699 raft_consensus.cc:2468] T 6d9693c12fe2494699c66f7a3e3168e2 P 9843f2bdd99740bc8552a54f06d06462 [term 0 FOLLOWER]: Leader pre-election vote request: Granting yes vote for candidate a734b4914f484d248e8e5b6e2dce177e in term 0.
I20260630 12:21:23.727349 29514 leader_election.cc:304] T 6d9693c12fe2494699c66f7a3e3168e2 P a734b4914f484d248e8e5b6e2dce177e [CANDIDATE]: Term 1 pre-election: Election decided. Result: candidate won. Election summary: received 2 responses out of 3 voters: 2 yes votes; 0 no votes. yes voters: 2a50e4a5cd084ed7b05f6dd5c14252d7, a734b4914f484d248e8e5b6e2dce177e; no voters: 
I20260630 12:21:23.730228 29931 raft_consensus.cc:2804] T 6d9693c12fe2494699c66f7a3e3168e2 P a734b4914f484d248e8e5b6e2dce177e [term 0 FOLLOWER]: Leader pre-election won for term 1
I20260630 12:21:23.730716 29931 raft_consensus.cc:493] T 6d9693c12fe2494699c66f7a3e3168e2 P a734b4914f484d248e8e5b6e2dce177e [term 0 FOLLOWER]: Starting leader election (no leader contacted us within the election timeout)
I20260630 12:21:23.731122 29931 raft_consensus.cc:3060] T 6d9693c12fe2494699c66f7a3e3168e2 P a734b4914f484d248e8e5b6e2dce177e [term 0 FOLLOWER]: Advancing to term 1
I20260630 12:21:23.712018 29925 raft_consensus.cc:2804] T bd448fce4fb349f2892f0325334817be P 5f9d62de9d984601b9ac71c0c49e0c1d [term 1 FOLLOWER]: Leader election won for term 1
I20260630 12:21:23.735685 29925 raft_consensus.cc:697] T bd448fce4fb349f2892f0325334817be P 5f9d62de9d984601b9ac71c0c49e0c1d [term 1 LEADER]: Becoming Leader. State: Replica: 5f9d62de9d984601b9ac71c0c49e0c1d, State: Running, Role: LEADER
I20260630 12:21:23.736620 29925 consensus_queue.cc:237] T bd448fce4fb349f2892f0325334817be P 5f9d62de9d984601b9ac71c0c49e0c1d [LEADER]: Queue going to LEADER mode. State: All replicated index: 0, Majority replicated index: 0, Committed index: 0, Last appended: 0.0, Last appended by leader: 0, Current term: 1, Majority size: 2, State: 0, Mode: LEADER, active raft config: opid_index: -1 OBSOLETE_local: false peers { permanent_uuid: "5f9d62de9d984601b9ac71c0c49e0c1d" member_type: VOTER last_known_addr { host: "127.25.242.130" port: 38171 } } peers { permanent_uuid: "a734b4914f484d248e8e5b6e2dce177e" member_type: VOTER last_known_addr { host: "127.25.242.129" port: 35999 } } peers { permanent_uuid: "2a50e4a5cd084ed7b05f6dd5c14252d7" member_type: VOTER last_known_addr { host: "127.25.242.132" port: 39593 } }
I20260630 12:21:23.754369 29931 raft_consensus.cc:515] T 6d9693c12fe2494699c66f7a3e3168e2 P a734b4914f484d248e8e5b6e2dce177e [term 1 FOLLOWER]: Starting leader election with config: opid_index: -1 OBSOLETE_local: false peers { permanent_uuid: "9843f2bdd99740bc8552a54f06d06462" member_type: VOTER last_known_addr { host: "127.25.242.131" port: 42331 } } peers { permanent_uuid: "2a50e4a5cd084ed7b05f6dd5c14252d7" member_type: VOTER last_known_addr { host: "127.25.242.132" port: 39593 } } peers { permanent_uuid: "a734b4914f484d248e8e5b6e2dce177e" member_type: VOTER last_known_addr { host: "127.25.242.129" port: 35999 } }
I20260630 12:21:23.757637 29699 tablet_service.cc:1917] Received RequestConsensusVote() RPC: tablet_id: "6d9693c12fe2494699c66f7a3e3168e2" candidate_uuid: "a734b4914f484d248e8e5b6e2dce177e" candidate_term: 1 candidate_status { last_received { term: 0 index: 0 } } ignore_live_leader: false dest_uuid: "9843f2bdd99740bc8552a54f06d06462"
I20260630 12:21:23.758323 29699 raft_consensus.cc:3060] T 6d9693c12fe2494699c66f7a3e3168e2 P 9843f2bdd99740bc8552a54f06d06462 [term 0 FOLLOWER]: Advancing to term 1
I20260630 12:21:23.768838 29951 consensus_queue.cc:1048] T 92ced60f20154977a7fee9561a9ae95f P 9843f2bdd99740bc8552a54f06d06462 [LEADER]: Connected to new peer: Peer: permanent_uuid: "a734b4914f484d248e8e5b6e2dce177e" member_type: VOTER last_known_addr { host: "127.25.242.129" port: 35999 }, Status: LMP_MISMATCH, Last received: 0.0, Next index: 1, Last known committed idx: 0, Time since last communication: 0.000s
I20260630 12:21:23.770938 29924 tablet_bootstrap.cc:492] T 9e225e91602b46f990b40eddfffd6ef4 P 2a50e4a5cd084ed7b05f6dd5c14252d7: No bootstrap required, opened a new log
I20260630 12:21:23.771515 29924 ts_tablet_manager.cc:1403] T 9e225e91602b46f990b40eddfffd6ef4 P 2a50e4a5cd084ed7b05f6dd5c14252d7: Time spent bootstrapping tablet: real 0.127s	user 0.069s	sys 0.053s
I20260630 12:21:23.774636 29924 raft_consensus.cc:359] T 9e225e91602b46f990b40eddfffd6ef4 P 2a50e4a5cd084ed7b05f6dd5c14252d7 [term 0 FOLLOWER]: Replica starting. Triggering 0 pending ops. Active config: opid_index: -1 OBSOLETE_local: false peers { permanent_uuid: "a734b4914f484d248e8e5b6e2dce177e" member_type: VOTER last_known_addr { host: "127.25.242.129" port: 35999 } } peers { permanent_uuid: "2a50e4a5cd084ed7b05f6dd5c14252d7" member_type: VOTER last_known_addr { host: "127.25.242.132" port: 39593 } } peers { permanent_uuid: "9843f2bdd99740bc8552a54f06d06462" member_type: VOTER last_known_addr { host: "127.25.242.131" port: 42331 } }
I20260630 12:21:23.775382 29924 raft_consensus.cc:385] T 9e225e91602b46f990b40eddfffd6ef4 P 2a50e4a5cd084ed7b05f6dd5c14252d7 [term 0 FOLLOWER]: Consensus starting up: Expiring failure detector timer to make a prompt election more likely
I20260630 12:21:23.775689 29924 raft_consensus.cc:740] T 9e225e91602b46f990b40eddfffd6ef4 P 2a50e4a5cd084ed7b05f6dd5c14252d7 [term 0 FOLLOWER]: Becoming Follower/Learner. State: Replica: 2a50e4a5cd084ed7b05f6dd5c14252d7, State: Initialized, Role: FOLLOWER
I20260630 12:21:23.768796 29699 raft_consensus.cc:2468] T 6d9693c12fe2494699c66f7a3e3168e2 P 9843f2bdd99740bc8552a54f06d06462 [term 1 FOLLOWER]: Leader election vote request: Granting yes vote for candidate a734b4914f484d248e8e5b6e2dce177e in term 1.
I20260630 12:21:23.776575 29924 consensus_queue.cc:260] T 9e225e91602b46f990b40eddfffd6ef4 P 2a50e4a5cd084ed7b05f6dd5c14252d7 [NON_LEADER]: Queue going to NON_LEADER mode. State: All replicated index: 0, Majority replicated index: 0, Committed index: 0, Last appended: 0.0, Last appended by leader: 0, Current term: 0, Majority size: -1, State: 0, Mode: NON_LEADER, active raft config: opid_index: -1 OBSOLETE_local: false peers { permanent_uuid: "a734b4914f484d248e8e5b6e2dce177e" member_type: VOTER last_known_addr { host: "127.25.242.129" port: 35999 } } peers { permanent_uuid: "2a50e4a5cd084ed7b05f6dd5c14252d7" member_type: VOTER last_known_addr { host: "127.25.242.132" port: 39593 } } peers { permanent_uuid: "9843f2bdd99740bc8552a54f06d06462" member_type: VOTER last_known_addr { host: "127.25.242.131" port: 42331 } }
I20260630 12:21:23.777556 29513 leader_election.cc:304] T 6d9693c12fe2494699c66f7a3e3168e2 P a734b4914f484d248e8e5b6e2dce177e [CANDIDATE]: Term 1 election: Election decided. Result: candidate won. Election summary: received 2 responses out of 3 voters: 2 yes votes; 0 no votes. yes voters: 9843f2bdd99740bc8552a54f06d06462, a734b4914f484d248e8e5b6e2dce177e; no voters: 
I20260630 12:21:23.778568 29932 raft_consensus.cc:2804] T 6d9693c12fe2494699c66f7a3e3168e2 P a734b4914f484d248e8e5b6e2dce177e [term 1 FOLLOWER]: Leader election won for term 1
I20260630 12:21:23.779302 29959 raft_consensus.cc:493] T 0761494bc8fb43d9806766988d1042b9 P 2a50e4a5cd084ed7b05f6dd5c14252d7 [term 0 FOLLOWER]: Starting pre-election (no leader contacted us within the election timeout)
I20260630 12:21:23.784454 29932 raft_consensus.cc:697] T 6d9693c12fe2494699c66f7a3e3168e2 P a734b4914f484d248e8e5b6e2dce177e [term 1 LEADER]: Becoming Leader. State: Replica: a734b4914f484d248e8e5b6e2dce177e, State: Running, Role: LEADER
I20260630 12:21:23.784478 29959 raft_consensus.cc:515] T 0761494bc8fb43d9806766988d1042b9 P 2a50e4a5cd084ed7b05f6dd5c14252d7 [term 0 FOLLOWER]: Starting pre-election with config: opid_index: -1 OBSOLETE_local: false peers { permanent_uuid: "5f9d62de9d984601b9ac71c0c49e0c1d" member_type: VOTER last_known_addr { host: "127.25.242.130" port: 38171 } } peers { permanent_uuid: "9843f2bdd99740bc8552a54f06d06462" member_type: VOTER last_known_addr { host: "127.25.242.131" port: 42331 } } peers { permanent_uuid: "2a50e4a5cd084ed7b05f6dd5c14252d7" member_type: VOTER last_known_addr { host: "127.25.242.132" port: 39593 } }
I20260630 12:21:23.785393 29932 consensus_queue.cc:237] T 6d9693c12fe2494699c66f7a3e3168e2 P a734b4914f484d248e8e5b6e2dce177e [LEADER]: Queue going to LEADER mode. State: All replicated index: 0, Majority replicated index: 0, Committed index: 0, Last appended: 0.0, Last appended by leader: 0, Current term: 1, Majority size: 2, State: 0, Mode: LEADER, active raft config: opid_index: -1 OBSOLETE_local: false peers { permanent_uuid: "9843f2bdd99740bc8552a54f06d06462" member_type: VOTER last_known_addr { host: "127.25.242.131" port: 42331 } } peers { permanent_uuid: "2a50e4a5cd084ed7b05f6dd5c14252d7" member_type: VOTER last_known_addr { host: "127.25.242.132" port: 39593 } } peers { permanent_uuid: "a734b4914f484d248e8e5b6e2dce177e" member_type: VOTER last_known_addr { host: "127.25.242.129" port: 35999 } }
I20260630 12:21:23.786770 29959 leader_election.cc:290] T 0761494bc8fb43d9806766988d1042b9 P 2a50e4a5cd084ed7b05f6dd5c14252d7 [CANDIDATE]: Term 1 pre-election: Requested pre-vote from peers 5f9d62de9d984601b9ac71c0c49e0c1d (127.25.242.130:38171), 9843f2bdd99740bc8552a54f06d06462 (127.25.242.131:42331)
I20260630 12:21:23.780424 29885 tablet_service.cc:1917] Received RequestConsensusVote() RPC: tablet_id: "6d9693c12fe2494699c66f7a3e3168e2" candidate_uuid: "a734b4914f484d248e8e5b6e2dce177e" candidate_term: 1 candidate_status { last_received { term: 0 index: 0 } } ignore_live_leader: false dest_uuid: "2a50e4a5cd084ed7b05f6dd5c14252d7"
I20260630 12:21:23.788467 29885 raft_consensus.cc:3060] T 6d9693c12fe2494699c66f7a3e3168e2 P 2a50e4a5cd084ed7b05f6dd5c14252d7 [term 0 FOLLOWER]: Advancing to term 1
I20260630 12:21:23.788877 29624 tablet_service.cc:1917] Received RequestConsensusVote() RPC: tablet_id: "0761494bc8fb43d9806766988d1042b9" candidate_uuid: "2a50e4a5cd084ed7b05f6dd5c14252d7" candidate_term: 1 candidate_status { last_received { term: 0 index: 0 } } ignore_live_leader: false dest_uuid: "5f9d62de9d984601b9ac71c0c49e0c1d" is_pre_election: true
I20260630 12:21:23.789745 29699 tablet_service.cc:1917] Received RequestConsensusVote() RPC: tablet_id: "0761494bc8fb43d9806766988d1042b9" candidate_uuid: "2a50e4a5cd084ed7b05f6dd5c14252d7" candidate_term: 1 candidate_status { last_received { term: 0 index: 0 } } ignore_live_leader: false dest_uuid: "9843f2bdd99740bc8552a54f06d06462" is_pre_election: true
I20260630 12:21:23.782411 29444 catalog_manager.cc:5697] T bd448fce4fb349f2892f0325334817be P 5f9d62de9d984601b9ac71c0c49e0c1d reported cstate change: term changed from 0 to 1, leader changed from <none> to 5f9d62de9d984601b9ac71c0c49e0c1d (127.25.242.130). New cstate: current_term: 1 leader_uuid: "5f9d62de9d984601b9ac71c0c49e0c1d" committed_config { opid_index: -1 OBSOLETE_local: false peers { permanent_uuid: "5f9d62de9d984601b9ac71c0c49e0c1d" member_type: VOTER last_known_addr { host: "127.25.242.130" port: 38171 } health_report { overall_health: HEALTHY } } peers { permanent_uuid: "a734b4914f484d248e8e5b6e2dce177e" member_type: VOTER last_known_addr { host: "127.25.242.129" port: 35999 } health_report { overall_health: UNKNOWN } } peers { permanent_uuid: "2a50e4a5cd084ed7b05f6dd5c14252d7" member_type: VOTER last_known_addr { host: "127.25.242.132" port: 39593 } health_report { overall_health: UNKNOWN } } }
I20260630 12:21:23.790225 29624 raft_consensus.cc:2393] T 0761494bc8fb43d9806766988d1042b9 P 5f9d62de9d984601b9ac71c0c49e0c1d [term 1 FOLLOWER]: Leader pre-election vote request: Denying vote to candidate 2a50e4a5cd084ed7b05f6dd5c14252d7 in current term 1: Already voted for candidate 9843f2bdd99740bc8552a54f06d06462 in this term.
I20260630 12:21:23.779259 29931 leader_election.cc:290] T 6d9693c12fe2494699c66f7a3e3168e2 P a734b4914f484d248e8e5b6e2dce177e [CANDIDATE]: Term 1 election: Requested vote from peers 9843f2bdd99740bc8552a54f06d06462 (127.25.242.131:42331), 2a50e4a5cd084ed7b05f6dd5c14252d7 (127.25.242.132:39593)
I20260630 12:21:23.781038 29924 ts_tablet_manager.cc:1434] T 9e225e91602b46f990b40eddfffd6ef4 P 2a50e4a5cd084ed7b05f6dd5c14252d7: Time spent starting tablet: real 0.009s	user 0.008s	sys 0.000s
I20260630 12:21:23.798324 29885 raft_consensus.cc:2468] T 6d9693c12fe2494699c66f7a3e3168e2 P 2a50e4a5cd084ed7b05f6dd5c14252d7 [term 1 FOLLOWER]: Leader election vote request: Granting yes vote for candidate a734b4914f484d248e8e5b6e2dce177e in term 1.
I20260630 12:21:23.809988 29850 leader_election.cc:304] T 0761494bc8fb43d9806766988d1042b9 P 2a50e4a5cd084ed7b05f6dd5c14252d7 [CANDIDATE]: Term 1 pre-election: Election decided. Result: candidate lost. Election summary: received 3 responses out of 3 voters: 1 yes votes; 2 no votes. yes voters: 2a50e4a5cd084ed7b05f6dd5c14252d7; no voters: 5f9d62de9d984601b9ac71c0c49e0c1d, 9843f2bdd99740bc8552a54f06d06462
I20260630 12:21:23.811246 29959 raft_consensus.cc:3060] T 0761494bc8fb43d9806766988d1042b9 P 2a50e4a5cd084ed7b05f6dd5c14252d7 [term 0 FOLLOWER]: Advancing to term 1
I20260630 12:21:23.818485 29959 raft_consensus.cc:2749] T 0761494bc8fb43d9806766988d1042b9 P 2a50e4a5cd084ed7b05f6dd5c14252d7 [term 1 FOLLOWER]: Leader pre-election lost for term 1. Reason: could not achieve majority
I20260630 12:21:23.829732 29447 catalog_manager.cc:5697] T 6d9693c12fe2494699c66f7a3e3168e2 P a734b4914f484d248e8e5b6e2dce177e reported cstate change: term changed from 0 to 1, leader changed from <none> to a734b4914f484d248e8e5b6e2dce177e (127.25.242.129). New cstate: current_term: 1 leader_uuid: "a734b4914f484d248e8e5b6e2dce177e" committed_config { opid_index: -1 OBSOLETE_local: false peers { permanent_uuid: "9843f2bdd99740bc8552a54f06d06462" member_type: VOTER last_known_addr { host: "127.25.242.131" port: 42331 } health_report { overall_health: UNKNOWN } } peers { permanent_uuid: "2a50e4a5cd084ed7b05f6dd5c14252d7" member_type: VOTER last_known_addr { host: "127.25.242.132" port: 39593 } health_report { overall_health: UNKNOWN } } peers { permanent_uuid: "a734b4914f484d248e8e5b6e2dce177e" member_type: VOTER last_known_addr { host: "127.25.242.129" port: 35999 } health_report { overall_health: HEALTHY } } }
I20260630 12:21:23.836922 29951 consensus_queue.cc:1048] T 92ced60f20154977a7fee9561a9ae95f P 9843f2bdd99740bc8552a54f06d06462 [LEADER]: Connected to new peer: Peer: permanent_uuid: "2a50e4a5cd084ed7b05f6dd5c14252d7" member_type: VOTER last_known_addr { host: "127.25.242.132" port: 39593 }, Status: LMP_MISMATCH, Last received: 0.0, Next index: 1, Last known committed idx: 0, Time since last communication: 0.000s
I20260630 12:21:23.844805 29951 raft_consensus.cc:493] T 9e225e91602b46f990b40eddfffd6ef4 P 9843f2bdd99740bc8552a54f06d06462 [term 0 FOLLOWER]: Starting pre-election (no leader contacted us within the election timeout)
I20260630 12:21:23.845248 29951 raft_consensus.cc:515] T 9e225e91602b46f990b40eddfffd6ef4 P 9843f2bdd99740bc8552a54f06d06462 [term 0 FOLLOWER]: Starting pre-election with config: opid_index: -1 OBSOLETE_local: false peers { permanent_uuid: "a734b4914f484d248e8e5b6e2dce177e" member_type: VOTER last_known_addr { host: "127.25.242.129" port: 35999 } } peers { permanent_uuid: "2a50e4a5cd084ed7b05f6dd5c14252d7" member_type: VOTER last_known_addr { host: "127.25.242.132" port: 39593 } } peers { permanent_uuid: "9843f2bdd99740bc8552a54f06d06462" member_type: VOTER last_known_addr { host: "127.25.242.131" port: 42331 } }
I20260630 12:21:23.847678 29951 leader_election.cc:290] T 9e225e91602b46f990b40eddfffd6ef4 P 9843f2bdd99740bc8552a54f06d06462 [CANDIDATE]: Term 1 pre-election: Requested pre-vote from peers a734b4914f484d248e8e5b6e2dce177e (127.25.242.129:35999), 2a50e4a5cd084ed7b05f6dd5c14252d7 (127.25.242.132:39593)
I20260630 12:21:23.848508 29550 tablet_service.cc:1917] Received RequestConsensusVote() RPC: tablet_id: "9e225e91602b46f990b40eddfffd6ef4" candidate_uuid: "9843f2bdd99740bc8552a54f06d06462" candidate_term: 1 candidate_status { last_received { term: 0 index: 0 } } ignore_live_leader: false dest_uuid: "a734b4914f484d248e8e5b6e2dce177e" is_pre_election: true
I20260630 12:21:23.849102 29550 raft_consensus.cc:2468] T 9e225e91602b46f990b40eddfffd6ef4 P a734b4914f484d248e8e5b6e2dce177e [term 0 FOLLOWER]: Leader pre-election vote request: Granting yes vote for candidate 9843f2bdd99740bc8552a54f06d06462 in term 0.
I20260630 12:21:23.850237 29665 leader_election.cc:304] T 9e225e91602b46f990b40eddfffd6ef4 P 9843f2bdd99740bc8552a54f06d06462 [CANDIDATE]: Term 1 pre-election: Election decided. Result: candidate won. Election summary: received 2 responses out of 3 voters: 2 yes votes; 0 no votes. yes voters: 9843f2bdd99740bc8552a54f06d06462, a734b4914f484d248e8e5b6e2dce177e; no voters: 
I20260630 12:21:23.851261 29951 raft_consensus.cc:2804] T 9e225e91602b46f990b40eddfffd6ef4 P 9843f2bdd99740bc8552a54f06d06462 [term 0 FOLLOWER]: Leader pre-election won for term 1
I20260630 12:21:23.851684 29951 raft_consensus.cc:493] T 9e225e91602b46f990b40eddfffd6ef4 P 9843f2bdd99740bc8552a54f06d06462 [term 0 FOLLOWER]: Starting leader election (no leader contacted us within the election timeout)
I20260630 12:21:23.851974 29951 raft_consensus.cc:3060] T 9e225e91602b46f990b40eddfffd6ef4 P 9843f2bdd99740bc8552a54f06d06462 [term 0 FOLLOWER]: Advancing to term 1
I20260630 12:21:23.852285 29955 consensus_queue.cc:1048] T e3a978beb4c44ce688d6eb9a84c912f8 P 5f9d62de9d984601b9ac71c0c49e0c1d [LEADER]: Connected to new peer: Peer: permanent_uuid: "2a50e4a5cd084ed7b05f6dd5c14252d7" member_type: VOTER last_known_addr { host: "127.25.242.132" port: 39593 }, Status: LMP_MISMATCH, Last received: 0.0, Next index: 1, Last known committed idx: 0, Time since last communication: 0.000s
I20260630 12:21:23.859097 29951 raft_consensus.cc:515] T 9e225e91602b46f990b40eddfffd6ef4 P 9843f2bdd99740bc8552a54f06d06462 [term 1 FOLLOWER]: Starting leader election with config: opid_index: -1 OBSOLETE_local: false peers { permanent_uuid: "a734b4914f484d248e8e5b6e2dce177e" member_type: VOTER last_known_addr { host: "127.25.242.129" port: 35999 } } peers { permanent_uuid: "2a50e4a5cd084ed7b05f6dd5c14252d7" member_type: VOTER last_known_addr { host: "127.25.242.132" port: 39593 } } peers { permanent_uuid: "9843f2bdd99740bc8552a54f06d06462" member_type: VOTER last_known_addr { host: "127.25.242.131" port: 42331 } }
I20260630 12:21:23.859701 29961 consensus_queue.cc:1048] T 0761494bc8fb43d9806766988d1042b9 P 9843f2bdd99740bc8552a54f06d06462 [LEADER]: Connected to new peer: Peer: permanent_uuid: "2a50e4a5cd084ed7b05f6dd5c14252d7" member_type: VOTER last_known_addr { host: "127.25.242.132" port: 39593 }, Status: LMP_MISMATCH, Last received: 0.0, Next index: 1, Last known committed idx: 0, Time since last communication: 0.000s
I20260630 12:21:23.861593 29951 leader_election.cc:290] T 9e225e91602b46f990b40eddfffd6ef4 P 9843f2bdd99740bc8552a54f06d06462 [CANDIDATE]: Term 1 election: Requested vote from peers a734b4914f484d248e8e5b6e2dce177e (127.25.242.129:35999), 2a50e4a5cd084ed7b05f6dd5c14252d7 (127.25.242.132:39593)
I20260630 12:21:23.862047 29883 tablet_service.cc:1917] Received RequestConsensusVote() RPC: tablet_id: "9e225e91602b46f990b40eddfffd6ef4" candidate_uuid: "9843f2bdd99740bc8552a54f06d06462" candidate_term: 1 candidate_status { last_received { term: 0 index: 0 } } ignore_live_leader: false dest_uuid: "2a50e4a5cd084ed7b05f6dd5c14252d7" is_pre_election: true
I20260630 12:21:23.862766 29883 raft_consensus.cc:2468] T 9e225e91602b46f990b40eddfffd6ef4 P 2a50e4a5cd084ed7b05f6dd5c14252d7 [term 0 FOLLOWER]: Leader pre-election vote request: Granting yes vote for candidate 9843f2bdd99740bc8552a54f06d06462 in term 0.
I20260630 12:21:23.862924 29550 tablet_service.cc:1917] Received RequestConsensusVote() RPC: tablet_id: "9e225e91602b46f990b40eddfffd6ef4" candidate_uuid: "9843f2bdd99740bc8552a54f06d06462" candidate_term: 1 candidate_status { last_received { term: 0 index: 0 } } ignore_live_leader: false dest_uuid: "a734b4914f484d248e8e5b6e2dce177e"
I20260630 12:21:23.863531 29550 raft_consensus.cc:3060] T 9e225e91602b46f990b40eddfffd6ef4 P a734b4914f484d248e8e5b6e2dce177e [term 0 FOLLOWER]: Advancing to term 1
I20260630 12:21:23.866259 29925 consensus_queue.cc:1048] T a8d1bb65985c480188f2f6a5b5571e92 P 5f9d62de9d984601b9ac71c0c49e0c1d [LEADER]: Connected to new peer: Peer: permanent_uuid: "2a50e4a5cd084ed7b05f6dd5c14252d7" member_type: VOTER last_known_addr { host: "127.25.242.132" port: 39593 }, Status: LMP_MISMATCH, Last received: 0.0, Next index: 1, Last known committed idx: 0, Time since last communication: 0.000s
I20260630 12:21:23.871943 29883 tablet_service.cc:1917] Received RequestConsensusVote() RPC: tablet_id: "9e225e91602b46f990b40eddfffd6ef4" candidate_uuid: "9843f2bdd99740bc8552a54f06d06462" candidate_term: 1 candidate_status { last_received { term: 0 index: 0 } } ignore_live_leader: false dest_uuid: "2a50e4a5cd084ed7b05f6dd5c14252d7"
I20260630 12:21:23.872756 29883 raft_consensus.cc:3060] T 9e225e91602b46f990b40eddfffd6ef4 P 2a50e4a5cd084ed7b05f6dd5c14252d7 [term 0 FOLLOWER]: Advancing to term 1
I20260630 12:21:23.889463 29883 raft_consensus.cc:2468] T 9e225e91602b46f990b40eddfffd6ef4 P 2a50e4a5cd084ed7b05f6dd5c14252d7 [term 1 FOLLOWER]: Leader election vote request: Granting yes vote for candidate 9843f2bdd99740bc8552a54f06d06462 in term 1.
I20260630 12:21:23.890659 29663 leader_election.cc:304] T 9e225e91602b46f990b40eddfffd6ef4 P 9843f2bdd99740bc8552a54f06d06462 [CANDIDATE]: Term 1 election: Election decided. Result: candidate won. Election summary: received 2 responses out of 3 voters: 2 yes votes; 0 no votes. yes voters: 2a50e4a5cd084ed7b05f6dd5c14252d7, 9843f2bdd99740bc8552a54f06d06462; no voters: 
I20260630 12:21:23.891492 29951 raft_consensus.cc:2804] T 9e225e91602b46f990b40eddfffd6ef4 P 9843f2bdd99740bc8552a54f06d06462 [term 1 FOLLOWER]: Leader election won for term 1
I20260630 12:21:23.892413 29955 consensus_queue.cc:1048] T e3a978beb4c44ce688d6eb9a84c912f8 P 5f9d62de9d984601b9ac71c0c49e0c1d [LEADER]: Connected to new peer: Peer: permanent_uuid: "9843f2bdd99740bc8552a54f06d06462" member_type: VOTER last_known_addr { host: "127.25.242.131" port: 42331 }, Status: LMP_MISMATCH, Last received: 0.0, Next index: 1, Last known committed idx: 0, Time since last communication: 0.000s
I20260630 12:21:23.892743 29951 raft_consensus.cc:697] T 9e225e91602b46f990b40eddfffd6ef4 P 9843f2bdd99740bc8552a54f06d06462 [term 1 LEADER]: Becoming Leader. State: Replica: 9843f2bdd99740bc8552a54f06d06462, State: Running, Role: LEADER
I20260630 12:21:23.893508 29550 raft_consensus.cc:2468] T 9e225e91602b46f990b40eddfffd6ef4 P a734b4914f484d248e8e5b6e2dce177e [term 1 FOLLOWER]: Leader election vote request: Granting yes vote for candidate 9843f2bdd99740bc8552a54f06d06462 in term 1.
I20260630 12:21:23.893594 29951 consensus_queue.cc:237] T 9e225e91602b46f990b40eddfffd6ef4 P 9843f2bdd99740bc8552a54f06d06462 [LEADER]: Queue going to LEADER mode. State: All replicated index: 0, Majority replicated index: 0, Committed index: 0, Last appended: 0.0, Last appended by leader: 0, Current term: 1, Majority size: 2, State: 0, Mode: LEADER, active raft config: opid_index: -1 OBSOLETE_local: false peers { permanent_uuid: "a734b4914f484d248e8e5b6e2dce177e" member_type: VOTER last_known_addr { host: "127.25.242.129" port: 35999 } } peers { permanent_uuid: "2a50e4a5cd084ed7b05f6dd5c14252d7" member_type: VOTER last_known_addr { host: "127.25.242.132" port: 39593 } } peers { permanent_uuid: "9843f2bdd99740bc8552a54f06d06462" member_type: VOTER last_known_addr { host: "127.25.242.131" port: 42331 } }
I20260630 12:21:23.929284 29444 catalog_manager.cc:5697] T 9e225e91602b46f990b40eddfffd6ef4 P 9843f2bdd99740bc8552a54f06d06462 reported cstate change: term changed from 0 to 1, leader changed from <none> to 9843f2bdd99740bc8552a54f06d06462 (127.25.242.131). New cstate: current_term: 1 leader_uuid: "9843f2bdd99740bc8552a54f06d06462" committed_config { opid_index: -1 OBSOLETE_local: false peers { permanent_uuid: "a734b4914f484d248e8e5b6e2dce177e" member_type: VOTER last_known_addr { host: "127.25.242.129" port: 35999 } health_report { overall_health: UNKNOWN } } peers { permanent_uuid: "2a50e4a5cd084ed7b05f6dd5c14252d7" member_type: VOTER last_known_addr { host: "127.25.242.132" port: 39593 } health_report { overall_health: UNKNOWN } } peers { permanent_uuid: "9843f2bdd99740bc8552a54f06d06462" member_type: VOTER last_known_addr { host: "127.25.242.131" port: 42331 } health_report { overall_health: HEALTHY } } }
I20260630 12:21:23.933070 29961 consensus_queue.cc:1048] T 0761494bc8fb43d9806766988d1042b9 P 9843f2bdd99740bc8552a54f06d06462 [LEADER]: Connected to new peer: Peer: permanent_uuid: "5f9d62de9d984601b9ac71c0c49e0c1d" member_type: VOTER last_known_addr { host: "127.25.242.130" port: 38171 }, Status: LMP_MISMATCH, Last received: 0.0, Next index: 1, Last known committed idx: 0, Time since last communication: 0.001s
I20260630 12:21:23.936681 29955 consensus_queue.cc:1048] T a8d1bb65985c480188f2f6a5b5571e92 P 5f9d62de9d984601b9ac71c0c49e0c1d [LEADER]: Connected to new peer: Peer: permanent_uuid: "a734b4914f484d248e8e5b6e2dce177e" member_type: VOTER last_known_addr { host: "127.25.242.129" port: 35999 }, Status: LMP_MISMATCH, Last received: 0.0, Next index: 1, Last known committed idx: 0, Time since last communication: 0.000s
I20260630 12:21:24.072811 29501 auto_leader_rebalancer.cc:141] leader rebalance for table range_aware_rebalance_new_range
I20260630 12:21:24.102502 29550 tablet_service.cc:2072] Received LeaderStepDown RPC: tablet_id: "87b65a6b64ff485ebded6d3599979ff4"
dest_uuid: "a734b4914f484d248e8e5b6e2dce177e"
mode: GRACEFUL
new_leader_uuid: "5f9d62de9d984601b9ac71c0c49e0c1d"
 from {username='slave'} at 127.0.0.1:47418
I20260630 12:21:24.103359 29550 raft_consensus.cc:606] T 87b65a6b64ff485ebded6d3599979ff4 P a734b4914f484d248e8e5b6e2dce177e [term 2 LEADER]: Received request to transfer leadership to TS 5f9d62de9d984601b9ac71c0c49e0c1d
I20260630 12:21:24.117956 29699 tablet_service.cc:2072] Received LeaderStepDown RPC: tablet_id: "92ced60f20154977a7fee9561a9ae95f"
dest_uuid: "9843f2bdd99740bc8552a54f06d06462"
mode: GRACEFUL
new_leader_uuid: "2a50e4a5cd084ed7b05f6dd5c14252d7"
 from {username='slave'} at 127.0.0.1:50648
I20260630 12:21:24.118721 29699 raft_consensus.cc:606] T 92ced60f20154977a7fee9561a9ae95f P 9843f2bdd99740bc8552a54f06d06462 [term 1 LEADER]: Received request to transfer leadership to TS 2a50e4a5cd084ed7b05f6dd5c14252d7
I20260630 12:21:24.132460 29624 tablet_service.cc:2072] Received LeaderStepDown RPC: tablet_id: "ae9973d1229b4ee4ab602ecc00f629ce"
dest_uuid: "5f9d62de9d984601b9ac71c0c49e0c1d"
mode: GRACEFUL
new_leader_uuid: "a734b4914f484d248e8e5b6e2dce177e"
 from {username='slave'} at 127.0.0.1:32806
I20260630 12:21:24.133158 29624 raft_consensus.cc:606] T ae9973d1229b4ee4ab602ecc00f629ce P 5f9d62de9d984601b9ac71c0c49e0c1d [term 1 LEADER]: Received request to transfer leadership to TS a734b4914f484d248e8e5b6e2dce177e
I20260630 12:21:24.136404 29624 tablet_service.cc:2072] Received LeaderStepDown RPC: tablet_id: "bd448fce4fb349f2892f0325334817be"
dest_uuid: "5f9d62de9d984601b9ac71c0c49e0c1d"
mode: GRACEFUL
new_leader_uuid: "2a50e4a5cd084ed7b05f6dd5c14252d7"
 from {username='slave'} at 127.0.0.1:32806
I20260630 12:21:24.137066 29624 raft_consensus.cc:606] T bd448fce4fb349f2892f0325334817be P 5f9d62de9d984601b9ac71c0c49e0c1d [term 1 LEADER]: Received request to transfer leadership to TS 2a50e4a5cd084ed7b05f6dd5c14252d7
I20260630 12:21:24.140842 29501 auto_leader_rebalancer.cc:440] table: range_aware_rebalance_new_range, leader rebalance finish, leader transfer count: 4
I20260630 12:21:24.141710 29501 auto_leader_rebalancer.cc:515] All tables' leader rebalancing finished this round
I20260630 12:21:24.165910 29956 consensus_queue.cc:1048] T bd448fce4fb349f2892f0325334817be P 5f9d62de9d984601b9ac71c0c49e0c1d [LEADER]: Connected to new peer: Peer: permanent_uuid: "2a50e4a5cd084ed7b05f6dd5c14252d7" member_type: VOTER last_known_addr { host: "127.25.242.132" port: 39593 }, Status: LMP_MISMATCH, Last received: 0.0, Next index: 1, Last known committed idx: 0, Time since last communication: 0.000s
I20260630 12:21:24.174813 29956 raft_consensus.cc:993] T bd448fce4fb349f2892f0325334817be P 5f9d62de9d984601b9ac71c0c49e0c1d: : Instructing follower 2a50e4a5cd084ed7b05f6dd5c14252d7 to start an election
I20260630 12:21:24.175290 29956 raft_consensus.cc:1081] T bd448fce4fb349f2892f0325334817be P 5f9d62de9d984601b9ac71c0c49e0c1d [term 1 LEADER]: Signalling peer 2a50e4a5cd084ed7b05f6dd5c14252d7 to start an election
I20260630 12:21:24.180322 29925 consensus_queue.cc:1048] T bd448fce4fb349f2892f0325334817be P 5f9d62de9d984601b9ac71c0c49e0c1d [LEADER]: Connected to new peer: Peer: permanent_uuid: "a734b4914f484d248e8e5b6e2dce177e" member_type: VOTER last_known_addr { host: "127.25.242.129" port: 35999 }, Status: LMP_MISMATCH, Last received: 0.0, Next index: 1, Last known committed idx: 0, Time since last communication: 0.000s
I20260630 12:21:24.181514 29624 consensus_queue.cc:237] T 5c2ced3ef2c041dd94a5d83e29ca7483 P 5f9d62de9d984601b9ac71c0c49e0c1d [LEADER]: Queue going to LEADER mode. State: All replicated index: 0, Majority replicated index: 1, Committed index: 1, Last appended: 1.1, Last appended by leader: 0, Current term: 1, Majority size: 2, State: 0, Mode: LEADER, active raft config: opid_index: 2 OBSOLETE_local: false peers { permanent_uuid: "5f9d62de9d984601b9ac71c0c49e0c1d" member_type: VOTER last_known_addr { host: "127.25.242.130" port: 38171 } } peers { permanent_uuid: "a734b4914f484d248e8e5b6e2dce177e" member_type: VOTER last_known_addr { host: "127.25.242.129" port: 35999 } attrs { replace: true } } peers { permanent_uuid: "9843f2bdd99740bc8552a54f06d06462" member_type: VOTER last_known_addr { host: "127.25.242.131" port: 42331 } } peers { permanent_uuid: "2a50e4a5cd084ed7b05f6dd5c14252d7" member_type: NON_VOTER last_known_addr { host: "127.25.242.132" port: 39593 } attrs { promote: true } }
I20260630 12:21:24.183410 29884 tablet_service.cc:2044] Received Run Leader Election RPC: tablet_id: "bd448fce4fb349f2892f0325334817be"
dest_uuid: "2a50e4a5cd084ed7b05f6dd5c14252d7"
 from {username='slave'} at 127.0.0.1:56300
I20260630 12:21:24.187016 29884 raft_consensus.cc:493] T bd448fce4fb349f2892f0325334817be P 2a50e4a5cd084ed7b05f6dd5c14252d7 [term 1 FOLLOWER]: Starting forced leader election (received explicit request)
I20260630 12:21:24.187518 29884 raft_consensus.cc:3060] T bd448fce4fb349f2892f0325334817be P 2a50e4a5cd084ed7b05f6dd5c14252d7 [term 1 FOLLOWER]: Advancing to term 2
