I20260630 12:22:03.868204 31237 tablet_service.cc:1917] Received RequestConsensusVote() RPC: tablet_id: "94bfd0e852dd4020b7570a14169279eb" candidate_uuid: "53bb5590508a48d7bd89dda4e665c12c" candidate_term: 1 candidate_status { last_received { term: 0 index: 0 } } ignore_live_leader: false dest_uuid: "2ce7d8a86bf547d7baf5ab4d99f67b86" is_pre_election: true
I20260630 12:22:03.868775 31287 raft_consensus.cc:515] T 94bfd0e852dd4020b7570a14169279eb P 75351392b93c4025925b39c86d44a5c1 [term 0 FOLLOWER]: Starting pre-election with config: opid_index: -1 OBSOLETE_local: false peers { permanent_uuid: "75351392b93c4025925b39c86d44a5c1" member_type: VOTER last_known_addr { host: "127.25.242.129" port: 37609 } } peers { permanent_uuid: "53bb5590508a48d7bd89dda4e665c12c" member_type: VOTER last_known_addr { host: "127.25.242.130" port: 42997 } } peers { permanent_uuid: "2ce7d8a86bf547d7baf5ab4d99f67b86" member_type: VOTER last_known_addr { host: "127.25.242.131" port: 35699 } }
W20260630 12:22:03.870167 31128 leader_election.cc:343] T 94bfd0e852dd4020b7570a14169279eb P 53bb5590508a48d7bd89dda4e665c12c [CANDIDATE]: Term 1 pre-election: Tablet error from VoteRequest() call to peer 2ce7d8a86bf547d7baf5ab4d99f67b86 (127.25.242.131:35699): Illegal state: must be running to vote when last-logged opid is not known
I20260630 12:22:03.870428 31283 tablet_bootstrap.cc:492] T 99cfd19e6aa2475b9a3f453bbffe490b P 75351392b93c4025925b39c86d44a5c1: No bootstrap required, opened a new log
I20260630 12:22:03.870903 31283 ts_tablet_manager.cc:1403] T 99cfd19e6aa2475b9a3f453bbffe490b P 75351392b93c4025925b39c86d44a5c1: Time spent bootstrapping tablet: real 0.018s	user 0.010s	sys 0.004s
I20260630 12:22:03.863511 31289 leader_election.cc:290] T a9d7714dbd704012a916284027118665 P 2ce7d8a86bf547d7baf5ab4d99f67b86 [CANDIDATE]: Term 1 pre-election: Requested pre-vote from peers 75351392b93c4025925b39c86d44a5c1 (127.25.242.129:37609), 53bb5590508a48d7bd89dda4e665c12c (127.25.242.130:42997)
I20260630 12:22:03.873402 31287 leader_election.cc:290] T 94bfd0e852dd4020b7570a14169279eb P 75351392b93c4025925b39c86d44a5c1 [CANDIDATE]: Term 1 pre-election: Requested pre-vote from peers 53bb5590508a48d7bd89dda4e665c12c (127.25.242.130:42997), 2ce7d8a86bf547d7baf5ab4d99f67b86 (127.25.242.131:35699)
I20260630 12:22:03.873745 31283 raft_consensus.cc:359] T 99cfd19e6aa2475b9a3f453bbffe490b P 75351392b93c4025925b39c86d44a5c1 [term 0 FOLLOWER]: Replica starting. Triggering 0 pending ops. Active config: opid_index: -1 OBSOLETE_local: false peers { permanent_uuid: "75351392b93c4025925b39c86d44a5c1" member_type: VOTER last_known_addr { host: "127.25.242.129" port: 37609 } } peers { permanent_uuid: "53bb5590508a48d7bd89dda4e665c12c" member_type: VOTER last_known_addr { host: "127.25.242.130" port: 42997 } } peers { permanent_uuid: "2ce7d8a86bf547d7baf5ab4d99f67b86" member_type: VOTER last_known_addr { host: "127.25.242.131" port: 35699 } }
I20260630 12:22:03.874670 31283 raft_consensus.cc:385] T 99cfd19e6aa2475b9a3f453bbffe490b P 75351392b93c4025925b39c86d44a5c1 [term 0 FOLLOWER]: Consensus starting up: Expiring failure detector timer to make a prompt election more likely
I20260630 12:22:03.875046 31283 raft_consensus.cc:740] T 99cfd19e6aa2475b9a3f453bbffe490b P 75351392b93c4025925b39c86d44a5c1 [term 0 FOLLOWER]: Becoming Follower/Learner. State: Replica: 75351392b93c4025925b39c86d44a5c1, State: Initialized, Role: FOLLOWER
I20260630 12:22:03.875907 31283 consensus_queue.cc:260] T 99cfd19e6aa2475b9a3f453bbffe490b P 75351392b93c4025925b39c86d44a5c1 [NON_LEADER]: Queue going to NON_LEADER mode. State: All replicated index: 0, Majority replicated index: 0, Committed index: 0, Last appended: 0.0, Last appended by leader: 0, Current term: 0, Majority size: -1, State: 0, Mode: NON_LEADER, active raft config: opid_index: -1 OBSOLETE_local: false peers { permanent_uuid: "75351392b93c4025925b39c86d44a5c1" member_type: VOTER last_known_addr { host: "127.25.242.129" port: 37609 } } peers { permanent_uuid: "53bb5590508a48d7bd89dda4e665c12c" member_type: VOTER last_known_addr { host: "127.25.242.130" port: 42997 } } peers { permanent_uuid: "2ce7d8a86bf547d7baf5ab4d99f67b86" member_type: VOTER last_known_addr { host: "127.25.242.131" port: 35699 } }
I20260630 12:22:03.875973 31282 consensus_queue.cc:260] T 8e9e7805eee743c9979cfa045d6120aa P 2ce7d8a86bf547d7baf5ab4d99f67b86 [NON_LEADER]: Queue going to NON_LEADER mode. State: All replicated index: 0, Majority replicated index: 0, Committed index: 0, Last appended: 0.0, Last appended by leader: 0, Current term: 0, Majority size: -1, State: 0, Mode: NON_LEADER, active raft config: opid_index: -1 OBSOLETE_local: false peers { permanent_uuid: "75351392b93c4025925b39c86d44a5c1" member_type: VOTER last_known_addr { host: "127.25.242.129" port: 37609 } } peers { permanent_uuid: "53bb5590508a48d7bd89dda4e665c12c" member_type: VOTER last_known_addr { host: "127.25.242.130" port: 42997 } } peers { permanent_uuid: "2ce7d8a86bf547d7baf5ab4d99f67b86" member_type: VOTER last_known_addr { host: "127.25.242.131" port: 35699 } }
I20260630 12:22:03.878768 31283 ts_tablet_manager.cc:1434] T 99cfd19e6aa2475b9a3f453bbffe490b P 75351392b93c4025925b39c86d44a5c1: Time spent starting tablet: real 0.008s	user 0.007s	sys 0.000s
I20260630 12:22:03.868237 31284 raft_consensus.cc:359] T a9d7714dbd704012a916284027118665 P 53bb5590508a48d7bd89dda4e665c12c [term 0 FOLLOWER]: Replica starting. Triggering 0 pending ops. Active config: opid_index: -1 OBSOLETE_local: false peers { permanent_uuid: "75351392b93c4025925b39c86d44a5c1" member_type: VOTER last_known_addr { host: "127.25.242.129" port: 37609 } } peers { permanent_uuid: "53bb5590508a48d7bd89dda4e665c12c" member_type: VOTER last_known_addr { host: "127.25.242.130" port: 42997 } } peers { permanent_uuid: "2ce7d8a86bf547d7baf5ab4d99f67b86" member_type: VOTER last_known_addr { host: "127.25.242.131" port: 35699 } }
I20260630 12:22:03.879694 31284 raft_consensus.cc:385] T a9d7714dbd704012a916284027118665 P 53bb5590508a48d7bd89dda4e665c12c [term 0 FOLLOWER]: Consensus starting up: Expiring failure detector timer to make a prompt election more likely
I20260630 12:22:03.880131 31283 tablet_bootstrap.cc:492] T a9d7714dbd704012a916284027118665 P 75351392b93c4025925b39c86d44a5c1: Bootstrap starting.
I20260630 12:22:03.882630 31287 raft_consensus.cc:493] T 5615dda664af45488f18d3abc341409c P 75351392b93c4025925b39c86d44a5c1 [term 0 FOLLOWER]: Starting pre-election (no leader contacted us within the election timeout)
I20260630 12:22:03.880074 31284 raft_consensus.cc:740] T a9d7714dbd704012a916284027118665 P 53bb5590508a48d7bd89dda4e665c12c [term 0 FOLLOWER]: Becoming Follower/Learner. State: Replica: 53bb5590508a48d7bd89dda4e665c12c, State: Initialized, Role: FOLLOWER
I20260630 12:22:03.884719 31287 raft_consensus.cc:515] T 5615dda664af45488f18d3abc341409c P 75351392b93c4025925b39c86d44a5c1 [term 0 FOLLOWER]: Starting pre-election with config: opid_index: -1 OBSOLETE_local: false peers { permanent_uuid: "75351392b93c4025925b39c86d44a5c1" member_type: VOTER last_known_addr { host: "127.25.242.129" port: 37609 } } peers { permanent_uuid: "2ce7d8a86bf547d7baf5ab4d99f67b86" member_type: VOTER last_known_addr { host: "127.25.242.131" port: 35699 } } peers { permanent_uuid: "53bb5590508a48d7bd89dda4e665c12c" member_type: VOTER last_known_addr { host: "127.25.242.130" port: 42997 } }
I20260630 12:22:03.887956 31287 leader_election.cc:290] T 5615dda664af45488f18d3abc341409c P 75351392b93c4025925b39c86d44a5c1 [CANDIDATE]: Term 1 pre-election: Requested pre-vote from peers 2ce7d8a86bf547d7baf5ab4d99f67b86 (127.25.242.131:35699), 53bb5590508a48d7bd89dda4e665c12c (127.25.242.130:42997)
W20260630 12:22:03.893146 31034 auto_rebalancer.cc:298] Could not retrieve cluster info: Service unavailable: Tablet not running
I20260630 12:22:03.896879 31282 ts_tablet_manager.cc:1434] T 8e9e7805eee743c9979cfa045d6120aa P 2ce7d8a86bf547d7baf5ab4d99f67b86: Time spent starting tablet: real 0.040s	user 0.007s	sys 0.004s
I20260630 12:22:03.899458 31282 tablet_bootstrap.cc:492] T a80961a5c1d24cd9a8404156f19b96c8 P 2ce7d8a86bf547d7baf5ab4d99f67b86: Bootstrap starting.
I20260630 12:22:03.894709 31284 consensus_queue.cc:260] T a9d7714dbd704012a916284027118665 P 53bb5590508a48d7bd89dda4e665c12c [NON_LEADER]: Queue going to NON_LEADER mode. State: All replicated index: 0, Majority replicated index: 0, Committed index: 0, Last appended: 0.0, Last appended by leader: 0, Current term: 0, Majority size: -1, State: 0, Mode: NON_LEADER, active raft config: opid_index: -1 OBSOLETE_local: false peers { permanent_uuid: "75351392b93c4025925b39c86d44a5c1" member_type: VOTER last_known_addr { host: "127.25.242.129" port: 37609 } } peers { permanent_uuid: "53bb5590508a48d7bd89dda4e665c12c" member_type: VOTER last_known_addr { host: "127.25.242.130" port: 42997 } } peers { permanent_uuid: "2ce7d8a86bf547d7baf5ab4d99f67b86" member_type: VOTER last_known_addr { host: "127.25.242.131" port: 35699 } }
I20260630 12:22:03.907757 31283 tablet_bootstrap.cc:654] T a9d7714dbd704012a916284027118665 P 75351392b93c4025925b39c86d44a5c1: Neither blocks nor log segments found. Creating new log.
I20260630 12:22:03.913251 31304 raft_consensus.cc:493] T 5615dda664af45488f18d3abc341409c P 53bb5590508a48d7bd89dda4e665c12c [term 0 FOLLOWER]: Starting pre-election (no leader contacted us within the election timeout)
I20260630 12:22:03.913777 31304 raft_consensus.cc:515] T 5615dda664af45488f18d3abc341409c P 53bb5590508a48d7bd89dda4e665c12c [term 0 FOLLOWER]: Starting pre-election with config: opid_index: -1 OBSOLETE_local: false peers { permanent_uuid: "75351392b93c4025925b39c86d44a5c1" member_type: VOTER last_known_addr { host: "127.25.242.129" port: 37609 } } peers { permanent_uuid: "2ce7d8a86bf547d7baf5ab4d99f67b86" member_type: VOTER last_known_addr { host: "127.25.242.131" port: 35699 } } peers { permanent_uuid: "53bb5590508a48d7bd89dda4e665c12c" member_type: VOTER last_known_addr { host: "127.25.242.130" port: 42997 } }
I20260630 12:22:03.914211 31282 tablet_bootstrap.cc:654] T a80961a5c1d24cd9a8404156f19b96c8 P 2ce7d8a86bf547d7baf5ab4d99f67b86: Neither blocks nor log segments found. Creating new log.
I20260630 12:22:03.916180 31304 leader_election.cc:290] T 5615dda664af45488f18d3abc341409c P 53bb5590508a48d7bd89dda4e665c12c [CANDIDATE]: Term 1 pre-election: Requested pre-vote from peers 75351392b93c4025925b39c86d44a5c1 (127.25.242.129:37609), 2ce7d8a86bf547d7baf5ab4d99f67b86 (127.25.242.131:35699)
I20260630 12:22:03.911896 31284 ts_tablet_manager.cc:1434] T a9d7714dbd704012a916284027118665 P 53bb5590508a48d7bd89dda4e665c12c: Time spent starting tablet: real 0.047s	user 0.009s	sys 0.000s
I20260630 12:22:03.919217 31284 tablet_bootstrap.cc:492] T 8e9e7805eee743c9979cfa045d6120aa P 53bb5590508a48d7bd89dda4e665c12c: Bootstrap starting.
I20260630 12:22:03.937666 31237 tablet_service.cc:1917] Received RequestConsensusVote() RPC: tablet_id: "94bfd0e852dd4020b7570a14169279eb" candidate_uuid: "75351392b93c4025925b39c86d44a5c1" candidate_term: 1 candidate_status { last_received { term: 0 index: 0 } } ignore_live_leader: false dest_uuid: "2ce7d8a86bf547d7baf5ab4d99f67b86" is_pre_election: true
I20260630 12:22:03.942092 31284 tablet_bootstrap.cc:654] T 8e9e7805eee743c9979cfa045d6120aa P 53bb5590508a48d7bd89dda4e665c12c: Neither blocks nor log segments found. Creating new log.
I20260630 12:22:03.943290 31087 tablet_service.cc:1917] Received RequestConsensusVote() RPC: tablet_id: "5615dda664af45488f18d3abc341409c" candidate_uuid: "53bb5590508a48d7bd89dda4e665c12c" candidate_term: 1 candidate_status { last_received { term: 0 index: 0 } } ignore_live_leader: false dest_uuid: "75351392b93c4025925b39c86d44a5c1" is_pre_election: true
I20260630 12:22:03.943979 31088 tablet_service.cc:1917] Received RequestConsensusVote() RPC: tablet_id: "94bfd0e852dd4020b7570a14169279eb" candidate_uuid: "53bb5590508a48d7bd89dda4e665c12c" candidate_term: 1 candidate_status { last_received { term: 0 index: 0 } } ignore_live_leader: false dest_uuid: "75351392b93c4025925b39c86d44a5c1" is_pre_election: true
I20260630 12:22:03.944075 31087 raft_consensus.cc:2468] T 5615dda664af45488f18d3abc341409c P 75351392b93c4025925b39c86d44a5c1 [term 0 FOLLOWER]: Leader pre-election vote request: Granting yes vote for candidate 53bb5590508a48d7bd89dda4e665c12c in term 0.
I20260630 12:22:03.949977 31236 tablet_service.cc:1917] Received RequestConsensusVote() RPC: tablet_id: "5615dda664af45488f18d3abc341409c" candidate_uuid: "75351392b93c4025925b39c86d44a5c1" candidate_term: 1 candidate_status { last_received { term: 0 index: 0 } } ignore_live_leader: false dest_uuid: "2ce7d8a86bf547d7baf5ab4d99f67b86" is_pre_election: true
I20260630 12:22:03.950996 31236 raft_consensus.cc:2468] T 5615dda664af45488f18d3abc341409c P 2ce7d8a86bf547d7baf5ab4d99f67b86 [term 0 FOLLOWER]: Leader pre-election vote request: Granting yes vote for candidate 75351392b93c4025925b39c86d44a5c1 in term 0.
I20260630 12:22:03.952514 31235 tablet_service.cc:1917] Received RequestConsensusVote() RPC: tablet_id: "5615dda664af45488f18d3abc341409c" candidate_uuid: "53bb5590508a48d7bd89dda4e665c12c" candidate_term: 1 candidate_status { last_received { term: 0 index: 0 } } ignore_live_leader: false dest_uuid: "2ce7d8a86bf547d7baf5ab4d99f67b86" is_pre_election: true
I20260630 12:22:03.955785 31126 leader_election.cc:304] T 5615dda664af45488f18d3abc341409c P 53bb5590508a48d7bd89dda4e665c12c [CANDIDATE]: Term 1 pre-election: Election decided. Result: candidate won. Election summary: received 2 responses out of 3 voters: 2 yes votes; 0 no votes. yes voters: 53bb5590508a48d7bd89dda4e665c12c, 75351392b93c4025925b39c86d44a5c1; no voters: 
I20260630 12:22:03.945901 31088 raft_consensus.cc:2468] T 94bfd0e852dd4020b7570a14169279eb P 75351392b93c4025925b39c86d44a5c1 [term 0 FOLLOWER]: Leader pre-election vote request: Granting yes vote for candidate 53bb5590508a48d7bd89dda4e665c12c in term 0.
I20260630 12:22:03.955895 31235 raft_consensus.cc:2468] T 5615dda664af45488f18d3abc341409c P 2ce7d8a86bf547d7baf5ab4d99f67b86 [term 0 FOLLOWER]: Leader pre-election vote request: Granting yes vote for candidate 53bb5590508a48d7bd89dda4e665c12c in term 0.
I20260630 12:22:03.957203 31304 raft_consensus.cc:2804] T 5615dda664af45488f18d3abc341409c P 53bb5590508a48d7bd89dda4e665c12c [term 0 FOLLOWER]: Leader pre-election won for term 1
I20260630 12:22:03.957715 31304 raft_consensus.cc:493] T 5615dda664af45488f18d3abc341409c P 53bb5590508a48d7bd89dda4e665c12c [term 0 FOLLOWER]: Starting leader election (no leader contacted us within the election timeout)
I20260630 12:22:03.958027 31304 raft_consensus.cc:3060] T 5615dda664af45488f18d3abc341409c P 53bb5590508a48d7bd89dda4e665c12c [term 0 FOLLOWER]: Advancing to term 1
I20260630 12:22:03.959720 31291 raft_consensus.cc:493] T 7d53f5ce95914809baa2300dcd8067b2 P 53bb5590508a48d7bd89dda4e665c12c [term 0 FOLLOWER]: Starting pre-election (no leader contacted us within the election timeout)
I20260630 12:22:03.961181 31291 raft_consensus.cc:515] T 7d53f5ce95914809baa2300dcd8067b2 P 53bb5590508a48d7bd89dda4e665c12c [term 0 FOLLOWER]: Starting pre-election with config: opid_index: -1 OBSOLETE_local: false peers { permanent_uuid: "75351392b93c4025925b39c86d44a5c1" member_type: VOTER last_known_addr { host: "127.25.242.129" port: 37609 } } peers { permanent_uuid: "53bb5590508a48d7bd89dda4e665c12c" member_type: VOTER last_known_addr { host: "127.25.242.130" port: 42997 } } peers { permanent_uuid: "2ce7d8a86bf547d7baf5ab4d99f67b86" member_type: VOTER last_known_addr { host: "127.25.242.131" port: 35699 } }
W20260630 12:22:03.965566 31053 leader_election.cc:343] T 94bfd0e852dd4020b7570a14169279eb P 75351392b93c4025925b39c86d44a5c1 [CANDIDATE]: Term 1 pre-election: Tablet error from VoteRequest() call to peer 2ce7d8a86bf547d7baf5ab4d99f67b86 (127.25.242.131:35699): Illegal state: must be running to vote when last-logged opid is not known
I20260630 12:22:03.966096 31236 tablet_service.cc:1917] Received RequestConsensusVote() RPC: tablet_id: "7d53f5ce95914809baa2300dcd8067b2" candidate_uuid: "53bb5590508a48d7bd89dda4e665c12c" candidate_term: 1 candidate_status { last_received { term: 0 index: 0 } } ignore_live_leader: false dest_uuid: "2ce7d8a86bf547d7baf5ab4d99f67b86" is_pre_election: true
I20260630 12:22:03.967125 31236 raft_consensus.cc:2468] T 7d53f5ce95914809baa2300dcd8067b2 P 2ce7d8a86bf547d7baf5ab4d99f67b86 [term 0 FOLLOWER]: Leader pre-election vote request: Granting yes vote for candidate 53bb5590508a48d7bd89dda4e665c12c in term 0.
I20260630 12:22:03.968653 31128 leader_election.cc:304] T 7d53f5ce95914809baa2300dcd8067b2 P 53bb5590508a48d7bd89dda4e665c12c [CANDIDATE]: Term 1 pre-election: Election decided. Result: candidate won. Election summary: received 2 responses out of 3 voters: 2 yes votes; 0 no votes. yes voters: 2ce7d8a86bf547d7baf5ab4d99f67b86, 53bb5590508a48d7bd89dda4e665c12c; no voters: 
I20260630 12:22:03.969635 31291 leader_election.cc:290] T 7d53f5ce95914809baa2300dcd8067b2 P 53bb5590508a48d7bd89dda4e665c12c [CANDIDATE]: Term 1 pre-election: Requested pre-vote from peers 75351392b93c4025925b39c86d44a5c1 (127.25.242.129:37609), 2ce7d8a86bf547d7baf5ab4d99f67b86 (127.25.242.131:35699)
I20260630 12:22:03.970166 31291 raft_consensus.cc:2804] T 7d53f5ce95914809baa2300dcd8067b2 P 53bb5590508a48d7bd89dda4e665c12c [term 0 FOLLOWER]: Leader pre-election won for term 1
I20260630 12:22:03.970492 31291 raft_consensus.cc:493] T 7d53f5ce95914809baa2300dcd8067b2 P 53bb5590508a48d7bd89dda4e665c12c [term 0 FOLLOWER]: Starting leader election (no leader contacted us within the election timeout)
I20260630 12:22:03.970847 31291 raft_consensus.cc:3060] T 7d53f5ce95914809baa2300dcd8067b2 P 53bb5590508a48d7bd89dda4e665c12c [term 0 FOLLOWER]: Advancing to term 1
I20260630 12:22:03.969343 31053 leader_election.cc:304] T 5615dda664af45488f18d3abc341409c P 75351392b93c4025925b39c86d44a5c1 [CANDIDATE]: Term 1 pre-election: Election decided. Result: candidate won. Election summary: received 2 responses out of 3 voters: 2 yes votes; 0 no votes. yes voters: 2ce7d8a86bf547d7baf5ab4d99f67b86, 75351392b93c4025925b39c86d44a5c1; no voters: 
I20260630 12:22:03.973631 31287 raft_consensus.cc:2804] T 5615dda664af45488f18d3abc341409c P 75351392b93c4025925b39c86d44a5c1 [term 0 FOLLOWER]: Leader pre-election won for term 1
I20260630 12:22:03.973995 31287 raft_consensus.cc:493] T 5615dda664af45488f18d3abc341409c P 75351392b93c4025925b39c86d44a5c1 [term 0 FOLLOWER]: Starting leader election (no leader contacted us within the election timeout)
I20260630 12:22:03.974327 31287 raft_consensus.cc:3060] T 5615dda664af45488f18d3abc341409c P 75351392b93c4025925b39c86d44a5c1 [term 0 FOLLOWER]: Advancing to term 1
I20260630 12:22:03.980988 31126 leader_election.cc:304] T 94bfd0e852dd4020b7570a14169279eb P 53bb5590508a48d7bd89dda4e665c12c [CANDIDATE]: Term 1 pre-election: Election decided. Result: candidate won. Election summary: received 3 responses out of 3 voters: 2 yes votes; 1 no votes. yes voters: 53bb5590508a48d7bd89dda4e665c12c, 75351392b93c4025925b39c86d44a5c1; no voters: 2ce7d8a86bf547d7baf5ab4d99f67b86
I20260630 12:22:03.981839 31283 tablet_bootstrap.cc:492] T a9d7714dbd704012a916284027118665 P 75351392b93c4025925b39c86d44a5c1: No bootstrap required, opened a new log
I20260630 12:22:03.984668 31318 raft_consensus.cc:2804] T 94bfd0e852dd4020b7570a14169279eb P 53bb5590508a48d7bd89dda4e665c12c [term 0 FOLLOWER]: Leader pre-election won for term 1
I20260630 12:22:03.985194 31163 tablet_service.cc:1917] Received RequestConsensusVote() RPC: tablet_id: "94bfd0e852dd4020b7570a14169279eb" candidate_uuid: "75351392b93c4025925b39c86d44a5c1" candidate_term: 1 candidate_status { last_received { term: 0 index: 0 } } ignore_live_leader: false dest_uuid: "53bb5590508a48d7bd89dda4e665c12c" is_pre_election: true
I20260630 12:22:03.982393 31283 ts_tablet_manager.cc:1403] T a9d7714dbd704012a916284027118665 P 75351392b93c4025925b39c86d44a5c1: Time spent bootstrapping tablet: real 0.103s	user 0.008s	sys 0.030s
I20260630 12:22:03.987201 31088 tablet_service.cc:1917] Received RequestConsensusVote() RPC: tablet_id: "7d53f5ce95914809baa2300dcd8067b2" candidate_uuid: "53bb5590508a48d7bd89dda4e665c12c" candidate_term: 1 candidate_status { last_received { term: 0 index: 0 } } ignore_live_leader: false dest_uuid: "75351392b93c4025925b39c86d44a5c1" is_pre_election: true
I20260630 12:22:03.987483 31162 tablet_service.cc:1917] Received RequestConsensusVote() RPC: tablet_id: "5615dda664af45488f18d3abc341409c" candidate_uuid: "75351392b93c4025925b39c86d44a5c1" candidate_term: 1 candidate_status { last_received { term: 0 index: 0 } } ignore_live_leader: false dest_uuid: "53bb5590508a48d7bd89dda4e665c12c" is_pre_election: true
I20260630 12:22:03.987911 31088 raft_consensus.cc:2468] T 7d53f5ce95914809baa2300dcd8067b2 P 75351392b93c4025925b39c86d44a5c1 [term 0 FOLLOWER]: Leader pre-election vote request: Granting yes vote for candidate 53bb5590508a48d7bd89dda4e665c12c in term 0.
I20260630 12:22:03.985245 31318 raft_consensus.cc:493] T 94bfd0e852dd4020b7570a14169279eb P 53bb5590508a48d7bd89dda4e665c12c [term 0 FOLLOWER]: Starting leader election (no leader contacted us within the election timeout)
I20260630 12:22:03.990943 31318 raft_consensus.cc:3060] T 94bfd0e852dd4020b7570a14169279eb P 53bb5590508a48d7bd89dda4e665c12c [term 0 FOLLOWER]: Advancing to term 1
I20260630 12:22:03.990283 31283 raft_consensus.cc:359] T a9d7714dbd704012a916284027118665 P 75351392b93c4025925b39c86d44a5c1 [term 0 FOLLOWER]: Replica starting. Triggering 0 pending ops. Active config: opid_index: -1 OBSOLETE_local: false peers { permanent_uuid: "75351392b93c4025925b39c86d44a5c1" member_type: VOTER last_known_addr { host: "127.25.242.129" port: 37609 } } peers { permanent_uuid: "53bb5590508a48d7bd89dda4e665c12c" member_type: VOTER last_known_addr { host: "127.25.242.130" port: 42997 } } peers { permanent_uuid: "2ce7d8a86bf547d7baf5ab4d99f67b86" member_type: VOTER last_known_addr { host: "127.25.242.131" port: 35699 } }
I20260630 12:22:03.992986 31088 tablet_service.cc:1917] Received RequestConsensusVote() RPC: tablet_id: "a9d7714dbd704012a916284027118665" candidate_uuid: "2ce7d8a86bf547d7baf5ab4d99f67b86" candidate_term: 1 candidate_status { last_received { term: 0 index: 0 } } ignore_live_leader: false dest_uuid: "75351392b93c4025925b39c86d44a5c1" is_pre_election: true
I20260630 12:22:03.991647 31283 raft_consensus.cc:385] T a9d7714dbd704012a916284027118665 P 75351392b93c4025925b39c86d44a5c1 [term 0 FOLLOWER]: Consensus starting up: Expiring failure detector timer to make a prompt election more likely
I20260630 12:22:03.995431 31283 raft_consensus.cc:740] T a9d7714dbd704012a916284027118665 P 75351392b93c4025925b39c86d44a5c1 [term 0 FOLLOWER]: Becoming Follower/Learner. State: Replica: 75351392b93c4025925b39c86d44a5c1, State: Initialized, Role: FOLLOWER
I20260630 12:22:03.999594 31283 consensus_queue.cc:260] T a9d7714dbd704012a916284027118665 P 75351392b93c4025925b39c86d44a5c1 [NON_LEADER]: Queue going to NON_LEADER mode. State: All replicated index: 0, Majority replicated index: 0, Committed index: 0, Last appended: 0.0, Last appended by leader: 0, Current term: 0, Majority size: -1, State: 0, Mode: NON_LEADER, active raft config: opid_index: -1 OBSOLETE_local: false peers { permanent_uuid: "75351392b93c4025925b39c86d44a5c1" member_type: VOTER last_known_addr { host: "127.25.242.129" port: 37609 } } peers { permanent_uuid: "53bb5590508a48d7bd89dda4e665c12c" member_type: VOTER last_known_addr { host: "127.25.242.130" port: 42997 } } peers { permanent_uuid: "2ce7d8a86bf547d7baf5ab4d99f67b86" member_type: VOTER last_known_addr { host: "127.25.242.131" port: 35699 } }
I20260630 12:22:04.000587 31088 raft_consensus.cc:2468] T a9d7714dbd704012a916284027118665 P 75351392b93c4025925b39c86d44a5c1 [term 0 FOLLOWER]: Leader pre-election vote request: Granting yes vote for candidate 2ce7d8a86bf547d7baf5ab4d99f67b86 in term 0.
I20260630 12:22:04.003877 31200 leader_election.cc:304] T a9d7714dbd704012a916284027118665 P 2ce7d8a86bf547d7baf5ab4d99f67b86 [CANDIDATE]: Term 1 pre-election: Election decided. Result: candidate won. Election summary: received 2 responses out of 3 voters: 2 yes votes; 0 no votes. yes voters: 2ce7d8a86bf547d7baf5ab4d99f67b86, 75351392b93c4025925b39c86d44a5c1; no voters: 
I20260630 12:22:04.003440 31318 raft_consensus.cc:515] T 94bfd0e852dd4020b7570a14169279eb P 53bb5590508a48d7bd89dda4e665c12c [term 1 FOLLOWER]: Starting leader election with config: opid_index: -1 OBSOLETE_local: false peers { permanent_uuid: "75351392b93c4025925b39c86d44a5c1" member_type: VOTER last_known_addr { host: "127.25.242.129" port: 37609 } } peers { permanent_uuid: "53bb5590508a48d7bd89dda4e665c12c" member_type: VOTER last_known_addr { host: "127.25.242.130" port: 42997 } } peers { permanent_uuid: "2ce7d8a86bf547d7baf5ab4d99f67b86" member_type: VOTER last_known_addr { host: "127.25.242.131" port: 35699 } }
I20260630 12:22:04.004863 31289 raft_consensus.cc:2804] T a9d7714dbd704012a916284027118665 P 2ce7d8a86bf547d7baf5ab4d99f67b86 [term 0 FOLLOWER]: Leader pre-election won for term 1
I20260630 12:22:04.005121 31163 raft_consensus.cc:2393] T 94bfd0e852dd4020b7570a14169279eb P 53bb5590508a48d7bd89dda4e665c12c [term 1 FOLLOWER]: Leader pre-election vote request: Denying vote to candidate 75351392b93c4025925b39c86d44a5c1 in current term 1: Already voted for candidate 53bb5590508a48d7bd89dda4e665c12c in this term.
I20260630 12:22:04.005265 31289 raft_consensus.cc:493] T a9d7714dbd704012a916284027118665 P 2ce7d8a86bf547d7baf5ab4d99f67b86 [term 0 FOLLOWER]: Starting leader election (no leader contacted us within the election timeout)
I20260630 12:22:04.005697 31289 raft_consensus.cc:3060] T a9d7714dbd704012a916284027118665 P 2ce7d8a86bf547d7baf5ab4d99f67b86 [term 0 FOLLOWER]: Advancing to term 1
I20260630 12:22:04.007547 31051 leader_election.cc:304] T 94bfd0e852dd4020b7570a14169279eb P 75351392b93c4025925b39c86d44a5c1 [CANDIDATE]: Term 1 pre-election: Election decided. Result: candidate lost. Election summary: received 3 responses out of 3 voters: 1 yes votes; 2 no votes. yes voters: 75351392b93c4025925b39c86d44a5c1; no voters: 2ce7d8a86bf547d7baf5ab4d99f67b86, 53bb5590508a48d7bd89dda4e665c12c
I20260630 12:22:04.008184 31163 tablet_service.cc:1917] Received RequestConsensusVote() RPC: tablet_id: "a9d7714dbd704012a916284027118665" candidate_uuid: "2ce7d8a86bf547d7baf5ab4d99f67b86" candidate_term: 1 candidate_status { last_received { term: 0 index: 0 } } ignore_live_leader: false dest_uuid: "53bb5590508a48d7bd89dda4e665c12c" is_pre_election: true
I20260630 12:22:04.008833 31163 raft_consensus.cc:2468] T a9d7714dbd704012a916284027118665 P 53bb5590508a48d7bd89dda4e665c12c [term 0 FOLLOWER]: Leader pre-election vote request: Granting yes vote for candidate 2ce7d8a86bf547d7baf5ab4d99f67b86 in term 0.
I20260630 12:22:04.011746 31284 tablet_bootstrap.cc:492] T 8e9e7805eee743c9979cfa045d6120aa P 53bb5590508a48d7bd89dda4e665c12c: No bootstrap required, opened a new log
I20260630 12:22:04.012991 31282 tablet_bootstrap.cc:492] T a80961a5c1d24cd9a8404156f19b96c8 P 2ce7d8a86bf547d7baf5ab4d99f67b86: No bootstrap required, opened a new log
I20260630 12:22:04.014470 31282 ts_tablet_manager.cc:1403] T a80961a5c1d24cd9a8404156f19b96c8 P 2ce7d8a86bf547d7baf5ab4d99f67b86: Time spent bootstrapping tablet: real 0.115s	user 0.010s	sys 0.033s
I20260630 12:22:04.014537 31284 ts_tablet_manager.cc:1403] T 8e9e7805eee743c9979cfa045d6120aa P 53bb5590508a48d7bd89dda4e665c12c: Time spent bootstrapping tablet: real 0.096s	user 0.019s	sys 0.020s
I20260630 12:22:04.015542 31289 raft_consensus.cc:515] T a9d7714dbd704012a916284027118665 P 2ce7d8a86bf547d7baf5ab4d99f67b86 [term 1 FOLLOWER]: Starting leader election with config: opid_index: -1 OBSOLETE_local: false peers { permanent_uuid: "75351392b93c4025925b39c86d44a5c1" member_type: VOTER last_known_addr { host: "127.25.242.129" port: 37609 } } peers { permanent_uuid: "53bb5590508a48d7bd89dda4e665c12c" member_type: VOTER last_known_addr { host: "127.25.242.130" port: 42997 } } peers { permanent_uuid: "2ce7d8a86bf547d7baf5ab4d99f67b86" member_type: VOTER last_known_addr { host: "127.25.242.131" port: 35699 } }
I20260630 12:22:04.012972 31304 raft_consensus.cc:515] T 5615dda664af45488f18d3abc341409c P 53bb5590508a48d7bd89dda4e665c12c [term 1 FOLLOWER]: Starting leader election with config: opid_index: -1 OBSOLETE_local: false peers { permanent_uuid: "75351392b93c4025925b39c86d44a5c1" member_type: VOTER last_known_addr { host: "127.25.242.129" port: 37609 } } peers { permanent_uuid: "2ce7d8a86bf547d7baf5ab4d99f67b86" member_type: VOTER last_known_addr { host: "127.25.242.131" port: 35699 } } peers { permanent_uuid: "53bb5590508a48d7bd89dda4e665c12c" member_type: VOTER last_known_addr { host: "127.25.242.130" port: 42997 } }
I20260630 12:22:04.017256 31162 raft_consensus.cc:2393] T 5615dda664af45488f18d3abc341409c P 53bb5590508a48d7bd89dda4e665c12c [term 1 FOLLOWER]: Leader pre-election vote request: Denying vote to candidate 75351392b93c4025925b39c86d44a5c1 in current term 1: Already voted for candidate 53bb5590508a48d7bd89dda4e665c12c in this term.
I20260630 12:22:04.018684 31284 raft_consensus.cc:359] T 8e9e7805eee743c9979cfa045d6120aa P 53bb5590508a48d7bd89dda4e665c12c [term 0 FOLLOWER]: Replica starting. Triggering 0 pending ops. Active config: opid_index: -1 OBSOLETE_local: false peers { permanent_uuid: "75351392b93c4025925b39c86d44a5c1" member_type: VOTER last_known_addr { host: "127.25.242.129" port: 37609 } } peers { permanent_uuid: "53bb5590508a48d7bd89dda4e665c12c" member_type: VOTER last_known_addr { host: "127.25.242.130" port: 42997 } } peers { permanent_uuid: "2ce7d8a86bf547d7baf5ab4d99f67b86" member_type: VOTER last_known_addr { host: "127.25.242.131" port: 35699 } }
I20260630 12:22:04.020510 31284 raft_consensus.cc:385] T 8e9e7805eee743c9979cfa045d6120aa P 53bb5590508a48d7bd89dda4e665c12c [term 0 FOLLOWER]: Consensus starting up: Expiring failure detector timer to make a prompt election more likely
I20260630 12:22:04.022802 31284 raft_consensus.cc:740] T 8e9e7805eee743c9979cfa045d6120aa P 53bb5590508a48d7bd89dda4e665c12c [term 0 FOLLOWER]: Becoming Follower/Learner. State: Replica: 53bb5590508a48d7bd89dda4e665c12c, State: Initialized, Role: FOLLOWER
I20260630 12:22:04.023983 31284 consensus_queue.cc:260] T 8e9e7805eee743c9979cfa045d6120aa P 53bb5590508a48d7bd89dda4e665c12c [NON_LEADER]: Queue going to NON_LEADER mode. State: All replicated index: 0, Majority replicated index: 0, Committed index: 0, Last appended: 0.0, Last appended by leader: 0, Current term: 0, Majority size: -1, State: 0, Mode: NON_LEADER, active raft config: opid_index: -1 OBSOLETE_local: false peers { permanent_uuid: "75351392b93c4025925b39c86d44a5c1" member_type: VOTER last_known_addr { host: "127.25.242.129" port: 37609 } } peers { permanent_uuid: "53bb5590508a48d7bd89dda4e665c12c" member_type: VOTER last_known_addr { host: "127.25.242.130" port: 42997 } } peers { permanent_uuid: "2ce7d8a86bf547d7baf5ab4d99f67b86" member_type: VOTER last_known_addr { host: "127.25.242.131" port: 35699 } }
I20260630 12:22:04.024435 31282 raft_consensus.cc:359] T a80961a5c1d24cd9a8404156f19b96c8 P 2ce7d8a86bf547d7baf5ab4d99f67b86 [term 0 FOLLOWER]: Replica starting. Triggering 0 pending ops. Active config: opid_index: -1 OBSOLETE_local: false peers { permanent_uuid: "75351392b93c4025925b39c86d44a5c1" member_type: VOTER last_known_addr { host: "127.25.242.129" port: 37609 } } peers { permanent_uuid: "53bb5590508a48d7bd89dda4e665c12c" member_type: VOTER last_known_addr { host: "127.25.242.130" port: 42997 } } peers { permanent_uuid: "2ce7d8a86bf547d7baf5ab4d99f67b86" member_type: VOTER last_known_addr { host: "127.25.242.131" port: 35699 } }
I20260630 12:22:04.025755 31304 leader_election.cc:290] T 5615dda664af45488f18d3abc341409c P 53bb5590508a48d7bd89dda4e665c12c [CANDIDATE]: Term 1 election: Requested vote from peers 75351392b93c4025925b39c86d44a5c1 (127.25.242.129:37609), 2ce7d8a86bf547d7baf5ab4d99f67b86 (127.25.242.131:35699)
I20260630 12:22:04.027510 31282 raft_consensus.cc:385] T a80961a5c1d24cd9a8404156f19b96c8 P 2ce7d8a86bf547d7baf5ab4d99f67b86 [term 0 FOLLOWER]: Consensus starting up: Expiring failure detector timer to make a prompt election more likely
I20260630 12:22:04.027925 31236 tablet_service.cc:1917] Received RequestConsensusVote() RPC: tablet_id: "5615dda664af45488f18d3abc341409c" candidate_uuid: "53bb5590508a48d7bd89dda4e665c12c" candidate_term: 1 candidate_status { last_received { term: 0 index: 0 } } ignore_live_leader: false dest_uuid: "2ce7d8a86bf547d7baf5ab4d99f67b86"
I20260630 12:22:04.049479 31236 raft_consensus.cc:3060] T 5615dda664af45488f18d3abc341409c P 2ce7d8a86bf547d7baf5ab4d99f67b86 [term 0 FOLLOWER]: Advancing to term 1
I20260630 12:22:04.046633 31291 raft_consensus.cc:515] T 7d53f5ce95914809baa2300dcd8067b2 P 53bb5590508a48d7bd89dda4e665c12c [term 1 FOLLOWER]: Starting leader election with config: opid_index: -1 OBSOLETE_local: false peers { permanent_uuid: "75351392b93c4025925b39c86d44a5c1" member_type: VOTER last_known_addr { host: "127.25.242.129" port: 37609 } } peers { permanent_uuid: "53bb5590508a48d7bd89dda4e665c12c" member_type: VOTER last_known_addr { host: "127.25.242.130" port: 42997 } } peers { permanent_uuid: "2ce7d8a86bf547d7baf5ab4d99f67b86" member_type: VOTER last_known_addr { host: "127.25.242.131" port: 35699 } }
I20260630 12:22:04.044309 31284 ts_tablet_manager.cc:1434] T 8e9e7805eee743c9979cfa045d6120aa P 53bb5590508a48d7bd89dda4e665c12c: Time spent starting tablet: real 0.029s	user 0.005s	sys 0.007s
I20260630 12:22:04.050186 31088 tablet_service.cc:1917] Received RequestConsensusVote() RPC: tablet_id: "a9d7714dbd704012a916284027118665" candidate_uuid: "2ce7d8a86bf547d7baf5ab4d99f67b86" candidate_term: 1 candidate_status { last_received { term: 0 index: 0 } } ignore_live_leader: false dest_uuid: "75351392b93c4025925b39c86d44a5c1"
I20260630 12:22:04.050943 31088 raft_consensus.cc:3060] T a9d7714dbd704012a916284027118665 P 75351392b93c4025925b39c86d44a5c1 [term 0 FOLLOWER]: Advancing to term 1
I20260630 12:22:04.051434 31284 tablet_bootstrap.cc:492] T 436e52fec6774caebe390bf6dc1a89a4 P 53bb5590508a48d7bd89dda4e665c12c: Bootstrap starting.
I20260630 12:22:04.052639 31235 tablet_service.cc:1917] Received RequestConsensusVote() RPC: tablet_id: "7d53f5ce95914809baa2300dcd8067b2" candidate_uuid: "53bb5590508a48d7bd89dda4e665c12c" candidate_term: 1 candidate_status { last_received { term: 0 index: 0 } } ignore_live_leader: false dest_uuid: "2ce7d8a86bf547d7baf5ab4d99f67b86"
I20260630 12:22:04.053283 31235 raft_consensus.cc:3060] T 7d53f5ce95914809baa2300dcd8067b2 P 2ce7d8a86bf547d7baf5ab4d99f67b86 [term 0 FOLLOWER]: Advancing to term 1
I20260630 12:22:04.030138 31318 leader_election.cc:290] T 94bfd0e852dd4020b7570a14169279eb P 53bb5590508a48d7bd89dda4e665c12c [CANDIDATE]: Term 1 election: Requested vote from peers 75351392b93c4025925b39c86d44a5c1 (127.25.242.129:37609), 2ce7d8a86bf547d7baf5ab4d99f67b86 (127.25.242.131:35699)
I20260630 12:22:04.055060 31162 tablet_service.cc:1917] Received RequestConsensusVote() RPC: tablet_id: "a9d7714dbd704012a916284027118665" candidate_uuid: "2ce7d8a86bf547d7baf5ab4d99f67b86" candidate_term: 1 candidate_status { last_received { term: 0 index: 0 } } ignore_live_leader: false dest_uuid: "53bb5590508a48d7bd89dda4e665c12c"
I20260630 12:22:04.055755 31162 raft_consensus.cc:3060] T a9d7714dbd704012a916284027118665 P 53bb5590508a48d7bd89dda4e665c12c [term 0 FOLLOWER]: Advancing to term 1
I20260630 12:22:04.035203 31319 raft_consensus.cc:493] T 7d53f5ce95914809baa2300dcd8067b2 P 75351392b93c4025925b39c86d44a5c1 [term 0 FOLLOWER]: Starting pre-election (no leader contacted us within the election timeout)
I20260630 12:22:04.030177 31283 ts_tablet_manager.cc:1434] T a9d7714dbd704012a916284027118665 P 75351392b93c4025925b39c86d44a5c1: Time spent starting tablet: real 0.043s	user 0.007s	sys 0.003s
I20260630 12:22:04.058559 31284 tablet_bootstrap.cc:654] T 436e52fec6774caebe390bf6dc1a89a4 P 53bb5590508a48d7bd89dda4e665c12c: Neither blocks nor log segments found. Creating new log.
I20260630 12:22:04.058444 31236 raft_consensus.cc:2468] T 5615dda664af45488f18d3abc341409c P 2ce7d8a86bf547d7baf5ab4d99f67b86 [term 1 FOLLOWER]: Leader election vote request: Granting yes vote for candidate 53bb5590508a48d7bd89dda4e665c12c in term 1.
I20260630 12:22:04.059589 31283 tablet_bootstrap.cc:492] T 8e9e7805eee743c9979cfa045d6120aa P 75351392b93c4025925b39c86d44a5c1: Bootstrap starting.
I20260630 12:22:04.059966 31128 leader_election.cc:304] T 5615dda664af45488f18d3abc341409c P 53bb5590508a48d7bd89dda4e665c12c [CANDIDATE]: Term 1 election: Election decided. Result: candidate won. Election summary: received 2 responses out of 3 voters: 2 yes votes; 0 no votes. yes voters: 2ce7d8a86bf547d7baf5ab4d99f67b86, 53bb5590508a48d7bd89dda4e665c12c; no voters: 
I20260630 12:22:04.060911 31318 raft_consensus.cc:2804] T 5615dda664af45488f18d3abc341409c P 53bb5590508a48d7bd89dda4e665c12c [term 1 FOLLOWER]: Leader election won for term 1
I20260630 12:22:04.061403 31318 raft_consensus.cc:697] T 5615dda664af45488f18d3abc341409c P 53bb5590508a48d7bd89dda4e665c12c [term 1 LEADER]: Becoming Leader. State: Replica: 53bb5590508a48d7bd89dda4e665c12c, State: Running, Role: LEADER
I20260630 12:22:04.039456 31289 leader_election.cc:290] T a9d7714dbd704012a916284027118665 P 2ce7d8a86bf547d7baf5ab4d99f67b86 [CANDIDATE]: Term 1 election: Requested vote from peers 75351392b93c4025925b39c86d44a5c1 (127.25.242.129:37609), 53bb5590508a48d7bd89dda4e665c12c (127.25.242.130:42997)
I20260630 12:22:04.021654 31287 raft_consensus.cc:515] T 5615dda664af45488f18d3abc341409c P 75351392b93c4025925b39c86d44a5c1 [term 1 FOLLOWER]: Starting leader election with config: opid_index: -1 OBSOLETE_local: false peers { permanent_uuid: "75351392b93c4025925b39c86d44a5c1" member_type: VOTER last_known_addr { host: "127.25.242.129" port: 37609 } } peers { permanent_uuid: "2ce7d8a86bf547d7baf5ab4d99f67b86" member_type: VOTER last_known_addr { host: "127.25.242.131" port: 35699 } } peers { permanent_uuid: "53bb5590508a48d7bd89dda4e665c12c" member_type: VOTER last_known_addr { host: "127.25.242.130" port: 42997 } }
I20260630 12:22:04.063318 31282 raft_consensus.cc:740] T a80961a5c1d24cd9a8404156f19b96c8 P 2ce7d8a86bf547d7baf5ab4d99f67b86 [term 0 FOLLOWER]: Becoming Follower/Learner. State: Replica: 2ce7d8a86bf547d7baf5ab4d99f67b86, State: Initialized, Role: FOLLOWER
I20260630 12:22:04.062829 31321 raft_consensus.cc:3060] T 94bfd0e852dd4020b7570a14169279eb P 75351392b93c4025925b39c86d44a5c1 [term 0 FOLLOWER]: Advancing to term 1
I20260630 12:22:04.064604 31287 leader_election.cc:290] T 5615dda664af45488f18d3abc341409c P 75351392b93c4025925b39c86d44a5c1 [CANDIDATE]: Term 1 election: Requested vote from peers 2ce7d8a86bf547d7baf5ab4d99f67b86 (127.25.242.131:35699), 53bb5590508a48d7bd89dda4e665c12c (127.25.242.130:42997)
I20260630 12:22:04.064306 31319 raft_consensus.cc:515] T 7d53f5ce95914809baa2300dcd8067b2 P 75351392b93c4025925b39c86d44a5c1 [term 0 FOLLOWER]: Starting pre-election with config: opid_index: -1 OBSOLETE_local: false peers { permanent_uuid: "75351392b93c4025925b39c86d44a5c1" member_type: VOTER last_known_addr { host: "127.25.242.129" port: 37609 } } peers { permanent_uuid: "53bb5590508a48d7bd89dda4e665c12c" member_type: VOTER last_known_addr { host: "127.25.242.130" port: 42997 } } peers { permanent_uuid: "2ce7d8a86bf547d7baf5ab4d99f67b86" member_type: VOTER last_known_addr { host: "127.25.242.131" port: 35699 } }
I20260630 12:22:04.070426 31319 leader_election.cc:290] T 7d53f5ce95914809baa2300dcd8067b2 P 75351392b93c4025925b39c86d44a5c1 [CANDIDATE]: Term 1 pre-election: Requested pre-vote from peers 53bb5590508a48d7bd89dda4e665c12c (127.25.242.130:42997), 2ce7d8a86bf547d7baf5ab4d99f67b86 (127.25.242.131:35699)
I20260630 12:22:04.065284 31282 consensus_queue.cc:260] T a80961a5c1d24cd9a8404156f19b96c8 P 2ce7d8a86bf547d7baf5ab4d99f67b86 [NON_LEADER]: Queue going to NON_LEADER mode. State: All replicated index: 0, Majority replicated index: 0, Committed index: 0, Last appended: 0.0, Last appended by leader: 0, Current term: 0, Majority size: -1, State: 0, Mode: NON_LEADER, active raft config: opid_index: -1 OBSOLETE_local: false peers { permanent_uuid: "75351392b93c4025925b39c86d44a5c1" member_type: VOTER last_known_addr { host: "127.25.242.129" port: 37609 } } peers { permanent_uuid: "53bb5590508a48d7bd89dda4e665c12c" member_type: VOTER last_known_addr { host: "127.25.242.130" port: 42997 } } peers { permanent_uuid: "2ce7d8a86bf547d7baf5ab4d99f67b86" member_type: VOTER last_known_addr { host: "127.25.242.131" port: 35699 } }
I20260630 12:22:04.062191 31318 consensus_queue.cc:237] T 5615dda664af45488f18d3abc341409c P 53bb5590508a48d7bd89dda4e665c12c [LEADER]: Queue going to LEADER mode. State: All replicated index: 0, Majority replicated index: 0, Committed index: 0, Last appended: 0.0, Last appended by leader: 0, Current term: 1, Majority size: 2, State: 0, Mode: LEADER, active raft config: opid_index: -1 OBSOLETE_local: false peers { permanent_uuid: "75351392b93c4025925b39c86d44a5c1" member_type: VOTER last_known_addr { host: "127.25.242.129" port: 37609 } } peers { permanent_uuid: "2ce7d8a86bf547d7baf5ab4d99f67b86" member_type: VOTER last_known_addr { host: "127.25.242.131" port: 35699 } } peers { permanent_uuid: "53bb5590508a48d7bd89dda4e665c12c" member_type: VOTER last_known_addr { host: "127.25.242.130" port: 42997 } }
I20260630 12:22:04.072193 31234 tablet_service.cc:1917] Received RequestConsensusVote() RPC: tablet_id: "7d53f5ce95914809baa2300dcd8067b2" candidate_uuid: "75351392b93c4025925b39c86d44a5c1" candidate_term: 1 candidate_status { last_received { term: 0 index: 0 } } ignore_live_leader: false dest_uuid: "2ce7d8a86bf547d7baf5ab4d99f67b86" is_pre_election: true
I20260630 12:22:04.067802 31237 tablet_service.cc:1917] Received RequestConsensusVote() RPC: tablet_id: "94bfd0e852dd4020b7570a14169279eb" candidate_uuid: "53bb5590508a48d7bd89dda4e665c12c" candidate_term: 1 candidate_status { last_received { term: 0 index: 0 } } ignore_live_leader: false dest_uuid: "2ce7d8a86bf547d7baf5ab4d99f67b86"
I20260630 12:22:04.074961 31235 raft_consensus.cc:2468] T 7d53f5ce95914809baa2300dcd8067b2 P 2ce7d8a86bf547d7baf5ab4d99f67b86 [term 1 FOLLOWER]: Leader election vote request: Granting yes vote for candidate 53bb5590508a48d7bd89dda4e665c12c in term 1.
I20260630 12:22:04.076380 31236 tablet_service.cc:1917] Received RequestConsensusVote() RPC: tablet_id: "5615dda664af45488f18d3abc341409c" candidate_uuid: "75351392b93c4025925b39c86d44a5c1" candidate_term: 1 candidate_status { last_received { term: 0 index: 0 } } ignore_live_leader: false dest_uuid: "2ce7d8a86bf547d7baf5ab4d99f67b86"
I20260630 12:22:04.076654 31128 leader_election.cc:304] T 7d53f5ce95914809baa2300dcd8067b2 P 53bb5590508a48d7bd89dda4e665c12c [CANDIDATE]: Term 1 election: Election decided. Result: candidate won. Election summary: received 2 responses out of 3 voters: 2 yes votes; 0 no votes. yes voters: 2ce7d8a86bf547d7baf5ab4d99f67b86, 53bb5590508a48d7bd89dda4e665c12c; no voters: 
I20260630 12:22:04.077167 31236 raft_consensus.cc:2393] T 5615dda664af45488f18d3abc341409c P 2ce7d8a86bf547d7baf5ab4d99f67b86 [term 1 FOLLOWER]: Leader election vote request: Denying vote to candidate 75351392b93c4025925b39c86d44a5c1 in current term 1: Already voted for candidate 53bb5590508a48d7bd89dda4e665c12c in this term.
I20260630 12:22:04.077575 31322 raft_consensus.cc:2804] T 7d53f5ce95914809baa2300dcd8067b2 P 53bb5590508a48d7bd89dda4e665c12c [term 1 FOLLOWER]: Leader election won for term 1
I20260630 12:22:04.077877 31087 tablet_service.cc:1917] Received RequestConsensusVote() RPC: tablet_id: "5615dda664af45488f18d3abc341409c" candidate_uuid: "53bb5590508a48d7bd89dda4e665c12c" candidate_term: 1 candidate_status { last_received { term: 0 index: 0 } } ignore_live_leader: false dest_uuid: "75351392b93c4025925b39c86d44a5c1"
I20260630 12:22:04.078444 31322 raft_consensus.cc:697] T 7d53f5ce95914809baa2300dcd8067b2 P 53bb5590508a48d7bd89dda4e665c12c [term 1 LEADER]: Becoming Leader. State: Replica: 53bb5590508a48d7bd89dda4e665c12c, State: Running, Role: LEADER
I20260630 12:22:04.078732 31087 raft_consensus.cc:2393] T 5615dda664af45488f18d3abc341409c P 75351392b93c4025925b39c86d44a5c1 [term 1 FOLLOWER]: Leader election vote request: Denying vote to candidate 53bb5590508a48d7bd89dda4e665c12c in current term 1: Already voted for candidate 75351392b93c4025925b39c86d44a5c1 in this term.
I20260630 12:22:04.078016 31291 leader_election.cc:290] T 7d53f5ce95914809baa2300dcd8067b2 P 53bb5590508a48d7bd89dda4e665c12c [CANDIDATE]: Term 1 election: Requested vote from peers 75351392b93c4025925b39c86d44a5c1 (127.25.242.129:37609), 2ce7d8a86bf547d7baf5ab4d99f67b86 (127.25.242.131:35699)
I20260630 12:22:04.079634 31322 consensus_queue.cc:237] T 7d53f5ce95914809baa2300dcd8067b2 P 53bb5590508a48d7bd89dda4e665c12c [LEADER]: Queue going to LEADER mode. State: All replicated index: 0, Majority replicated index: 0, Committed index: 0, Last appended: 0.0, Last appended by leader: 0, Current term: 1, Majority size: 2, State: 0, Mode: LEADER, active raft config: opid_index: -1 OBSOLETE_local: false peers { permanent_uuid: "75351392b93c4025925b39c86d44a5c1" member_type: VOTER last_known_addr { host: "127.25.242.129" port: 37609 } } peers { permanent_uuid: "53bb5590508a48d7bd89dda4e665c12c" member_type: VOTER last_known_addr { host: "127.25.242.130" port: 42997 } } peers { permanent_uuid: "2ce7d8a86bf547d7baf5ab4d99f67b86" member_type: VOTER last_known_addr { host: "127.25.242.131" port: 35699 } }
I20260630 12:22:04.081357 31087 tablet_service.cc:1917] Received RequestConsensusVote() RPC: tablet_id: "94bfd0e852dd4020b7570a14169279eb" candidate_uuid: "53bb5590508a48d7bd89dda4e665c12c" candidate_term: 1 candidate_status { last_received { term: 0 index: 0 } } ignore_live_leader: false dest_uuid: "75351392b93c4025925b39c86d44a5c1"
I20260630 12:22:04.082953 31086 tablet_service.cc:1917] Received RequestConsensusVote() RPC: tablet_id: "7d53f5ce95914809baa2300dcd8067b2" candidate_uuid: "53bb5590508a48d7bd89dda4e665c12c" candidate_term: 1 candidate_status { last_received { term: 0 index: 0 } } ignore_live_leader: false dest_uuid: "75351392b93c4025925b39c86d44a5c1"
I20260630 12:22:04.083582 31086 raft_consensus.cc:3060] T 7d53f5ce95914809baa2300dcd8067b2 P 75351392b93c4025925b39c86d44a5c1 [term 0 FOLLOWER]: Advancing to term 1
I20260630 12:22:04.088438 31282 ts_tablet_manager.cc:1434] T a80961a5c1d24cd9a8404156f19b96c8 P 2ce7d8a86bf547d7baf5ab4d99f67b86: Time spent starting tablet: real 0.074s	user 0.004s	sys 0.004s
W20260630 12:22:04.089354 31128 leader_election.cc:343] T 94bfd0e852dd4020b7570a14169279eb P 53bb5590508a48d7bd89dda4e665c12c [CANDIDATE]: Term 1 election: Tablet error from VoteRequest() call to peer 2ce7d8a86bf547d7baf5ab4d99f67b86 (127.25.242.131:35699): Illegal state: must be running to vote when last-logged opid is not known
I20260630 12:22:04.089921 31282 tablet_bootstrap.cc:492] T 94bfd0e852dd4020b7570a14169279eb P 2ce7d8a86bf547d7baf5ab4d99f67b86: Bootstrap starting.
I20260630 12:22:04.082432 31162 raft_consensus.cc:2468] T a9d7714dbd704012a916284027118665 P 53bb5590508a48d7bd89dda4e665c12c [term 1 FOLLOWER]: Leader election vote request: Granting yes vote for candidate 2ce7d8a86bf547d7baf5ab4d99f67b86 in term 1.
I20260630 12:22:04.092307 31200 leader_election.cc:304] T a9d7714dbd704012a916284027118665 P 2ce7d8a86bf547d7baf5ab4d99f67b86 [CANDIDATE]: Term 1 election: Election decided. Result: candidate won. Election summary: received 2 responses out of 3 voters: 2 yes votes; 0 no votes. yes voters: 2ce7d8a86bf547d7baf5ab4d99f67b86, 53bb5590508a48d7bd89dda4e665c12c; no voters: 
I20260630 12:22:04.093300 31289 raft_consensus.cc:2804] T a9d7714dbd704012a916284027118665 P 2ce7d8a86bf547d7baf5ab4d99f67b86 [term 1 FOLLOWER]: Leader election won for term 1
I20260630 12:22:04.077586 31283 tablet_bootstrap.cc:654] T 8e9e7805eee743c9979cfa045d6120aa P 75351392b93c4025925b39c86d44a5c1: Neither blocks nor log segments found. Creating new log.
I20260630 12:22:04.096963 31163 tablet_service.cc:1917] Received RequestConsensusVote() RPC: tablet_id: "5615dda664af45488f18d3abc341409c" candidate_uuid: "75351392b93c4025925b39c86d44a5c1" candidate_term: 1 candidate_status { last_received { term: 0 index: 0 } } ignore_live_leader: false dest_uuid: "53bb5590508a48d7bd89dda4e665c12c"
I20260630 12:22:04.104951 31289 raft_consensus.cc:697] T a9d7714dbd704012a916284027118665 P 2ce7d8a86bf547d7baf5ab4d99f67b86 [term 1 LEADER]: Becoming Leader. State: Replica: 2ce7d8a86bf547d7baf5ab4d99f67b86, State: Running, Role: LEADER
I20260630 12:22:04.106865 31289 consensus_queue.cc:237] T a9d7714dbd704012a916284027118665 P 2ce7d8a86bf547d7baf5ab4d99f67b86 [LEADER]: Queue going to LEADER mode. State: All replicated index: 0, Majority replicated index: 0, Committed index: 0, Last appended: 0.0, Last appended by leader: 0, Current term: 1, Majority size: 2, State: 0, Mode: LEADER, active raft config: opid_index: -1 OBSOLETE_local: false peers { permanent_uuid: "75351392b93c4025925b39c86d44a5c1" member_type: VOTER last_known_addr { host: "127.25.242.129" port: 37609 } } peers { permanent_uuid: "53bb5590508a48d7bd89dda4e665c12c" member_type: VOTER last_known_addr { host: "127.25.242.130" port: 42997 } } peers { permanent_uuid: "2ce7d8a86bf547d7baf5ab4d99f67b86" member_type: VOTER last_known_addr { host: "127.25.242.131" port: 35699 } }
