I20260630 12:21:15.037061  6726 consensus_queue.cc:260] T 0c309489131546758a8bc6897614e965 P 9f0ffa797b5242aabf2c1988ceea375a [NON_LEADER]: Queue going to NON_LEADER mode. State: All replicated index: 0, Majority replicated index: 0, Committed index: 0, Last appended: 0.0, Last appended by leader: 0, Current term: 0, Majority size: -1, State: 0, Mode: NON_LEADER, active raft config: opid_index: -1 OBSOLETE_local: false peers { permanent_uuid: "84dfaa365f044496a5887d31c0f4fbf4" member_type: VOTER last_known_addr { host: "127.3.210.129" port: 35637 } } peers { permanent_uuid: "95c524088ba14dfca71e3ff815b452f5" member_type: VOTER last_known_addr { host: "127.3.210.130" port: 40949 } } peers { permanent_uuid: "9f0ffa797b5242aabf2c1988ceea375a" member_type: VOTER last_known_addr { host: "127.3.210.131" port: 40247 } }
I20260630 12:21:15.037580  6729 consensus_queue.cc:260] T 2265507f925347d5bc56a5705770c413 P 84dfaa365f044496a5887d31c0f4fbf4 [NON_LEADER]: Queue going to NON_LEADER mode. State: All replicated index: 0, Majority replicated index: 0, Committed index: 0, Last appended: 0.0, Last appended by leader: 0, Current term: 0, Majority size: -1, State: 0, Mode: NON_LEADER, active raft config: opid_index: -1 OBSOLETE_local: false peers { permanent_uuid: "9f0ffa797b5242aabf2c1988ceea375a" member_type: VOTER last_known_addr { host: "127.3.210.131" port: 40247 } } peers { permanent_uuid: "95c524088ba14dfca71e3ff815b452f5" member_type: VOTER last_known_addr { host: "127.3.210.130" port: 40949 } } peers { permanent_uuid: "84dfaa365f044496a5887d31c0f4fbf4" member_type: VOTER last_known_addr { host: "127.3.210.129" port: 35637 } }
I20260630 12:21:15.040936  6726 ts_tablet_manager.cc:1434] T 0c309489131546758a8bc6897614e965 P 9f0ffa797b5242aabf2c1988ceea375a: Time spent starting tablet: real 0.009s	user 0.006s	sys 0.001s
I20260630 12:21:15.042822  6733 raft_consensus.cc:493] T c41b7291f61747b5a51001b8e1bbdf72 P 84dfaa365f044496a5887d31c0f4fbf4 [term 0 FOLLOWER]: Starting pre-election (no leader contacted us within the election timeout)
I20260630 12:21:15.043298  6733 raft_consensus.cc:515] T c41b7291f61747b5a51001b8e1bbdf72 P 84dfaa365f044496a5887d31c0f4fbf4 [term 0 FOLLOWER]: Starting pre-election with config: opid_index: -1 OBSOLETE_local: false peers { permanent_uuid: "84dfaa365f044496a5887d31c0f4fbf4" member_type: VOTER last_known_addr { host: "127.3.210.129" port: 35637 } } peers { permanent_uuid: "95c524088ba14dfca71e3ff815b452f5" member_type: VOTER last_known_addr { host: "127.3.210.130" port: 40949 } } peers { permanent_uuid: "9f0ffa797b5242aabf2c1988ceea375a" member_type: VOTER last_known_addr { host: "127.3.210.131" port: 40247 } }
I20260630 12:21:15.045981  6733 leader_election.cc:290] T c41b7291f61747b5a51001b8e1bbdf72 P 84dfaa365f044496a5887d31c0f4fbf4 [CANDIDATE]: Term 1 pre-election: Requested pre-vote from peers 95c524088ba14dfca71e3ff815b452f5 (127.3.210.130:40949), 9f0ffa797b5242aabf2c1988ceea375a (127.3.210.131:40247)
I20260630 12:21:15.046027  6729 ts_tablet_manager.cc:1434] T 2265507f925347d5bc56a5705770c413 P 84dfaa365f044496a5887d31c0f4fbf4: Time spent starting tablet: real 0.014s	user 0.006s	sys 0.001s
I20260630 12:21:15.059478  6607 tablet_service.cc:1917] Received RequestConsensusVote() RPC: tablet_id: "0c309489131546758a8bc6897614e965" candidate_uuid: "84dfaa365f044496a5887d31c0f4fbf4" candidate_term: 1 candidate_status { last_received { term: 0 index: 0 } } ignore_live_leader: false dest_uuid: "95c524088ba14dfca71e3ff815b452f5" is_pre_election: true
I20260630 12:21:15.059877  6606 tablet_service.cc:1917] Received RequestConsensusVote() RPC: tablet_id: "c41b7291f61747b5a51001b8e1bbdf72" candidate_uuid: "84dfaa365f044496a5887d31c0f4fbf4" candidate_term: 1 candidate_status { last_received { term: 0 index: 0 } } ignore_live_leader: false dest_uuid: "95c524088ba14dfca71e3ff815b452f5" is_pre_election: true
I20260630 12:21:15.060240  6607 raft_consensus.cc:2468] T 0c309489131546758a8bc6897614e965 P 95c524088ba14dfca71e3ff815b452f5 [term 0 FOLLOWER]: Leader pre-election vote request: Granting yes vote for candidate 84dfaa365f044496a5887d31c0f4fbf4 in term 0.
I20260630 12:21:15.060518  6606 raft_consensus.cc:2468] T c41b7291f61747b5a51001b8e1bbdf72 P 95c524088ba14dfca71e3ff815b452f5 [term 0 FOLLOWER]: Leader pre-election vote request: Granting yes vote for candidate 84dfaa365f044496a5887d31c0f4fbf4 in term 0.
I20260630 12:21:15.061455  6681 tablet_service.cc:1917] Received RequestConsensusVote() RPC: tablet_id: "0c309489131546758a8bc6897614e965" candidate_uuid: "84dfaa365f044496a5887d31c0f4fbf4" candidate_term: 1 candidate_status { last_received { term: 0 index: 0 } } ignore_live_leader: false dest_uuid: "9f0ffa797b5242aabf2c1988ceea375a" is_pre_election: true
I20260630 12:21:15.061721  6497 leader_election.cc:304] T 0c309489131546758a8bc6897614e965 P 84dfaa365f044496a5887d31c0f4fbf4 [CANDIDATE]: Term 1 pre-election: Election decided. Result: candidate won. Election summary: received 2 responses out of 3 voters: 2 yes votes; 0 no votes. yes voters: 84dfaa365f044496a5887d31c0f4fbf4, 95c524088ba14dfca71e3ff815b452f5; no voters: 
I20260630 12:21:15.061865  6680 tablet_service.cc:1917] Received RequestConsensusVote() RPC: tablet_id: "c41b7291f61747b5a51001b8e1bbdf72" candidate_uuid: "84dfaa365f044496a5887d31c0f4fbf4" candidate_term: 1 candidate_status { last_received { term: 0 index: 0 } } ignore_live_leader: false dest_uuid: "9f0ffa797b5242aabf2c1988ceea375a" is_pre_election: true
I20260630 12:21:15.062108  6681 raft_consensus.cc:2468] T 0c309489131546758a8bc6897614e965 P 9f0ffa797b5242aabf2c1988ceea375a [term 0 FOLLOWER]: Leader pre-election vote request: Granting yes vote for candidate 84dfaa365f044496a5887d31c0f4fbf4 in term 0.
I20260630 12:21:15.062410  6733 raft_consensus.cc:2804] T 0c309489131546758a8bc6897614e965 P 84dfaa365f044496a5887d31c0f4fbf4 [term 0 FOLLOWER]: Leader pre-election won for term 1
I20260630 12:21:15.062502  6680 raft_consensus.cc:2468] T c41b7291f61747b5a51001b8e1bbdf72 P 9f0ffa797b5242aabf2c1988ceea375a [term 0 FOLLOWER]: Leader pre-election vote request: Granting yes vote for candidate 84dfaa365f044496a5887d31c0f4fbf4 in term 0.
I20260630 12:21:15.062542  6497 leader_election.cc:304] T c41b7291f61747b5a51001b8e1bbdf72 P 84dfaa365f044496a5887d31c0f4fbf4 [CANDIDATE]: Term 1 pre-election: Election decided. Result: candidate won. Election summary: received 2 responses out of 3 voters: 2 yes votes; 0 no votes. yes voters: 84dfaa365f044496a5887d31c0f4fbf4, 95c524088ba14dfca71e3ff815b452f5; no voters: 
I20260630 12:21:15.062901  6733 raft_consensus.cc:493] T 0c309489131546758a8bc6897614e965 P 84dfaa365f044496a5887d31c0f4fbf4 [term 0 FOLLOWER]: Starting leader election (no leader contacted us within the election timeout)
I20260630 12:21:15.063365  6733 raft_consensus.cc:3060] T 0c309489131546758a8bc6897614e965 P 84dfaa365f044496a5887d31c0f4fbf4 [term 0 FOLLOWER]: Advancing to term 1
I20260630 12:21:15.064482  6746 raft_consensus.cc:2804] T c41b7291f61747b5a51001b8e1bbdf72 P 84dfaa365f044496a5887d31c0f4fbf4 [term 0 FOLLOWER]: Leader pre-election won for term 1
I20260630 12:21:15.064852  6746 raft_consensus.cc:493] T c41b7291f61747b5a51001b8e1bbdf72 P 84dfaa365f044496a5887d31c0f4fbf4 [term 0 FOLLOWER]: Starting leader election (no leader contacted us within the election timeout)
I20260630 12:21:15.065174  6746 raft_consensus.cc:3060] T c41b7291f61747b5a51001b8e1bbdf72 P 84dfaa365f044496a5887d31c0f4fbf4 [term 0 FOLLOWER]: Advancing to term 1
I20260630 12:21:15.068779  6733 raft_consensus.cc:515] T 0c309489131546758a8bc6897614e965 P 84dfaa365f044496a5887d31c0f4fbf4 [term 1 FOLLOWER]: Starting leader election with config: opid_index: -1 OBSOLETE_local: false peers { permanent_uuid: "84dfaa365f044496a5887d31c0f4fbf4" member_type: VOTER last_known_addr { host: "127.3.210.129" port: 35637 } } peers { permanent_uuid: "95c524088ba14dfca71e3ff815b452f5" member_type: VOTER last_known_addr { host: "127.3.210.130" port: 40949 } } peers { permanent_uuid: "9f0ffa797b5242aabf2c1988ceea375a" member_type: VOTER last_known_addr { host: "127.3.210.131" port: 40247 } }
I20260630 12:21:15.070245  6733 leader_election.cc:290] T 0c309489131546758a8bc6897614e965 P 84dfaa365f044496a5887d31c0f4fbf4 [CANDIDATE]: Term 1 election: Requested vote from peers 95c524088ba14dfca71e3ff815b452f5 (127.3.210.130:40949), 9f0ffa797b5242aabf2c1988ceea375a (127.3.210.131:40247)
I20260630 12:21:15.069952  6746 raft_consensus.cc:515] T c41b7291f61747b5a51001b8e1bbdf72 P 84dfaa365f044496a5887d31c0f4fbf4 [term 1 FOLLOWER]: Starting leader election with config: opid_index: -1 OBSOLETE_local: false peers { permanent_uuid: "84dfaa365f044496a5887d31c0f4fbf4" member_type: VOTER last_known_addr { host: "127.3.210.129" port: 35637 } } peers { permanent_uuid: "95c524088ba14dfca71e3ff815b452f5" member_type: VOTER last_known_addr { host: "127.3.210.130" port: 40949 } } peers { permanent_uuid: "9f0ffa797b5242aabf2c1988ceea375a" member_type: VOTER last_known_addr { host: "127.3.210.131" port: 40247 } }
I20260630 12:21:15.070864  6606 tablet_service.cc:1917] Received RequestConsensusVote() RPC: tablet_id: "0c309489131546758a8bc6897614e965" candidate_uuid: "84dfaa365f044496a5887d31c0f4fbf4" candidate_term: 1 candidate_status { last_received { term: 0 index: 0 } } ignore_live_leader: false dest_uuid: "95c524088ba14dfca71e3ff815b452f5"
I20260630 12:21:15.071350  6606 raft_consensus.cc:3060] T 0c309489131546758a8bc6897614e965 P 95c524088ba14dfca71e3ff815b452f5 [term 0 FOLLOWER]: Advancing to term 1
I20260630 12:21:15.071455  6680 tablet_service.cc:1917] Received RequestConsensusVote() RPC: tablet_id: "0c309489131546758a8bc6897614e965" candidate_uuid: "84dfaa365f044496a5887d31c0f4fbf4" candidate_term: 1 candidate_status { last_received { term: 0 index: 0 } } ignore_live_leader: false dest_uuid: "9f0ffa797b5242aabf2c1988ceea375a"
I20260630 12:21:15.071871  6680 raft_consensus.cc:3060] T 0c309489131546758a8bc6897614e965 P 9f0ffa797b5242aabf2c1988ceea375a [term 0 FOLLOWER]: Advancing to term 1
I20260630 12:21:15.075637  6606 raft_consensus.cc:2468] T 0c309489131546758a8bc6897614e965 P 95c524088ba14dfca71e3ff815b452f5 [term 1 FOLLOWER]: Leader election vote request: Granting yes vote for candidate 84dfaa365f044496a5887d31c0f4fbf4 in term 1.
I20260630 12:21:15.076047  6680 raft_consensus.cc:2468] T 0c309489131546758a8bc6897614e965 P 9f0ffa797b5242aabf2c1988ceea375a [term 1 FOLLOWER]: Leader election vote request: Granting yes vote for candidate 84dfaa365f044496a5887d31c0f4fbf4 in term 1.
I20260630 12:21:15.076705  6746 leader_election.cc:290] T c41b7291f61747b5a51001b8e1bbdf72 P 84dfaa365f044496a5887d31c0f4fbf4 [CANDIDATE]: Term 1 election: Requested vote from peers 95c524088ba14dfca71e3ff815b452f5 (127.3.210.130:40949), 9f0ffa797b5242aabf2c1988ceea375a (127.3.210.131:40247)
I20260630 12:21:15.076825  6497 leader_election.cc:304] T 0c309489131546758a8bc6897614e965 P 84dfaa365f044496a5887d31c0f4fbf4 [CANDIDATE]: Term 1 election: Election decided. Result: candidate won. Election summary: received 2 responses out of 3 voters: 2 yes votes; 0 no votes. yes voters: 84dfaa365f044496a5887d31c0f4fbf4, 95c524088ba14dfca71e3ff815b452f5; no voters: 
I20260630 12:21:15.077172  6606 tablet_service.cc:1917] Received RequestConsensusVote() RPC: tablet_id: "c41b7291f61747b5a51001b8e1bbdf72" candidate_uuid: "84dfaa365f044496a5887d31c0f4fbf4" candidate_term: 1 candidate_status { last_received { term: 0 index: 0 } } ignore_live_leader: false dest_uuid: "95c524088ba14dfca71e3ff815b452f5"
I20260630 12:21:15.077855  6606 raft_consensus.cc:3060] T c41b7291f61747b5a51001b8e1bbdf72 P 95c524088ba14dfca71e3ff815b452f5 [term 0 FOLLOWER]: Advancing to term 1
I20260630 12:21:15.077927  6680 tablet_service.cc:1917] Received RequestConsensusVote() RPC: tablet_id: "c41b7291f61747b5a51001b8e1bbdf72" candidate_uuid: "84dfaa365f044496a5887d31c0f4fbf4" candidate_term: 1 candidate_status { last_received { term: 0 index: 0 } } ignore_live_leader: false dest_uuid: "9f0ffa797b5242aabf2c1988ceea375a"
I20260630 12:21:15.078418  6680 raft_consensus.cc:3060] T c41b7291f61747b5a51001b8e1bbdf72 P 9f0ffa797b5242aabf2c1988ceea375a [term 0 FOLLOWER]: Advancing to term 1
I20260630 12:21:15.079207  6746 raft_consensus.cc:2804] T 0c309489131546758a8bc6897614e965 P 84dfaa365f044496a5887d31c0f4fbf4 [term 1 FOLLOWER]: Leader election won for term 1
I20260630 12:21:15.079659  6746 raft_consensus.cc:697] T 0c309489131546758a8bc6897614e965 P 84dfaa365f044496a5887d31c0f4fbf4 [term 1 LEADER]: Becoming Leader. State: Replica: 84dfaa365f044496a5887d31c0f4fbf4, State: Running, Role: LEADER
I20260630 12:21:15.080410  6746 consensus_queue.cc:237] T 0c309489131546758a8bc6897614e965 P 84dfaa365f044496a5887d31c0f4fbf4 [LEADER]: Queue going to LEADER mode. State: All replicated index: 0, Majority replicated index: 0, Committed index: 0, Last appended: 0.0, Last appended by leader: 0, Current term: 1, Majority size: 2, State: 0, Mode: LEADER, active raft config: opid_index: -1 OBSOLETE_local: false peers { permanent_uuid: "84dfaa365f044496a5887d31c0f4fbf4" member_type: VOTER last_known_addr { host: "127.3.210.129" port: 35637 } } peers { permanent_uuid: "95c524088ba14dfca71e3ff815b452f5" member_type: VOTER last_known_addr { host: "127.3.210.130" port: 40949 } } peers { permanent_uuid: "9f0ffa797b5242aabf2c1988ceea375a" member_type: VOTER last_known_addr { host: "127.3.210.131" port: 40247 } }
I20260630 12:21:15.082525  6680 raft_consensus.cc:2468] T c41b7291f61747b5a51001b8e1bbdf72 P 9f0ffa797b5242aabf2c1988ceea375a [term 1 FOLLOWER]: Leader election vote request: Granting yes vote for candidate 84dfaa365f044496a5887d31c0f4fbf4 in term 1.
I20260630 12:21:15.083158  6606 raft_consensus.cc:2468] T c41b7291f61747b5a51001b8e1bbdf72 P 95c524088ba14dfca71e3ff815b452f5 [term 1 FOLLOWER]: Leader election vote request: Granting yes vote for candidate 84dfaa365f044496a5887d31c0f4fbf4 in term 1.
I20260630 12:21:15.083554  6495 leader_election.cc:304] T c41b7291f61747b5a51001b8e1bbdf72 P 84dfaa365f044496a5887d31c0f4fbf4 [CANDIDATE]: Term 1 election: Election decided. Result: candidate won. Election summary: received 2 responses out of 3 voters: 2 yes votes; 0 no votes. yes voters: 84dfaa365f044496a5887d31c0f4fbf4, 9f0ffa797b5242aabf2c1988ceea375a; no voters: 
I20260630 12:21:15.084638  6746 raft_consensus.cc:2804] T c41b7291f61747b5a51001b8e1bbdf72 P 84dfaa365f044496a5887d31c0f4fbf4 [term 1 FOLLOWER]: Leader election won for term 1
I20260630 12:21:15.085041  6746 raft_consensus.cc:697] T c41b7291f61747b5a51001b8e1bbdf72 P 84dfaa365f044496a5887d31c0f4fbf4 [term 1 LEADER]: Becoming Leader. State: Replica: 84dfaa365f044496a5887d31c0f4fbf4, State: Running, Role: LEADER
I20260630 12:21:15.085685  6746 consensus_queue.cc:237] T c41b7291f61747b5a51001b8e1bbdf72 P 84dfaa365f044496a5887d31c0f4fbf4 [LEADER]: Queue going to LEADER mode. State: All replicated index: 0, Majority replicated index: 0, Committed index: 0, Last appended: 0.0, Last appended by leader: 0, Current term: 1, Majority size: 2, State: 0, Mode: LEADER, active raft config: opid_index: -1 OBSOLETE_local: false peers { permanent_uuid: "84dfaa365f044496a5887d31c0f4fbf4" member_type: VOTER last_known_addr { host: "127.3.210.129" port: 35637 } } peers { permanent_uuid: "95c524088ba14dfca71e3ff815b452f5" member_type: VOTER last_known_addr { host: "127.3.210.130" port: 40949 } } peers { permanent_uuid: "9f0ffa797b5242aabf2c1988ceea375a" member_type: VOTER last_known_addr { host: "127.3.210.131" port: 40247 } }
I20260630 12:21:15.088160  6428 catalog_manager.cc:5697] T 0c309489131546758a8bc6897614e965 P 84dfaa365f044496a5887d31c0f4fbf4 reported cstate change: term changed from 0 to 1, leader changed from <none> to 84dfaa365f044496a5887d31c0f4fbf4 (127.3.210.129). New cstate: current_term: 1 leader_uuid: "84dfaa365f044496a5887d31c0f4fbf4" committed_config { opid_index: -1 OBSOLETE_local: false peers { permanent_uuid: "84dfaa365f044496a5887d31c0f4fbf4" member_type: VOTER last_known_addr { host: "127.3.210.129" port: 35637 } health_report { overall_health: HEALTHY } } peers { permanent_uuid: "95c524088ba14dfca71e3ff815b452f5" member_type: VOTER last_known_addr { host: "127.3.210.130" port: 40949 } health_report { overall_health: UNKNOWN } } peers { permanent_uuid: "9f0ffa797b5242aabf2c1988ceea375a" member_type: VOTER last_known_addr { host: "127.3.210.131" port: 40247 } health_report { overall_health: UNKNOWN } } }
I20260630 12:21:15.098032  6428 catalog_manager.cc:5697] T c41b7291f61747b5a51001b8e1bbdf72 P 84dfaa365f044496a5887d31c0f4fbf4 reported cstate change: term changed from 0 to 1, leader changed from <none> to 84dfaa365f044496a5887d31c0f4fbf4 (127.3.210.129). New cstate: current_term: 1 leader_uuid: "84dfaa365f044496a5887d31c0f4fbf4" committed_config { opid_index: -1 OBSOLETE_local: false peers { permanent_uuid: "84dfaa365f044496a5887d31c0f4fbf4" member_type: VOTER last_known_addr { host: "127.3.210.129" port: 35637 } health_report { overall_health: HEALTHY } } peers { permanent_uuid: "95c524088ba14dfca71e3ff815b452f5" member_type: VOTER last_known_addr { host: "127.3.210.130" port: 40949 } health_report { overall_health: UNKNOWN } } peers { permanent_uuid: "9f0ffa797b5242aabf2c1988ceea375a" member_type: VOTER last_known_addr { host: "127.3.210.131" port: 40247 } health_report { overall_health: UNKNOWN } } }
I20260630 12:21:15.127197  6746 raft_consensus.cc:493] T d90eaf9d175947a4a8307326ba6277dc P 84dfaa365f044496a5887d31c0f4fbf4 [term 0 FOLLOWER]: Starting pre-election (no leader contacted us within the election timeout)
I20260630 12:21:15.127578  6746 raft_consensus.cc:515] T d90eaf9d175947a4a8307326ba6277dc P 84dfaa365f044496a5887d31c0f4fbf4 [term 0 FOLLOWER]: Starting pre-election with config: opid_index: -1 OBSOLETE_local: false peers { permanent_uuid: "84dfaa365f044496a5887d31c0f4fbf4" member_type: VOTER last_known_addr { host: "127.3.210.129" port: 35637 } } peers { permanent_uuid: "95c524088ba14dfca71e3ff815b452f5" member_type: VOTER last_known_addr { host: "127.3.210.130" port: 40949 } } peers { permanent_uuid: "9f0ffa797b5242aabf2c1988ceea375a" member_type: VOTER last_known_addr { host: "127.3.210.131" port: 40247 } }
I20260630 12:21:15.129132  6746 leader_election.cc:290] T d90eaf9d175947a4a8307326ba6277dc P 84dfaa365f044496a5887d31c0f4fbf4 [CANDIDATE]: Term 1 pre-election: Requested pre-vote from peers 95c524088ba14dfca71e3ff815b452f5 (127.3.210.130:40949), 9f0ffa797b5242aabf2c1988ceea375a (127.3.210.131:40247)
I20260630 12:21:15.129760  6606 tablet_service.cc:1917] Received RequestConsensusVote() RPC: tablet_id: "d90eaf9d175947a4a8307326ba6277dc" candidate_uuid: "84dfaa365f044496a5887d31c0f4fbf4" candidate_term: 1 candidate_status { last_received { term: 0 index: 0 } } ignore_live_leader: false dest_uuid: "95c524088ba14dfca71e3ff815b452f5" is_pre_election: true
I20260630 12:21:15.130067  6680 tablet_service.cc:1917] Received RequestConsensusVote() RPC: tablet_id: "d90eaf9d175947a4a8307326ba6277dc" candidate_uuid: "84dfaa365f044496a5887d31c0f4fbf4" candidate_term: 1 candidate_status { last_received { term: 0 index: 0 } } ignore_live_leader: false dest_uuid: "9f0ffa797b5242aabf2c1988ceea375a" is_pre_election: true
I20260630 12:21:15.130213  6606 raft_consensus.cc:2468] T d90eaf9d175947a4a8307326ba6277dc P 95c524088ba14dfca71e3ff815b452f5 [term 0 FOLLOWER]: Leader pre-election vote request: Granting yes vote for candidate 84dfaa365f044496a5887d31c0f4fbf4 in term 0.
I20260630 12:21:15.130569  6680 raft_consensus.cc:2468] T d90eaf9d175947a4a8307326ba6277dc P 9f0ffa797b5242aabf2c1988ceea375a [term 0 FOLLOWER]: Leader pre-election vote request: Granting yes vote for candidate 84dfaa365f044496a5887d31c0f4fbf4 in term 0.
I20260630 12:21:15.131163  6497 leader_election.cc:304] T d90eaf9d175947a4a8307326ba6277dc P 84dfaa365f044496a5887d31c0f4fbf4 [CANDIDATE]: Term 1 pre-election: Election decided. Result: candidate won. Election summary: received 2 responses out of 3 voters: 2 yes votes; 0 no votes. yes voters: 84dfaa365f044496a5887d31c0f4fbf4, 95c524088ba14dfca71e3ff815b452f5; no voters: 
I20260630 12:21:15.131778  6746 raft_consensus.cc:2804] T d90eaf9d175947a4a8307326ba6277dc P 84dfaa365f044496a5887d31c0f4fbf4 [term 0 FOLLOWER]: Leader pre-election won for term 1
I20260630 12:21:15.132086  6746 raft_consensus.cc:493] T d90eaf9d175947a4a8307326ba6277dc P 84dfaa365f044496a5887d31c0f4fbf4 [term 0 FOLLOWER]: Starting leader election (no leader contacted us within the election timeout)
I20260630 12:21:15.132333  6746 raft_consensus.cc:3060] T d90eaf9d175947a4a8307326ba6277dc P 84dfaa365f044496a5887d31c0f4fbf4 [term 0 FOLLOWER]: Advancing to term 1
I20260630 12:21:15.136386  6746 raft_consensus.cc:515] T d90eaf9d175947a4a8307326ba6277dc P 84dfaa365f044496a5887d31c0f4fbf4 [term 1 FOLLOWER]: Starting leader election with config: opid_index: -1 OBSOLETE_local: false peers { permanent_uuid: "84dfaa365f044496a5887d31c0f4fbf4" member_type: VOTER last_known_addr { host: "127.3.210.129" port: 35637 } } peers { permanent_uuid: "95c524088ba14dfca71e3ff815b452f5" member_type: VOTER last_known_addr { host: "127.3.210.130" port: 40949 } } peers { permanent_uuid: "9f0ffa797b5242aabf2c1988ceea375a" member_type: VOTER last_known_addr { host: "127.3.210.131" port: 40247 } }
I20260630 12:21:15.137840  6746 leader_election.cc:290] T d90eaf9d175947a4a8307326ba6277dc P 84dfaa365f044496a5887d31c0f4fbf4 [CANDIDATE]: Term 1 election: Requested vote from peers 95c524088ba14dfca71e3ff815b452f5 (127.3.210.130:40949), 9f0ffa797b5242aabf2c1988ceea375a (127.3.210.131:40247)
I20260630 12:21:15.138383  6606 tablet_service.cc:1917] Received RequestConsensusVote() RPC: tablet_id: "d90eaf9d175947a4a8307326ba6277dc" candidate_uuid: "84dfaa365f044496a5887d31c0f4fbf4" candidate_term: 1 candidate_status { last_received { term: 0 index: 0 } } ignore_live_leader: false dest_uuid: "95c524088ba14dfca71e3ff815b452f5"
I20260630 12:21:15.138695  6680 tablet_service.cc:1917] Received RequestConsensusVote() RPC: tablet_id: "d90eaf9d175947a4a8307326ba6277dc" candidate_uuid: "84dfaa365f044496a5887d31c0f4fbf4" candidate_term: 1 candidate_status { last_received { term: 0 index: 0 } } ignore_live_leader: false dest_uuid: "9f0ffa797b5242aabf2c1988ceea375a"
I20260630 12:21:15.138908  6606 raft_consensus.cc:3060] T d90eaf9d175947a4a8307326ba6277dc P 95c524088ba14dfca71e3ff815b452f5 [term 0 FOLLOWER]: Advancing to term 1
I20260630 12:21:15.139240  6680 raft_consensus.cc:3060] T d90eaf9d175947a4a8307326ba6277dc P 9f0ffa797b5242aabf2c1988ceea375a [term 0 FOLLOWER]: Advancing to term 1
I20260630 12:21:15.145146  6606 raft_consensus.cc:2468] T d90eaf9d175947a4a8307326ba6277dc P 95c524088ba14dfca71e3ff815b452f5 [term 1 FOLLOWER]: Leader election vote request: Granting yes vote for candidate 84dfaa365f044496a5887d31c0f4fbf4 in term 1.
I20260630 12:21:15.145146  6680 raft_consensus.cc:2468] T d90eaf9d175947a4a8307326ba6277dc P 9f0ffa797b5242aabf2c1988ceea375a [term 1 FOLLOWER]: Leader election vote request: Granting yes vote for candidate 84dfaa365f044496a5887d31c0f4fbf4 in term 1.
I20260630 12:21:15.146327  6495 leader_election.cc:304] T d90eaf9d175947a4a8307326ba6277dc P 84dfaa365f044496a5887d31c0f4fbf4 [CANDIDATE]: Term 1 election: Election decided. Result: candidate won. Election summary: received 2 responses out of 3 voters: 2 yes votes; 0 no votes. yes voters: 84dfaa365f044496a5887d31c0f4fbf4, 9f0ffa797b5242aabf2c1988ceea375a; no voters: 
I20260630 12:21:15.146903  6746 raft_consensus.cc:2804] T d90eaf9d175947a4a8307326ba6277dc P 84dfaa365f044496a5887d31c0f4fbf4 [term 1 FOLLOWER]: Leader election won for term 1
I20260630 12:21:15.147291  6746 raft_consensus.cc:697] T d90eaf9d175947a4a8307326ba6277dc P 84dfaa365f044496a5887d31c0f4fbf4 [term 1 LEADER]: Becoming Leader. State: Replica: 84dfaa365f044496a5887d31c0f4fbf4, State: Running, Role: LEADER
I20260630 12:21:15.147863  6746 consensus_queue.cc:237] T d90eaf9d175947a4a8307326ba6277dc P 84dfaa365f044496a5887d31c0f4fbf4 [LEADER]: Queue going to LEADER mode. State: All replicated index: 0, Majority replicated index: 0, Committed index: 0, Last appended: 0.0, Last appended by leader: 0, Current term: 1, Majority size: 2, State: 0, Mode: LEADER, active raft config: opid_index: -1 OBSOLETE_local: false peers { permanent_uuid: "84dfaa365f044496a5887d31c0f4fbf4" member_type: VOTER last_known_addr { host: "127.3.210.129" port: 35637 } } peers { permanent_uuid: "95c524088ba14dfca71e3ff815b452f5" member_type: VOTER last_known_addr { host: "127.3.210.130" port: 40949 } } peers { permanent_uuid: "9f0ffa797b5242aabf2c1988ceea375a" member_type: VOTER last_known_addr { host: "127.3.210.131" port: 40247 } }
I20260630 12:21:15.154361  6428 catalog_manager.cc:5697] T d90eaf9d175947a4a8307326ba6277dc P 84dfaa365f044496a5887d31c0f4fbf4 reported cstate change: term changed from 0 to 1, leader changed from <none> to 84dfaa365f044496a5887d31c0f4fbf4 (127.3.210.129). New cstate: current_term: 1 leader_uuid: "84dfaa365f044496a5887d31c0f4fbf4" committed_config { opid_index: -1 OBSOLETE_local: false peers { permanent_uuid: "84dfaa365f044496a5887d31c0f4fbf4" member_type: VOTER last_known_addr { host: "127.3.210.129" port: 35637 } health_report { overall_health: HEALTHY } } peers { permanent_uuid: "95c524088ba14dfca71e3ff815b452f5" member_type: VOTER last_known_addr { host: "127.3.210.130" port: 40949 } health_report { overall_health: UNKNOWN } } peers { permanent_uuid: "9f0ffa797b5242aabf2c1988ceea375a" member_type: VOTER last_known_addr { host: "127.3.210.131" port: 40247 } health_report { overall_health: UNKNOWN } } }
I20260630 12:21:15.290164  6731 raft_consensus.cc:493] T 2265507f925347d5bc56a5705770c413 P 95c524088ba14dfca71e3ff815b452f5 [term 0 FOLLOWER]: Starting pre-election (no leader contacted us within the election timeout)
I20260630 12:21:15.290573  6731 raft_consensus.cc:515] T 2265507f925347d5bc56a5705770c413 P 95c524088ba14dfca71e3ff815b452f5 [term 0 FOLLOWER]: Starting pre-election with config: opid_index: -1 OBSOLETE_local: false peers { permanent_uuid: "9f0ffa797b5242aabf2c1988ceea375a" member_type: VOTER last_known_addr { host: "127.3.210.131" port: 40247 } } peers { permanent_uuid: "95c524088ba14dfca71e3ff815b452f5" member_type: VOTER last_known_addr { host: "127.3.210.130" port: 40949 } } peers { permanent_uuid: "84dfaa365f044496a5887d31c0f4fbf4" member_type: VOTER last_known_addr { host: "127.3.210.129" port: 35637 } }
I20260630 12:21:15.292429  6731 leader_election.cc:290] T 2265507f925347d5bc56a5705770c413 P 95c524088ba14dfca71e3ff815b452f5 [CANDIDATE]: Term 1 pre-election: Requested pre-vote from peers 9f0ffa797b5242aabf2c1988ceea375a (127.3.210.131:40247), 84dfaa365f044496a5887d31c0f4fbf4 (127.3.210.129:35637)
I20260630 12:21:15.300889  6680 tablet_service.cc:1917] Received RequestConsensusVote() RPC: tablet_id: "2265507f925347d5bc56a5705770c413" candidate_uuid: "95c524088ba14dfca71e3ff815b452f5" candidate_term: 1 candidate_status { last_received { term: 0 index: 0 } } ignore_live_leader: false dest_uuid: "9f0ffa797b5242aabf2c1988ceea375a" is_pre_election: true
I20260630 12:21:15.301508  6680 raft_consensus.cc:2468] T 2265507f925347d5bc56a5705770c413 P 9f0ffa797b5242aabf2c1988ceea375a [term 0 FOLLOWER]: Leader pre-election vote request: Granting yes vote for candidate 95c524088ba14dfca71e3ff815b452f5 in term 0.
I20260630 12:21:15.301456  6532 tablet_service.cc:1917] Received RequestConsensusVote() RPC: tablet_id: "2265507f925347d5bc56a5705770c413" candidate_uuid: "95c524088ba14dfca71e3ff815b452f5" candidate_term: 1 candidate_status { last_received { term: 0 index: 0 } } ignore_live_leader: false dest_uuid: "84dfaa365f044496a5887d31c0f4fbf4" is_pre_election: true
I20260630 12:21:15.302203  6532 raft_consensus.cc:2468] T 2265507f925347d5bc56a5705770c413 P 84dfaa365f044496a5887d31c0f4fbf4 [term 0 FOLLOWER]: Leader pre-election vote request: Granting yes vote for candidate 95c524088ba14dfca71e3ff815b452f5 in term 0.
I20260630 12:21:15.302668  6570 leader_election.cc:304] T 2265507f925347d5bc56a5705770c413 P 95c524088ba14dfca71e3ff815b452f5 [CANDIDATE]: Term 1 pre-election: Election decided. Result: candidate won. Election summary: received 2 responses out of 3 voters: 2 yes votes; 0 no votes. yes voters: 95c524088ba14dfca71e3ff815b452f5, 9f0ffa797b5242aabf2c1988ceea375a; no voters: 
I20260630 12:21:15.303300  6731 raft_consensus.cc:2804] T 2265507f925347d5bc56a5705770c413 P 95c524088ba14dfca71e3ff815b452f5 [term 0 FOLLOWER]: Leader pre-election won for term 1
I20260630 12:21:15.303557  6731 raft_consensus.cc:493] T 2265507f925347d5bc56a5705770c413 P 95c524088ba14dfca71e3ff815b452f5 [term 0 FOLLOWER]: Starting leader election (no leader contacted us within the election timeout)
I20260630 12:21:15.303797  6731 raft_consensus.cc:3060] T 2265507f925347d5bc56a5705770c413 P 95c524088ba14dfca71e3ff815b452f5 [term 0 FOLLOWER]: Advancing to term 1
I20260630 12:21:15.308044  6731 raft_consensus.cc:515] T 2265507f925347d5bc56a5705770c413 P 95c524088ba14dfca71e3ff815b452f5 [term 1 FOLLOWER]: Starting leader election with config: opid_index: -1 OBSOLETE_local: false peers { permanent_uuid: "9f0ffa797b5242aabf2c1988ceea375a" member_type: VOTER last_known_addr { host: "127.3.210.131" port: 40247 } } peers { permanent_uuid: "95c524088ba14dfca71e3ff815b452f5" member_type: VOTER last_known_addr { host: "127.3.210.130" port: 40949 } } peers { permanent_uuid: "84dfaa365f044496a5887d31c0f4fbf4" member_type: VOTER last_known_addr { host: "127.3.210.129" port: 35637 } }
I20260630 12:21:15.309412  6731 leader_election.cc:290] T 2265507f925347d5bc56a5705770c413 P 95c524088ba14dfca71e3ff815b452f5 [CANDIDATE]: Term 1 election: Requested vote from peers 9f0ffa797b5242aabf2c1988ceea375a (127.3.210.131:40247), 84dfaa365f044496a5887d31c0f4fbf4 (127.3.210.129:35637)
I20260630 12:21:15.310024  6680 tablet_service.cc:1917] Received RequestConsensusVote() RPC: tablet_id: "2265507f925347d5bc56a5705770c413" candidate_uuid: "95c524088ba14dfca71e3ff815b452f5" candidate_term: 1 candidate_status { last_received { term: 0 index: 0 } } ignore_live_leader: false dest_uuid: "9f0ffa797b5242aabf2c1988ceea375a"
I20260630 12:21:15.310359  6532 tablet_service.cc:1917] Received RequestConsensusVote() RPC: tablet_id: "2265507f925347d5bc56a5705770c413" candidate_uuid: "95c524088ba14dfca71e3ff815b452f5" candidate_term: 1 candidate_status { last_received { term: 0 index: 0 } } ignore_live_leader: false dest_uuid: "84dfaa365f044496a5887d31c0f4fbf4"
I20260630 12:21:15.310482  6680 raft_consensus.cc:3060] T 2265507f925347d5bc56a5705770c413 P 9f0ffa797b5242aabf2c1988ceea375a [term 0 FOLLOWER]: Advancing to term 1
I20260630 12:21:15.310776  6532 raft_consensus.cc:3060] T 2265507f925347d5bc56a5705770c413 P 84dfaa365f044496a5887d31c0f4fbf4 [term 0 FOLLOWER]: Advancing to term 1
I20260630 12:21:15.314441  6680 raft_consensus.cc:2468] T 2265507f925347d5bc56a5705770c413 P 9f0ffa797b5242aabf2c1988ceea375a [term 1 FOLLOWER]: Leader election vote request: Granting yes vote for candidate 95c524088ba14dfca71e3ff815b452f5 in term 1.
I20260630 12:21:15.315057  6532 raft_consensus.cc:2468] T 2265507f925347d5bc56a5705770c413 P 84dfaa365f044496a5887d31c0f4fbf4 [term 1 FOLLOWER]: Leader election vote request: Granting yes vote for candidate 95c524088ba14dfca71e3ff815b452f5 in term 1.
I20260630 12:21:15.315282  6570 leader_election.cc:304] T 2265507f925347d5bc56a5705770c413 P 95c524088ba14dfca71e3ff815b452f5 [CANDIDATE]: Term 1 election: Election decided. Result: candidate won. Election summary: received 2 responses out of 3 voters: 2 yes votes; 0 no votes. yes voters: 95c524088ba14dfca71e3ff815b452f5, 9f0ffa797b5242aabf2c1988ceea375a; no voters: 
I20260630 12:21:15.315989  6731 raft_consensus.cc:2804] T 2265507f925347d5bc56a5705770c413 P 95c524088ba14dfca71e3ff815b452f5 [term 1 FOLLOWER]: Leader election won for term 1
I20260630 12:21:15.317008  6731 raft_consensus.cc:697] T 2265507f925347d5bc56a5705770c413 P 95c524088ba14dfca71e3ff815b452f5 [term 1 LEADER]: Becoming Leader. State: Replica: 95c524088ba14dfca71e3ff815b452f5, State: Running, Role: LEADER
I20260630 12:21:15.317629  6731 consensus_queue.cc:237] T 2265507f925347d5bc56a5705770c413 P 95c524088ba14dfca71e3ff815b452f5 [LEADER]: Queue going to LEADER mode. State: All replicated index: 0, Majority replicated index: 0, Committed index: 0, Last appended: 0.0, Last appended by leader: 0, Current term: 1, Majority size: 2, State: 0, Mode: LEADER, active raft config: opid_index: -1 OBSOLETE_local: false peers { permanent_uuid: "9f0ffa797b5242aabf2c1988ceea375a" member_type: VOTER last_known_addr { host: "127.3.210.131" port: 40247 } } peers { permanent_uuid: "95c524088ba14dfca71e3ff815b452f5" member_type: VOTER last_known_addr { host: "127.3.210.130" port: 40949 } } peers { permanent_uuid: "84dfaa365f044496a5887d31c0f4fbf4" member_type: VOTER last_known_addr { host: "127.3.210.129" port: 35637 } }
I20260630 12:21:15.323879  6428 catalog_manager.cc:5697] T 2265507f925347d5bc56a5705770c413 P 95c524088ba14dfca71e3ff815b452f5 reported cstate change: term changed from 0 to 1, leader changed from <none> to 95c524088ba14dfca71e3ff815b452f5 (127.3.210.130). New cstate: current_term: 1 leader_uuid: "95c524088ba14dfca71e3ff815b452f5" committed_config { opid_index: -1 OBSOLETE_local: false peers { permanent_uuid: "9f0ffa797b5242aabf2c1988ceea375a" member_type: VOTER last_known_addr { host: "127.3.210.131" port: 40247 } health_report { overall_health: UNKNOWN } } peers { permanent_uuid: "95c524088ba14dfca71e3ff815b452f5" member_type: VOTER last_known_addr { host: "127.3.210.130" port: 40949 } health_report { overall_health: HEALTHY } } peers { permanent_uuid: "84dfaa365f044496a5887d31c0f4fbf4" member_type: VOTER last_known_addr { host: "127.3.210.129" port: 35637 } health_report { overall_health: UNKNOWN } } }
I20260630 12:21:15.364897  6483 auto_leader_rebalancer.cc:141] leader rebalance for table range_aware_auto_rebalancer_test
I20260630 12:21:15.377722  6532 tablet_service.cc:2072] Received LeaderStepDown RPC: tablet_id: "0c309489131546758a8bc6897614e965"
dest_uuid: "84dfaa365f044496a5887d31c0f4fbf4"
mode: GRACEFUL
new_leader_uuid: "9f0ffa797b5242aabf2c1988ceea375a"
 from {username='slave'} at 127.0.0.1:36546
I20260630 12:21:15.378413  6532 raft_consensus.cc:606] T 0c309489131546758a8bc6897614e965 P 84dfaa365f044496a5887d31c0f4fbf4 [term 1 LEADER]: Received request to transfer leadership to TS 9f0ffa797b5242aabf2c1988ceea375a
I20260630 12:21:15.379554  6483 auto_leader_rebalancer.cc:440] table: range_aware_auto_rebalancer_test, leader rebalance finish, leader transfer count: 1
I20260630 12:21:15.379901  6483 auto_leader_rebalancer.cc:515] All tables' leader rebalancing finished this round
I20260630 12:21:15.417197  3914 tablet_server.cc:179] TabletServer@127.3.210.129:0 shutting down...
I20260630 12:21:15.437495  3914 ts_tablet_manager.cc:1507] Shutting down tablet manager...
I20260630 12:21:15.438475  3914 tablet_replica.cc:333] T 2265507f925347d5bc56a5705770c413 P 84dfaa365f044496a5887d31c0f4fbf4: stopping tablet replica
I20260630 12:21:15.439373  3914 raft_consensus.cc:2243] T 2265507f925347d5bc56a5705770c413 P 84dfaa365f044496a5887d31c0f4fbf4 [term 1 FOLLOWER]: Raft consensus shutting down.
I20260630 12:21:15.439985  3914 raft_consensus.cc:2272] T 2265507f925347d5bc56a5705770c413 P 84dfaa365f044496a5887d31c0f4fbf4 [term 1 FOLLOWER]: Raft consensus is shut down!
I20260630 12:21:15.442689  3914 tablet_replica.cc:333] T 0c309489131546758a8bc6897614e965 P 84dfaa365f044496a5887d31c0f4fbf4: stopping tablet replica
I20260630 12:21:15.443275  3914 raft_consensus.cc:2243] T 0c309489131546758a8bc6897614e965 P 84dfaa365f044496a5887d31c0f4fbf4 [term 1 LEADER]: Raft consensus shutting down.
I20260630 12:21:15.444011  3914 pending_rounds.cc:70] T 0c309489131546758a8bc6897614e965 P 84dfaa365f044496a5887d31c0f4fbf4: Trying to abort 1 pending ops.
I20260630 12:21:15.444245  3914 pending_rounds.cc:77] T 0c309489131546758a8bc6897614e965 P 84dfaa365f044496a5887d31c0f4fbf4: Aborting op as it isn't in flight: id { term: 1 index: 1 } timestamp: 7302439219538075648 op_type: NO_OP noop_request { }
I20260630 12:21:15.444680  3914 raft_consensus.cc:2889] T 0c309489131546758a8bc6897614e965 P 84dfaa365f044496a5887d31c0f4fbf4 [term 1 LEADER]: NO_OP replication failed: Aborted: Op aborted
I20260630 12:21:15.444981  3914 raft_consensus.cc:2272] T 0c309489131546758a8bc6897614e965 P 84dfaa365f044496a5887d31c0f4fbf4 [term 1 FOLLOWER]: Raft consensus is shut down!
I20260630 12:21:15.447850  3914 tablet_replica.cc:333] T c41b7291f61747b5a51001b8e1bbdf72 P 84dfaa365f044496a5887d31c0f4fbf4: stopping tablet replica
I20260630 12:21:15.448336  3914 raft_consensus.cc:2243] T c41b7291f61747b5a51001b8e1bbdf72 P 84dfaa365f044496a5887d31c0f4fbf4 [term 1 LEADER]: Raft consensus shutting down.
I20260630 12:21:15.448920  3914 pending_rounds.cc:70] T c41b7291f61747b5a51001b8e1bbdf72 P 84dfaa365f044496a5887d31c0f4fbf4: Trying to abort 1 pending ops.
I20260630 12:21:15.449079  3914 pending_rounds.cc:77] T c41b7291f61747b5a51001b8e1bbdf72 P 84dfaa365f044496a5887d31c0f4fbf4: Aborting op as it isn't in flight: id { term: 1 index: 1 } timestamp: 7302439219557679104 op_type: NO_OP noop_request { }
I20260630 12:21:15.449326  3914 raft_consensus.cc:2889] T c41b7291f61747b5a51001b8e1bbdf72 P 84dfaa365f044496a5887d31c0f4fbf4 [term 1 LEADER]: NO_OP replication failed: Aborted: Op aborted
I20260630 12:21:15.449671  3914 raft_consensus.cc:2272] T c41b7291f61747b5a51001b8e1bbdf72 P 84dfaa365f044496a5887d31c0f4fbf4 [term 1 FOLLOWER]: Raft consensus is shut down!
I20260630 12:21:15.452073  3914 tablet_replica.cc:333] T d90eaf9d175947a4a8307326ba6277dc P 84dfaa365f044496a5887d31c0f4fbf4: stopping tablet replica
I20260630 12:21:15.452538  3914 raft_consensus.cc:2243] T d90eaf9d175947a4a8307326ba6277dc P 84dfaa365f044496a5887d31c0f4fbf4 [term 1 LEADER]: Raft consensus shutting down.
I20260630 12:21:15.453153  3914 pending_rounds.cc:70] T d90eaf9d175947a4a8307326ba6277dc P 84dfaa365f044496a5887d31c0f4fbf4: Trying to abort 1 pending ops.
I20260630 12:21:15.453310  3914 pending_rounds.cc:77] T d90eaf9d175947a4a8307326ba6277dc P 84dfaa365f044496a5887d31c0f4fbf4: Aborting op as it isn't in flight: id { term: 1 index: 1 } timestamp: 7302439219812286464 op_type: NO_OP noop_request { }
I20260630 12:21:15.453532  3914 raft_consensus.cc:2889] T d90eaf9d175947a4a8307326ba6277dc P 84dfaa365f044496a5887d31c0f4fbf4 [term 1 LEADER]: NO_OP replication failed: Aborted: Op aborted
I20260630 12:21:15.453819  3914 raft_consensus.cc:2272] T d90eaf9d175947a4a8307326ba6277dc P 84dfaa365f044496a5887d31c0f4fbf4 [term 1 FOLLOWER]: Raft consensus is shut down!
I20260630 12:21:15.479772  3914 tablet_server.cc:196] TabletServer@127.3.210.129:0 shutdown complete.
I20260630 12:21:15.493490  3914 tablet_server.cc:179] TabletServer@127.3.210.130:0 shutting down...
I20260630 12:21:15.512346  3914 ts_tablet_manager.cc:1507] Shutting down tablet manager...
I20260630 12:21:15.513087  3914 tablet_replica.cc:333] T 2265507f925347d5bc56a5705770c413 P 95c524088ba14dfca71e3ff815b452f5: stopping tablet replica
I20260630 12:21:15.513855  3914 raft_consensus.cc:2243] T 2265507f925347d5bc56a5705770c413 P 95c524088ba14dfca71e3ff815b452f5 [term 1 LEADER]: Raft consensus shutting down.
I20260630 12:21:15.514564  3914 pending_rounds.cc:70] T 2265507f925347d5bc56a5705770c413 P 95c524088ba14dfca71e3ff815b452f5: Trying to abort 1 pending ops.
I20260630 12:21:15.514729  3914 pending_rounds.cc:77] T 2265507f925347d5bc56a5705770c413 P 95c524088ba14dfca71e3ff815b452f5: Aborting op as it isn't in flight: id { term: 1 index: 1 } timestamp: 7302439220507152384 op_type: NO_OP noop_request { }
I20260630 12:21:15.514956  3914 raft_consensus.cc:2889] T 2265507f925347d5bc56a5705770c413 P 95c524088ba14dfca71e3ff815b452f5 [term 1 LEADER]: NO_OP replication failed: Aborted: Op aborted
I20260630 12:21:15.515270  3914 raft_consensus.cc:2272] T 2265507f925347d5bc56a5705770c413 P 95c524088ba14dfca71e3ff815b452f5 [term 1 FOLLOWER]: Raft consensus is shut down!
I20260630 12:21:15.517555  3914 tablet_replica.cc:333] T c41b7291f61747b5a51001b8e1bbdf72 P 95c524088ba14dfca71e3ff815b452f5: stopping tablet replica
I20260630 12:21:15.518018  3914 raft_consensus.cc:2243] T c41b7291f61747b5a51001b8e1bbdf72 P 95c524088ba14dfca71e3ff815b452f5 [term 1 FOLLOWER]: Raft consensus shutting down.
I20260630 12:21:15.518385  3914 raft_consensus.cc:2272] T c41b7291f61747b5a51001b8e1bbdf72 P 95c524088ba14dfca71e3ff815b452f5 [term 1 FOLLOWER]: Raft consensus is shut down!
I20260630 12:21:15.519979  3914 tablet_replica.cc:333] T d90eaf9d175947a4a8307326ba6277dc P 95c524088ba14dfca71e3ff815b452f5: stopping tablet replica
I20260630 12:21:15.520455  3914 raft_consensus.cc:2243] T d90eaf9d175947a4a8307326ba6277dc P 95c524088ba14dfca71e3ff815b452f5 [term 1 FOLLOWER]: Raft consensus shutting down.
I20260630 12:21:15.520836  3914 raft_consensus.cc:2272] T d90eaf9d175947a4a8307326ba6277dc P 95c524088ba14dfca71e3ff815b452f5 [term 1 FOLLOWER]: Raft consensus is shut down!
I20260630 12:21:15.522516  3914 tablet_replica.cc:333] T 0c309489131546758a8bc6897614e965 P 95c524088ba14dfca71e3ff815b452f5: stopping tablet replica
I20260630 12:21:15.522894  3914 raft_consensus.cc:2243] T 0c309489131546758a8bc6897614e965 P 95c524088ba14dfca71e3ff815b452f5 [term 1 FOLLOWER]: Raft consensus shutting down.
I20260630 12:21:15.523279  3914 raft_consensus.cc:2272] T 0c309489131546758a8bc6897614e965 P 95c524088ba14dfca71e3ff815b452f5 [term 1 FOLLOWER]: Raft consensus is shut down!
I20260630 12:21:15.544385  3914 tablet_server.cc:196] TabletServer@127.3.210.130:0 shutdown complete.
I20260630 12:21:15.556619  3914 tablet_server.cc:179] TabletServer@127.3.210.131:0 shutting down...
I20260630 12:21:15.573822  3914 ts_tablet_manager.cc:1507] Shutting down tablet manager...
I20260630 12:21:15.574465  3914 tablet_replica.cc:333] T 0c309489131546758a8bc6897614e965 P 9f0ffa797b5242aabf2c1988ceea375a: stopping tablet replica
I20260630 12:21:15.574978  3914 raft_consensus.cc:2243] T 0c309489131546758a8bc6897614e965 P 9f0ffa797b5242aabf2c1988ceea375a [term 1 FOLLOWER]: Raft consensus shutting down.
I20260630 12:21:15.575449  3914 raft_consensus.cc:2272] T 0c309489131546758a8bc6897614e965 P 9f0ffa797b5242aabf2c1988ceea375a [term 1 FOLLOWER]: Raft consensus is shut down!
I20260630 12:21:15.577165  3914 tablet_replica.cc:333] T c41b7291f61747b5a51001b8e1bbdf72 P 9f0ffa797b5242aabf2c1988ceea375a: stopping tablet replica
I20260630 12:21:15.577601  3914 raft_consensus.cc:2243] T c41b7291f61747b5a51001b8e1bbdf72 P 9f0ffa797b5242aabf2c1988ceea375a [term 1 FOLLOWER]: Raft consensus shutting down.
I20260630 12:21:15.577973  3914 raft_consensus.cc:2272] T c41b7291f61747b5a51001b8e1bbdf72 P 9f0ffa797b5242aabf2c1988ceea375a [term 1 FOLLOWER]: Raft consensus is shut down!
I20260630 12:21:15.579712  3914 tablet_replica.cc:333] T d90eaf9d175947a4a8307326ba6277dc P 9f0ffa797b5242aabf2c1988ceea375a: stopping tablet replica
I20260630 12:21:15.580133  3914 raft_consensus.cc:2243] T d90eaf9d175947a4a8307326ba6277dc P 9f0ffa797b5242aabf2c1988ceea375a [term 1 FOLLOWER]: Raft consensus shutting down.
I20260630 12:21:15.580514  3914 raft_consensus.cc:2272] T d90eaf9d175947a4a8307326ba6277dc P 9f0ffa797b5242aabf2c1988ceea375a [term 1 FOLLOWER]: Raft consensus is shut down!
I20260630 12:21:15.582132  3914 tablet_replica.cc:333] T 2265507f925347d5bc56a5705770c413 P 9f0ffa797b5242aabf2c1988ceea375a: stopping tablet replica
I20260630 12:21:15.582537  3914 raft_consensus.cc:2243] T 2265507f925347d5bc56a5705770c413 P 9f0ffa797b5242aabf2c1988ceea375a [term 1 FOLLOWER]: Raft consensus shutting down.
I20260630 12:21:15.582894  3914 raft_consensus.cc:2272] T 2265507f925347d5bc56a5705770c413 P 9f0ffa797b5242aabf2c1988ceea375a [term 1 FOLLOWER]: Raft consensus is shut down!
I20260630 12:21:15.602895  3914 tablet_server.cc:196] TabletServer@127.3.210.131:0 shutdown complete.
I20260630 12:21:15.615207  3914 master.cc:562] Master@127.3.210.190:39533 shutting down...
I20260630 12:21:15.630357  3914 raft_consensus.cc:2243] T 00000000000000000000000000000000 P 43eb37d17db84451b81bb43f584e2a7c [term 1 LEADER]: Raft consensus shutting down.
I20260630 12:21:15.630841  3914 raft_consensus.cc:2272] T 00000000000000000000000000000000 P 43eb37d17db84451b81bb43f584e2a7c [term 1 FOLLOWER]: Raft consensus is shut down!
I20260630 12:21:15.631162  3914 tablet_replica.cc:333] T 00000000000000000000000000000000 P 43eb37d17db84451b81bb43f584e2a7c: stopping tablet replica
I20260630 12:21:15.648847  3914 master.cc:584] Master@127.3.210.190:39533 shutdown complete.
[       OK ] AutoRebalancerTest.RangeAwareBuildClusterInfoGroupsByRange (2443 ms)
[ RUN      ] AutoRebalancerTest.RangeAwareRebalancesNewRangeReplicas
I20260630 12:21:15.685732  3914 internal_mini_cluster.cc:156] Creating distributed mini masters. Addrs: 127.3.210.190:43453
I20260630 12:21:15.686719  3914 file_cache.cc:492] Constructed file cache file cache with capacity 419430
W20260630 12:21:15.691447  6756 instance_detector.cc:116] could not retrieve AWS instance metadata: Network error: curl error: HTTP response code said error: The requested URL returned error: 404
W20260630 12:21:15.692303  6757 instance_detector.cc:116] could not retrieve Azure instance metadata: Network error: curl error: HTTP response code said error: The requested URL returned error: 404
I20260630 12:21:15.693046  3914 server_base.cc:1061] running on GCE node
W20260630 12:21:15.693143  6759 instance_detector.cc:116] could not retrieve OpenStack instance metadata: Network error: curl error: HTTP response code said error: The requested URL returned error: 404
I20260630 12:21:15.693943  3914 hybrid_clock.cc:584] initializing the hybrid clock with 'system_unsync' time source
W20260630 12:21:15.694118  3914 system_unsync_time.cc:38] NTP support is disabled. Clock error bounds will not be accurate. This configuration is not suitable for distributed clusters.
I20260630 12:21:15.694278  3914 hybrid_clock.cc:648] HybridClock initialized: now 1782822075694253 us; error 0 us; skew 500 ppm
I20260630 12:21:15.694718  3914 server_base.cc:861] Flag tcmalloc_max_total_thread_cache_bytes is not working since tcmalloc is not enabled.
I20260630 12:21:15.696810  3914 webserver.cc:533] Webserver started at http://127.3.210.190:45863/ using document root <none> and password file <none>
I20260630 12:21:15.697244  3914 fs_manager.cc:362] Metadata directory not provided
I20260630 12:21:15.697418  3914 fs_manager.cc:368] Using write-ahead log directory (fs_wal_dir) as metadata directory
I20260630 12:21:15.697659  3914 server_base.cc:909] This appears to be a new deployment of Kudu; creating new FS layout
I20260630 12:21:15.698688  3914 fs_manager.cc:1068] Generated new instance metadata in path /tmp/dist-test-taska08SHQ/test-tmp/auto_rebalancer-test.0.AutoRebalancerTest.RangeAwareRebalancesNewRangeReplicas.1782821994915534-3914-0/minicluster-data/master-0-root/instance:
uuid: "eb9794a8f48c4aa184e62d04b35dcf2b"
format_stamp: "Formatted at 2026-06-30 12:21:15 on dist-test-slave-1x9w"
I20260630 12:21:15.702634  3914 fs_manager.cc:696] Time spent creating directory manager: real 0.003s	user 0.000s	sys 0.003s
I20260630 12:21:15.705539  6764 log_block_manager.cc:4031] Time spent loading block containers with low live blocks: real 0.000s	user 0.000s	sys 0.000s
I20260630 12:21:15.706148  3914 fs_manager.cc:730] Time spent opening block manager: real 0.002s	user 0.002s	sys 0.000s
I20260630 12:21:15.706389  3914 fs_manager.cc:647] Opened local filesystem: /tmp/dist-test-taska08SHQ/test-tmp/auto_rebalancer-test.0.AutoRebalancerTest.RangeAwareRebalancesNewRangeReplicas.1782821994915534-3914-0/minicluster-data/master-0-root
uuid: "eb9794a8f48c4aa184e62d04b35dcf2b"
format_stamp: "Formatted at 2026-06-30 12:21:15 on dist-test-slave-1x9w"
I20260630 12:21:15.706614  3914 fs_report.cc:389] FS layout report
--------------------
wal directory: /tmp/dist-test-taska08SHQ/test-tmp/auto_rebalancer-test.0.AutoRebalancerTest.RangeAwareRebalancesNewRangeReplicas.1782821994915534-3914-0/minicluster-data/master-0-root
metadata directory: /tmp/dist-test-taska08SHQ/test-tmp/auto_rebalancer-test.0.AutoRebalancerTest.RangeAwareRebalancesNewRangeReplicas.1782821994915534-3914-0/minicluster-data/master-0-root
1 data directories: /tmp/dist-test-taska08SHQ/test-tmp/auto_rebalancer-test.0.AutoRebalancerTest.RangeAwareRebalancesNewRangeReplicas.1782821994915534-3914-0/minicluster-data/master-0-root/data
Total live blocks: 0
Total live bytes: 0
Total live bytes (after alignment): 0
Total number of LBM containers: 0 (0 full)
Did not check for missing blocks
Did not check for orphaned blocks
Total full LBM containers with extra space: 0 (0 repaired)
Total full LBM container extra space in bytes: 0 (0 repaired)
Total incomplete LBM containers: 0 (0 repaired)
Total LBM partial records: 0 (0 repaired)
Total corrupted LBM metadata records in RocksDB: 0 (0 repaired)
I20260630 12:21:15.730387  3914 rpc_server.cc:225] running with OpenSSL 1.1.1  11 Sep 2018
I20260630 12:21:15.731468  3914 kserver.cc:163] Server-wide thread pool size limit: 3276
I20260630 12:21:15.765125  3914 rpc_server.cc:307] RPC server started. Bound to: 127.3.210.190:43453
I20260630 12:21:15.765218  6815 acceptor_pool.cc:272] collecting diagnostics on the listening RPC socket 127.3.210.190:43453 every 8 connection(s)
I20260630 12:21:15.768720  6816 data_dirs.cc:400] Could only allocate 1 dirs of requested 3 for tablet 00000000000000000000000000000000. 1 dirs total, 0 dirs full, 0 dirs failed
I20260630 12:21:15.778499  6816 tablet_bootstrap.cc:492] T 00000000000000000000000000000000 P eb9794a8f48c4aa184e62d04b35dcf2b: Bootstrap starting.
I20260630 12:21:15.782744  6816 tablet_bootstrap.cc:654] T 00000000000000000000000000000000 P eb9794a8f48c4aa184e62d04b35dcf2b: Neither blocks nor log segments found. Creating new log.
