I20260630 12:21:18.985903 29566 consensus_queue.cc:260] T f79cd6bea9734fd68f62ab2452fdd769 P 526602d25b854f639c93102b7c87b4af [NON_LEADER]: Queue going to NON_LEADER mode. State: All replicated index: 0, Majority replicated index: 1, Committed index: 1, Last appended: 1.1, Last appended by leader: 1, Current term: 1, Majority size: -1, State: 0, Mode: NON_LEADER, active raft config: opid_index: -1 OBSOLETE_local: false peers { permanent_uuid: "be5a0d5fc40348d7b56c4ee3f22b59ab" member_type: VOTER last_known_addr { host: "127.25.211.2" port: 32913 } } peers { permanent_uuid: "5f0802692f1349cf83c3368ea271d38a" member_type: VOTER last_known_addr { host: "127.25.211.4" port: 37415 } } peers { permanent_uuid: "526602d25b854f639c93102b7c87b4af" member_type: VOTER last_known_addr { host: "127.25.211.3" port: 39337 } }
I20260630 12:21:18.987035 29566 raft_consensus.cc:3060] T f79cd6bea9734fd68f62ab2452fdd769 P 526602d25b854f639c93102b7c87b4af [term 1 FOLLOWER]: Advancing to term 2
I20260630 12:21:18.987840 29711 raft_consensus.cc:2468] T f79cd6bea9734fd68f62ab2452fdd769 P 5f0802692f1349cf83c3368ea271d38a [term 2 FOLLOWER]: Leader election vote request: Granting yes vote for candidate be5a0d5fc40348d7b56c4ee3f22b59ab in term 2.
I20260630 12:21:18.989017 29567 consensus_queue.cc:237] T b0079a7a4d4643b1810a06c925716074 P 526602d25b854f639c93102b7c87b4af [LEADER]: Queue going to LEADER mode. State: All replicated index: 0, Majority replicated index: 1, Committed index: 1, Last appended: 1.1, Last appended by leader: 0, Current term: 1, Majority size: 2, State: 0, Mode: LEADER, active raft config: opid_index: 2 OBSOLETE_local: false peers { permanent_uuid: "3471a55884bf4eeebd91ac81c172364a" member_type: VOTER last_known_addr { host: "127.25.211.1" port: 45057 } attrs { replace: true } } peers { permanent_uuid: "be5a0d5fc40348d7b56c4ee3f22b59ab" member_type: VOTER last_known_addr { host: "127.25.211.2" port: 32913 } } peers { permanent_uuid: "526602d25b854f639c93102b7c87b4af" member_type: VOTER last_known_addr { host: "127.25.211.3" port: 39337 } } peers { permanent_uuid: "5f0802692f1349cf83c3368ea271d38a" member_type: NON_VOTER last_known_addr { host: "127.25.211.4" port: 37415 } attrs { promote: true } }
I20260630 12:21:18.991554 29458 leader_election.cc:304] T f79cd6bea9734fd68f62ab2452fdd769 P be5a0d5fc40348d7b56c4ee3f22b59ab [CANDIDATE]: Term 2 election: Election decided. Result: candidate won. Election summary: received 2 responses out of 3 voters: 2 yes votes; 0 no votes. yes voters: 5f0802692f1349cf83c3368ea271d38a, be5a0d5fc40348d7b56c4ee3f22b59ab; no voters: 
I20260630 12:21:18.992507 29829 raft_consensus.cc:2804] T f79cd6bea9734fd68f62ab2452fdd769 P be5a0d5fc40348d7b56c4ee3f22b59ab [term 2 FOLLOWER]: Leader election won for term 2
I20260630 12:21:18.992933 29829 raft_consensus.cc:697] T f79cd6bea9734fd68f62ab2452fdd769 P be5a0d5fc40348d7b56c4ee3f22b59ab [term 2 LEADER]: Becoming Leader. State: Replica: be5a0d5fc40348d7b56c4ee3f22b59ab, State: Running, Role: LEADER
I20260630 12:21:18.993733 29566 raft_consensus.cc:2468] T f79cd6bea9734fd68f62ab2452fdd769 P 526602d25b854f639c93102b7c87b4af [term 2 FOLLOWER]: Leader election vote request: Granting yes vote for candidate be5a0d5fc40348d7b56c4ee3f22b59ab in term 2.
I20260630 12:21:18.993638 29829 consensus_queue.cc:237] T f79cd6bea9734fd68f62ab2452fdd769 P be5a0d5fc40348d7b56c4ee3f22b59ab [LEADER]: Queue going to LEADER mode. State: All replicated index: 0, Majority replicated index: 1, Committed index: 1, Last appended: 1.1, Last appended by leader: 1, Current term: 2, Majority size: 2, State: 0, Mode: LEADER, active raft config: opid_index: -1 OBSOLETE_local: false peers { permanent_uuid: "be5a0d5fc40348d7b56c4ee3f22b59ab" member_type: VOTER last_known_addr { host: "127.25.211.2" port: 32913 } } peers { permanent_uuid: "5f0802692f1349cf83c3368ea271d38a" member_type: VOTER last_known_addr { host: "127.25.211.4" port: 37415 } } peers { permanent_uuid: "526602d25b854f639c93102b7c87b4af" member_type: VOTER last_known_addr { host: "127.25.211.3" port: 39337 } }
I20260630 12:21:18.997598 29315 catalog_manager.cc:5697] T 810330d0c048459999d2abb68280719d P 3471a55884bf4eeebd91ac81c172364a reported cstate change: config changed from index -1 to 2, NON_VOTER 5f0802692f1349cf83c3368ea271d38a (127.25.211.4) added. New cstate: current_term: 1 leader_uuid: "526602d25b854f639c93102b7c87b4af" committed_config { opid_index: 2 OBSOLETE_local: false peers { permanent_uuid: "3471a55884bf4eeebd91ac81c172364a" member_type: VOTER last_known_addr { host: "127.25.211.1" port: 45057 } } peers { permanent_uuid: "be5a0d5fc40348d7b56c4ee3f22b59ab" member_type: VOTER last_known_addr { host: "127.25.211.2" port: 32913 } attrs { replace: true } } peers { permanent_uuid: "526602d25b854f639c93102b7c87b4af" member_type: VOTER last_known_addr { host: "127.25.211.3" port: 39337 } } peers { permanent_uuid: "5f0802692f1349cf83c3368ea271d38a" member_type: NON_VOTER last_known_addr { host: "127.25.211.4" port: 37415 } attrs { promote: true } } }
W20260630 12:21:19.001924 29532 consensus_peers.cc:597] T b0079a7a4d4643b1810a06c925716074 P 526602d25b854f639c93102b7c87b4af -> Peer 5f0802692f1349cf83c3368ea271d38a (127.25.211.4:37415): Couldn't send request to peer 5f0802692f1349cf83c3368ea271d38a. Error code: TABLET_NOT_FOUND (6). Status: Not found: Tablet not found: b0079a7a4d4643b1810a06c925716074. This is attempt 1: this message will repeat every 5th retry.
I20260630 12:21:19.001952 29492 raft_consensus.cc:1275] T b0079a7a4d4643b1810a06c925716074 P be5a0d5fc40348d7b56c4ee3f22b59ab [term 1 FOLLOWER]: Refusing update from remote peer 526602d25b854f639c93102b7c87b4af: Log matching property violated. Preceding OpId in replica: term: 1 index: 1. Preceding OpId from leader: term: 1 index: 2. (index mismatch)
I20260630 12:21:19.002564 29418 raft_consensus.cc:1275] T b0079a7a4d4643b1810a06c925716074 P 3471a55884bf4eeebd91ac81c172364a [term 1 FOLLOWER]: Refusing update from remote peer 526602d25b854f639c93102b7c87b4af: Log matching property violated. Preceding OpId in replica: term: 1 index: 1. Preceding OpId from leader: term: 1 index: 2. (index mismatch)
I20260630 12:21:19.003383 29647 consensus_queue.cc:1048] T b0079a7a4d4643b1810a06c925716074 P 526602d25b854f639c93102b7c87b4af [LEADER]: Connected to new peer: Peer: permanent_uuid: "be5a0d5fc40348d7b56c4ee3f22b59ab" member_type: VOTER last_known_addr { host: "127.25.211.2" port: 32913 }, Status: LMP_MISMATCH, Last received: 0.0, Next index: 2, Last known committed idx: 1, Time since last communication: 0.000s
I20260630 12:21:19.004197 29648 consensus_queue.cc:1048] T b0079a7a4d4643b1810a06c925716074 P 526602d25b854f639c93102b7c87b4af [LEADER]: Connected to new peer: Peer: permanent_uuid: "3471a55884bf4eeebd91ac81c172364a" member_type: VOTER last_known_addr { host: "127.25.211.1" port: 45057 } attrs { replace: true }, Status: LMP_MISMATCH, Last received: 0.0, Next index: 2, Last known committed idx: 1, Time since last communication: 0.000s
I20260630 12:21:19.011754 29620 raft_consensus.cc:2955] T b0079a7a4d4643b1810a06c925716074 P 526602d25b854f639c93102b7c87b4af [term 1 LEADER]: Committing config change with OpId 1.2: config changed from index -1 to 2, NON_VOTER 5f0802692f1349cf83c3368ea271d38a (127.25.211.4) added. New config: { opid_index: 2 OBSOLETE_local: false peers { permanent_uuid: "3471a55884bf4eeebd91ac81c172364a" member_type: VOTER last_known_addr { host: "127.25.211.1" port: 45057 } attrs { replace: true } } peers { permanent_uuid: "be5a0d5fc40348d7b56c4ee3f22b59ab" member_type: VOTER last_known_addr { host: "127.25.211.2" port: 32913 } } peers { permanent_uuid: "526602d25b854f639c93102b7c87b4af" member_type: VOTER last_known_addr { host: "127.25.211.3" port: 39337 } } peers { permanent_uuid: "5f0802692f1349cf83c3368ea271d38a" member_type: NON_VOTER last_known_addr { host: "127.25.211.4" port: 37415 } attrs { promote: true } } }
I20260630 12:21:19.013000 29313 catalog_manager.cc:5697] T f79cd6bea9734fd68f62ab2452fdd769 P be5a0d5fc40348d7b56c4ee3f22b59ab reported cstate change: term changed from 1 to 2, leader changed from 526602d25b854f639c93102b7c87b4af (127.25.211.3) to be5a0d5fc40348d7b56c4ee3f22b59ab (127.25.211.2). New cstate: current_term: 2 leader_uuid: "be5a0d5fc40348d7b56c4ee3f22b59ab" committed_config { opid_index: -1 OBSOLETE_local: false peers { permanent_uuid: "be5a0d5fc40348d7b56c4ee3f22b59ab" member_type: VOTER last_known_addr { host: "127.25.211.2" port: 32913 } health_report { overall_health: HEALTHY } } peers { permanent_uuid: "5f0802692f1349cf83c3368ea271d38a" member_type: VOTER last_known_addr { host: "127.25.211.4" port: 37415 } health_report { overall_health: UNKNOWN } } peers { permanent_uuid: "526602d25b854f639c93102b7c87b4af" member_type: VOTER last_known_addr { host: "127.25.211.3" port: 39337 } health_report { overall_health: UNKNOWN } } }
I20260630 12:21:19.018514 29492 raft_consensus.cc:2955] T b0079a7a4d4643b1810a06c925716074 P be5a0d5fc40348d7b56c4ee3f22b59ab [term 1 FOLLOWER]: Committing config change with OpId 1.2: config changed from index -1 to 2, NON_VOTER 5f0802692f1349cf83c3368ea271d38a (127.25.211.4) added. New config: { opid_index: 2 OBSOLETE_local: false peers { permanent_uuid: "3471a55884bf4eeebd91ac81c172364a" member_type: VOTER last_known_addr { host: "127.25.211.1" port: 45057 } attrs { replace: true } } peers { permanent_uuid: "be5a0d5fc40348d7b56c4ee3f22b59ab" member_type: VOTER last_known_addr { host: "127.25.211.2" port: 32913 } } peers { permanent_uuid: "526602d25b854f639c93102b7c87b4af" member_type: VOTER last_known_addr { host: "127.25.211.3" port: 39337 } } peers { permanent_uuid: "5f0802692f1349cf83c3368ea271d38a" member_type: NON_VOTER last_known_addr { host: "127.25.211.4" port: 37415 } attrs { promote: true } } }
I20260630 12:21:19.027729 29418 raft_consensus.cc:2955] T b0079a7a4d4643b1810a06c925716074 P 3471a55884bf4eeebd91ac81c172364a [term 1 FOLLOWER]: Committing config change with OpId 1.2: config changed from index -1 to 2, NON_VOTER 5f0802692f1349cf83c3368ea271d38a (127.25.211.4) added. New config: { opid_index: 2 OBSOLETE_local: false peers { permanent_uuid: "3471a55884bf4eeebd91ac81c172364a" member_type: VOTER last_known_addr { host: "127.25.211.1" port: 45057 } attrs { replace: true } } peers { permanent_uuid: "be5a0d5fc40348d7b56c4ee3f22b59ab" member_type: VOTER last_known_addr { host: "127.25.211.2" port: 32913 } } peers { permanent_uuid: "526602d25b854f639c93102b7c87b4af" member_type: VOTER last_known_addr { host: "127.25.211.3" port: 39337 } } peers { permanent_uuid: "5f0802692f1349cf83c3368ea271d38a" member_type: NON_VOTER last_known_addr { host: "127.25.211.4" port: 37415 } attrs { promote: true } } }
I20260630 12:21:19.030897 29312 catalog_manager.cc:5697] T b0079a7a4d4643b1810a06c925716074 P be5a0d5fc40348d7b56c4ee3f22b59ab reported cstate change: config changed from index -1 to 2, NON_VOTER 5f0802692f1349cf83c3368ea271d38a (127.25.211.4) added. New cstate: current_term: 1 leader_uuid: "526602d25b854f639c93102b7c87b4af" committed_config { opid_index: 2 OBSOLETE_local: false peers { permanent_uuid: "3471a55884bf4eeebd91ac81c172364a" member_type: VOTER last_known_addr { host: "127.25.211.1" port: 45057 } attrs { replace: true } } peers { permanent_uuid: "be5a0d5fc40348d7b56c4ee3f22b59ab" member_type: VOTER last_known_addr { host: "127.25.211.2" port: 32913 } } peers { permanent_uuid: "526602d25b854f639c93102b7c87b4af" member_type: VOTER last_known_addr { host: "127.25.211.3" port: 39337 } } peers { permanent_uuid: "5f0802692f1349cf83c3368ea271d38a" member_type: NON_VOTER last_known_addr { host: "127.25.211.4" port: 37415 } attrs { promote: true } } }
I20260630 12:21:19.226833 29858 ts_tablet_manager.cc:933] T c04213946bbb48ec9ad729b22f8a941b P 5f0802692f1349cf83c3368ea271d38a: Initiating tablet copy from peer be5a0d5fc40348d7b56c4ee3f22b59ab (127.25.211.2:32913)
I20260630 12:21:19.228312 29858 tablet_copy_client.cc:323] T c04213946bbb48ec9ad729b22f8a941b P 5f0802692f1349cf83c3368ea271d38a: tablet copy: Beginning tablet copy session from remote peer at address 127.25.211.2:32913
I20260630 12:21:19.229853 29504 tablet_copy_service.cc:140] P be5a0d5fc40348d7b56c4ee3f22b59ab: Received BeginTabletCopySession request for tablet c04213946bbb48ec9ad729b22f8a941b from peer 5f0802692f1349cf83c3368ea271d38a ({username='slave'} at 127.0.0.1:59110)
I20260630 12:21:19.230324 29504 tablet_copy_service.cc:161] P be5a0d5fc40348d7b56c4ee3f22b59ab: Beginning new tablet copy session on tablet c04213946bbb48ec9ad729b22f8a941b from peer 5f0802692f1349cf83c3368ea271d38a at {username='slave'} at 127.0.0.1:59110: session id = 5f0802692f1349cf83c3368ea271d38a-c04213946bbb48ec9ad729b22f8a941b
I20260630 12:21:19.237149 29504 tablet_copy_source_session.cc:215] T c04213946bbb48ec9ad729b22f8a941b P be5a0d5fc40348d7b56c4ee3f22b59ab: Tablet Copy: opened 0 blocks and 1 log segments
I20260630 12:21:19.239749 29858 data_dirs.cc:400] Could only allocate 1 dirs of requested 3 for tablet c04213946bbb48ec9ad729b22f8a941b. 1 dirs total, 0 dirs full, 0 dirs failed
I20260630 12:21:19.250034 29858 tablet_copy_client.cc:806] T c04213946bbb48ec9ad729b22f8a941b P 5f0802692f1349cf83c3368ea271d38a: tablet copy: Starting download of 0 data blocks...
I20260630 12:21:19.250476 29858 tablet_copy_client.cc:670] T c04213946bbb48ec9ad729b22f8a941b P 5f0802692f1349cf83c3368ea271d38a: tablet copy: Starting download of 1 WAL segments...
I20260630 12:21:19.254428 29858 tablet_copy_client.cc:538] T c04213946bbb48ec9ad729b22f8a941b P 5f0802692f1349cf83c3368ea271d38a: tablet copy: Tablet Copy complete. Replacing tablet superblock.
I20260630 12:21:19.259544 29858 tablet_bootstrap.cc:492] T c04213946bbb48ec9ad729b22f8a941b P 5f0802692f1349cf83c3368ea271d38a: Bootstrap starting.
I20260630 12:21:19.272925 29858 tablet_bootstrap.cc:492] T c04213946bbb48ec9ad729b22f8a941b P 5f0802692f1349cf83c3368ea271d38a: Bootstrap replayed 1/1 log segments. Stats: ops{read=2 overwritten=0 applied=2 ignored=0} inserts{seen=0 ignored=0} mutations{seen=0 ignored=0} orphaned_commits=0. Pending: 0 replicates
I20260630 12:21:19.273543 29858 tablet_bootstrap.cc:492] T c04213946bbb48ec9ad729b22f8a941b P 5f0802692f1349cf83c3368ea271d38a: Bootstrap complete.
I20260630 12:21:19.274019 29858 ts_tablet_manager.cc:1403] T c04213946bbb48ec9ad729b22f8a941b P 5f0802692f1349cf83c3368ea271d38a: Time spent bootstrapping tablet: real 0.015s	user 0.002s	sys 0.010s
I20260630 12:21:19.275950 29858 raft_consensus.cc:359] T c04213946bbb48ec9ad729b22f8a941b P 5f0802692f1349cf83c3368ea271d38a [term 1 LEARNER]: Replica starting. Triggering 0 pending ops. Active config: opid_index: 2 OBSOLETE_local: false peers { permanent_uuid: "3471a55884bf4eeebd91ac81c172364a" member_type: VOTER last_known_addr { host: "127.25.211.1" port: 45057 } attrs { replace: true } } peers { permanent_uuid: "be5a0d5fc40348d7b56c4ee3f22b59ab" member_type: VOTER last_known_addr { host: "127.25.211.2" port: 32913 } } peers { permanent_uuid: "526602d25b854f639c93102b7c87b4af" member_type: VOTER last_known_addr { host: "127.25.211.3" port: 39337 } } peers { permanent_uuid: "5f0802692f1349cf83c3368ea271d38a" member_type: NON_VOTER last_known_addr { host: "127.25.211.4" port: 37415 } attrs { promote: true } }
I20260630 12:21:19.276660 29858 raft_consensus.cc:740] T c04213946bbb48ec9ad729b22f8a941b P 5f0802692f1349cf83c3368ea271d38a [term 1 LEARNER]: Becoming Follower/Learner. State: Replica: 5f0802692f1349cf83c3368ea271d38a, State: Initialized, Role: LEARNER
I20260630 12:21:19.277201 29858 consensus_queue.cc:260] T c04213946bbb48ec9ad729b22f8a941b P 5f0802692f1349cf83c3368ea271d38a [NON_LEADER]: Queue going to NON_LEADER mode. State: All replicated index: 0, Majority replicated index: 0, Committed index: 2, Last appended: 1.2, Last appended by leader: 2, Current term: 0, Majority size: -1, State: 0, Mode: NON_LEADER, active raft config: opid_index: 2 OBSOLETE_local: false peers { permanent_uuid: "3471a55884bf4eeebd91ac81c172364a" member_type: VOTER last_known_addr { host: "127.25.211.1" port: 45057 } attrs { replace: true } } peers { permanent_uuid: "be5a0d5fc40348d7b56c4ee3f22b59ab" member_type: VOTER last_known_addr { host: "127.25.211.2" port: 32913 } } peers { permanent_uuid: "526602d25b854f639c93102b7c87b4af" member_type: VOTER last_known_addr { host: "127.25.211.3" port: 39337 } } peers { permanent_uuid: "5f0802692f1349cf83c3368ea271d38a" member_type: NON_VOTER last_known_addr { host: "127.25.211.4" port: 37415 } attrs { promote: true } }
I20260630 12:21:19.279676 29858 ts_tablet_manager.cc:1434] T c04213946bbb48ec9ad729b22f8a941b P 5f0802692f1349cf83c3368ea271d38a: Time spent starting tablet: real 0.005s	user 0.006s	sys 0.002s
I20260630 12:21:19.281373 29504 tablet_copy_service.cc:342] P be5a0d5fc40348d7b56c4ee3f22b59ab: Request end of tablet copy session 5f0802692f1349cf83c3368ea271d38a-c04213946bbb48ec9ad729b22f8a941b received from {username='slave'} at 127.0.0.1:59110
I20260630 12:21:19.281773 29504 tablet_copy_service.cc:434] P be5a0d5fc40348d7b56c4ee3f22b59ab: ending tablet copy session 5f0802692f1349cf83c3368ea271d38a-c04213946bbb48ec9ad729b22f8a941b on tablet c04213946bbb48ec9ad729b22f8a941b with peer 5f0802692f1349cf83c3368ea271d38a
I20260630 12:21:19.447365 29858 ts_tablet_manager.cc:933] T 810330d0c048459999d2abb68280719d P 5f0802692f1349cf83c3368ea271d38a: Initiating tablet copy from peer 526602d25b854f639c93102b7c87b4af (127.25.211.3:39337)
I20260630 12:21:19.448906 29858 tablet_copy_client.cc:323] T 810330d0c048459999d2abb68280719d P 5f0802692f1349cf83c3368ea271d38a: tablet copy: Beginning tablet copy session from remote peer at address 127.25.211.3:39337
I20260630 12:21:19.450206 29578 tablet_copy_service.cc:140] P 526602d25b854f639c93102b7c87b4af: Received BeginTabletCopySession request for tablet 810330d0c048459999d2abb68280719d from peer 5f0802692f1349cf83c3368ea271d38a ({username='slave'} at 127.0.0.1:55664)
I20260630 12:21:19.450631 29578 tablet_copy_service.cc:161] P 526602d25b854f639c93102b7c87b4af: Beginning new tablet copy session on tablet 810330d0c048459999d2abb68280719d from peer 5f0802692f1349cf83c3368ea271d38a at {username='slave'} at 127.0.0.1:55664: session id = 5f0802692f1349cf83c3368ea271d38a-810330d0c048459999d2abb68280719d
I20260630 12:21:19.455199 29578 tablet_copy_source_session.cc:215] T 810330d0c048459999d2abb68280719d P 526602d25b854f639c93102b7c87b4af: Tablet Copy: opened 0 blocks and 1 log segments
I20260630 12:21:19.457325 29858 data_dirs.cc:400] Could only allocate 1 dirs of requested 3 for tablet 810330d0c048459999d2abb68280719d. 1 dirs total, 0 dirs full, 0 dirs failed
I20260630 12:21:19.466645 29858 tablet_copy_client.cc:806] T 810330d0c048459999d2abb68280719d P 5f0802692f1349cf83c3368ea271d38a: tablet copy: Starting download of 0 data blocks...
I20260630 12:21:19.467157 29858 tablet_copy_client.cc:670] T 810330d0c048459999d2abb68280719d P 5f0802692f1349cf83c3368ea271d38a: tablet copy: Starting download of 1 WAL segments...
I20260630 12:21:19.470125 29858 tablet_copy_client.cc:538] T 810330d0c048459999d2abb68280719d P 5f0802692f1349cf83c3368ea271d38a: tablet copy: Tablet Copy complete. Replacing tablet superblock.
I20260630 12:21:19.475483 29858 tablet_bootstrap.cc:492] T 810330d0c048459999d2abb68280719d P 5f0802692f1349cf83c3368ea271d38a: Bootstrap starting.
I20260630 12:21:19.489511 29858 tablet_bootstrap.cc:492] T 810330d0c048459999d2abb68280719d P 5f0802692f1349cf83c3368ea271d38a: Bootstrap replayed 1/1 log segments. Stats: ops{read=2 overwritten=0 applied=2 ignored=0} inserts{seen=0 ignored=0} mutations{seen=0 ignored=0} orphaned_commits=0. Pending: 0 replicates
I20260630 12:21:19.490337 29858 tablet_bootstrap.cc:492] T 810330d0c048459999d2abb68280719d P 5f0802692f1349cf83c3368ea271d38a: Bootstrap complete.
I20260630 12:21:19.490846 29858 ts_tablet_manager.cc:1403] T 810330d0c048459999d2abb68280719d P 5f0802692f1349cf83c3368ea271d38a: Time spent bootstrapping tablet: real 0.016s	user 0.013s	sys 0.001s
I20260630 12:21:19.491995 29567 raft_consensus.cc:1275] T f79cd6bea9734fd68f62ab2452fdd769 P 526602d25b854f639c93102b7c87b4af [term 2 FOLLOWER]: Refusing update from remote peer be5a0d5fc40348d7b56c4ee3f22b59ab: Log matching property violated. Preceding OpId in replica: term: 1 index: 1. Preceding OpId from leader: term: 2 index: 2. (index mismatch)
I20260630 12:21:19.493005 29858 raft_consensus.cc:359] T 810330d0c048459999d2abb68280719d P 5f0802692f1349cf83c3368ea271d38a [term 1 LEARNER]: Replica starting. Triggering 0 pending ops. Active config: opid_index: 2 OBSOLETE_local: false peers { permanent_uuid: "3471a55884bf4eeebd91ac81c172364a" member_type: VOTER last_known_addr { host: "127.25.211.1" port: 45057 } } peers { permanent_uuid: "be5a0d5fc40348d7b56c4ee3f22b59ab" member_type: VOTER last_known_addr { host: "127.25.211.2" port: 32913 } attrs { replace: true } } peers { permanent_uuid: "526602d25b854f639c93102b7c87b4af" member_type: VOTER last_known_addr { host: "127.25.211.3" port: 39337 } } peers { permanent_uuid: "5f0802692f1349cf83c3368ea271d38a" member_type: NON_VOTER last_known_addr { host: "127.25.211.4" port: 37415 } attrs { promote: true } }
I20260630 12:21:19.493556 29663 consensus_queue.cc:1048] T f79cd6bea9734fd68f62ab2452fdd769 P be5a0d5fc40348d7b56c4ee3f22b59ab [LEADER]: Connected to new peer: Peer: permanent_uuid: "526602d25b854f639c93102b7c87b4af" member_type: VOTER last_known_addr { host: "127.25.211.3" port: 39337 }, Status: LMP_MISMATCH, Last received: 0.0, Next index: 2, Last known committed idx: 1, Time since last communication: 0.000s
I20260630 12:21:19.493906 29858 raft_consensus.cc:740] T 810330d0c048459999d2abb68280719d P 5f0802692f1349cf83c3368ea271d38a [term 1 LEARNER]: Becoming Follower/Learner. State: Replica: 5f0802692f1349cf83c3368ea271d38a, State: Initialized, Role: LEARNER
I20260630 12:21:19.494549 29858 consensus_queue.cc:260] T 810330d0c048459999d2abb68280719d P 5f0802692f1349cf83c3368ea271d38a [NON_LEADER]: Queue going to NON_LEADER mode. State: All replicated index: 0, Majority replicated index: 0, Committed index: 2, Last appended: 1.2, Last appended by leader: 2, Current term: 0, Majority size: -1, State: 0, Mode: NON_LEADER, active raft config: opid_index: 2 OBSOLETE_local: false peers { permanent_uuid: "3471a55884bf4eeebd91ac81c172364a" member_type: VOTER last_known_addr { host: "127.25.211.1" port: 45057 } } peers { permanent_uuid: "be5a0d5fc40348d7b56c4ee3f22b59ab" member_type: VOTER last_known_addr { host: "127.25.211.2" port: 32913 } attrs { replace: true } } peers { permanent_uuid: "526602d25b854f639c93102b7c87b4af" member_type: VOTER last_known_addr { host: "127.25.211.3" port: 39337 } } peers { permanent_uuid: "5f0802692f1349cf83c3368ea271d38a" member_type: NON_VOTER last_known_addr { host: "127.25.211.4" port: 37415 } attrs { promote: true } }
I20260630 12:21:19.496833 29858 ts_tablet_manager.cc:1434] T 810330d0c048459999d2abb68280719d P 5f0802692f1349cf83c3368ea271d38a: Time spent starting tablet: real 0.006s	user 0.005s	sys 0.000s
I20260630 12:21:19.498508 29863 ts_tablet_manager.cc:933] T b0079a7a4d4643b1810a06c925716074 P 5f0802692f1349cf83c3368ea271d38a: Initiating tablet copy from peer 526602d25b854f639c93102b7c87b4af (127.25.211.3:39337)
I20260630 12:21:19.498549 29578 tablet_copy_service.cc:342] P 526602d25b854f639c93102b7c87b4af: Request end of tablet copy session 5f0802692f1349cf83c3368ea271d38a-810330d0c048459999d2abb68280719d received from {username='slave'} at 127.0.0.1:55664
I20260630 12:21:19.499025 29578 tablet_copy_service.cc:434] P 526602d25b854f639c93102b7c87b4af: ending tablet copy session 5f0802692f1349cf83c3368ea271d38a-810330d0c048459999d2abb68280719d on tablet 810330d0c048459999d2abb68280719d with peer 5f0802692f1349cf83c3368ea271d38a
I20260630 12:21:19.501250 29863 tablet_copy_client.cc:323] T b0079a7a4d4643b1810a06c925716074 P 5f0802692f1349cf83c3368ea271d38a: tablet copy: Beginning tablet copy session from remote peer at address 127.25.211.3:39337
I20260630 12:21:19.502840 29578 tablet_copy_service.cc:140] P 526602d25b854f639c93102b7c87b4af: Received BeginTabletCopySession request for tablet b0079a7a4d4643b1810a06c925716074 from peer 5f0802692f1349cf83c3368ea271d38a ({username='slave'} at 127.0.0.1:55664)
I20260630 12:21:19.503363 29578 tablet_copy_service.cc:161] P 526602d25b854f639c93102b7c87b4af: Beginning new tablet copy session on tablet b0079a7a4d4643b1810a06c925716074 from peer 5f0802692f1349cf83c3368ea271d38a at {username='slave'} at 127.0.0.1:55664: session id = 5f0802692f1349cf83c3368ea271d38a-b0079a7a4d4643b1810a06c925716074
I20260630 12:21:19.507788 29864 ts_tablet_manager.cc:933] T dacdf0902f9c47d1838dd463490b62e8 P 5f0802692f1349cf83c3368ea271d38a: Initiating tablet copy from peer be5a0d5fc40348d7b56c4ee3f22b59ab (127.25.211.2:32913)
I20260630 12:21:19.510509 29578 tablet_copy_source_session.cc:215] T b0079a7a4d4643b1810a06c925716074 P 526602d25b854f639c93102b7c87b4af: Tablet Copy: opened 0 blocks and 1 log segments
I20260630 12:21:19.514122 29863 data_dirs.cc:400] Could only allocate 1 dirs of requested 3 for tablet b0079a7a4d4643b1810a06c925716074. 1 dirs total, 0 dirs full, 0 dirs failed
I20260630 12:21:19.522702 29712 raft_consensus.cc:1275] T 435d390b88e34e6ab59493373cd3790f P 5f0802692f1349cf83c3368ea271d38a [term 2 FOLLOWER]: Refusing update from remote peer be5a0d5fc40348d7b56c4ee3f22b59ab: Log matching property violated. Preceding OpId in replica: term: 1 index: 1. Preceding OpId from leader: term: 2 index: 2. (index mismatch)
I20260630 12:21:19.525249 29830 consensus_queue.cc:1048] T 435d390b88e34e6ab59493373cd3790f P be5a0d5fc40348d7b56c4ee3f22b59ab [LEADER]: Connected to new peer: Peer: permanent_uuid: "5f0802692f1349cf83c3368ea271d38a" member_type: VOTER last_known_addr { host: "127.25.211.4" port: 37415 }, Status: LMP_MISMATCH, Last received: 0.0, Next index: 2, Last known committed idx: 1, Time since last communication: 0.000s
I20260630 12:21:19.526073 29864 tablet_copy_client.cc:323] T dacdf0902f9c47d1838dd463490b62e8 P 5f0802692f1349cf83c3368ea271d38a: tablet copy: Beginning tablet copy session from remote peer at address 127.25.211.2:32913
I20260630 12:21:19.525454 29418 raft_consensus.cc:1275] T c1b88826a78a4f77a015fef00649ac1c P 3471a55884bf4eeebd91ac81c172364a [term 2 FOLLOWER]: Refusing update from remote peer 5f0802692f1349cf83c3368ea271d38a: Log matching property violated. Preceding OpId in replica: term: 1 index: 1. Preceding OpId from leader: term: 2 index: 2. (index mismatch)
I20260630 12:21:19.528088 29504 tablet_copy_service.cc:140] P be5a0d5fc40348d7b56c4ee3f22b59ab: Received BeginTabletCopySession request for tablet dacdf0902f9c47d1838dd463490b62e8 from peer 5f0802692f1349cf83c3368ea271d38a ({username='slave'} at 127.0.0.1:59110)
I20260630 12:21:19.528576 29504 tablet_copy_service.cc:161] P be5a0d5fc40348d7b56c4ee3f22b59ab: Beginning new tablet copy session on tablet dacdf0902f9c47d1838dd463490b62e8 from peer 5f0802692f1349cf83c3368ea271d38a at {username='slave'} at 127.0.0.1:59110: session id = 5f0802692f1349cf83c3368ea271d38a-dacdf0902f9c47d1838dd463490b62e8
I20260630 12:21:19.529316 29863 tablet_copy_client.cc:806] T b0079a7a4d4643b1810a06c925716074 P 5f0802692f1349cf83c3368ea271d38a: tablet copy: Starting download of 0 data blocks...
I20260630 12:21:19.529886 29863 tablet_copy_client.cc:670] T b0079a7a4d4643b1810a06c925716074 P 5f0802692f1349cf83c3368ea271d38a: tablet copy: Starting download of 1 WAL segments...
I20260630 12:21:19.531085 29774 consensus_queue.cc:1048] T c1b88826a78a4f77a015fef00649ac1c P 5f0802692f1349cf83c3368ea271d38a [LEADER]: Connected to new peer: Peer: permanent_uuid: "3471a55884bf4eeebd91ac81c172364a" member_type: VOTER last_known_addr { host: "127.25.211.1" port: 45057 }, Status: LMP_MISMATCH, Last received: 0.0, Next index: 2, Last known committed idx: 1, Time since last communication: 0.000s
I20260630 12:21:19.533066 29418 raft_consensus.cc:1275] T 435d390b88e34e6ab59493373cd3790f P 3471a55884bf4eeebd91ac81c172364a [term 2 FOLLOWER]: Refusing update from remote peer be5a0d5fc40348d7b56c4ee3f22b59ab: Log matching property violated. Preceding OpId in replica: term: 1 index: 1. Preceding OpId from leader: term: 2 index: 2. (index mismatch)
I20260630 12:21:19.537259 29830 consensus_queue.cc:1048] T 435d390b88e34e6ab59493373cd3790f P be5a0d5fc40348d7b56c4ee3f22b59ab [LEADER]: Connected to new peer: Peer: permanent_uuid: "3471a55884bf4eeebd91ac81c172364a" member_type: VOTER last_known_addr { host: "127.25.211.1" port: 45057 }, Status: LMP_MISMATCH, Last received: 0.0, Next index: 2, Last known committed idx: 1, Time since last communication: 0.000s
I20260630 12:21:19.538443 29863 tablet_copy_client.cc:538] T b0079a7a4d4643b1810a06c925716074 P 5f0802692f1349cf83c3368ea271d38a: tablet copy: Tablet Copy complete. Replacing tablet superblock.
I20260630 12:21:19.549510 29711 raft_consensus.cc:1275] T f79cd6bea9734fd68f62ab2452fdd769 P 5f0802692f1349cf83c3368ea271d38a [term 2 FOLLOWER]: Refusing update from remote peer be5a0d5fc40348d7b56c4ee3f22b59ab: Log matching property violated. Preceding OpId in replica: term: 1 index: 1. Preceding OpId from leader: term: 2 index: 2. (index mismatch)
I20260630 12:21:19.551152 29830 consensus_queue.cc:1048] T f79cd6bea9734fd68f62ab2452fdd769 P be5a0d5fc40348d7b56c4ee3f22b59ab [LEADER]: Connected to new peer: Peer: permanent_uuid: "5f0802692f1349cf83c3368ea271d38a" member_type: VOTER last_known_addr { host: "127.25.211.4" port: 37415 }, Status: LMP_MISMATCH, Last received: 0.0, Next index: 2, Last known committed idx: 1, Time since last communication: 0.000s
I20260630 12:21:19.558506 29504 tablet_copy_source_session.cc:215] T dacdf0902f9c47d1838dd463490b62e8 P be5a0d5fc40348d7b56c4ee3f22b59ab: Tablet Copy: opened 0 blocks and 1 log segments
I20260630 12:21:19.570712 29863 tablet_bootstrap.cc:492] T b0079a7a4d4643b1810a06c925716074 P 5f0802692f1349cf83c3368ea271d38a: Bootstrap starting.
I20260630 12:21:19.576711 29566 raft_consensus.cc:1275] T c1b88826a78a4f77a015fef00649ac1c P 526602d25b854f639c93102b7c87b4af [term 2 FOLLOWER]: Refusing update from remote peer 5f0802692f1349cf83c3368ea271d38a: Log matching property violated. Preceding OpId in replica: term: 1 index: 1. Preceding OpId from leader: term: 2 index: 2. (index mismatch)
I20260630 12:21:19.578411 29797 consensus_queue.cc:1048] T c1b88826a78a4f77a015fef00649ac1c P 5f0802692f1349cf83c3368ea271d38a [LEADER]: Connected to new peer: Peer: permanent_uuid: "526602d25b854f639c93102b7c87b4af" member_type: VOTER last_known_addr { host: "127.25.211.3" port: 39337 }, Status: LMP_MISMATCH, Last received: 0.0, Next index: 2, Last known committed idx: 1, Time since last communication: 0.000s
I20260630 12:21:19.599026 29864 data_dirs.cc:400] Could only allocate 1 dirs of requested 3 for tablet dacdf0902f9c47d1838dd463490b62e8. 1 dirs total, 0 dirs full, 0 dirs failed
I20260630 12:21:19.618517 29863 tablet_bootstrap.cc:492] T b0079a7a4d4643b1810a06c925716074 P 5f0802692f1349cf83c3368ea271d38a: Bootstrap replayed 1/1 log segments. Stats: ops{read=2 overwritten=0 applied=2 ignored=0} inserts{seen=0 ignored=0} mutations{seen=0 ignored=0} orphaned_commits=0. Pending: 0 replicates
I20260630 12:21:19.630589 29863 tablet_bootstrap.cc:492] T b0079a7a4d4643b1810a06c925716074 P 5f0802692f1349cf83c3368ea271d38a: Bootstrap complete.
I20260630 12:21:19.631330 29863 ts_tablet_manager.cc:1403] T b0079a7a4d4643b1810a06c925716074 P 5f0802692f1349cf83c3368ea271d38a: Time spent bootstrapping tablet: real 0.061s	user 0.010s	sys 0.019s
I20260630 12:21:19.633709 29711 raft_consensus.cc:1217] T c04213946bbb48ec9ad729b22f8a941b P 5f0802692f1349cf83c3368ea271d38a [term 1 LEARNER]: Deduplicated request from leader. Original: 1.1->[1.2-1.2]   Dedup: 1.2->[]
I20260630 12:21:19.653360 29863 raft_consensus.cc:359] T b0079a7a4d4643b1810a06c925716074 P 5f0802692f1349cf83c3368ea271d38a [term 1 LEARNER]: Replica starting. Triggering 0 pending ops. Active config: opid_index: 2 OBSOLETE_local: false peers { permanent_uuid: "3471a55884bf4eeebd91ac81c172364a" member_type: VOTER last_known_addr { host: "127.25.211.1" port: 45057 } attrs { replace: true } } peers { permanent_uuid: "be5a0d5fc40348d7b56c4ee3f22b59ab" member_type: VOTER last_known_addr { host: "127.25.211.2" port: 32913 } } peers { permanent_uuid: "526602d25b854f639c93102b7c87b4af" member_type: VOTER last_known_addr { host: "127.25.211.3" port: 39337 } } peers { permanent_uuid: "5f0802692f1349cf83c3368ea271d38a" member_type: NON_VOTER last_known_addr { host: "127.25.211.4" port: 37415 } attrs { promote: true } }
I20260630 12:21:19.654357 29863 raft_consensus.cc:740] T b0079a7a4d4643b1810a06c925716074 P 5f0802692f1349cf83c3368ea271d38a [term 1 LEARNER]: Becoming Follower/Learner. State: Replica: 5f0802692f1349cf83c3368ea271d38a, State: Initialized, Role: LEARNER
I20260630 12:21:19.655114 29863 consensus_queue.cc:260] T b0079a7a4d4643b1810a06c925716074 P 5f0802692f1349cf83c3368ea271d38a [NON_LEADER]: Queue going to NON_LEADER mode. State: All replicated index: 0, Majority replicated index: 0, Committed index: 2, Last appended: 1.2, Last appended by leader: 2, Current term: 0, Majority size: -1, State: 0, Mode: NON_LEADER, active raft config: opid_index: 2 OBSOLETE_local: false peers { permanent_uuid: "3471a55884bf4eeebd91ac81c172364a" member_type: VOTER last_known_addr { host: "127.25.211.1" port: 45057 } attrs { replace: true } } peers { permanent_uuid: "be5a0d5fc40348d7b56c4ee3f22b59ab" member_type: VOTER last_known_addr { host: "127.25.211.2" port: 32913 } } peers { permanent_uuid: "526602d25b854f639c93102b7c87b4af" member_type: VOTER last_known_addr { host: "127.25.211.3" port: 39337 } } peers { permanent_uuid: "5f0802692f1349cf83c3368ea271d38a" member_type: NON_VOTER last_known_addr { host: "127.25.211.4" port: 37415 } attrs { promote: true } }
I20260630 12:21:19.658123 29863 ts_tablet_manager.cc:1434] T b0079a7a4d4643b1810a06c925716074 P 5f0802692f1349cf83c3368ea271d38a: Time spent starting tablet: real 0.026s	user 0.001s	sys 0.005s
I20260630 12:21:19.659133 29864 tablet_copy_client.cc:806] T dacdf0902f9c47d1838dd463490b62e8 P 5f0802692f1349cf83c3368ea271d38a: tablet copy: Starting download of 0 data blocks...
I20260630 12:21:19.660619 29864 tablet_copy_client.cc:670] T dacdf0902f9c47d1838dd463490b62e8 P 5f0802692f1349cf83c3368ea271d38a: tablet copy: Starting download of 1 WAL segments...
I20260630 12:21:19.660967 29578 tablet_copy_service.cc:342] P 526602d25b854f639c93102b7c87b4af: Request end of tablet copy session 5f0802692f1349cf83c3368ea271d38a-b0079a7a4d4643b1810a06c925716074 received from {username='slave'} at 127.0.0.1:55664
I20260630 12:21:19.661459 29578 tablet_copy_service.cc:434] P 526602d25b854f639c93102b7c87b4af: ending tablet copy session 5f0802692f1349cf83c3368ea271d38a-b0079a7a4d4643b1810a06c925716074 on tablet b0079a7a4d4643b1810a06c925716074 with peer 5f0802692f1349cf83c3368ea271d38a
I20260630 12:21:19.675771 29864 tablet_copy_client.cc:538] T dacdf0902f9c47d1838dd463490b62e8 P 5f0802692f1349cf83c3368ea271d38a: tablet copy: Tablet Copy complete. Replacing tablet superblock.
I20260630 12:21:19.684223 29864 tablet_bootstrap.cc:492] T dacdf0902f9c47d1838dd463490b62e8 P 5f0802692f1349cf83c3368ea271d38a: Bootstrap starting.
I20260630 12:21:19.701546 29864 tablet_bootstrap.cc:492] T dacdf0902f9c47d1838dd463490b62e8 P 5f0802692f1349cf83c3368ea271d38a: Bootstrap replayed 1/1 log segments. Stats: ops{read=2 overwritten=0 applied=2 ignored=0} inserts{seen=0 ignored=0} mutations{seen=0 ignored=0} orphaned_commits=0. Pending: 0 replicates
I20260630 12:21:19.702172 29864 tablet_bootstrap.cc:492] T dacdf0902f9c47d1838dd463490b62e8 P 5f0802692f1349cf83c3368ea271d38a: Bootstrap complete.
I20260630 12:21:19.702652 29864 ts_tablet_manager.cc:1403] T dacdf0902f9c47d1838dd463490b62e8 P 5f0802692f1349cf83c3368ea271d38a: Time spent bootstrapping tablet: real 0.019s	user 0.015s	sys 0.001s
I20260630 12:21:19.705184 29864 raft_consensus.cc:359] T dacdf0902f9c47d1838dd463490b62e8 P 5f0802692f1349cf83c3368ea271d38a [term 1 LEARNER]: Replica starting. Triggering 0 pending ops. Active config: opid_index: 2 OBSOLETE_local: false peers { permanent_uuid: "3471a55884bf4eeebd91ac81c172364a" member_type: VOTER last_known_addr { host: "127.25.211.1" port: 45057 } } peers { permanent_uuid: "be5a0d5fc40348d7b56c4ee3f22b59ab" member_type: VOTER last_known_addr { host: "127.25.211.2" port: 32913 } } peers { permanent_uuid: "526602d25b854f639c93102b7c87b4af" member_type: VOTER last_known_addr { host: "127.25.211.3" port: 39337 } attrs { replace: true } } peers { permanent_uuid: "5f0802692f1349cf83c3368ea271d38a" member_type: NON_VOTER last_known_addr { host: "127.25.211.4" port: 37415 } attrs { promote: true } }
I20260630 12:21:19.706027 29864 raft_consensus.cc:740] T dacdf0902f9c47d1838dd463490b62e8 P 5f0802692f1349cf83c3368ea271d38a [term 1 LEARNER]: Becoming Follower/Learner. State: Replica: 5f0802692f1349cf83c3368ea271d38a, State: Initialized, Role: LEARNER
I20260630 12:21:19.706593 29864 consensus_queue.cc:260] T dacdf0902f9c47d1838dd463490b62e8 P 5f0802692f1349cf83c3368ea271d38a [NON_LEADER]: Queue going to NON_LEADER mode. State: All replicated index: 0, Majority replicated index: 0, Committed index: 2, Last appended: 1.2, Last appended by leader: 2, Current term: 0, Majority size: -1, State: 0, Mode: NON_LEADER, active raft config: opid_index: 2 OBSOLETE_local: false peers { permanent_uuid: "3471a55884bf4eeebd91ac81c172364a" member_type: VOTER last_known_addr { host: "127.25.211.1" port: 45057 } } peers { permanent_uuid: "be5a0d5fc40348d7b56c4ee3f22b59ab" member_type: VOTER last_known_addr { host: "127.25.211.2" port: 32913 } } peers { permanent_uuid: "526602d25b854f639c93102b7c87b4af" member_type: VOTER last_known_addr { host: "127.25.211.3" port: 39337 } attrs { replace: true } } peers { permanent_uuid: "5f0802692f1349cf83c3368ea271d38a" member_type: NON_VOTER last_known_addr { host: "127.25.211.4" port: 37415 } attrs { promote: true } }
I20260630 12:21:19.708283 29864 ts_tablet_manager.cc:1434] T dacdf0902f9c47d1838dd463490b62e8 P 5f0802692f1349cf83c3368ea271d38a: Time spent starting tablet: real 0.005s	user 0.004s	sys 0.000s
I20260630 12:21:19.709853 29504 tablet_copy_service.cc:342] P be5a0d5fc40348d7b56c4ee3f22b59ab: Request end of tablet copy session 5f0802692f1349cf83c3368ea271d38a-dacdf0902f9c47d1838dd463490b62e8 received from {username='slave'} at 127.0.0.1:59110
I20260630 12:21:19.710238 29504 tablet_copy_service.cc:434] P be5a0d5fc40348d7b56c4ee3f22b59ab: ending tablet copy session 5f0802692f1349cf83c3368ea271d38a-dacdf0902f9c47d1838dd463490b62e8 on tablet dacdf0902f9c47d1838dd463490b62e8 with peer 5f0802692f1349cf83c3368ea271d38a
I20260630 12:21:19.900002 29711 raft_consensus.cc:1217] T dacdf0902f9c47d1838dd463490b62e8 P 5f0802692f1349cf83c3368ea271d38a [term 1 LEARNER]: Deduplicated request from leader. Original: 1.1->[1.2-1.2]   Dedup: 1.2->[]
I20260630 12:21:19.900691 29712 raft_consensus.cc:1217] T b0079a7a4d4643b1810a06c925716074 P 5f0802692f1349cf83c3368ea271d38a [term 1 LEARNER]: Deduplicated request from leader. Original: 1.1->[1.2-1.2]   Dedup: 1.2->[]
I20260630 12:21:20.045284 29712 raft_consensus.cc:1217] T 810330d0c048459999d2abb68280719d P 5f0802692f1349cf83c3368ea271d38a [term 1 LEARNER]: Deduplicated request from leader. Original: 1.1->[1.2-1.2]   Dedup: 1.2->[]
I20260630 12:21:20.082652 29830 raft_consensus.cc:1064] T c04213946bbb48ec9ad729b22f8a941b P be5a0d5fc40348d7b56c4ee3f22b59ab: attempting to promote NON_VOTER 5f0802692f1349cf83c3368ea271d38a to VOTER
I20260630 12:21:20.084445 29830 consensus_queue.cc:237] T c04213946bbb48ec9ad729b22f8a941b P be5a0d5fc40348d7b56c4ee3f22b59ab [LEADER]: Queue going to LEADER mode. State: All replicated index: 0, Majority replicated index: 2, Committed index: 2, Last appended: 1.2, Last appended by leader: 0, Current term: 1, Majority size: 3, State: 0, Mode: LEADER, active raft config: opid_index: 3 OBSOLETE_local: false peers { permanent_uuid: "3471a55884bf4eeebd91ac81c172364a" member_type: VOTER last_known_addr { host: "127.25.211.1" port: 45057 } attrs { replace: true } } peers { permanent_uuid: "be5a0d5fc40348d7b56c4ee3f22b59ab" member_type: VOTER last_known_addr { host: "127.25.211.2" port: 32913 } } peers { permanent_uuid: "526602d25b854f639c93102b7c87b4af" member_type: VOTER last_known_addr { host: "127.25.211.3" port: 39337 } } peers { permanent_uuid: "5f0802692f1349cf83c3368ea271d38a" member_type: VOTER last_known_addr { host: "127.25.211.4" port: 37415 } attrs { promote: false } }
I20260630 12:21:20.093894 29712 raft_consensus.cc:1275] T c04213946bbb48ec9ad729b22f8a941b P 5f0802692f1349cf83c3368ea271d38a [term 1 LEARNER]: Refusing update from remote peer be5a0d5fc40348d7b56c4ee3f22b59ab: Log matching property violated. Preceding OpId in replica: term: 1 index: 2. Preceding OpId from leader: term: 1 index: 3. (index mismatch)
I20260630 12:21:20.094609 29566 raft_consensus.cc:1275] T c04213946bbb48ec9ad729b22f8a941b P 526602d25b854f639c93102b7c87b4af [term 1 FOLLOWER]: Refusing update from remote peer be5a0d5fc40348d7b56c4ee3f22b59ab: Log matching property violated. Preceding OpId in replica: term: 1 index: 2. Preceding OpId from leader: term: 1 index: 3. (index mismatch)
I20260630 12:21:20.096035 29416 raft_consensus.cc:1275] T c04213946bbb48ec9ad729b22f8a941b P 3471a55884bf4eeebd91ac81c172364a [term 1 FOLLOWER]: Refusing update from remote peer be5a0d5fc40348d7b56c4ee3f22b59ab: Log matching property violated. Preceding OpId in replica: term: 1 index: 2. Preceding OpId from leader: term: 1 index: 3. (index mismatch)
I20260630 12:21:20.096045 29663 consensus_queue.cc:1048] T c04213946bbb48ec9ad729b22f8a941b P be5a0d5fc40348d7b56c4ee3f22b59ab [LEADER]: Connected to new peer: Peer: permanent_uuid: "5f0802692f1349cf83c3368ea271d38a" member_type: VOTER last_known_addr { host: "127.25.211.4" port: 37415 } attrs { promote: false }, Status: LMP_MISMATCH, Last received: 0.0, Next index: 3, Last known committed idx: 2, Time since last communication: 0.001s
I20260630 12:21:20.097131 29829 consensus_queue.cc:1048] T c04213946bbb48ec9ad729b22f8a941b P be5a0d5fc40348d7b56c4ee3f22b59ab [LEADER]: Connected to new peer: Peer: permanent_uuid: "526602d25b854f639c93102b7c87b4af" member_type: VOTER last_known_addr { host: "127.25.211.3" port: 39337 }, Status: LMP_MISMATCH, Last received: 0.0, Next index: 3, Last known committed idx: 2, Time since last communication: 0.000s
I20260630 12:21:20.097947 29830 consensus_queue.cc:1048] T c04213946bbb48ec9ad729b22f8a941b P be5a0d5fc40348d7b56c4ee3f22b59ab [LEADER]: Connected to new peer: Peer: permanent_uuid: "3471a55884bf4eeebd91ac81c172364a" member_type: VOTER last_known_addr { host: "127.25.211.1" port: 45057 } attrs { replace: true }, Status: LMP_MISMATCH, Last received: 0.0, Next index: 3, Last known committed idx: 2, Time since last communication: 0.002s
I20260630 12:21:20.109640 29830 raft_consensus.cc:2955] T c04213946bbb48ec9ad729b22f8a941b P be5a0d5fc40348d7b56c4ee3f22b59ab [term 1 LEADER]: Committing config change with OpId 1.3: config changed from index 2 to 3, 5f0802692f1349cf83c3368ea271d38a (127.25.211.4) changed from NON_VOTER to VOTER. New config: { opid_index: 3 OBSOLETE_local: false peers { permanent_uuid: "3471a55884bf4eeebd91ac81c172364a" member_type: VOTER last_known_addr { host: "127.25.211.1" port: 45057 } attrs { replace: true } } peers { permanent_uuid: "be5a0d5fc40348d7b56c4ee3f22b59ab" member_type: VOTER last_known_addr { host: "127.25.211.2" port: 32913 } } peers { permanent_uuid: "526602d25b854f639c93102b7c87b4af" member_type: VOTER last_known_addr { host: "127.25.211.3" port: 39337 } } peers { permanent_uuid: "5f0802692f1349cf83c3368ea271d38a" member_type: VOTER last_known_addr { host: "127.25.211.4" port: 37415 } attrs { promote: false } } }
I20260630 12:21:20.110559 29416 raft_consensus.cc:2955] T c04213946bbb48ec9ad729b22f8a941b P 3471a55884bf4eeebd91ac81c172364a [term 1 FOLLOWER]: Committing config change with OpId 1.3: config changed from index 2 to 3, 5f0802692f1349cf83c3368ea271d38a (127.25.211.4) changed from NON_VOTER to VOTER. New config: { opid_index: 3 OBSOLETE_local: false peers { permanent_uuid: "3471a55884bf4eeebd91ac81c172364a" member_type: VOTER last_known_addr { host: "127.25.211.1" port: 45057 } attrs { replace: true } } peers { permanent_uuid: "be5a0d5fc40348d7b56c4ee3f22b59ab" member_type: VOTER last_known_addr { host: "127.25.211.2" port: 32913 } } peers { permanent_uuid: "526602d25b854f639c93102b7c87b4af" member_type: VOTER last_known_addr { host: "127.25.211.3" port: 39337 } } peers { permanent_uuid: "5f0802692f1349cf83c3368ea271d38a" member_type: VOTER last_known_addr { host: "127.25.211.4" port: 37415 } attrs { promote: false } } }
I20260630 12:21:20.112607 29566 raft_consensus.cc:2955] T c04213946bbb48ec9ad729b22f8a941b P 526602d25b854f639c93102b7c87b4af [term 1 FOLLOWER]: Committing config change with OpId 1.3: config changed from index 2 to 3, 5f0802692f1349cf83c3368ea271d38a (127.25.211.4) changed from NON_VOTER to VOTER. New config: { opid_index: 3 OBSOLETE_local: false peers { permanent_uuid: "3471a55884bf4eeebd91ac81c172364a" member_type: VOTER last_known_addr { host: "127.25.211.1" port: 45057 } attrs { replace: true } } peers { permanent_uuid: "be5a0d5fc40348d7b56c4ee3f22b59ab" member_type: VOTER last_known_addr { host: "127.25.211.2" port: 32913 } } peers { permanent_uuid: "526602d25b854f639c93102b7c87b4af" member_type: VOTER last_known_addr { host: "127.25.211.3" port: 39337 } } peers { permanent_uuid: "5f0802692f1349cf83c3368ea271d38a" member_type: VOTER last_known_addr { host: "127.25.211.4" port: 37415 } attrs { promote: false } } }
I20260630 12:21:20.124758 29315 catalog_manager.cc:5697] T c04213946bbb48ec9ad729b22f8a941b P be5a0d5fc40348d7b56c4ee3f22b59ab reported cstate change: config changed from index 2 to 3, 5f0802692f1349cf83c3368ea271d38a (127.25.211.4) changed from NON_VOTER to VOTER. New cstate: current_term: 1 leader_uuid: "be5a0d5fc40348d7b56c4ee3f22b59ab" committed_config { opid_index: 3 OBSOLETE_local: false peers { permanent_uuid: "3471a55884bf4eeebd91ac81c172364a" member_type: VOTER last_known_addr { host: "127.25.211.1" port: 45057 } attrs { replace: true } health_report { overall_health: HEALTHY } } peers { permanent_uuid: "be5a0d5fc40348d7b56c4ee3f22b59ab" member_type: VOTER last_known_addr { host: "127.25.211.2" port: 32913 } health_report { overall_health: HEALTHY } } peers { permanent_uuid: "526602d25b854f639c93102b7c87b4af" member_type: VOTER last_known_addr { host: "127.25.211.3" port: 39337 } health_report { overall_health: HEALTHY } } peers { permanent_uuid: "5f0802692f1349cf83c3368ea271d38a" member_type: VOTER last_known_addr { host: "127.25.211.4" port: 37415 } attrs { promote: false } health_report { overall_health: UNKNOWN } } }
I20260630 12:21:20.122859 29712 raft_consensus.cc:2955] T c04213946bbb48ec9ad729b22f8a941b P 5f0802692f1349cf83c3368ea271d38a [term 1 FOLLOWER]: Committing config change with OpId 1.3: config changed from index 2 to 3, 5f0802692f1349cf83c3368ea271d38a (127.25.211.4) changed from NON_VOTER to VOTER. New config: { opid_index: 3 OBSOLETE_local: false peers { permanent_uuid: "3471a55884bf4eeebd91ac81c172364a" member_type: VOTER last_known_addr { host: "127.25.211.1" port: 45057 } attrs { replace: true } } peers { permanent_uuid: "be5a0d5fc40348d7b56c4ee3f22b59ab" member_type: VOTER last_known_addr { host: "127.25.211.2" port: 32913 } } peers { permanent_uuid: "526602d25b854f639c93102b7c87b4af" member_type: VOTER last_known_addr { host: "127.25.211.3" port: 39337 } } peers { permanent_uuid: "5f0802692f1349cf83c3368ea271d38a" member_type: VOTER last_known_addr { host: "127.25.211.4" port: 37415 } attrs { promote: false } } }
I20260630 12:21:20.173556 29492 consensus_queue.cc:237] T c04213946bbb48ec9ad729b22f8a941b P be5a0d5fc40348d7b56c4ee3f22b59ab [LEADER]: Queue going to LEADER mode. State: All replicated index: 0, Majority replicated index: 3, Committed index: 3, Last appended: 1.3, Last appended by leader: 0, Current term: 1, Majority size: 2, State: 0, Mode: LEADER, active raft config: opid_index: 4 OBSOLETE_local: false peers { permanent_uuid: "be5a0d5fc40348d7b56c4ee3f22b59ab" member_type: VOTER last_known_addr { host: "127.25.211.2" port: 32913 } } peers { permanent_uuid: "526602d25b854f639c93102b7c87b4af" member_type: VOTER last_known_addr { host: "127.25.211.3" port: 39337 } } peers { permanent_uuid: "5f0802692f1349cf83c3368ea271d38a" member_type: VOTER last_known_addr { host: "127.25.211.4" port: 37415 } attrs { promote: false } }
I20260630 12:21:20.178376 29712 raft_consensus.cc:1275] T c04213946bbb48ec9ad729b22f8a941b P 5f0802692f1349cf83c3368ea271d38a [term 1 FOLLOWER]: Refusing update from remote peer be5a0d5fc40348d7b56c4ee3f22b59ab: Log matching property violated. Preceding OpId in replica: term: 1 index: 3. Preceding OpId from leader: term: 1 index: 4. (index mismatch)
I20260630 12:21:20.178740 29566 raft_consensus.cc:1275] T c04213946bbb48ec9ad729b22f8a941b P 526602d25b854f639c93102b7c87b4af [term 1 FOLLOWER]: Refusing update from remote peer be5a0d5fc40348d7b56c4ee3f22b59ab: Log matching property violated. Preceding OpId in replica: term: 1 index: 3. Preceding OpId from leader: term: 1 index: 4. (index mismatch)
I20260630 12:21:20.180358 29829 consensus_queue.cc:1048] T c04213946bbb48ec9ad729b22f8a941b P be5a0d5fc40348d7b56c4ee3f22b59ab [LEADER]: Connected to new peer: Peer: permanent_uuid: "526602d25b854f639c93102b7c87b4af" member_type: VOTER last_known_addr { host: "127.25.211.3" port: 39337 }, Status: LMP_MISMATCH, Last received: 0.0, Next index: 4, Last known committed idx: 3, Time since last communication: 0.000s
