I20260630 12:21:45.402738 30873 raft_consensus.cc:515] T 4e8455d21bd94293b46231674f3530ec P 6a1f3e4767d44af68415888e3bdeda09 [term 0 FOLLOWER]: Starting pre-election with config: opid_index: -1 OBSOLETE_local: false peers { permanent_uuid: "87556af8ac9947f288beeaf892dfa9fb" member_type: VOTER last_known_addr { host: "127.25.217.195" port: 44097 } } peers { permanent_uuid: "6a1f3e4767d44af68415888e3bdeda09" member_type: VOTER last_known_addr { host: "127.25.217.193" port: 44567 } } peers { permanent_uuid: "f272ae67176f40ab90f709ca9f9fd5cb" member_type: VOTER last_known_addr { host: "127.25.217.194" port: 36811 } }
I20260630 12:21:45.404698 30873 leader_election.cc:290] T 4e8455d21bd94293b46231674f3530ec P 6a1f3e4767d44af68415888e3bdeda09 [CANDIDATE]: Term 1 pre-election: Requested pre-vote from peers 87556af8ac9947f288beeaf892dfa9fb (127.25.217.195:44097), f272ae67176f40ab90f709ca9f9fd5cb (127.25.217.194:36811)
I20260630 12:21:45.414390 30819 tablet_service.cc:1917] Received RequestConsensusVote() RPC: tablet_id: "4e8455d21bd94293b46231674f3530ec" candidate_uuid: "6a1f3e4767d44af68415888e3bdeda09" candidate_term: 1 candidate_status { last_received { term: 0 index: 0 } } ignore_live_leader: false dest_uuid: "87556af8ac9947f288beeaf892dfa9fb" is_pre_election: true
I20260630 12:21:45.414570 30745 tablet_service.cc:1917] Received RequestConsensusVote() RPC: tablet_id: "4e8455d21bd94293b46231674f3530ec" candidate_uuid: "6a1f3e4767d44af68415888e3bdeda09" candidate_term: 1 candidate_status { last_received { term: 0 index: 0 } } ignore_live_leader: false dest_uuid: "f272ae67176f40ab90f709ca9f9fd5cb" is_pre_election: true
I20260630 12:21:45.414999 30819 raft_consensus.cc:2468] T 4e8455d21bd94293b46231674f3530ec P 87556af8ac9947f288beeaf892dfa9fb [term 0 FOLLOWER]: Leader pre-election vote request: Granting yes vote for candidate 6a1f3e4767d44af68415888e3bdeda09 in term 0.
I20260630 12:21:45.415185 30745 raft_consensus.cc:2468] T 4e8455d21bd94293b46231674f3530ec P f272ae67176f40ab90f709ca9f9fd5cb [term 0 FOLLOWER]: Leader pre-election vote request: Granting yes vote for candidate 6a1f3e4767d44af68415888e3bdeda09 in term 0.
I20260630 12:21:45.416158 30633 leader_election.cc:304] T 4e8455d21bd94293b46231674f3530ec P 6a1f3e4767d44af68415888e3bdeda09 [CANDIDATE]: Term 1 pre-election: Election decided. Result: candidate won. Election summary: received 2 responses out of 3 voters: 2 yes votes; 0 no votes. yes voters: 6a1f3e4767d44af68415888e3bdeda09, 87556af8ac9947f288beeaf892dfa9fb; no voters: 
I20260630 12:21:45.416798 30873 raft_consensus.cc:2804] T 4e8455d21bd94293b46231674f3530ec P 6a1f3e4767d44af68415888e3bdeda09 [term 0 FOLLOWER]: Leader pre-election won for term 1
I20260630 12:21:45.417122 30873 raft_consensus.cc:493] T 4e8455d21bd94293b46231674f3530ec P 6a1f3e4767d44af68415888e3bdeda09 [term 0 FOLLOWER]: Starting leader election (no leader contacted us within the election timeout)
I20260630 12:21:45.417340 30873 raft_consensus.cc:3060] T 4e8455d21bd94293b46231674f3530ec P 6a1f3e4767d44af68415888e3bdeda09 [term 0 FOLLOWER]: Advancing to term 1
I20260630 12:21:45.421928 30873 raft_consensus.cc:515] T 4e8455d21bd94293b46231674f3530ec P 6a1f3e4767d44af68415888e3bdeda09 [term 1 FOLLOWER]: Starting leader election with config: opid_index: -1 OBSOLETE_local: false peers { permanent_uuid: "87556af8ac9947f288beeaf892dfa9fb" member_type: VOTER last_known_addr { host: "127.25.217.195" port: 44097 } } peers { permanent_uuid: "6a1f3e4767d44af68415888e3bdeda09" member_type: VOTER last_known_addr { host: "127.25.217.193" port: 44567 } } peers { permanent_uuid: "f272ae67176f40ab90f709ca9f9fd5cb" member_type: VOTER last_known_addr { host: "127.25.217.194" port: 36811 } }
I20260630 12:21:45.423703 30873 leader_election.cc:290] T 4e8455d21bd94293b46231674f3530ec P 6a1f3e4767d44af68415888e3bdeda09 [CANDIDATE]: Term 1 election: Requested vote from peers 87556af8ac9947f288beeaf892dfa9fb (127.25.217.195:44097), f272ae67176f40ab90f709ca9f9fd5cb (127.25.217.194:36811)
I20260630 12:21:45.424273 30819 tablet_service.cc:1917] Received RequestConsensusVote() RPC: tablet_id: "4e8455d21bd94293b46231674f3530ec" candidate_uuid: "6a1f3e4767d44af68415888e3bdeda09" candidate_term: 1 candidate_status { last_received { term: 0 index: 0 } } ignore_live_leader: false dest_uuid: "87556af8ac9947f288beeaf892dfa9fb"
I20260630 12:21:45.424753 30819 raft_consensus.cc:3060] T 4e8455d21bd94293b46231674f3530ec P 87556af8ac9947f288beeaf892dfa9fb [term 0 FOLLOWER]: Advancing to term 1
I20260630 12:21:45.424677 30745 tablet_service.cc:1917] Received RequestConsensusVote() RPC: tablet_id: "4e8455d21bd94293b46231674f3530ec" candidate_uuid: "6a1f3e4767d44af68415888e3bdeda09" candidate_term: 1 candidate_status { last_received { term: 0 index: 0 } } ignore_live_leader: false dest_uuid: "f272ae67176f40ab90f709ca9f9fd5cb"
I20260630 12:21:45.425274 30745 raft_consensus.cc:3060] T 4e8455d21bd94293b46231674f3530ec P f272ae67176f40ab90f709ca9f9fd5cb [term 0 FOLLOWER]: Advancing to term 1
I20260630 12:21:45.429625 30819 raft_consensus.cc:2468] T 4e8455d21bd94293b46231674f3530ec P 87556af8ac9947f288beeaf892dfa9fb [term 1 FOLLOWER]: Leader election vote request: Granting yes vote for candidate 6a1f3e4767d44af68415888e3bdeda09 in term 1.
I20260630 12:21:45.429950 30745 raft_consensus.cc:2468] T 4e8455d21bd94293b46231674f3530ec P f272ae67176f40ab90f709ca9f9fd5cb [term 1 FOLLOWER]: Leader election vote request: Granting yes vote for candidate 6a1f3e4767d44af68415888e3bdeda09 in term 1.
I20260630 12:21:45.430588 30633 leader_election.cc:304] T 4e8455d21bd94293b46231674f3530ec P 6a1f3e4767d44af68415888e3bdeda09 [CANDIDATE]: Term 1 election: Election decided. Result: candidate won. Election summary: received 2 responses out of 3 voters: 2 yes votes; 0 no votes. yes voters: 6a1f3e4767d44af68415888e3bdeda09, 87556af8ac9947f288beeaf892dfa9fb; no voters: 
I20260630 12:21:45.431308 30873 raft_consensus.cc:2804] T 4e8455d21bd94293b46231674f3530ec P 6a1f3e4767d44af68415888e3bdeda09 [term 1 FOLLOWER]: Leader election won for term 1
I20260630 12:21:45.432272 30873 raft_consensus.cc:697] T 4e8455d21bd94293b46231674f3530ec P 6a1f3e4767d44af68415888e3bdeda09 [term 1 LEADER]: Becoming Leader. State: Replica: 6a1f3e4767d44af68415888e3bdeda09, State: Running, Role: LEADER
I20260630 12:21:45.432940 30873 consensus_queue.cc:237] T 4e8455d21bd94293b46231674f3530ec P 6a1f3e4767d44af68415888e3bdeda09 [LEADER]: Queue going to LEADER mode. State: All replicated index: 0, Majority replicated index: 0, Committed index: 0, Last appended: 0.0, Last appended by leader: 0, Current term: 1, Majority size: 2, State: 0, Mode: LEADER, active raft config: opid_index: -1 OBSOLETE_local: false peers { permanent_uuid: "87556af8ac9947f288beeaf892dfa9fb" member_type: VOTER last_known_addr { host: "127.25.217.195" port: 44097 } } peers { permanent_uuid: "6a1f3e4767d44af68415888e3bdeda09" member_type: VOTER last_known_addr { host: "127.25.217.193" port: 44567 } } peers { permanent_uuid: "f272ae67176f40ab90f709ca9f9fd5cb" member_type: VOTER last_known_addr { host: "127.25.217.194" port: 36811 } }
I20260630 12:21:45.438916 30566 catalog_manager.cc:5697] T 4e8455d21bd94293b46231674f3530ec P 6a1f3e4767d44af68415888e3bdeda09 reported cstate change: term changed from 0 to 1, leader changed from <none> to 6a1f3e4767d44af68415888e3bdeda09 (127.25.217.193). New cstate: current_term: 1 leader_uuid: "6a1f3e4767d44af68415888e3bdeda09" committed_config { opid_index: -1 OBSOLETE_local: false peers { permanent_uuid: "87556af8ac9947f288beeaf892dfa9fb" member_type: VOTER last_known_addr { host: "127.25.217.195" port: 44097 } health_report { overall_health: UNKNOWN } } peers { permanent_uuid: "6a1f3e4767d44af68415888e3bdeda09" member_type: VOTER last_known_addr { host: "127.25.217.193" port: 44567 } health_report { overall_health: HEALTHY } } peers { permanent_uuid: "f272ae67176f40ab90f709ca9f9fd5cb" member_type: VOTER last_known_addr { host: "127.25.217.194" port: 36811 } health_report { overall_health: UNKNOWN } } }
I20260630 12:21:45.853219 30616 placement_policy_util.cc:411] tablet 4e8455d21bd94293b46231674f3530ec: detected majority of replicas (2 of 3) at location L0
I20260630 12:21:45.854606 30621 auto_leader_rebalancer.cc:141] leader rebalance for table test-workload
I20260630 12:21:45.855890 30621 auto_leader_rebalancer.cc:440] table: test-workload, leader rebalance finish, leader transfer count: 0
I20260630 12:21:45.856194 30621 auto_leader_rebalancer.cc:515] All tables' leader rebalancing finished this round
I20260630 12:21:46.035521 30878 consensus_queue.cc:1048] T 4e8455d21bd94293b46231674f3530ec P 6a1f3e4767d44af68415888e3bdeda09 [LEADER]: Connected to new peer: Peer: permanent_uuid: "87556af8ac9947f288beeaf892dfa9fb" member_type: VOTER last_known_addr { host: "127.25.217.195" port: 44097 }, Status: LMP_MISMATCH, Last received: 0.0, Next index: 1, Last known committed idx: 0, Time since last communication: 0.000s
I20260630 12:21:46.048250 30881 consensus_queue.cc:1048] T 4e8455d21bd94293b46231674f3530ec P 6a1f3e4767d44af68415888e3bdeda09 [LEADER]: Connected to new peer: Peer: permanent_uuid: "f272ae67176f40ab90f709ca9f9fd5cb" member_type: VOTER last_known_addr { host: "127.25.217.194" port: 36811 }, Status: LMP_MISMATCH, Last received: 0.0, Next index: 1, Last known committed idx: 0, Time since last communication: 0.000s
I20260630 12:21:46.861586 30616 placement_policy_util.cc:411] tablet 4e8455d21bd94293b46231674f3530ec: detected majority of replicas (2 of 3) at location L0
I20260630 12:21:47.857240 30621 auto_leader_rebalancer.cc:141] leader rebalance for table test-workload
I20260630 12:21:47.858476 30621 auto_leader_rebalancer.cc:440] table: test-workload, leader rebalance finish, leader transfer count: 0
I20260630 12:21:47.858763 30621 auto_leader_rebalancer.cc:515] All tables' leader rebalancing finished this round
I20260630 12:21:47.869515 30616 placement_policy_util.cc:411] tablet 4e8455d21bd94293b46231674f3530ec: detected majority of replicas (2 of 3) at location L0
I20260630 12:21:48.877326 30616 placement_policy_util.cc:411] tablet 4e8455d21bd94293b46231674f3530ec: detected majority of replicas (2 of 3) at location L0
I20260630 12:21:49.859696 30621 auto_leader_rebalancer.cc:141] leader rebalance for table test-workload
I20260630 12:21:49.860967 30621 auto_leader_rebalancer.cc:440] table: test-workload, leader rebalance finish, leader transfer count: 0
I20260630 12:21:49.861261 30621 auto_leader_rebalancer.cc:515] All tables' leader rebalancing finished this round
I20260630 12:21:49.885021 30616 placement_policy_util.cc:411] tablet 4e8455d21bd94293b46231674f3530ec: detected majority of replicas (2 of 3) at location L0
I20260630 12:21:50.892524 30616 placement_policy_util.cc:411] tablet 4e8455d21bd94293b46231674f3530ec: detected majority of replicas (2 of 3) at location L0
I20260630 12:21:51.862617 30621 auto_leader_rebalancer.cc:141] leader rebalance for table test-workload
I20260630 12:21:51.864583 30621 auto_leader_rebalancer.cc:440] table: test-workload, leader rebalance finish, leader transfer count: 0
I20260630 12:21:51.864850 30621 auto_leader_rebalancer.cc:515] All tables' leader rebalancing finished this round
I20260630 12:21:51.901000 30616 placement_policy_util.cc:411] tablet 4e8455d21bd94293b46231674f3530ec: detected majority of replicas (2 of 3) at location L0
I20260630 12:21:52.908882 30616 placement_policy_util.cc:411] tablet 4e8455d21bd94293b46231674f3530ec: detected majority of replicas (2 of 3) at location L0
I20260630 12:21:53.865729 30621 auto_leader_rebalancer.cc:141] leader rebalance for table test-workload
I20260630 12:21:53.866987 30621 auto_leader_rebalancer.cc:440] table: test-workload, leader rebalance finish, leader transfer count: 0
I20260630 12:21:53.867256 30621 auto_leader_rebalancer.cc:515] All tables' leader rebalancing finished this round
I20260630 12:21:53.917467 30616 placement_policy_util.cc:411] tablet 4e8455d21bd94293b46231674f3530ec: detected majority of replicas (2 of 3) at location L0
I20260630 12:21:54.924328 30616 placement_policy_util.cc:411] tablet 4e8455d21bd94293b46231674f3530ec: detected majority of replicas (2 of 3) at location L0
I20260630 12:21:55.868108 30621 auto_leader_rebalancer.cc:141] leader rebalance for table test-workload
I20260630 12:21:55.869412 30621 auto_leader_rebalancer.cc:440] table: test-workload, leader rebalance finish, leader transfer count: 0
I20260630 12:21:55.869678 30621 auto_leader_rebalancer.cc:515] All tables' leader rebalancing finished this round
I20260630 12:21:55.930804 30616 placement_policy_util.cc:411] tablet 4e8455d21bd94293b46231674f3530ec: detected majority of replicas (2 of 3) at location L0
I20260630 12:21:56.517066 26471 tablet_server.cc:179] TabletServer@127.25.217.193:0 shutting down...
I20260630 12:21:56.543188 26471 ts_tablet_manager.cc:1507] Shutting down tablet manager...
I20260630 12:21:56.543874 26471 tablet_replica.cc:333] T 4e8455d21bd94293b46231674f3530ec P 6a1f3e4767d44af68415888e3bdeda09: stopping tablet replica
I20260630 12:21:56.544409 26471 raft_consensus.cc:2243] T 4e8455d21bd94293b46231674f3530ec P 6a1f3e4767d44af68415888e3bdeda09 [term 1 LEADER]: Raft consensus shutting down.
I20260630 12:21:56.545462 26471 raft_consensus.cc:2272] T 4e8455d21bd94293b46231674f3530ec P 6a1f3e4767d44af68415888e3bdeda09 [term 1 FOLLOWER]: Raft consensus is shut down!
I20260630 12:21:56.565591 26471 tablet_server.cc:196] TabletServer@127.25.217.193:0 shutdown complete.
I20260630 12:21:56.577682 26471 tablet_server.cc:179] TabletServer@127.25.217.194:0 shutting down...
I20260630 12:21:56.610271 26471 ts_tablet_manager.cc:1507] Shutting down tablet manager...
I20260630 12:21:56.611061 26471 tablet_replica.cc:333] T 4e8455d21bd94293b46231674f3530ec P f272ae67176f40ab90f709ca9f9fd5cb: stopping tablet replica
I20260630 12:21:56.611702 26471 raft_consensus.cc:2243] T 4e8455d21bd94293b46231674f3530ec P f272ae67176f40ab90f709ca9f9fd5cb [term 1 FOLLOWER]: Raft consensus shutting down.
I20260630 12:21:56.612301 26471 raft_consensus.cc:2272] T 4e8455d21bd94293b46231674f3530ec P f272ae67176f40ab90f709ca9f9fd5cb [term 1 FOLLOWER]: Raft consensus is shut down!
I20260630 12:21:56.631325 26471 tablet_server.cc:196] TabletServer@127.25.217.194:0 shutdown complete.
I20260630 12:21:56.642580 26471 tablet_server.cc:179] TabletServer@127.25.217.195:0 shutting down...
I20260630 12:21:56.660645 26471 ts_tablet_manager.cc:1507] Shutting down tablet manager...
I20260630 12:21:56.661301 26471 tablet_replica.cc:333] T 4e8455d21bd94293b46231674f3530ec P 87556af8ac9947f288beeaf892dfa9fb: stopping tablet replica
I20260630 12:21:56.661842 26471 raft_consensus.cc:2243] T 4e8455d21bd94293b46231674f3530ec P 87556af8ac9947f288beeaf892dfa9fb [term 1 FOLLOWER]: Raft consensus shutting down.
I20260630 12:21:56.662369 26471 raft_consensus.cc:2272] T 4e8455d21bd94293b46231674f3530ec P 87556af8ac9947f288beeaf892dfa9fb [term 1 FOLLOWER]: Raft consensus is shut down!
I20260630 12:21:56.681109 26471 tablet_server.cc:196] TabletServer@127.25.217.195:0 shutdown complete.
I20260630 12:21:56.691251 26471 master.cc:562] Master@127.25.217.254:34451 shutting down...
I20260630 12:21:56.707305 26471 raft_consensus.cc:2243] T 00000000000000000000000000000000 P c4aaa2d39f3a4188a92995516a742996 [term 1 LEADER]: Raft consensus shutting down.
I20260630 12:21:56.707904 26471 raft_consensus.cc:2272] T 00000000000000000000000000000000 P c4aaa2d39f3a4188a92995516a742996 [term 1 FOLLOWER]: Raft consensus is shut down!
I20260630 12:21:56.708199 26471 tablet_replica.cc:333] T 00000000000000000000000000000000 P c4aaa2d39f3a4188a92995516a742996: stopping tablet replica
I20260630 12:21:56.726254 26471 master.cc:584] Master@127.25.217.254:34451 shutdown complete.
[       OK ] AutoRebalancerTest.NoReplicaMovesIfCannotFixPlacementPolicy (13035 ms)
[ RUN      ] AutoRebalancerTest.TestMaxMovesPerServer
I20260630 12:21:56.760321 26471 internal_mini_cluster.cc:156] Creating distributed mini masters. Addrs: 127.25.217.254:41183
I20260630 12:21:56.761397 26471 file_cache.cc:492] Constructed file cache file cache with capacity 419430
W20260630 12:21:56.767069 30892 instance_detector.cc:116] could not retrieve Azure instance metadata: Network error: curl error: HTTP response code said error: The requested URL returned error: 404
W20260630 12:21:56.767109 30891 instance_detector.cc:116] could not retrieve AWS instance metadata: Network error: curl error: HTTP response code said error: The requested URL returned error: 404
W20260630 12:21:56.767405 30894 instance_detector.cc:116] could not retrieve OpenStack instance metadata: Network error: curl error: HTTP response code said error: The requested URL returned error: 404
I20260630 12:21:56.769456 26471 server_base.cc:1061] running on GCE node
I20260630 12:21:56.770255 26471 hybrid_clock.cc:584] initializing the hybrid clock with 'system_unsync' time source
W20260630 12:21:56.770428 26471 system_unsync_time.cc:38] NTP support is disabled. Clock error bounds will not be accurate. This configuration is not suitable for distributed clusters.
I20260630 12:21:56.770547 26471 hybrid_clock.cc:648] HybridClock initialized: now 1782822116770535 us; error 0 us; skew 500 ppm
I20260630 12:21:56.770982 26471 server_base.cc:861] Flag tcmalloc_max_total_thread_cache_bytes is not working since tcmalloc is not enabled.
I20260630 12:21:56.773157 26471 webserver.cc:533] Webserver started at http://127.25.217.254:36793/ using document root <none> and password file <none>
I20260630 12:21:56.773583 26471 fs_manager.cc:362] Metadata directory not provided
I20260630 12:21:56.773739 26471 fs_manager.cc:368] Using write-ahead log directory (fs_wal_dir) as metadata directory
I20260630 12:21:56.773967 26471 server_base.cc:909] This appears to be a new deployment of Kudu; creating new FS layout
I20260630 12:21:56.775157 26471 fs_manager.cc:1068] Generated new instance metadata in path /tmp/dist-test-taskdJEQXA/test-tmp/auto_rebalancer-test.0.AutoRebalancerTest.TestMaxMovesPerServer.1782821991042050-26471-0/minicluster-data/master-0-root/instance:
uuid: "bfaf4019ea2c4d07bb85328ba2e4a682"
format_stamp: "Formatted at 2026-06-30 12:21:56 on dist-test-slave-04br"
I20260630 12:21:56.779313 26471 fs_manager.cc:696] Time spent creating directory manager: real 0.004s	user 0.004s	sys 0.000s
I20260630 12:21:56.782465 30899 log_block_manager.cc:4031] Time spent loading block containers with low live blocks: real 0.000s	user 0.000s	sys 0.000s
I20260630 12:21:56.783141 26471 fs_manager.cc:730] Time spent opening block manager: real 0.002s	user 0.003s	sys 0.000s
I20260630 12:21:56.783377 26471 fs_manager.cc:647] Opened local filesystem: /tmp/dist-test-taskdJEQXA/test-tmp/auto_rebalancer-test.0.AutoRebalancerTest.TestMaxMovesPerServer.1782821991042050-26471-0/minicluster-data/master-0-root
uuid: "bfaf4019ea2c4d07bb85328ba2e4a682"
format_stamp: "Formatted at 2026-06-30 12:21:56 on dist-test-slave-04br"
I20260630 12:21:56.783613 26471 fs_report.cc:389] FS layout report
--------------------
wal directory: /tmp/dist-test-taskdJEQXA/test-tmp/auto_rebalancer-test.0.AutoRebalancerTest.TestMaxMovesPerServer.1782821991042050-26471-0/minicluster-data/master-0-root
metadata directory: /tmp/dist-test-taskdJEQXA/test-tmp/auto_rebalancer-test.0.AutoRebalancerTest.TestMaxMovesPerServer.1782821991042050-26471-0/minicluster-data/master-0-root
1 data directories: /tmp/dist-test-taskdJEQXA/test-tmp/auto_rebalancer-test.0.AutoRebalancerTest.TestMaxMovesPerServer.1782821991042050-26471-0/minicluster-data/master-0-root/data
Total live blocks: 0
Total live bytes: 0
Total live bytes (after alignment): 0
Total number of LBM containers: 0 (0 full)
Did not check for missing blocks
Did not check for orphaned blocks
Total full LBM containers with extra space: 0 (0 repaired)
Total full LBM container extra space in bytes: 0 (0 repaired)
Total incomplete LBM containers: 0 (0 repaired)
Total LBM partial records: 0 (0 repaired)
Total corrupted LBM metadata records in RocksDB: 0 (0 repaired)
I20260630 12:21:56.813414 26471 rpc_server.cc:225] running with OpenSSL 1.1.1  11 Sep 2018
I20260630 12:21:56.814594 26471 kserver.cc:163] Server-wide thread pool size limit: 3276
I20260630 12:21:56.851574 26471 rpc_server.cc:307] RPC server started. Bound to: 127.25.217.254:41183
I20260630 12:21:56.851678 30950 acceptor_pool.cc:272] collecting diagnostics on the listening RPC socket 127.25.217.254:41183 every 8 connection(s)
I20260630 12:21:56.855429 30951 data_dirs.cc:400] Could only allocate 1 dirs of requested 3 for tablet 00000000000000000000000000000000. 1 dirs total, 0 dirs full, 0 dirs failed
I20260630 12:21:56.866427 30951 tablet_bootstrap.cc:492] T 00000000000000000000000000000000 P bfaf4019ea2c4d07bb85328ba2e4a682: Bootstrap starting.
I20260630 12:21:56.870860 30951 tablet_bootstrap.cc:654] T 00000000000000000000000000000000 P bfaf4019ea2c4d07bb85328ba2e4a682: Neither blocks nor log segments found. Creating new log.
I20260630 12:21:56.874938 30951 tablet_bootstrap.cc:492] T 00000000000000000000000000000000 P bfaf4019ea2c4d07bb85328ba2e4a682: No bootstrap required, opened a new log
I20260630 12:21:56.877043 30951 raft_consensus.cc:359] T 00000000000000000000000000000000 P bfaf4019ea2c4d07bb85328ba2e4a682 [term 0 FOLLOWER]: Replica starting. Triggering 0 pending ops. Active config: opid_index: -1 OBSOLETE_local: true peers { permanent_uuid: "bfaf4019ea2c4d07bb85328ba2e4a682" member_type: VOTER }
I20260630 12:21:56.877660 30951 raft_consensus.cc:385] T 00000000000000000000000000000000 P bfaf4019ea2c4d07bb85328ba2e4a682 [term 0 FOLLOWER]: Consensus starting up: Expiring failure detector timer to make a prompt election more likely
I20260630 12:21:56.877877 30951 raft_consensus.cc:740] T 00000000000000000000000000000000 P bfaf4019ea2c4d07bb85328ba2e4a682 [term 0 FOLLOWER]: Becoming Follower/Learner. State: Replica: bfaf4019ea2c4d07bb85328ba2e4a682, State: Initialized, Role: FOLLOWER
I20260630 12:21:56.878469 30951 consensus_queue.cc:260] T 00000000000000000000000000000000 P bfaf4019ea2c4d07bb85328ba2e4a682 [NON_LEADER]: Queue going to NON_LEADER mode. State: All replicated index: 0, Majority replicated index: 0, Committed index: 0, Last appended: 0.0, Last appended by leader: 0, Current term: 0, Majority size: -1, State: 0, Mode: NON_LEADER, active raft config: opid_index: -1 OBSOLETE_local: true peers { permanent_uuid: "bfaf4019ea2c4d07bb85328ba2e4a682" member_type: VOTER }
I20260630 12:21:56.878945 30951 raft_consensus.cc:399] T 00000000000000000000000000000000 P bfaf4019ea2c4d07bb85328ba2e4a682 [term 0 FOLLOWER]: Only one voter in the Raft config. Triggering election immediately
I20260630 12:21:56.879163 30951 raft_consensus.cc:493] T 00000000000000000000000000000000 P bfaf4019ea2c4d07bb85328ba2e4a682 [term 0 FOLLOWER]: Starting leader election (initial election of a single-replica configuration)
I20260630 12:21:56.879415 30951 raft_consensus.cc:3060] T 00000000000000000000000000000000 P bfaf4019ea2c4d07bb85328ba2e4a682 [term 0 FOLLOWER]: Advancing to term 1
I20260630 12:21:56.884159 30951 raft_consensus.cc:515] T 00000000000000000000000000000000 P bfaf4019ea2c4d07bb85328ba2e4a682 [term 1 FOLLOWER]: Starting leader election with config: opid_index: -1 OBSOLETE_local: true peers { permanent_uuid: "bfaf4019ea2c4d07bb85328ba2e4a682" member_type: VOTER }
I20260630 12:21:56.884644 30951 leader_election.cc:304] T 00000000000000000000000000000000 P bfaf4019ea2c4d07bb85328ba2e4a682 [CANDIDATE]: Term 1 election: Election decided. Result: candidate won. Election summary: received 1 responses out of 1 voters: 1 yes votes; 0 no votes. yes voters: bfaf4019ea2c4d07bb85328ba2e4a682; no voters: 
I20260630 12:21:56.885743 30951 leader_election.cc:290] T 00000000000000000000000000000000 P bfaf4019ea2c4d07bb85328ba2e4a682 [CANDIDATE]: Term 1 election: Requested vote from peers 
I20260630 12:21:56.886044 30954 raft_consensus.cc:2804] T 00000000000000000000000000000000 P bfaf4019ea2c4d07bb85328ba2e4a682 [term 1 FOLLOWER]: Leader election won for term 1
I20260630 12:21:56.887244 30954 raft_consensus.cc:697] T 00000000000000000000000000000000 P bfaf4019ea2c4d07bb85328ba2e4a682 [term 1 LEADER]: Becoming Leader. State: Replica: bfaf4019ea2c4d07bb85328ba2e4a682, State: Running, Role: LEADER
I20260630 12:21:56.887881 30954 consensus_queue.cc:237] T 00000000000000000000000000000000 P bfaf4019ea2c4d07bb85328ba2e4a682 [LEADER]: Queue going to LEADER mode. State: All replicated index: 0, Majority replicated index: 0, Committed index: 0, Last appended: 0.0, Last appended by leader: 0, Current term: 1, Majority size: 1, State: 0, Mode: LEADER, active raft config: opid_index: -1 OBSOLETE_local: true peers { permanent_uuid: "bfaf4019ea2c4d07bb85328ba2e4a682" member_type: VOTER }
I20260630 12:21:56.888635 30951 sys_catalog.cc:565] T 00000000000000000000000000000000 P bfaf4019ea2c4d07bb85328ba2e4a682 [sys.catalog]: configured and running, proceeding with master startup.
I20260630 12:21:56.890753 30955 sys_catalog.cc:455] T 00000000000000000000000000000000 P bfaf4019ea2c4d07bb85328ba2e4a682 [sys.catalog]: SysCatalogTable state changed. Reason: RaftConsensus started. Latest consensus state: current_term: 1 leader_uuid: "bfaf4019ea2c4d07bb85328ba2e4a682" committed_config { opid_index: -1 OBSOLETE_local: true peers { permanent_uuid: "bfaf4019ea2c4d07bb85328ba2e4a682" member_type: VOTER } }
I20260630 12:21:56.891400 30955 sys_catalog.cc:458] T 00000000000000000000000000000000 P bfaf4019ea2c4d07bb85328ba2e4a682 [sys.catalog]: This master's current role is: LEADER
I20260630 12:21:56.890784 30956 sys_catalog.cc:455] T 00000000000000000000000000000000 P bfaf4019ea2c4d07bb85328ba2e4a682 [sys.catalog]: SysCatalogTable state changed. Reason: New leader bfaf4019ea2c4d07bb85328ba2e4a682. Latest consensus state: current_term: 1 leader_uuid: "bfaf4019ea2c4d07bb85328ba2e4a682" committed_config { opid_index: -1 OBSOLETE_local: true peers { permanent_uuid: "bfaf4019ea2c4d07bb85328ba2e4a682" member_type: VOTER } }
I20260630 12:21:56.892462 30956 sys_catalog.cc:458] T 00000000000000000000000000000000 P bfaf4019ea2c4d07bb85328ba2e4a682 [sys.catalog]: This master's current role is: LEADER
I20260630 12:21:56.902796 30959 catalog_manager.cc:1511] Loading table and tablet metadata into memory...
I20260630 12:21:56.903494 26471 internal_mini_cluster.cc:184] Waiting to initialize catalog manager on master 0
I20260630 12:21:56.907560 30959 catalog_manager.cc:1520] Initializing Kudu cluster ID...
I20260630 12:21:56.915683 30959 catalog_manager.cc:1383] Generated new cluster ID: 8bd4a6088bcb4d168618868f62cdbb12
I20260630 12:21:56.915920 30959 catalog_manager.cc:1531] Initializing Kudu internal certificate authority...
I20260630 12:21:56.943720 30959 catalog_manager.cc:1406] Generated new certificate authority record
I20260630 12:21:56.944926 30959 catalog_manager.cc:1540] Loading token signing keys...
I20260630 12:21:56.965085 30959 catalog_manager.cc:6070] T 00000000000000000000000000000000 P bfaf4019ea2c4d07bb85328ba2e4a682: Generated new TSK 0
I20260630 12:21:56.965626 30959 catalog_manager.cc:1550] Initializing in-progress tserver states...
I20260630 12:21:57.033810 26471 file_cache.cc:492] Constructed file cache file cache with capacity 419430
W20260630 12:21:57.040550 30973 instance_detector.cc:116] could not retrieve Azure instance metadata: Network error: curl error: HTTP response code said error: The requested URL returned error: 404
W20260630 12:21:57.039685 30972 instance_detector.cc:116] could not retrieve AWS instance metadata: Network error: curl error: HTTP response code said error: The requested URL returned error: 404
W20260630 12:21:57.041831 30975 instance_detector.cc:116] could not retrieve OpenStack instance metadata: Network error: curl error: HTTP response code said error: The requested URL returned error: 404
I20260630 12:21:57.042522 26471 server_base.cc:1061] running on GCE node
I20260630 12:21:57.043275 26471 hybrid_clock.cc:584] initializing the hybrid clock with 'system_unsync' time source
W20260630 12:21:57.043447 26471 system_unsync_time.cc:38] NTP support is disabled. Clock error bounds will not be accurate. This configuration is not suitable for distributed clusters.
I20260630 12:21:57.043576 26471 hybrid_clock.cc:648] HybridClock initialized: now 1782822117043564 us; error 0 us; skew 500 ppm
I20260630 12:21:57.043985 26471 server_base.cc:861] Flag tcmalloc_max_total_thread_cache_bytes is not working since tcmalloc is not enabled.
I20260630 12:21:57.046002 26471 webserver.cc:533] Webserver started at http://127.25.217.193:41913/ using document root <none> and password file <none>
I20260630 12:21:57.046451 26471 fs_manager.cc:362] Metadata directory not provided
I20260630 12:21:57.046614 26471 fs_manager.cc:368] Using write-ahead log directory (fs_wal_dir) as metadata directory
I20260630 12:21:57.046815 26471 server_base.cc:909] This appears to be a new deployment of Kudu; creating new FS layout
I20260630 12:21:57.047850 26471 fs_manager.cc:1068] Generated new instance metadata in path /tmp/dist-test-taskdJEQXA/test-tmp/auto_rebalancer-test.0.AutoRebalancerTest.TestMaxMovesPerServer.1782821991042050-26471-0/minicluster-data/ts-0-root/instance:
uuid: "9a8ce236f9764ca59c301c15fd56418b"
format_stamp: "Formatted at 2026-06-30 12:21:57 on dist-test-slave-04br"
I20260630 12:21:57.052026 26471 fs_manager.cc:696] Time spent creating directory manager: real 0.004s	user 0.005s	sys 0.000s
I20260630 12:21:57.054916 30980 log_block_manager.cc:4031] Time spent loading block containers with low live blocks: real 0.000s	user 0.000s	sys 0.000s
I20260630 12:21:57.055572 26471 fs_manager.cc:730] Time spent opening block manager: real 0.002s	user 0.003s	sys 0.000s
I20260630 12:21:57.055819 26471 fs_manager.cc:647] Opened local filesystem: /tmp/dist-test-taskdJEQXA/test-tmp/auto_rebalancer-test.0.AutoRebalancerTest.TestMaxMovesPerServer.1782821991042050-26471-0/minicluster-data/ts-0-root
uuid: "9a8ce236f9764ca59c301c15fd56418b"
format_stamp: "Formatted at 2026-06-30 12:21:57 on dist-test-slave-04br"
I20260630 12:21:57.056083 26471 fs_report.cc:389] FS layout report
--------------------
wal directory: /tmp/dist-test-taskdJEQXA/test-tmp/auto_rebalancer-test.0.AutoRebalancerTest.TestMaxMovesPerServer.1782821991042050-26471-0/minicluster-data/ts-0-root
metadata directory: /tmp/dist-test-taskdJEQXA/test-tmp/auto_rebalancer-test.0.AutoRebalancerTest.TestMaxMovesPerServer.1782821991042050-26471-0/minicluster-data/ts-0-root
1 data directories: /tmp/dist-test-taskdJEQXA/test-tmp/auto_rebalancer-test.0.AutoRebalancerTest.TestMaxMovesPerServer.1782821991042050-26471-0/minicluster-data/ts-0-root/data
Total live blocks: 0
Total live bytes: 0
Total live bytes (after alignment): 0
Total number of LBM containers: 0 (0 full)
Did not check for missing blocks
Did not check for orphaned blocks
Total full LBM containers with extra space: 0 (0 repaired)
Total full LBM container extra space in bytes: 0 (0 repaired)
Total incomplete LBM containers: 0 (0 repaired)
Total LBM partial records: 0 (0 repaired)
Total corrupted LBM metadata records in RocksDB: 0 (0 repaired)
I20260630 12:21:57.072551 26471 rpc_server.cc:225] running with OpenSSL 1.1.1  11 Sep 2018
I20260630 12:21:57.073644 26471 kserver.cc:163] Server-wide thread pool size limit: 3276
I20260630 12:21:57.074981 26471 txn_system_client.cc:432] TxnSystemClient initialization is disabled...
I20260630 12:21:57.077085 26471 ts_tablet_manager.cc:585] Loaded tablet metadata (0 total tablets, 0 live tablets)
I20260630 12:21:57.077270 26471 ts_tablet_manager.cc:531] Time spent load tablet metadata: real 0.000s	user 0.000s	sys 0.000s
I20260630 12:21:57.077467 26471 ts_tablet_manager.cc:616] Registered 0 tablets
I20260630 12:21:57.077658 26471 ts_tablet_manager.cc:595] Time spent register tablets: real 0.000s	user 0.000s	sys 0.000s
I20260630 12:21:57.114485 26471 rpc_server.cc:307] RPC server started. Bound to: 127.25.217.193:42331
I20260630 12:21:57.114573 31042 acceptor_pool.cc:272] collecting diagnostics on the listening RPC socket 127.25.217.193:42331 every 8 connection(s)
I20260630 12:21:57.119107 26471 file_cache.cc:492] Constructed file cache file cache with capacity 419430
W20260630 12:21:57.125926 31047 instance_detector.cc:116] could not retrieve AWS instance metadata: Network error: curl error: HTTP response code said error: The requested URL returned error: 404
W20260630 12:21:57.127081 31048 instance_detector.cc:116] could not retrieve Azure instance metadata: Network error: curl error: HTTP response code said error: The requested URL returned error: 404
W20260630 12:21:57.129213 31050 instance_detector.cc:116] could not retrieve OpenStack instance metadata: Network error: curl error: HTTP response code said error: The requested URL returned error: 404
I20260630 12:21:57.129240 26471 server_base.cc:1061] running on GCE node
I20260630 12:21:57.130554 26471 hybrid_clock.cc:584] initializing the hybrid clock with 'system_unsync' time source
W20260630 12:21:57.130772 26471 system_unsync_time.cc:38] NTP support is disabled. Clock error bounds will not be accurate. This configuration is not suitable for distributed clusters.
I20260630 12:21:57.130934 26471 hybrid_clock.cc:648] HybridClock initialized: now 1782822117130917 us; error 0 us; skew 500 ppm
I20260630 12:21:57.131433 26471 server_base.cc:861] Flag tcmalloc_max_total_thread_cache_bytes is not working since tcmalloc is not enabled.
I20260630 12:21:57.131640 31043 heartbeater.cc:344] Connected to a master server at 127.25.217.254:41183
I20260630 12:21:57.131987 31043 heartbeater.cc:461] Registering TS with master...
I20260630 12:21:57.132798 31043 heartbeater.cc:507] Master 127.25.217.254:41183 requested a full tablet report, sending...
I20260630 12:21:57.133833 26471 webserver.cc:533] Webserver started at http://127.25.217.194:34305/ using document root <none> and password file <none>
I20260630 12:21:57.134387 26471 fs_manager.cc:362] Metadata directory not provided
I20260630 12:21:57.134567 26471 fs_manager.cc:368] Using write-ahead log directory (fs_wal_dir) as metadata directory
I20260630 12:21:57.134819 26471 server_base.cc:909] This appears to be a new deployment of Kudu; creating new FS layout
I20260630 12:21:57.134891 30916 ts_manager.cc:194] Registered new tserver with Master: 9a8ce236f9764ca59c301c15fd56418b (127.25.217.193:42331)
I20260630 12:21:57.135952 26471 fs_manager.cc:1068] Generated new instance metadata in path /tmp/dist-test-taskdJEQXA/test-tmp/auto_rebalancer-test.0.AutoRebalancerTest.TestMaxMovesPerServer.1782821991042050-26471-0/minicluster-data/ts-1-root/instance:
uuid: "c8511a714a2d4774ba911603a61fa080"
format_stamp: "Formatted at 2026-06-30 12:21:57 on dist-test-slave-04br"
I20260630 12:21:57.136672 30916 master_service.cc:502] Signed X509 certificate for tserver {username='slave'} at 127.0.0.1:38804
I20260630 12:21:57.140234 26471 fs_manager.cc:696] Time spent creating directory manager: real 0.004s	user 0.005s	sys 0.000s
I20260630 12:21:57.143443 31055 log_block_manager.cc:4031] Time spent loading block containers with low live blocks: real 0.000s	user 0.000s	sys 0.000s
I20260630 12:21:57.144133 26471 fs_manager.cc:730] Time spent opening block manager: real 0.002s	user 0.001s	sys 0.000s
I20260630 12:21:57.144383 26471 fs_manager.cc:647] Opened local filesystem: /tmp/dist-test-taskdJEQXA/test-tmp/auto_rebalancer-test.0.AutoRebalancerTest.TestMaxMovesPerServer.1782821991042050-26471-0/minicluster-data/ts-1-root
uuid: "c8511a714a2d4774ba911603a61fa080"
format_stamp: "Formatted at 2026-06-30 12:21:57 on dist-test-slave-04br"
I20260630 12:21:57.144637 26471 fs_report.cc:389] FS layout report
--------------------
wal directory: /tmp/dist-test-taskdJEQXA/test-tmp/auto_rebalancer-test.0.AutoRebalancerTest.TestMaxMovesPerServer.1782821991042050-26471-0/minicluster-data/ts-1-root
metadata directory: /tmp/dist-test-taskdJEQXA/test-tmp/auto_rebalancer-test.0.AutoRebalancerTest.TestMaxMovesPerServer.1782821991042050-26471-0/minicluster-data/ts-1-root
1 data directories: /tmp/dist-test-taskdJEQXA/test-tmp/auto_rebalancer-test.0.AutoRebalancerTest.TestMaxMovesPerServer.1782821991042050-26471-0/minicluster-data/ts-1-root/data
Total live blocks: 0
Total live bytes: 0
Total live bytes (after alignment): 0
Total number of LBM containers: 0 (0 full)
Did not check for missing blocks
Did not check for orphaned blocks
Total full LBM containers with extra space: 0 (0 repaired)
Total full LBM container extra space in bytes: 0 (0 repaired)
Total incomplete LBM containers: 0 (0 repaired)
Total LBM partial records: 0 (0 repaired)
Total corrupted LBM metadata records in RocksDB: 0 (0 repaired)
I20260630 12:21:57.180109 26471 rpc_server.cc:225] running with OpenSSL 1.1.1  11 Sep 2018
I20260630 12:21:57.181305 26471 kserver.cc:163] Server-wide thread pool size limit: 3276
I20260630 12:21:57.182955 26471 txn_system_client.cc:432] TxnSystemClient initialization is disabled...
I20260630 12:21:57.185052 26471 ts_tablet_manager.cc:585] Loaded tablet metadata (0 total tablets, 0 live tablets)
I20260630 12:21:57.185259 26471 ts_tablet_manager.cc:531] Time spent load tablet metadata: real 0.000s	user 0.000s	sys 0.000s
I20260630 12:21:57.185494 26471 ts_tablet_manager.cc:616] Registered 0 tablets
I20260630 12:21:57.185642 26471 ts_tablet_manager.cc:595] Time spent register tablets: real 0.000s	user 0.000s	sys 0.000s
I20260630 12:21:57.221987 26471 rpc_server.cc:307] RPC server started. Bound to: 127.25.217.194:43417
I20260630 12:21:57.222072 31117 acceptor_pool.cc:272] collecting diagnostics on the listening RPC socket 127.25.217.194:43417 every 8 connection(s)
I20260630 12:21:57.226437 26471 file_cache.cc:492] Constructed file cache file cache with capacity 419430
W20260630 12:21:57.232873 31121 instance_detector.cc:116] could not retrieve AWS instance metadata: Network error: curl error: HTTP response code said error: The requested URL returned error: 404
W20260630 12:21:57.234349 31122 instance_detector.cc:116] could not retrieve Azure instance metadata: Network error: curl error: HTTP response code said error: The requested URL returned error: 404
I20260630 12:21:57.237035 26471 server_base.cc:1061] running on GCE node
W20260630 12:21:57.237257 31124 instance_detector.cc:116] could not retrieve OpenStack instance metadata: Network error: curl error: HTTP response code said error: The requested URL returned error: 404
I20260630 12:21:57.237999 31118 heartbeater.cc:344] Connected to a master server at 127.25.217.254:41183
I20260630 12:21:57.238310 26471 hybrid_clock.cc:584] initializing the hybrid clock with 'system_unsync' time source
I20260630 12:21:57.238355 31118 heartbeater.cc:461] Registering TS with master...
W20260630 12:21:57.238637 26471 system_unsync_time.cc:38] NTP support is disabled. Clock error bounds will not be accurate. This configuration is not suitable for distributed clusters.
I20260630 12:21:57.238817 26471 hybrid_clock.cc:648] HybridClock initialized: now 1782822117238799 us; error 0 us; skew 500 ppm
I20260630 12:21:57.239228 31118 heartbeater.cc:507] Master 127.25.217.254:41183 requested a full tablet report, sending...
I20260630 12:21:57.239346 26471 server_base.cc:861] Flag tcmalloc_max_total_thread_cache_bytes is not working since tcmalloc is not enabled.
I20260630 12:21:57.241170 30916 ts_manager.cc:194] Registered new tserver with Master: c8511a714a2d4774ba911603a61fa080 (127.25.217.194:43417)
I20260630 12:21:57.241876 26471 webserver.cc:533] Webserver started at http://127.25.217.195:37021/ using document root <none> and password file <none>
I20260630 12:21:57.242394 26471 fs_manager.cc:362] Metadata directory not provided
I20260630 12:21:57.242561 26471 fs_manager.cc:368] Using write-ahead log directory (fs_wal_dir) as metadata directory
I20260630 12:21:57.242642 30916 master_service.cc:502] Signed X509 certificate for tserver {username='slave'} at 127.0.0.1:38816
I20260630 12:21:57.242798 26471 server_base.cc:909] This appears to be a new deployment of Kudu; creating new FS layout
I20260630 12:21:57.244134 26471 fs_manager.cc:1068] Generated new instance metadata in path /tmp/dist-test-taskdJEQXA/test-tmp/auto_rebalancer-test.0.AutoRebalancerTest.TestMaxMovesPerServer.1782821991042050-26471-0/minicluster-data/ts-2-root/instance:
uuid: "8523706dd295478fb53c63b6834da362"
format_stamp: "Formatted at 2026-06-30 12:21:57 on dist-test-slave-04br"
I20260630 12:21:57.248255 26471 fs_manager.cc:696] Time spent creating directory manager: real 0.004s	user 0.005s	sys 0.000s
I20260630 12:21:57.251312 31129 log_block_manager.cc:4031] Time spent loading block containers with low live blocks: real 0.000s	user 0.000s	sys 0.000s
I20260630 12:21:57.251971 26471 fs_manager.cc:730] Time spent opening block manager: real 0.002s	user 0.002s	sys 0.001s
I20260630 12:21:57.252241 26471 fs_manager.cc:647] Opened local filesystem: /tmp/dist-test-taskdJEQXA/test-tmp/auto_rebalancer-test.0.AutoRebalancerTest.TestMaxMovesPerServer.1782821991042050-26471-0/minicluster-data/ts-2-root
uuid: "8523706dd295478fb53c63b6834da362"
format_stamp: "Formatted at 2026-06-30 12:21:57 on dist-test-slave-04br"
I20260630 12:21:57.252485 26471 fs_report.cc:389] FS layout report
--------------------
wal directory: /tmp/dist-test-taskdJEQXA/test-tmp/auto_rebalancer-test.0.AutoRebalancerTest.TestMaxMovesPerServer.1782821991042050-26471-0/minicluster-data/ts-2-root
metadata directory: /tmp/dist-test-taskdJEQXA/test-tmp/auto_rebalancer-test.0.AutoRebalancerTest.TestMaxMovesPerServer.1782821991042050-26471-0/minicluster-data/ts-2-root
1 data directories: /tmp/dist-test-taskdJEQXA/test-tmp/auto_rebalancer-test.0.AutoRebalancerTest.TestMaxMovesPerServer.1782821991042050-26471-0/minicluster-data/ts-2-root/data
Total live blocks: 0
Total live bytes: 0
Total live bytes (after alignment): 0
Total number of LBM containers: 0 (0 full)
Did not check for missing blocks
Did not check for orphaned blocks
Total full LBM containers with extra space: 0 (0 repaired)
Total full LBM container extra space in bytes: 0 (0 repaired)
Total incomplete LBM containers: 0 (0 repaired)
Total LBM partial records: 0 (0 repaired)
Total corrupted LBM metadata records in RocksDB: 0 (0 repaired)
I20260630 12:21:57.267365 26471 rpc_server.cc:225] running with OpenSSL 1.1.1  11 Sep 2018
I20260630 12:21:57.268466 26471 kserver.cc:163] Server-wide thread pool size limit: 3276
I20260630 12:21:57.269780 26471 txn_system_client.cc:432] TxnSystemClient initialization is disabled...
I20260630 12:21:57.271880 26471 ts_tablet_manager.cc:585] Loaded tablet metadata (0 total tablets, 0 live tablets)
I20260630 12:21:57.272080 26471 ts_tablet_manager.cc:531] Time spent load tablet metadata: real 0.000s	user 0.000s	sys 0.000s
I20260630 12:21:57.272291 26471 ts_tablet_manager.cc:616] Registered 0 tablets
I20260630 12:21:57.272439 26471 ts_tablet_manager.cc:595] Time spent register tablets: real 0.000s	user 0.000s	sys 0.000s
I20260630 12:21:57.309233 26471 rpc_server.cc:307] RPC server started. Bound to: 127.25.217.195:39853
I20260630 12:21:57.309329 31191 acceptor_pool.cc:272] collecting diagnostics on the listening RPC socket 127.25.217.195:39853 every 8 connection(s)
I20260630 12:21:57.322378 31192 heartbeater.cc:344] Connected to a master server at 127.25.217.254:41183
I20260630 12:21:57.322690 31192 heartbeater.cc:461] Registering TS with master...
I20260630 12:21:57.323401 31192 heartbeater.cc:507] Master 127.25.217.254:41183 requested a full tablet report, sending...
I20260630 12:21:57.325125 30916 ts_manager.cc:194] Registered new tserver with Master: 8523706dd295478fb53c63b6834da362 (127.25.217.195:39853)
I20260630 12:21:57.325361 26471 internal_mini_cluster.cc:371] 3 TS(s) registered with all masters after 0.013025731s
I20260630 12:21:57.326474 30916 master_service.cc:502] Signed X509 certificate for tserver {username='slave'} at 127.0.0.1:38832
I20260630 12:21:58.139076 31043 heartbeater.cc:499] Master 127.25.217.254:41183 was elected leader, sending a full tablet report...
I20260630 12:21:58.244979 31118 heartbeater.cc:499] Master 127.25.217.254:41183 was elected leader, sending a full tablet report...
I20260630 12:21:58.328753 31192 heartbeater.cc:499] Master 127.25.217.254:41183 was elected leader, sending a full tablet report...
I20260630 12:21:58.581981 30916 catalog_manager.cc:2283] Servicing CreateTable request from {username='slave'} at 127.0.0.1:38844:
name: "test-workload"
schema {
  columns {
    name: "key"
    type: INT32
    is_key: true
    is_nullable: false
    encoding: AUTO_ENCODING
    compression: DEFAULT_COMPRESSION
    cfile_block_size: 0
    immutable: false
  }
  columns {
    name: "int_val"
    type: INT32
    is_key: false
    is_nullable: false
    encoding: AUTO_ENCODING
    compression: DEFAULT_COMPRESSION
    cfile_block_size: 0
    immutable: false
  }
  columns {
    name: "string_val"
    type: STRING
    is_key: false
    is_nullable: true
    encoding: AUTO_ENCODING
    compression: DEFAULT_COMPRESSION
    cfile_block_size: 0
    immutable: false
  }
}
num_replicas: 3
split_rows_range_bounds {
  rows: "\004\001\000\252\252\252\n\004\001\000TUU\025\004\001\000\376\377\377\037\004\001\000\250\252\252*\004\001\000RUU5\004\001\000\374\377\377?\004\001\000\246\252\252J\004\001\000PUUU\004\001\000\372\377\377_\004\001\000\244\252\252j\004\001\000NUUu""\004\001\000\252\252\252\n\004\001\000TUU\025\004\001\000\376\377\377\037\004\001\000\250\252\252*\004\001\000RUU5\004\001\000\374\377\377?\004\001\000\246\252\252J\004\001\000PUUU\004\001\000\372\377\377_\004\001\000\244\252\252j\004\001\000NUUu"
  indirect_data: """"
}
partition_schema {
  range_schema {
    columns {
      name: "key"
    }
  }
}
W20260630 12:21:58.584940 30916 catalog_manager.cc:7077] The number of live tablet servers is not enough to re-replicate a tablet replica of the newly created table test-workload in case of a server failure: 4 tablet servers would be needed, 3 are available. Consider bringing up more tablet servers.
I20260630 12:21:58.671353 31083 tablet_service.cc:1511] Processing CreateTablet for tablet 4680d2ddd9bd48f89b7303fe3f4864fc (DEFAULT_TABLE table=test-workload [id=9e0a939938ec437a977fe35c6d7dc6f3]), partition=RANGE (key) PARTITION VALUES < 178956970
I20260630 12:21:58.672813 31083 data_dirs.cc:400] Could only allocate 1 dirs of requested 3 for tablet 4680d2ddd9bd48f89b7303fe3f4864fc. 1 dirs total, 0 dirs full, 0 dirs failed
I20260630 12:21:58.671446 31082 tablet_service.cc:1511] Processing CreateTablet for tablet d72bc6b246ca4a4d9c2da5b596b94420 (DEFAULT_TABLE table=test-workload [id=9e0a939938ec437a977fe35c6d7dc6f3]), partition=RANGE (key) PARTITION 178956970 <= VALUES < 357913940
I20260630 12:21:58.675009 31082 data_dirs.cc:400] Could only allocate 1 dirs of requested 3 for tablet d72bc6b246ca4a4d9c2da5b596b94420. 1 dirs total, 0 dirs full, 0 dirs failed
I20260630 12:21:58.675218 31007 tablet_service.cc:1511] Processing CreateTablet for tablet d72bc6b246ca4a4d9c2da5b596b94420 (DEFAULT_TABLE table=test-workload [id=9e0a939938ec437a977fe35c6d7dc6f3]), partition=RANGE (key) PARTITION 178956970 <= VALUES < 357913940
I20260630 12:21:58.676756 31007 data_dirs.cc:400] Could only allocate 1 dirs of requested 3 for tablet d72bc6b246ca4a4d9c2da5b596b94420. 1 dirs total, 0 dirs full, 0 dirs failed
I20260630 12:21:58.678058 31006 tablet_service.cc:1511] Processing CreateTablet for tablet 3d370ab13db542f8bb5a1a419247781e (DEFAULT_TABLE table=test-workload [id=9e0a939938ec437a977fe35c6d7dc6f3]), partition=RANGE (key) PARTITION 357913940 <= VALUES < 536870910
I20260630 12:21:58.675277 31008 tablet_service.cc:1511] Processing CreateTablet for tablet 4680d2ddd9bd48f89b7303fe3f4864fc (DEFAULT_TABLE table=test-workload [id=9e0a939938ec437a977fe35c6d7dc6f3]), partition=RANGE (key) PARTITION VALUES < 178956970
I20260630 12:21:58.679328 31006 data_dirs.cc:400] Could only allocate 1 dirs of requested 3 for tablet 3d370ab13db542f8bb5a1a419247781e. 1 dirs total, 0 dirs full, 0 dirs failed
I20260630 12:21:58.679683 31005 tablet_service.cc:1511] Processing CreateTablet for tablet f76f0f2701c64659b9850c905c83c8cc (DEFAULT_TABLE table=test-workload [id=9e0a939938ec437a977fe35c6d7dc6f3]), partition=RANGE (key) PARTITION 536870910 <= VALUES < 715827880
I20260630 12:21:58.680933 31005 data_dirs.cc:400] Could only allocate 1 dirs of requested 3 for tablet f76f0f2701c64659b9850c905c83c8cc. 1 dirs total, 0 dirs full, 0 dirs failed
I20260630 12:21:58.682300 31081 tablet_service.cc:1511] Processing CreateTablet for tablet 3d370ab13db542f8bb5a1a419247781e (DEFAULT_TABLE table=test-workload [id=9e0a939938ec437a977fe35c6d7dc6f3]), partition=RANGE (key) PARTITION 357913940 <= VALUES < 536870910
I20260630 12:21:58.683565 31081 data_dirs.cc:400] Could only allocate 1 dirs of requested 3 for tablet 3d370ab13db542f8bb5a1a419247781e. 1 dirs total, 0 dirs full, 0 dirs failed
I20260630 12:21:58.685092 31008 data_dirs.cc:400] Could only allocate 1 dirs of requested 3 for tablet 4680d2ddd9bd48f89b7303fe3f4864fc. 1 dirs total, 0 dirs full, 0 dirs failed
I20260630 12:21:58.690893 31080 tablet_service.cc:1511] Processing CreateTablet for tablet f76f0f2701c64659b9850c905c83c8cc (DEFAULT_TABLE table=test-workload [id=9e0a939938ec437a977fe35c6d7dc6f3]), partition=RANGE (key) PARTITION 536870910 <= VALUES < 715827880
I20260630 12:21:58.692176 31080 data_dirs.cc:400] Could only allocate 1 dirs of requested 3 for tablet f76f0f2701c64659b9850c905c83c8cc. 1 dirs total, 0 dirs full, 0 dirs failed
I20260630 12:21:58.705207 31004 tablet_service.cc:1511] Processing CreateTablet for tablet 2538e4a45afa4c72b7c0131be0494c76 (DEFAULT_TABLE table=test-workload [id=9e0a939938ec437a977fe35c6d7dc6f3]), partition=RANGE (key) PARTITION 715827880 <= VALUES < 894784850
I20260630 12:21:58.706560 31004 data_dirs.cc:400] Could only allocate 1 dirs of requested 3 for tablet 2538e4a45afa4c72b7c0131be0494c76. 1 dirs total, 0 dirs full, 0 dirs failed
