I20260630 12:21:58.715273 31157 tablet_service.cc:1511] Processing CreateTablet for tablet 4680d2ddd9bd48f89b7303fe3f4864fc (DEFAULT_TABLE table=test-workload [id=9e0a939938ec437a977fe35c6d7dc6f3]), partition=RANGE (key) PARTITION VALUES < 178956970
I20260630 12:21:58.716043 31079 tablet_service.cc:1511] Processing CreateTablet for tablet 2538e4a45afa4c72b7c0131be0494c76 (DEFAULT_TABLE table=test-workload [id=9e0a939938ec437a977fe35c6d7dc6f3]), partition=RANGE (key) PARTITION 715827880 <= VALUES < 894784850
I20260630 12:21:58.716572 31157 data_dirs.cc:400] Could only allocate 1 dirs of requested 3 for tablet 4680d2ddd9bd48f89b7303fe3f4864fc. 1 dirs total, 0 dirs full, 0 dirs failed
I20260630 12:21:58.717289 31079 data_dirs.cc:400] Could only allocate 1 dirs of requested 3 for tablet 2538e4a45afa4c72b7c0131be0494c76. 1 dirs total, 0 dirs full, 0 dirs failed
I20260630 12:21:58.717494 31078 tablet_service.cc:1511] Processing CreateTablet for tablet 705c075fed614807889c83c7f7319d12 (DEFAULT_TABLE table=test-workload [id=9e0a939938ec437a977fe35c6d7dc6f3]), partition=RANGE (key) PARTITION 894784850 <= VALUES < 1073741820
I20260630 12:21:58.718720 31078 data_dirs.cc:400] Could only allocate 1 dirs of requested 3 for tablet 705c075fed614807889c83c7f7319d12. 1 dirs total, 0 dirs full, 0 dirs failed
I20260630 12:21:58.719265 31003 tablet_service.cc:1511] Processing CreateTablet for tablet 705c075fed614807889c83c7f7319d12 (DEFAULT_TABLE table=test-workload [id=9e0a939938ec437a977fe35c6d7dc6f3]), partition=RANGE (key) PARTITION 894784850 <= VALUES < 1073741820
I20260630 12:21:58.720515 31003 data_dirs.cc:400] Could only allocate 1 dirs of requested 3 for tablet 705c075fed614807889c83c7f7319d12. 1 dirs total, 0 dirs full, 0 dirs failed
I20260630 12:21:58.723961 31002 tablet_service.cc:1511] Processing CreateTablet for tablet 1835b3a7bd024ddebf292f15893d3ddd (DEFAULT_TABLE table=test-workload [id=9e0a939938ec437a977fe35c6d7dc6f3]), partition=RANGE (key) PARTITION 1073741820 <= VALUES < 1252698790
I20260630 12:21:58.724668 31077 tablet_service.cc:1511] Processing CreateTablet for tablet 1835b3a7bd024ddebf292f15893d3ddd (DEFAULT_TABLE table=test-workload [id=9e0a939938ec437a977fe35c6d7dc6f3]), partition=RANGE (key) PARTITION 1073741820 <= VALUES < 1252698790
I20260630 12:21:58.725188 31002 data_dirs.cc:400] Could only allocate 1 dirs of requested 3 for tablet 1835b3a7bd024ddebf292f15893d3ddd. 1 dirs total, 0 dirs full, 0 dirs failed
I20260630 12:21:58.725842 31077 data_dirs.cc:400] Could only allocate 1 dirs of requested 3 for tablet 1835b3a7bd024ddebf292f15893d3ddd. 1 dirs total, 0 dirs full, 0 dirs failed
I20260630 12:21:58.739725 31156 tablet_service.cc:1511] Processing CreateTablet for tablet d72bc6b246ca4a4d9c2da5b596b94420 (DEFAULT_TABLE table=test-workload [id=9e0a939938ec437a977fe35c6d7dc6f3]), partition=RANGE (key) PARTITION 178956970 <= VALUES < 357913940
I20260630 12:21:58.740465 31001 tablet_service.cc:1511] Processing CreateTablet for tablet 75fc6c69c7df44978ac6c640f4d6b20a (DEFAULT_TABLE table=test-workload [id=9e0a939938ec437a977fe35c6d7dc6f3]), partition=RANGE (key) PARTITION 1252698790 <= VALUES < 1431655760
I20260630 12:21:58.741063 31078 tablet_service.cc:1511] Processing CreateTablet for tablet 75fc6c69c7df44978ac6c640f4d6b20a (DEFAULT_TABLE table=test-workload [id=9e0a939938ec437a977fe35c6d7dc6f3]), partition=RANGE (key) PARTITION 1252698790 <= VALUES < 1431655760
I20260630 12:21:58.741801 31001 data_dirs.cc:400] Could only allocate 1 dirs of requested 3 for tablet 75fc6c69c7df44978ac6c640f4d6b20a. 1 dirs total, 0 dirs full, 0 dirs failed
I20260630 12:21:58.742235 31000 tablet_service.cc:1511] Processing CreateTablet for tablet 46b655ae405a4f7e8914328bd35f1303 (DEFAULT_TABLE table=test-workload [id=9e0a939938ec437a977fe35c6d7dc6f3]), partition=RANGE (key) PARTITION 1431655760 <= VALUES < 1610612730
I20260630 12:21:58.743397 31000 data_dirs.cc:400] Could only allocate 1 dirs of requested 3 for tablet 46b655ae405a4f7e8914328bd35f1303. 1 dirs total, 0 dirs full, 0 dirs failed
I20260630 12:21:58.742640 31078 data_dirs.cc:400] Could only allocate 1 dirs of requested 3 for tablet 75fc6c69c7df44978ac6c640f4d6b20a. 1 dirs total, 0 dirs full, 0 dirs failed
I20260630 12:21:58.741032 31156 data_dirs.cc:400] Could only allocate 1 dirs of requested 3 for tablet d72bc6b246ca4a4d9c2da5b596b94420. 1 dirs total, 0 dirs full, 0 dirs failed
I20260630 12:21:58.746755 30999 tablet_service.cc:1511] Processing CreateTablet for tablet 05ac29ad3f1a40d0999d1546ee85348b (DEFAULT_TABLE table=test-workload [id=9e0a939938ec437a977fe35c6d7dc6f3]), partition=RANGE (key) PARTITION 1610612730 <= VALUES < 1789569700
I20260630 12:21:58.747994 30999 data_dirs.cc:400] Could only allocate 1 dirs of requested 3 for tablet 05ac29ad3f1a40d0999d1546ee85348b. 1 dirs total, 0 dirs full, 0 dirs failed
I20260630 12:21:58.747696 31075 tablet_service.cc:1511] Processing CreateTablet for tablet 05ac29ad3f1a40d0999d1546ee85348b (DEFAULT_TABLE table=test-workload [id=9e0a939938ec437a977fe35c6d7dc6f3]), partition=RANGE (key) PARTITION 1610612730 <= VALUES < 1789569700
I20260630 12:21:58.749459 31076 tablet_service.cc:1511] Processing CreateTablet for tablet 46b655ae405a4f7e8914328bd35f1303 (DEFAULT_TABLE table=test-workload [id=9e0a939938ec437a977fe35c6d7dc6f3]), partition=RANGE (key) PARTITION 1431655760 <= VALUES < 1610612730
I20260630 12:21:58.752233 31075 data_dirs.cc:400] Could only allocate 1 dirs of requested 3 for tablet 05ac29ad3f1a40d0999d1546ee85348b. 1 dirs total, 0 dirs full, 0 dirs failed
I20260630 12:21:58.751962 31074 tablet_service.cc:1511] Processing CreateTablet for tablet 2208132603a440388238791d58cab1d1 (DEFAULT_TABLE table=test-workload [id=9e0a939938ec437a977fe35c6d7dc6f3]), partition=RANGE (key) PARTITION 1789569700 <= VALUES < 1968526670
I20260630 12:21:58.753207 31074 data_dirs.cc:400] Could only allocate 1 dirs of requested 3 for tablet 2208132603a440388238791d58cab1d1. 1 dirs total, 0 dirs full, 0 dirs failed
I20260630 12:21:58.753749 31076 data_dirs.cc:400] Could only allocate 1 dirs of requested 3 for tablet 46b655ae405a4f7e8914328bd35f1303. 1 dirs total, 0 dirs full, 0 dirs failed
I20260630 12:21:58.760727 31213 tablet_bootstrap.cc:492] T 4680d2ddd9bd48f89b7303fe3f4864fc P 9a8ce236f9764ca59c301c15fd56418b: Bootstrap starting.
I20260630 12:21:58.763692 31004 tablet_service.cc:1511] Processing CreateTablet for tablet 2208132603a440388238791d58cab1d1 (DEFAULT_TABLE table=test-workload [id=9e0a939938ec437a977fe35c6d7dc6f3]), partition=RANGE (key) PARTITION 1789569700 <= VALUES < 1968526670
I20260630 12:21:58.764896 31004 data_dirs.cc:400] Could only allocate 1 dirs of requested 3 for tablet 2208132603a440388238791d58cab1d1. 1 dirs total, 0 dirs full, 0 dirs failed
I20260630 12:21:58.772650 31077 tablet_service.cc:1511] Processing CreateTablet for tablet 3e51b9ea9eb64fac977502535be00b4d (DEFAULT_TABLE table=test-workload [id=9e0a939938ec437a977fe35c6d7dc6f3]), partition=RANGE (key) PARTITION 1968526670 <= VALUES
I20260630 12:21:58.773914 31077 data_dirs.cc:400] Could only allocate 1 dirs of requested 3 for tablet 3e51b9ea9eb64fac977502535be00b4d. 1 dirs total, 0 dirs full, 0 dirs failed
I20260630 12:21:58.765933 31008 tablet_service.cc:1511] Processing CreateTablet for tablet 3e51b9ea9eb64fac977502535be00b4d (DEFAULT_TABLE table=test-workload [id=9e0a939938ec437a977fe35c6d7dc6f3]), partition=RANGE (key) PARTITION 1968526670 <= VALUES
I20260630 12:21:58.782047 31008 data_dirs.cc:400] Could only allocate 1 dirs of requested 3 for tablet 3e51b9ea9eb64fac977502535be00b4d. 1 dirs total, 0 dirs full, 0 dirs failed
I20260630 12:21:58.783846 31213 tablet_bootstrap.cc:654] T 4680d2ddd9bd48f89b7303fe3f4864fc P 9a8ce236f9764ca59c301c15fd56418b: Neither blocks nor log segments found. Creating new log.
I20260630 12:21:58.785670 31155 tablet_service.cc:1511] Processing CreateTablet for tablet 3d370ab13db542f8bb5a1a419247781e (DEFAULT_TABLE table=test-workload [id=9e0a939938ec437a977fe35c6d7dc6f3]), partition=RANGE (key) PARTITION 357913940 <= VALUES < 536870910
I20260630 12:21:58.802853 31155 data_dirs.cc:400] Could only allocate 1 dirs of requested 3 for tablet 3d370ab13db542f8bb5a1a419247781e. 1 dirs total, 0 dirs full, 0 dirs failed
I20260630 12:21:58.787727 31154 tablet_service.cc:1511] Processing CreateTablet for tablet f76f0f2701c64659b9850c905c83c8cc (DEFAULT_TABLE table=test-workload [id=9e0a939938ec437a977fe35c6d7dc6f3]), partition=RANGE (key) PARTITION 536870910 <= VALUES < 715827880
I20260630 12:21:58.806967 31154 data_dirs.cc:400] Could only allocate 1 dirs of requested 3 for tablet f76f0f2701c64659b9850c905c83c8cc. 1 dirs total, 0 dirs full, 0 dirs failed
I20260630 12:21:58.789745 31153 tablet_service.cc:1511] Processing CreateTablet for tablet 2538e4a45afa4c72b7c0131be0494c76 (DEFAULT_TABLE table=test-workload [id=9e0a939938ec437a977fe35c6d7dc6f3]), partition=RANGE (key) PARTITION 715827880 <= VALUES < 894784850
I20260630 12:21:58.809172 31213 tablet_bootstrap.cc:492] T 4680d2ddd9bd48f89b7303fe3f4864fc P 9a8ce236f9764ca59c301c15fd56418b: No bootstrap required, opened a new log
I20260630 12:21:58.809451 31153 data_dirs.cc:400] Could only allocate 1 dirs of requested 3 for tablet 2538e4a45afa4c72b7c0131be0494c76. 1 dirs total, 0 dirs full, 0 dirs failed
I20260630 12:21:58.809623 31213 ts_tablet_manager.cc:1403] T 4680d2ddd9bd48f89b7303fe3f4864fc P 9a8ce236f9764ca59c301c15fd56418b: Time spent bootstrapping tablet: real 0.049s	user 0.006s	sys 0.003s
I20260630 12:21:58.791745 31152 tablet_service.cc:1511] Processing CreateTablet for tablet 705c075fed614807889c83c7f7319d12 (DEFAULT_TABLE table=test-workload [id=9e0a939938ec437a977fe35c6d7dc6f3]), partition=RANGE (key) PARTITION 894784850 <= VALUES < 1073741820
I20260630 12:21:58.810948 31152 data_dirs.cc:400] Could only allocate 1 dirs of requested 3 for tablet 705c075fed614807889c83c7f7319d12. 1 dirs total, 0 dirs full, 0 dirs failed
I20260630 12:21:58.812472 31213 raft_consensus.cc:359] T 4680d2ddd9bd48f89b7303fe3f4864fc P 9a8ce236f9764ca59c301c15fd56418b [term 0 FOLLOWER]: Replica starting. Triggering 0 pending ops. Active config: opid_index: -1 OBSOLETE_local: false peers { permanent_uuid: "c8511a714a2d4774ba911603a61fa080" member_type: VOTER last_known_addr { host: "127.25.217.194" port: 43417 } } peers { permanent_uuid: "9a8ce236f9764ca59c301c15fd56418b" member_type: VOTER last_known_addr { host: "127.25.217.193" port: 42331 } } peers { permanent_uuid: "8523706dd295478fb53c63b6834da362" member_type: VOTER last_known_addr { host: "127.25.217.195" port: 39853 } }
I20260630 12:21:58.813179 31213 raft_consensus.cc:385] T 4680d2ddd9bd48f89b7303fe3f4864fc P 9a8ce236f9764ca59c301c15fd56418b [term 0 FOLLOWER]: Consensus starting up: Expiring failure detector timer to make a prompt election more likely
I20260630 12:21:58.813468 31213 raft_consensus.cc:740] T 4680d2ddd9bd48f89b7303fe3f4864fc P 9a8ce236f9764ca59c301c15fd56418b [term 0 FOLLOWER]: Becoming Follower/Learner. State: Replica: 9a8ce236f9764ca59c301c15fd56418b, State: Initialized, Role: FOLLOWER
I20260630 12:21:58.793676 31151 tablet_service.cc:1511] Processing CreateTablet for tablet 1835b3a7bd024ddebf292f15893d3ddd (DEFAULT_TABLE table=test-workload [id=9e0a939938ec437a977fe35c6d7dc6f3]), partition=RANGE (key) PARTITION 1073741820 <= VALUES < 1252698790
I20260630 12:21:58.814308 31213 consensus_queue.cc:260] T 4680d2ddd9bd48f89b7303fe3f4864fc P 9a8ce236f9764ca59c301c15fd56418b [NON_LEADER]: Queue going to NON_LEADER mode. State: All replicated index: 0, Majority replicated index: 0, Committed index: 0, Last appended: 0.0, Last appended by leader: 0, Current term: 0, Majority size: -1, State: 0, Mode: NON_LEADER, active raft config: opid_index: -1 OBSOLETE_local: false peers { permanent_uuid: "c8511a714a2d4774ba911603a61fa080" member_type: VOTER last_known_addr { host: "127.25.217.194" port: 43417 } } peers { permanent_uuid: "9a8ce236f9764ca59c301c15fd56418b" member_type: VOTER last_known_addr { host: "127.25.217.193" port: 42331 } } peers { permanent_uuid: "8523706dd295478fb53c63b6834da362" member_type: VOTER last_known_addr { host: "127.25.217.195" port: 39853 } }
I20260630 12:21:58.795944 31149 tablet_service.cc:1511] Processing CreateTablet for tablet 46b655ae405a4f7e8914328bd35f1303 (DEFAULT_TABLE table=test-workload [id=9e0a939938ec437a977fe35c6d7dc6f3]), partition=RANGE (key) PARTITION 1431655760 <= VALUES < 1610612730
I20260630 12:21:58.793995 31150 tablet_service.cc:1511] Processing CreateTablet for tablet 75fc6c69c7df44978ac6c640f4d6b20a (DEFAULT_TABLE table=test-workload [id=9e0a939938ec437a977fe35c6d7dc6f3]), partition=RANGE (key) PARTITION 1252698790 <= VALUES < 1431655760
I20260630 12:21:58.814864 31151 data_dirs.cc:400] Could only allocate 1 dirs of requested 3 for tablet 1835b3a7bd024ddebf292f15893d3ddd. 1 dirs total, 0 dirs full, 0 dirs failed
I20260630 12:21:58.815714 31149 data_dirs.cc:400] Could only allocate 1 dirs of requested 3 for tablet 46b655ae405a4f7e8914328bd35f1303. 1 dirs total, 0 dirs full, 0 dirs failed
I20260630 12:21:58.797523 31148 tablet_service.cc:1511] Processing CreateTablet for tablet 05ac29ad3f1a40d0999d1546ee85348b (DEFAULT_TABLE table=test-workload [id=9e0a939938ec437a977fe35c6d7dc6f3]), partition=RANGE (key) PARTITION 1610612730 <= VALUES < 1789569700
I20260630 12:21:58.816643 31150 data_dirs.cc:400] Could only allocate 1 dirs of requested 3 for tablet 75fc6c69c7df44978ac6c640f4d6b20a. 1 dirs total, 0 dirs full, 0 dirs failed
I20260630 12:21:58.830482 31148 data_dirs.cc:400] Could only allocate 1 dirs of requested 3 for tablet 05ac29ad3f1a40d0999d1546ee85348b. 1 dirs total, 0 dirs full, 0 dirs failed
I20260630 12:21:58.879272 31151 tablet_service.cc:1511] Processing CreateTablet for tablet 2208132603a440388238791d58cab1d1 (DEFAULT_TABLE table=test-workload [id=9e0a939938ec437a977fe35c6d7dc6f3]), partition=RANGE (key) PARTITION 1789569700 <= VALUES < 1968526670
I20260630 12:21:58.880631 31151 data_dirs.cc:400] Could only allocate 1 dirs of requested 3 for tablet 2208132603a440388238791d58cab1d1. 1 dirs total, 0 dirs full, 0 dirs failed
I20260630 12:21:58.888136 31148 tablet_service.cc:1511] Processing CreateTablet for tablet 3e51b9ea9eb64fac977502535be00b4d (DEFAULT_TABLE table=test-workload [id=9e0a939938ec437a977fe35c6d7dc6f3]), partition=RANGE (key) PARTITION 1968526670 <= VALUES
I20260630 12:21:58.892433 31148 data_dirs.cc:400] Could only allocate 1 dirs of requested 3 for tablet 3e51b9ea9eb64fac977502535be00b4d. 1 dirs total, 0 dirs full, 0 dirs failed
W20260630 12:21:58.903944 30964 auto_rebalancer.cc:298] Could not retrieve cluster info: Service unavailable: Tablet not running
I20260630 12:21:58.904611 31213 ts_tablet_manager.cc:1434] T 4680d2ddd9bd48f89b7303fe3f4864fc P 9a8ce236f9764ca59c301c15fd56418b: Time spent starting tablet: real 0.095s	user 0.020s	sys 0.053s
I20260630 12:21:58.905032 31212 tablet_bootstrap.cc:492] T f76f0f2701c64659b9850c905c83c8cc P c8511a714a2d4774ba911603a61fa080: Bootstrap starting.
I20260630 12:21:58.905562 31213 tablet_bootstrap.cc:492] T d72bc6b246ca4a4d9c2da5b596b94420 P 9a8ce236f9764ca59c301c15fd56418b: Bootstrap starting.
I20260630 12:21:58.911620 31212 tablet_bootstrap.cc:654] T f76f0f2701c64659b9850c905c83c8cc P c8511a714a2d4774ba911603a61fa080: Neither blocks nor log segments found. Creating new log.
I20260630 12:21:58.912334 31213 tablet_bootstrap.cc:654] T d72bc6b246ca4a4d9c2da5b596b94420 P 9a8ce236f9764ca59c301c15fd56418b: Neither blocks nor log segments found. Creating new log.
I20260630 12:21:58.920471 31213 tablet_bootstrap.cc:492] T d72bc6b246ca4a4d9c2da5b596b94420 P 9a8ce236f9764ca59c301c15fd56418b: No bootstrap required, opened a new log
I20260630 12:21:58.920908 31213 ts_tablet_manager.cc:1403] T d72bc6b246ca4a4d9c2da5b596b94420 P 9a8ce236f9764ca59c301c15fd56418b: Time spent bootstrapping tablet: real 0.016s	user 0.005s	sys 0.006s
I20260630 12:21:58.923157 31216 tablet_bootstrap.cc:492] T 4680d2ddd9bd48f89b7303fe3f4864fc P 8523706dd295478fb53c63b6834da362: Bootstrap starting.
I20260630 12:21:58.923584 31213 raft_consensus.cc:359] T d72bc6b246ca4a4d9c2da5b596b94420 P 9a8ce236f9764ca59c301c15fd56418b [term 0 FOLLOWER]: Replica starting. Triggering 0 pending ops. Active config: opid_index: -1 OBSOLETE_local: false peers { permanent_uuid: "9a8ce236f9764ca59c301c15fd56418b" member_type: VOTER last_known_addr { host: "127.25.217.193" port: 42331 } } peers { permanent_uuid: "c8511a714a2d4774ba911603a61fa080" member_type: VOTER last_known_addr { host: "127.25.217.194" port: 43417 } } peers { permanent_uuid: "8523706dd295478fb53c63b6834da362" member_type: VOTER last_known_addr { host: "127.25.217.195" port: 39853 } }
I20260630 12:21:58.926353 31213 raft_consensus.cc:385] T d72bc6b246ca4a4d9c2da5b596b94420 P 9a8ce236f9764ca59c301c15fd56418b [term 0 FOLLOWER]: Consensus starting up: Expiring failure detector timer to make a prompt election more likely
I20260630 12:21:58.927764 31213 raft_consensus.cc:740] T d72bc6b246ca4a4d9c2da5b596b94420 P 9a8ce236f9764ca59c301c15fd56418b [term 0 FOLLOWER]: Becoming Follower/Learner. State: Replica: 9a8ce236f9764ca59c301c15fd56418b, State: Initialized, Role: FOLLOWER
I20260630 12:21:58.928520 31213 consensus_queue.cc:260] T d72bc6b246ca4a4d9c2da5b596b94420 P 9a8ce236f9764ca59c301c15fd56418b [NON_LEADER]: Queue going to NON_LEADER mode. State: All replicated index: 0, Majority replicated index: 0, Committed index: 0, Last appended: 0.0, Last appended by leader: 0, Current term: 0, Majority size: -1, State: 0, Mode: NON_LEADER, active raft config: opid_index: -1 OBSOLETE_local: false peers { permanent_uuid: "9a8ce236f9764ca59c301c15fd56418b" member_type: VOTER last_known_addr { host: "127.25.217.193" port: 42331 } } peers { permanent_uuid: "c8511a714a2d4774ba911603a61fa080" member_type: VOTER last_known_addr { host: "127.25.217.194" port: 43417 } } peers { permanent_uuid: "8523706dd295478fb53c63b6834da362" member_type: VOTER last_known_addr { host: "127.25.217.195" port: 39853 } }
I20260630 12:21:58.929045 31212 tablet_bootstrap.cc:492] T f76f0f2701c64659b9850c905c83c8cc P c8511a714a2d4774ba911603a61fa080: No bootstrap required, opened a new log
I20260630 12:21:58.929593 31212 ts_tablet_manager.cc:1403] T f76f0f2701c64659b9850c905c83c8cc P c8511a714a2d4774ba911603a61fa080: Time spent bootstrapping tablet: real 0.025s	user 0.011s	sys 0.013s
I20260630 12:21:58.930595 31213 ts_tablet_manager.cc:1434] T d72bc6b246ca4a4d9c2da5b596b94420 P 9a8ce236f9764ca59c301c15fd56418b: Time spent starting tablet: real 0.009s	user 0.006s	sys 0.002s
I20260630 12:21:58.931633 31213 tablet_bootstrap.cc:492] T 2538e4a45afa4c72b7c0131be0494c76 P 9a8ce236f9764ca59c301c15fd56418b: Bootstrap starting.
I20260630 12:21:58.932430 31212 raft_consensus.cc:359] T f76f0f2701c64659b9850c905c83c8cc P c8511a714a2d4774ba911603a61fa080 [term 0 FOLLOWER]: Replica starting. Triggering 0 pending ops. Active config: opid_index: -1 OBSOLETE_local: false peers { permanent_uuid: "9a8ce236f9764ca59c301c15fd56418b" member_type: VOTER last_known_addr { host: "127.25.217.193" port: 42331 } } peers { permanent_uuid: "c8511a714a2d4774ba911603a61fa080" member_type: VOTER last_known_addr { host: "127.25.217.194" port: 43417 } } peers { permanent_uuid: "8523706dd295478fb53c63b6834da362" member_type: VOTER last_known_addr { host: "127.25.217.195" port: 39853 } }
I20260630 12:21:58.933145 31212 raft_consensus.cc:385] T f76f0f2701c64659b9850c905c83c8cc P c8511a714a2d4774ba911603a61fa080 [term 0 FOLLOWER]: Consensus starting up: Expiring failure detector timer to make a prompt election more likely
I20260630 12:21:58.933463 31212 raft_consensus.cc:740] T f76f0f2701c64659b9850c905c83c8cc P c8511a714a2d4774ba911603a61fa080 [term 0 FOLLOWER]: Becoming Follower/Learner. State: Replica: c8511a714a2d4774ba911603a61fa080, State: Initialized, Role: FOLLOWER
I20260630 12:21:58.931531 31216 tablet_bootstrap.cc:654] T 4680d2ddd9bd48f89b7303fe3f4864fc P 8523706dd295478fb53c63b6834da362: Neither blocks nor log segments found. Creating new log.
I20260630 12:21:58.934325 31212 consensus_queue.cc:260] T f76f0f2701c64659b9850c905c83c8cc P c8511a714a2d4774ba911603a61fa080 [NON_LEADER]: Queue going to NON_LEADER mode. State: All replicated index: 0, Majority replicated index: 0, Committed index: 0, Last appended: 0.0, Last appended by leader: 0, Current term: 0, Majority size: -1, State: 0, Mode: NON_LEADER, active raft config: opid_index: -1 OBSOLETE_local: false peers { permanent_uuid: "9a8ce236f9764ca59c301c15fd56418b" member_type: VOTER last_known_addr { host: "127.25.217.193" port: 42331 } } peers { permanent_uuid: "c8511a714a2d4774ba911603a61fa080" member_type: VOTER last_known_addr { host: "127.25.217.194" port: 43417 } } peers { permanent_uuid: "8523706dd295478fb53c63b6834da362" member_type: VOTER last_known_addr { host: "127.25.217.195" port: 39853 } }
I20260630 12:21:58.938640 31213 tablet_bootstrap.cc:654] T 2538e4a45afa4c72b7c0131be0494c76 P 9a8ce236f9764ca59c301c15fd56418b: Neither blocks nor log segments found. Creating new log.
I20260630 12:21:58.945194 31212 ts_tablet_manager.cc:1434] T f76f0f2701c64659b9850c905c83c8cc P c8511a714a2d4774ba911603a61fa080: Time spent starting tablet: real 0.015s	user 0.003s	sys 0.011s
I20260630 12:21:58.945482 31216 tablet_bootstrap.cc:492] T 4680d2ddd9bd48f89b7303fe3f4864fc P 8523706dd295478fb53c63b6834da362: No bootstrap required, opened a new log
I20260630 12:21:58.945952 31216 ts_tablet_manager.cc:1403] T 4680d2ddd9bd48f89b7303fe3f4864fc P 8523706dd295478fb53c63b6834da362: Time spent bootstrapping tablet: real 0.024s	user 0.000s	sys 0.011s
I20260630 12:21:58.946179 31212 tablet_bootstrap.cc:492] T 705c075fed614807889c83c7f7319d12 P c8511a714a2d4774ba911603a61fa080: Bootstrap starting.
I20260630 12:21:58.948793 31216 raft_consensus.cc:359] T 4680d2ddd9bd48f89b7303fe3f4864fc P 8523706dd295478fb53c63b6834da362 [term 0 FOLLOWER]: Replica starting. Triggering 0 pending ops. Active config: opid_index: -1 OBSOLETE_local: false peers { permanent_uuid: "c8511a714a2d4774ba911603a61fa080" member_type: VOTER last_known_addr { host: "127.25.217.194" port: 43417 } } peers { permanent_uuid: "9a8ce236f9764ca59c301c15fd56418b" member_type: VOTER last_known_addr { host: "127.25.217.193" port: 42331 } } peers { permanent_uuid: "8523706dd295478fb53c63b6834da362" member_type: VOTER last_known_addr { host: "127.25.217.195" port: 39853 } }
I20260630 12:21:58.949482 31216 raft_consensus.cc:385] T 4680d2ddd9bd48f89b7303fe3f4864fc P 8523706dd295478fb53c63b6834da362 [term 0 FOLLOWER]: Consensus starting up: Expiring failure detector timer to make a prompt election more likely
I20260630 12:21:58.949765 31216 raft_consensus.cc:740] T 4680d2ddd9bd48f89b7303fe3f4864fc P 8523706dd295478fb53c63b6834da362 [term 0 FOLLOWER]: Becoming Follower/Learner. State: Replica: 8523706dd295478fb53c63b6834da362, State: Initialized, Role: FOLLOWER
I20260630 12:21:58.950589 31216 consensus_queue.cc:260] T 4680d2ddd9bd48f89b7303fe3f4864fc P 8523706dd295478fb53c63b6834da362 [NON_LEADER]: Queue going to NON_LEADER mode. State: All replicated index: 0, Majority replicated index: 0, Committed index: 0, Last appended: 0.0, Last appended by leader: 0, Current term: 0, Majority size: -1, State: 0, Mode: NON_LEADER, active raft config: opid_index: -1 OBSOLETE_local: false peers { permanent_uuid: "c8511a714a2d4774ba911603a61fa080" member_type: VOTER last_known_addr { host: "127.25.217.194" port: 43417 } } peers { permanent_uuid: "9a8ce236f9764ca59c301c15fd56418b" member_type: VOTER last_known_addr { host: "127.25.217.193" port: 42331 } } peers { permanent_uuid: "8523706dd295478fb53c63b6834da362" member_type: VOTER last_known_addr { host: "127.25.217.195" port: 39853 } }
I20260630 12:21:58.951963 31212 tablet_bootstrap.cc:654] T 705c075fed614807889c83c7f7319d12 P c8511a714a2d4774ba911603a61fa080: Neither blocks nor log segments found. Creating new log.
I20260630 12:21:58.953033 31213 tablet_bootstrap.cc:492] T 2538e4a45afa4c72b7c0131be0494c76 P 9a8ce236f9764ca59c301c15fd56418b: No bootstrap required, opened a new log
I20260630 12:21:58.953521 31213 ts_tablet_manager.cc:1403] T 2538e4a45afa4c72b7c0131be0494c76 P 9a8ce236f9764ca59c301c15fd56418b: Time spent bootstrapping tablet: real 0.022s	user 0.013s	sys 0.004s
I20260630 12:21:58.956254 31213 raft_consensus.cc:359] T 2538e4a45afa4c72b7c0131be0494c76 P 9a8ce236f9764ca59c301c15fd56418b [term 0 FOLLOWER]: Replica starting. Triggering 0 pending ops. Active config: opid_index: -1 OBSOLETE_local: false peers { permanent_uuid: "9a8ce236f9764ca59c301c15fd56418b" member_type: VOTER last_known_addr { host: "127.25.217.193" port: 42331 } } peers { permanent_uuid: "c8511a714a2d4774ba911603a61fa080" member_type: VOTER last_known_addr { host: "127.25.217.194" port: 43417 } } peers { permanent_uuid: "8523706dd295478fb53c63b6834da362" member_type: VOTER last_known_addr { host: "127.25.217.195" port: 39853 } }
I20260630 12:21:58.956961 31213 raft_consensus.cc:385] T 2538e4a45afa4c72b7c0131be0494c76 P 9a8ce236f9764ca59c301c15fd56418b [term 0 FOLLOWER]: Consensus starting up: Expiring failure detector timer to make a prompt election more likely
I20260630 12:21:58.957295 31213 raft_consensus.cc:740] T 2538e4a45afa4c72b7c0131be0494c76 P 9a8ce236f9764ca59c301c15fd56418b [term 0 FOLLOWER]: Becoming Follower/Learner. State: Replica: 9a8ce236f9764ca59c301c15fd56418b, State: Initialized, Role: FOLLOWER
I20260630 12:21:58.958009 31213 consensus_queue.cc:260] T 2538e4a45afa4c72b7c0131be0494c76 P 9a8ce236f9764ca59c301c15fd56418b [NON_LEADER]: Queue going to NON_LEADER mode. State: All replicated index: 0, Majority replicated index: 0, Committed index: 0, Last appended: 0.0, Last appended by leader: 0, Current term: 0, Majority size: -1, State: 0, Mode: NON_LEADER, active raft config: opid_index: -1 OBSOLETE_local: false peers { permanent_uuid: "9a8ce236f9764ca59c301c15fd56418b" member_type: VOTER last_known_addr { host: "127.25.217.193" port: 42331 } } peers { permanent_uuid: "c8511a714a2d4774ba911603a61fa080" member_type: VOTER last_known_addr { host: "127.25.217.194" port: 43417 } } peers { permanent_uuid: "8523706dd295478fb53c63b6834da362" member_type: VOTER last_known_addr { host: "127.25.217.195" port: 39853 } }
I20260630 12:21:58.960314 31216 ts_tablet_manager.cc:1434] T 4680d2ddd9bd48f89b7303fe3f4864fc P 8523706dd295478fb53c63b6834da362: Time spent starting tablet: real 0.014s	user 0.005s	sys 0.001s
I20260630 12:21:58.961290 31212 tablet_bootstrap.cc:492] T 705c075fed614807889c83c7f7319d12 P c8511a714a2d4774ba911603a61fa080: No bootstrap required, opened a new log
I20260630 12:21:58.961697 31213 ts_tablet_manager.cc:1434] T 2538e4a45afa4c72b7c0131be0494c76 P 9a8ce236f9764ca59c301c15fd56418b: Time spent starting tablet: real 0.008s	user 0.005s	sys 0.000s
I20260630 12:21:58.961791 31212 ts_tablet_manager.cc:1403] T 705c075fed614807889c83c7f7319d12 P c8511a714a2d4774ba911603a61fa080: Time spent bootstrapping tablet: real 0.016s	user 0.004s	sys 0.011s
I20260630 12:21:58.962754 31213 tablet_bootstrap.cc:492] T f76f0f2701c64659b9850c905c83c8cc P 9a8ce236f9764ca59c301c15fd56418b: Bootstrap starting.
I20260630 12:21:58.964670 31212 raft_consensus.cc:359] T 705c075fed614807889c83c7f7319d12 P c8511a714a2d4774ba911603a61fa080 [term 0 FOLLOWER]: Replica starting. Triggering 0 pending ops. Active config: opid_index: -1 OBSOLETE_local: false peers { permanent_uuid: "9a8ce236f9764ca59c301c15fd56418b" member_type: VOTER last_known_addr { host: "127.25.217.193" port: 42331 } } peers { permanent_uuid: "c8511a714a2d4774ba911603a61fa080" member_type: VOTER last_known_addr { host: "127.25.217.194" port: 43417 } } peers { permanent_uuid: "8523706dd295478fb53c63b6834da362" member_type: VOTER last_known_addr { host: "127.25.217.195" port: 39853 } }
I20260630 12:21:58.965350 31212 raft_consensus.cc:385] T 705c075fed614807889c83c7f7319d12 P c8511a714a2d4774ba911603a61fa080 [term 0 FOLLOWER]: Consensus starting up: Expiring failure detector timer to make a prompt election more likely
I20260630 12:21:58.965639 31212 raft_consensus.cc:740] T 705c075fed614807889c83c7f7319d12 P c8511a714a2d4774ba911603a61fa080 [term 0 FOLLOWER]: Becoming Follower/Learner. State: Replica: c8511a714a2d4774ba911603a61fa080, State: Initialized, Role: FOLLOWER
I20260630 12:21:58.966312 31212 consensus_queue.cc:260] T 705c075fed614807889c83c7f7319d12 P c8511a714a2d4774ba911603a61fa080 [NON_LEADER]: Queue going to NON_LEADER mode. State: All replicated index: 0, Majority replicated index: 0, Committed index: 0, Last appended: 0.0, Last appended by leader: 0, Current term: 0, Majority size: -1, State: 0, Mode: NON_LEADER, active raft config: opid_index: -1 OBSOLETE_local: false peers { permanent_uuid: "9a8ce236f9764ca59c301c15fd56418b" member_type: VOTER last_known_addr { host: "127.25.217.193" port: 42331 } } peers { permanent_uuid: "c8511a714a2d4774ba911603a61fa080" member_type: VOTER last_known_addr { host: "127.25.217.194" port: 43417 } } peers { permanent_uuid: "8523706dd295478fb53c63b6834da362" member_type: VOTER last_known_addr { host: "127.25.217.195" port: 39853 } }
I20260630 12:21:58.967351 31216 tablet_bootstrap.cc:492] T 1835b3a7bd024ddebf292f15893d3ddd P 8523706dd295478fb53c63b6834da362: Bootstrap starting.
I20260630 12:21:58.968374 31212 ts_tablet_manager.cc:1434] T 705c075fed614807889c83c7f7319d12 P c8511a714a2d4774ba911603a61fa080: Time spent starting tablet: real 0.006s	user 0.005s	sys 0.000s
I20260630 12:21:58.970324 31212 tablet_bootstrap.cc:492] T 1835b3a7bd024ddebf292f15893d3ddd P c8511a714a2d4774ba911603a61fa080: Bootstrap starting.
I20260630 12:21:58.968683 31213 tablet_bootstrap.cc:654] T f76f0f2701c64659b9850c905c83c8cc P 9a8ce236f9764ca59c301c15fd56418b: Neither blocks nor log segments found. Creating new log.
I20260630 12:21:58.977766 31216 tablet_bootstrap.cc:654] T 1835b3a7bd024ddebf292f15893d3ddd P 8523706dd295478fb53c63b6834da362: Neither blocks nor log segments found. Creating new log.
I20260630 12:21:58.978610 31212 tablet_bootstrap.cc:654] T 1835b3a7bd024ddebf292f15893d3ddd P c8511a714a2d4774ba911603a61fa080: Neither blocks nor log segments found. Creating new log.
I20260630 12:21:58.983235 31216 tablet_bootstrap.cc:492] T 1835b3a7bd024ddebf292f15893d3ddd P 8523706dd295478fb53c63b6834da362: No bootstrap required, opened a new log
I20260630 12:21:58.983601 31216 ts_tablet_manager.cc:1403] T 1835b3a7bd024ddebf292f15893d3ddd P 8523706dd295478fb53c63b6834da362: Time spent bootstrapping tablet: real 0.016s	user 0.010s	sys 0.000s
I20260630 12:21:58.983809 31212 tablet_bootstrap.cc:492] T 1835b3a7bd024ddebf292f15893d3ddd P c8511a714a2d4774ba911603a61fa080: No bootstrap required, opened a new log
I20260630 12:21:58.984198 31212 ts_tablet_manager.cc:1403] T 1835b3a7bd024ddebf292f15893d3ddd P c8511a714a2d4774ba911603a61fa080: Time spent bootstrapping tablet: real 0.014s	user 0.009s	sys 0.001s
I20260630 12:21:58.985658 31216 raft_consensus.cc:359] T 1835b3a7bd024ddebf292f15893d3ddd P 8523706dd295478fb53c63b6834da362 [term 0 FOLLOWER]: Replica starting. Triggering 0 pending ops. Active config: opid_index: -1 OBSOLETE_local: false peers { permanent_uuid: "9a8ce236f9764ca59c301c15fd56418b" member_type: VOTER last_known_addr { host: "127.25.217.193" port: 42331 } } peers { permanent_uuid: "c8511a714a2d4774ba911603a61fa080" member_type: VOTER last_known_addr { host: "127.25.217.194" port: 43417 } } peers { permanent_uuid: "8523706dd295478fb53c63b6834da362" member_type: VOTER last_known_addr { host: "127.25.217.195" port: 39853 } }
I20260630 12:21:58.986073 31212 raft_consensus.cc:359] T 1835b3a7bd024ddebf292f15893d3ddd P c8511a714a2d4774ba911603a61fa080 [term 0 FOLLOWER]: Replica starting. Triggering 0 pending ops. Active config: opid_index: -1 OBSOLETE_local: false peers { permanent_uuid: "9a8ce236f9764ca59c301c15fd56418b" member_type: VOTER last_known_addr { host: "127.25.217.193" port: 42331 } } peers { permanent_uuid: "c8511a714a2d4774ba911603a61fa080" member_type: VOTER last_known_addr { host: "127.25.217.194" port: 43417 } } peers { permanent_uuid: "8523706dd295478fb53c63b6834da362" member_type: VOTER last_known_addr { host: "127.25.217.195" port: 39853 } }
I20260630 12:21:58.986218 31216 raft_consensus.cc:385] T 1835b3a7bd024ddebf292f15893d3ddd P 8523706dd295478fb53c63b6834da362 [term 0 FOLLOWER]: Consensus starting up: Expiring failure detector timer to make a prompt election more likely
I20260630 12:21:58.986696 31212 raft_consensus.cc:385] T 1835b3a7bd024ddebf292f15893d3ddd P c8511a714a2d4774ba911603a61fa080 [term 0 FOLLOWER]: Consensus starting up: Expiring failure detector timer to make a prompt election more likely
I20260630 12:21:58.986892 31216 raft_consensus.cc:740] T 1835b3a7bd024ddebf292f15893d3ddd P 8523706dd295478fb53c63b6834da362 [term 0 FOLLOWER]: Becoming Follower/Learner. State: Replica: 8523706dd295478fb53c63b6834da362, State: Initialized, Role: FOLLOWER
I20260630 12:21:58.986999 31212 raft_consensus.cc:740] T 1835b3a7bd024ddebf292f15893d3ddd P c8511a714a2d4774ba911603a61fa080 [term 0 FOLLOWER]: Becoming Follower/Learner. State: Replica: c8511a714a2d4774ba911603a61fa080, State: Initialized, Role: FOLLOWER
I20260630 12:21:58.988032 31213 tablet_bootstrap.cc:492] T f76f0f2701c64659b9850c905c83c8cc P 9a8ce236f9764ca59c301c15fd56418b: No bootstrap required, opened a new log
I20260630 12:21:58.987865 31212 consensus_queue.cc:260] T 1835b3a7bd024ddebf292f15893d3ddd P c8511a714a2d4774ba911603a61fa080 [NON_LEADER]: Queue going to NON_LEADER mode. State: All replicated index: 0, Majority replicated index: 0, Committed index: 0, Last appended: 0.0, Last appended by leader: 0, Current term: 0, Majority size: -1, State: 0, Mode: NON_LEADER, active raft config: opid_index: -1 OBSOLETE_local: false peers { permanent_uuid: "9a8ce236f9764ca59c301c15fd56418b" member_type: VOTER last_known_addr { host: "127.25.217.193" port: 42331 } } peers { permanent_uuid: "c8511a714a2d4774ba911603a61fa080" member_type: VOTER last_known_addr { host: "127.25.217.194" port: 43417 } } peers { permanent_uuid: "8523706dd295478fb53c63b6834da362" member_type: VOTER last_known_addr { host: "127.25.217.195" port: 39853 } }
I20260630 12:21:58.987764 31216 consensus_queue.cc:260] T 1835b3a7bd024ddebf292f15893d3ddd P 8523706dd295478fb53c63b6834da362 [NON_LEADER]: Queue going to NON_LEADER mode. State: All replicated index: 0, Majority replicated index: 0, Committed index: 0, Last appended: 0.0, Last appended by leader: 0, Current term: 0, Majority size: -1, State: 0, Mode: NON_LEADER, active raft config: opid_index: -1 OBSOLETE_local: false peers { permanent_uuid: "9a8ce236f9764ca59c301c15fd56418b" member_type: VOTER last_known_addr { host: "127.25.217.193" port: 42331 } } peers { permanent_uuid: "c8511a714a2d4774ba911603a61fa080" member_type: VOTER last_known_addr { host: "127.25.217.194" port: 43417 } } peers { permanent_uuid: "8523706dd295478fb53c63b6834da362" member_type: VOTER last_known_addr { host: "127.25.217.195" port: 39853 } }
I20260630 12:21:58.988492 31213 ts_tablet_manager.cc:1403] T f76f0f2701c64659b9850c905c83c8cc P 9a8ce236f9764ca59c301c15fd56418b: Time spent bootstrapping tablet: real 0.026s	user 0.005s	sys 0.012s
I20260630 12:21:58.989863 31212 ts_tablet_manager.cc:1434] T 1835b3a7bd024ddebf292f15893d3ddd P c8511a714a2d4774ba911603a61fa080: Time spent starting tablet: real 0.005s	user 0.001s	sys 0.004s
I20260630 12:21:58.990803 31212 tablet_bootstrap.cc:492] T 05ac29ad3f1a40d0999d1546ee85348b P c8511a714a2d4774ba911603a61fa080: Bootstrap starting.
I20260630 12:21:58.991232 31213 raft_consensus.cc:359] T f76f0f2701c64659b9850c905c83c8cc P 9a8ce236f9764ca59c301c15fd56418b [term 0 FOLLOWER]: Replica starting. Triggering 0 pending ops. Active config: opid_index: -1 OBSOLETE_local: false peers { permanent_uuid: "9a8ce236f9764ca59c301c15fd56418b" member_type: VOTER last_known_addr { host: "127.25.217.193" port: 42331 } } peers { permanent_uuid: "c8511a714a2d4774ba911603a61fa080" member_type: VOTER last_known_addr { host: "127.25.217.194" port: 43417 } } peers { permanent_uuid: "8523706dd295478fb53c63b6834da362" member_type: VOTER last_known_addr { host: "127.25.217.195" port: 39853 } }
I20260630 12:21:58.991926 31213 raft_consensus.cc:385] T f76f0f2701c64659b9850c905c83c8cc P 9a8ce236f9764ca59c301c15fd56418b [term 0 FOLLOWER]: Consensus starting up: Expiring failure detector timer to make a prompt election more likely
I20260630 12:21:58.992193 31213 raft_consensus.cc:740] T f76f0f2701c64659b9850c905c83c8cc P 9a8ce236f9764ca59c301c15fd56418b [term 0 FOLLOWER]: Becoming Follower/Learner. State: Replica: 9a8ce236f9764ca59c301c15fd56418b, State: Initialized, Role: FOLLOWER
I20260630 12:21:58.992374 31216 ts_tablet_manager.cc:1434] T 1835b3a7bd024ddebf292f15893d3ddd P 8523706dd295478fb53c63b6834da362: Time spent starting tablet: real 0.009s	user 0.006s	sys 0.000s
I20260630 12:21:58.993257 31216 tablet_bootstrap.cc:492] T 05ac29ad3f1a40d0999d1546ee85348b P 8523706dd295478fb53c63b6834da362: Bootstrap starting.
I20260630 12:21:58.993064 31213 consensus_queue.cc:260] T f76f0f2701c64659b9850c905c83c8cc P 9a8ce236f9764ca59c301c15fd56418b [NON_LEADER]: Queue going to NON_LEADER mode. State: All replicated index: 0, Majority replicated index: 0, Committed index: 0, Last appended: 0.0, Last appended by leader: 0, Current term: 0, Majority size: -1, State: 0, Mode: NON_LEADER, active raft config: opid_index: -1 OBSOLETE_local: false peers { permanent_uuid: "9a8ce236f9764ca59c301c15fd56418b" member_type: VOTER last_known_addr { host: "127.25.217.193" port: 42331 } } peers { permanent_uuid: "c8511a714a2d4774ba911603a61fa080" member_type: VOTER last_known_addr { host: "127.25.217.194" port: 43417 } } peers { permanent_uuid: "8523706dd295478fb53c63b6834da362" member_type: VOTER last_known_addr { host: "127.25.217.195" port: 39853 } }
I20260630 12:21:58.995234 31213 ts_tablet_manager.cc:1434] T f76f0f2701c64659b9850c905c83c8cc P 9a8ce236f9764ca59c301c15fd56418b: Time spent starting tablet: real 0.006s	user 0.005s	sys 0.000s
I20260630 12:21:58.996126 31213 tablet_bootstrap.cc:492] T 05ac29ad3f1a40d0999d1546ee85348b P 9a8ce236f9764ca59c301c15fd56418b: Bootstrap starting.
I20260630 12:21:58.999413 31212 tablet_bootstrap.cc:654] T 05ac29ad3f1a40d0999d1546ee85348b P c8511a714a2d4774ba911603a61fa080: Neither blocks nor log segments found. Creating new log.
I20260630 12:21:59.002022 31216 tablet_bootstrap.cc:654] T 05ac29ad3f1a40d0999d1546ee85348b P 8523706dd295478fb53c63b6834da362: Neither blocks nor log segments found. Creating new log.
I20260630 12:21:59.002023 31213 tablet_bootstrap.cc:654] T 05ac29ad3f1a40d0999d1546ee85348b P 9a8ce236f9764ca59c301c15fd56418b: Neither blocks nor log segments found. Creating new log.
I20260630 12:21:59.019927 31212 tablet_bootstrap.cc:492] T 05ac29ad3f1a40d0999d1546ee85348b P c8511a714a2d4774ba911603a61fa080: No bootstrap required, opened a new log
I20260630 12:21:59.020097 31213 tablet_bootstrap.cc:492] T 05ac29ad3f1a40d0999d1546ee85348b P 9a8ce236f9764ca59c301c15fd56418b: No bootstrap required, opened a new log
I20260630 12:21:59.020375 31212 ts_tablet_manager.cc:1403] T 05ac29ad3f1a40d0999d1546ee85348b P c8511a714a2d4774ba911603a61fa080: Time spent bootstrapping tablet: real 0.030s	user 0.007s	sys 0.018s
I20260630 12:21:59.020620 31213 ts_tablet_manager.cc:1403] T 05ac29ad3f1a40d0999d1546ee85348b P 9a8ce236f9764ca59c301c15fd56418b: Time spent bootstrapping tablet: real 0.025s	user 0.015s	sys 0.008s
I20260630 12:21:59.022305 31216 tablet_bootstrap.cc:492] T 05ac29ad3f1a40d0999d1546ee85348b P 8523706dd295478fb53c63b6834da362: No bootstrap required, opened a new log
I20260630 12:21:59.022756 31216 ts_tablet_manager.cc:1403] T 05ac29ad3f1a40d0999d1546ee85348b P 8523706dd295478fb53c63b6834da362: Time spent bootstrapping tablet: real 0.030s	user 0.009s	sys 0.008s
I20260630 12:21:59.022758 31212 raft_consensus.cc:359] T 05ac29ad3f1a40d0999d1546ee85348b P c8511a714a2d4774ba911603a61fa080 [term 0 FOLLOWER]: Replica starting. Triggering 0 pending ops. Active config: opid_index: -1 OBSOLETE_local: false peers { permanent_uuid: "9a8ce236f9764ca59c301c15fd56418b" member_type: VOTER last_known_addr { host: "127.25.217.193" port: 42331 } } peers { permanent_uuid: "c8511a714a2d4774ba911603a61fa080" member_type: VOTER last_known_addr { host: "127.25.217.194" port: 43417 } } peers { permanent_uuid: "8523706dd295478fb53c63b6834da362" member_type: VOTER last_known_addr { host: "127.25.217.195" port: 39853 } }
I20260630 12:21:59.023550 31212 raft_consensus.cc:385] T 05ac29ad3f1a40d0999d1546ee85348b P c8511a714a2d4774ba911603a61fa080 [term 0 FOLLOWER]: Consensus starting up: Expiring failure detector timer to make a prompt election more likely
I20260630 12:21:59.023957 31212 raft_consensus.cc:740] T 05ac29ad3f1a40d0999d1546ee85348b P c8511a714a2d4774ba911603a61fa080 [term 0 FOLLOWER]: Becoming Follower/Learner. State: Replica: c8511a714a2d4774ba911603a61fa080, State: Initialized, Role: FOLLOWER
I20260630 12:21:59.023484 31213 raft_consensus.cc:359] T 05ac29ad3f1a40d0999d1546ee85348b P 9a8ce236f9764ca59c301c15fd56418b [term 0 FOLLOWER]: Replica starting. Triggering 0 pending ops. Active config: opid_index: -1 OBSOLETE_local: false peers { permanent_uuid: "9a8ce236f9764ca59c301c15fd56418b" member_type: VOTER last_known_addr { host: "127.25.217.193" port: 42331 } } peers { permanent_uuid: "c8511a714a2d4774ba911603a61fa080" member_type: VOTER last_known_addr { host: "127.25.217.194" port: 43417 } } peers { permanent_uuid: "8523706dd295478fb53c63b6834da362" member_type: VOTER last_known_addr { host: "127.25.217.195" port: 39853 } }
I20260630 12:21:59.024359 31213 raft_consensus.cc:385] T 05ac29ad3f1a40d0999d1546ee85348b P 9a8ce236f9764ca59c301c15fd56418b [term 0 FOLLOWER]: Consensus starting up: Expiring failure detector timer to make a prompt election more likely
I20260630 12:21:59.024682 31213 raft_consensus.cc:740] T 05ac29ad3f1a40d0999d1546ee85348b P 9a8ce236f9764ca59c301c15fd56418b [term 0 FOLLOWER]: Becoming Follower/Learner. State: Replica: 9a8ce236f9764ca59c301c15fd56418b, State: Initialized, Role: FOLLOWER
I20260630 12:21:59.024559 31212 consensus_queue.cc:260] T 05ac29ad3f1a40d0999d1546ee85348b P c8511a714a2d4774ba911603a61fa080 [NON_LEADER]: Queue going to NON_LEADER mode. State: All replicated index: 0, Majority replicated index: 0, Committed index: 0, Last appended: 0.0, Last appended by leader: 0, Current term: 0, Majority size: -1, State: 0, Mode: NON_LEADER, active raft config: opid_index: -1 OBSOLETE_local: false peers { permanent_uuid: "9a8ce236f9764ca59c301c15fd56418b" member_type: VOTER last_known_addr { host: "127.25.217.193" port: 42331 } } peers { permanent_uuid: "c8511a714a2d4774ba911603a61fa080" member_type: VOTER last_known_addr { host: "127.25.217.194" port: 43417 } } peers { permanent_uuid: "8523706dd295478fb53c63b6834da362" member_type: VOTER last_known_addr { host: "127.25.217.195" port: 39853 } }
I20260630 12:21:59.025484 31213 consensus_queue.cc:260] T 05ac29ad3f1a40d0999d1546ee85348b P 9a8ce236f9764ca59c301c15fd56418b [NON_LEADER]: Queue going to NON_LEADER mode. State: All replicated index: 0, Majority replicated index: 0, Committed index: 0, Last appended: 0.0, Last appended by leader: 0, Current term: 0, Majority size: -1, State: 0, Mode: NON_LEADER, active raft config: opid_index: -1 OBSOLETE_local: false peers { permanent_uuid: "9a8ce236f9764ca59c301c15fd56418b" member_type: VOTER last_known_addr { host: "127.25.217.193" port: 42331 } } peers { permanent_uuid: "c8511a714a2d4774ba911603a61fa080" member_type: VOTER last_known_addr { host: "127.25.217.194" port: 43417 } } peers { permanent_uuid: "8523706dd295478fb53c63b6834da362" member_type: VOTER last_known_addr { host: "127.25.217.195" port: 39853 } }
I20260630 12:21:59.026460 31212 ts_tablet_manager.cc:1434] T 05ac29ad3f1a40d0999d1546ee85348b P c8511a714a2d4774ba911603a61fa080: Time spent starting tablet: real 0.006s	user 0.006s	sys 0.001s
I20260630 12:21:59.027390 31212 tablet_bootstrap.cc:492] T 46b655ae405a4f7e8914328bd35f1303 P c8511a714a2d4774ba911603a61fa080: Bootstrap starting.
I20260630 12:21:59.027608 31213 ts_tablet_manager.cc:1434] T 05ac29ad3f1a40d0999d1546ee85348b P 9a8ce236f9764ca59c301c15fd56418b: Time spent starting tablet: real 0.007s	user 0.006s	sys 0.002s
I20260630 12:21:59.028139 31219 raft_consensus.cc:493] T 1835b3a7bd024ddebf292f15893d3ddd P c8511a714a2d4774ba911603a61fa080 [term 0 FOLLOWER]: Starting pre-election (no leader contacted us within the election timeout)
I20260630 12:21:59.028553 31213 tablet_bootstrap.cc:492] T 1835b3a7bd024ddebf292f15893d3ddd P 9a8ce236f9764ca59c301c15fd56418b: Bootstrap starting.
I20260630 12:21:59.028565 31219 raft_consensus.cc:515] T 1835b3a7bd024ddebf292f15893d3ddd P c8511a714a2d4774ba911603a61fa080 [term 0 FOLLOWER]: Starting pre-election with config: opid_index: -1 OBSOLETE_local: false peers { permanent_uuid: "9a8ce236f9764ca59c301c15fd56418b" member_type: VOTER last_known_addr { host: "127.25.217.193" port: 42331 } } peers { permanent_uuid: "c8511a714a2d4774ba911603a61fa080" member_type: VOTER last_known_addr { host: "127.25.217.194" port: 43417 } } peers { permanent_uuid: "8523706dd295478fb53c63b6834da362" member_type: VOTER last_known_addr { host: "127.25.217.195" port: 39853 } }
I20260630 12:21:59.034276 31219 leader_election.cc:290] T 1835b3a7bd024ddebf292f15893d3ddd P c8511a714a2d4774ba911603a61fa080 [CANDIDATE]: Term 1 pre-election: Requested pre-vote from peers 9a8ce236f9764ca59c301c15fd56418b (127.25.217.193:42331), 8523706dd295478fb53c63b6834da362 (127.25.217.195:39853)
I20260630 12:21:59.034782 31219 raft_consensus.cc:493] T 05ac29ad3f1a40d0999d1546ee85348b P c8511a714a2d4774ba911603a61fa080 [term 0 FOLLOWER]: Starting pre-election (no leader contacted us within the election timeout)
I20260630 12:21:59.035208 31219 raft_consensus.cc:515] T 05ac29ad3f1a40d0999d1546ee85348b P c8511a714a2d4774ba911603a61fa080 [term 0 FOLLOWER]: Starting pre-election with config: opid_index: -1 OBSOLETE_local: false peers { permanent_uuid: "9a8ce236f9764ca59c301c15fd56418b" member_type: VOTER last_known_addr { host: "127.25.217.193" port: 42331 } } peers { permanent_uuid: "c8511a714a2d4774ba911603a61fa080" member_type: VOTER last_known_addr { host: "127.25.217.194" port: 43417 } } peers { permanent_uuid: "8523706dd295478fb53c63b6834da362" member_type: VOTER last_known_addr { host: "127.25.217.195" port: 39853 } }
I20260630 12:21:59.037237 31213 tablet_bootstrap.cc:654] T 1835b3a7bd024ddebf292f15893d3ddd P 9a8ce236f9764ca59c301c15fd56418b: Neither blocks nor log segments found. Creating new log.
I20260630 12:21:59.037534 31212 tablet_bootstrap.cc:654] T 46b655ae405a4f7e8914328bd35f1303 P c8511a714a2d4774ba911603a61fa080: Neither blocks nor log segments found. Creating new log.
I20260630 12:21:59.038751 31219 leader_election.cc:290] T 05ac29ad3f1a40d0999d1546ee85348b P c8511a714a2d4774ba911603a61fa080 [CANDIDATE]: Term 1 pre-election: Requested pre-vote from peers 9a8ce236f9764ca59c301c15fd56418b (127.25.217.193:42331), 8523706dd295478fb53c63b6834da362 (127.25.217.195:39853)
I20260630 12:21:59.045717 31215 raft_consensus.cc:493] T d72bc6b246ca4a4d9c2da5b596b94420 P 9a8ce236f9764ca59c301c15fd56418b [term 0 FOLLOWER]: Starting pre-election (no leader contacted us within the election timeout)
I20260630 12:21:59.046217 31215 raft_consensus.cc:515] T d72bc6b246ca4a4d9c2da5b596b94420 P 9a8ce236f9764ca59c301c15fd56418b [term 0 FOLLOWER]: Starting pre-election with config: opid_index: -1 OBSOLETE_local: false peers { permanent_uuid: "9a8ce236f9764ca59c301c15fd56418b" member_type: VOTER last_known_addr { host: "127.25.217.193" port: 42331 } } peers { permanent_uuid: "c8511a714a2d4774ba911603a61fa080" member_type: VOTER last_known_addr { host: "127.25.217.194" port: 43417 } } peers { permanent_uuid: "8523706dd295478fb53c63b6834da362" member_type: VOTER last_known_addr { host: "127.25.217.195" port: 39853 } }
I20260630 12:21:59.048827 31215 leader_election.cc:290] T d72bc6b246ca4a4d9c2da5b596b94420 P 9a8ce236f9764ca59c301c15fd56418b [CANDIDATE]: Term 1 pre-election: Requested pre-vote from peers c8511a714a2d4774ba911603a61fa080 (127.25.217.194:43417), 8523706dd295478fb53c63b6834da362 (127.25.217.195:39853)
I20260630 12:21:59.053517 31213 tablet_bootstrap.cc:492] T 1835b3a7bd024ddebf292f15893d3ddd P 9a8ce236f9764ca59c301c15fd56418b: No bootstrap required, opened a new log
I20260630 12:21:59.054003 31213 ts_tablet_manager.cc:1403] T 1835b3a7bd024ddebf292f15893d3ddd P 9a8ce236f9764ca59c301c15fd56418b: Time spent bootstrapping tablet: real 0.026s	user 0.003s	sys 0.007s
I20260630 12:21:59.056910 31213 raft_consensus.cc:359] T 1835b3a7bd024ddebf292f15893d3ddd P 9a8ce236f9764ca59c301c15fd56418b [term 0 FOLLOWER]: Replica starting. Triggering 0 pending ops. Active config: opid_index: -1 OBSOLETE_local: false peers { permanent_uuid: "9a8ce236f9764ca59c301c15fd56418b" member_type: VOTER last_known_addr { host: "127.25.217.193" port: 42331 } } peers { permanent_uuid: "c8511a714a2d4774ba911603a61fa080" member_type: VOTER last_known_addr { host: "127.25.217.194" port: 43417 } } peers { permanent_uuid: "8523706dd295478fb53c63b6834da362" member_type: VOTER last_known_addr { host: "127.25.217.195" port: 39853 } }
I20260630 12:21:59.057591 31213 raft_consensus.cc:385] T 1835b3a7bd024ddebf292f15893d3ddd P 9a8ce236f9764ca59c301c15fd56418b [term 0 FOLLOWER]: Consensus starting up: Expiring failure detector timer to make a prompt election more likely
I20260630 12:21:59.057863 31213 raft_consensus.cc:740] T 1835b3a7bd024ddebf292f15893d3ddd P 9a8ce236f9764ca59c301c15fd56418b [term 0 FOLLOWER]: Becoming Follower/Learner. State: Replica: 9a8ce236f9764ca59c301c15fd56418b, State: Initialized, Role: FOLLOWER
I20260630 12:21:59.063699 31215 raft_consensus.cc:493] T 2538e4a45afa4c72b7c0131be0494c76 P 9a8ce236f9764ca59c301c15fd56418b [term 0 FOLLOWER]: Starting pre-election (no leader contacted us within the election timeout)
