I20260630 12:21:21.857770 29923 catalog_manager.cc:5697] T 43ade6d9ab904181abef8cef13fba645 P d58bb5a9a72a4d0589c098c11feca1c5 reported cstate change: config changed from index -1 to 2, NON_VOTER e2fea702301c4031a362b2158767f266 (127.26.111.2) added. New cstate: current_term: 1 leader_uuid: "865ab9fefbe74a9697502067db96b807" committed_config { opid_index: 2 OBSOLETE_local: false peers { permanent_uuid: "94d1ec4aebbb42c58c9ee36f438bafa5" member_type: VOTER last_known_addr { host: "127.26.111.4" port: 37303 } attrs { replace: true } } peers { permanent_uuid: "d58bb5a9a72a4d0589c098c11feca1c5" member_type: VOTER last_known_addr { host: "127.26.111.3" port: 45969 } } peers { permanent_uuid: "865ab9fefbe74a9697502067db96b807" member_type: VOTER last_known_addr { host: "127.26.111.1" port: 42151 } } peers { permanent_uuid: "e2fea702301c4031a362b2158767f266" member_type: NON_VOTER last_known_addr { host: "127.26.111.2" port: 42139 } attrs { promote: true } } }
I20260630 12:21:21.862460 30100 raft_consensus.cc:1275] T 9fb5ceed12674fc2a7ffa083ccb2109b P e2fea702301c4031a362b2158767f266 [term 1 FOLLOWER]: Refusing update from remote peer 865ab9fefbe74a9697502067db96b807: Log matching property violated. Preceding OpId in replica: term: 1 index: 1. Preceding OpId from leader: term: 1 index: 2. (index mismatch)
I20260630 12:21:21.863961 30175 raft_consensus.cc:1275] T 9fb5ceed12674fc2a7ffa083ccb2109b P d58bb5a9a72a4d0589c098c11feca1c5 [term 1 FOLLOWER]: Refusing update from remote peer 865ab9fefbe74a9697502067db96b807: Log matching property violated. Preceding OpId in replica: term: 1 index: 1. Preceding OpId from leader: term: 1 index: 2. (index mismatch)
I20260630 12:21:21.865366 30539 consensus_queue.cc:1048] T 9fb5ceed12674fc2a7ffa083ccb2109b P 865ab9fefbe74a9697502067db96b807 [LEADER]: Connected to new peer: Peer: permanent_uuid: "d58bb5a9a72a4d0589c098c11feca1c5" member_type: VOTER last_known_addr { host: "127.26.111.3" port: 45969 }, Status: LMP_MISMATCH, Last received: 0.0, Next index: 2, Last known committed idx: 1, Time since last communication: 0.000s
W20260630 12:21:21.866743 29993 consensus_peers.cc:597] T 9fb5ceed12674fc2a7ffa083ccb2109b P 865ab9fefbe74a9697502067db96b807 -> Peer 94d1ec4aebbb42c58c9ee36f438bafa5 (127.26.111.4:37303): Couldn't send request to peer 94d1ec4aebbb42c58c9ee36f438bafa5. Error code: TABLET_NOT_FOUND (6). Status: Not found: Tablet not found: 9fb5ceed12674fc2a7ffa083ccb2109b. This is attempt 1: this message will repeat every 5th retry.
I20260630 12:21:21.867326 30536 consensus_queue.cc:1048] T 9fb5ceed12674fc2a7ffa083ccb2109b P 865ab9fefbe74a9697502067db96b807 [LEADER]: Connected to new peer: Peer: permanent_uuid: "e2fea702301c4031a362b2158767f266" member_type: VOTER last_known_addr { host: "127.26.111.2" port: 42139 } attrs { replace: true }, Status: LMP_MISMATCH, Last received: 0.0, Next index: 2, Last known committed idx: 1, Time since last communication: 0.000s
I20260630 12:21:21.875753 30539 raft_consensus.cc:2955] T 9fb5ceed12674fc2a7ffa083ccb2109b P 865ab9fefbe74a9697502067db96b807 [term 1 LEADER]: Committing config change with OpId 1.2: config changed from index -1 to 2, NON_VOTER 94d1ec4aebbb42c58c9ee36f438bafa5 (127.26.111.4) added. New config: { opid_index: 2 OBSOLETE_local: false peers { permanent_uuid: "865ab9fefbe74a9697502067db96b807" member_type: VOTER last_known_addr { host: "127.26.111.1" port: 42151 } } peers { permanent_uuid: "d58bb5a9a72a4d0589c098c11feca1c5" member_type: VOTER last_known_addr { host: "127.26.111.3" port: 45969 } } peers { permanent_uuid: "e2fea702301c4031a362b2158767f266" member_type: VOTER last_known_addr { host: "127.26.111.2" port: 42139 } attrs { replace: true } } peers { permanent_uuid: "94d1ec4aebbb42c58c9ee36f438bafa5" member_type: NON_VOTER last_known_addr { host: "127.26.111.4" port: 37303 } attrs { promote: true } } }
I20260630 12:21:21.877682 30176 raft_consensus.cc:2955] T 9fb5ceed12674fc2a7ffa083ccb2109b P d58bb5a9a72a4d0589c098c11feca1c5 [term 1 FOLLOWER]: Committing config change with OpId 1.2: config changed from index -1 to 2, NON_VOTER 94d1ec4aebbb42c58c9ee36f438bafa5 (127.26.111.4) added. New config: { opid_index: 2 OBSOLETE_local: false peers { permanent_uuid: "865ab9fefbe74a9697502067db96b807" member_type: VOTER last_known_addr { host: "127.26.111.1" port: 42151 } } peers { permanent_uuid: "d58bb5a9a72a4d0589c098c11feca1c5" member_type: VOTER last_known_addr { host: "127.26.111.3" port: 45969 } } peers { permanent_uuid: "e2fea702301c4031a362b2158767f266" member_type: VOTER last_known_addr { host: "127.26.111.2" port: 42139 } attrs { replace: true } } peers { permanent_uuid: "94d1ec4aebbb42c58c9ee36f438bafa5" member_type: NON_VOTER last_known_addr { host: "127.26.111.4" port: 37303 } attrs { promote: true } } }
I20260630 12:21:21.935716 30100 raft_consensus.cc:2955] T 9fb5ceed12674fc2a7ffa083ccb2109b P e2fea702301c4031a362b2158767f266 [term 1 FOLLOWER]: Committing config change with OpId 1.2: config changed from index -1 to 2, NON_VOTER 94d1ec4aebbb42c58c9ee36f438bafa5 (127.26.111.4) added. New config: { opid_index: 2 OBSOLETE_local: false peers { permanent_uuid: "865ab9fefbe74a9697502067db96b807" member_type: VOTER last_known_addr { host: "127.26.111.1" port: 42151 } } peers { permanent_uuid: "d58bb5a9a72a4d0589c098c11feca1c5" member_type: VOTER last_known_addr { host: "127.26.111.3" port: 45969 } } peers { permanent_uuid: "e2fea702301c4031a362b2158767f266" member_type: VOTER last_known_addr { host: "127.26.111.2" port: 42139 } attrs { replace: true } } peers { permanent_uuid: "94d1ec4aebbb42c58c9ee36f438bafa5" member_type: NON_VOTER last_known_addr { host: "127.26.111.4" port: 37303 } attrs { promote: true } } }
I20260630 12:21:21.939253 29923 catalog_manager.cc:5697] T 9fb5ceed12674fc2a7ffa083ccb2109b P d58bb5a9a72a4d0589c098c11feca1c5 reported cstate change: config changed from index -1 to 2, NON_VOTER 94d1ec4aebbb42c58c9ee36f438bafa5 (127.26.111.4) added. New cstate: current_term: 1 leader_uuid: "865ab9fefbe74a9697502067db96b807" committed_config { opid_index: 2 OBSOLETE_local: false peers { permanent_uuid: "865ab9fefbe74a9697502067db96b807" member_type: VOTER last_known_addr { host: "127.26.111.1" port: 42151 } } peers { permanent_uuid: "d58bb5a9a72a4d0589c098c11feca1c5" member_type: VOTER last_known_addr { host: "127.26.111.3" port: 45969 } } peers { permanent_uuid: "e2fea702301c4031a362b2158767f266" member_type: VOTER last_known_addr { host: "127.26.111.2" port: 42139 } attrs { replace: true } } peers { permanent_uuid: "94d1ec4aebbb42c58c9ee36f438bafa5" member_type: NON_VOTER last_known_addr { host: "127.26.111.4" port: 37303 } attrs { promote: true } } }
I20260630 12:21:22.192600 30176 raft_consensus.cc:1275] T efbb6a196ffb450ea2b2f3204b2f1d22 P d58bb5a9a72a4d0589c098c11feca1c5 [term 2 FOLLOWER]: Refusing update from remote peer 94d1ec4aebbb42c58c9ee36f438bafa5: Log matching property violated. Preceding OpId in replica: term: 1 index: 1. Preceding OpId from leader: term: 2 index: 2. (index mismatch)
I20260630 12:21:22.194348 30399 consensus_queue.cc:1048] T efbb6a196ffb450ea2b2f3204b2f1d22 P 94d1ec4aebbb42c58c9ee36f438bafa5 [LEADER]: Connected to new peer: Peer: permanent_uuid: "d58bb5a9a72a4d0589c098c11feca1c5" member_type: VOTER last_known_addr { host: "127.26.111.3" port: 45969 }, Status: LMP_MISMATCH, Last received: 0.0, Next index: 2, Last known committed idx: 1, Time since last communication: 0.001s
I20260630 12:21:22.196259 30544 ts_tablet_manager.cc:933] T e8c091583f514650b9c3cec564796dfd P 94d1ec4aebbb42c58c9ee36f438bafa5: Initiating tablet copy from peer e2fea702301c4031a362b2158767f266 (127.26.111.2:42139)
I20260630 12:21:22.207938 30544 tablet_copy_client.cc:323] T e8c091583f514650b9c3cec564796dfd P 94d1ec4aebbb42c58c9ee36f438bafa5: tablet copy: Beginning tablet copy session from remote peer at address 127.26.111.2:42139
I20260630 12:21:22.210639 30112 tablet_copy_service.cc:140] P e2fea702301c4031a362b2158767f266: Received BeginTabletCopySession request for tablet e8c091583f514650b9c3cec564796dfd from peer 94d1ec4aebbb42c58c9ee36f438bafa5 ({username='slave'} at 127.0.0.1:58630)
I20260630 12:21:22.211306 30112 tablet_copy_service.cc:161] P e2fea702301c4031a362b2158767f266: Beginning new tablet copy session on tablet e8c091583f514650b9c3cec564796dfd from peer 94d1ec4aebbb42c58c9ee36f438bafa5 at {username='slave'} at 127.0.0.1:58630: session id = 94d1ec4aebbb42c58c9ee36f438bafa5-e8c091583f514650b9c3cec564796dfd
I20260630 12:21:22.221088 30112 tablet_copy_source_session.cc:215] T e8c091583f514650b9c3cec564796dfd P e2fea702301c4031a362b2158767f266: Tablet Copy: opened 0 blocks and 1 log segments
I20260630 12:21:22.225508 30547 ts_tablet_manager.cc:933] T e95b6b0d43c5401bbdd91f21249b96d2 P d58bb5a9a72a4d0589c098c11feca1c5: Initiating tablet copy from peer e2fea702301c4031a362b2158767f266 (127.26.111.2:42139)
I20260630 12:21:22.225914 30544 data_dirs.cc:400] Could only allocate 1 dirs of requested 3 for tablet e8c091583f514650b9c3cec564796dfd. 1 dirs total, 0 dirs full, 0 dirs failed
I20260630 12:21:22.239703 30547 tablet_copy_client.cc:323] T e95b6b0d43c5401bbdd91f21249b96d2 P d58bb5a9a72a4d0589c098c11feca1c5: tablet copy: Beginning tablet copy session from remote peer at address 127.26.111.2:42139
I20260630 12:21:22.241730 30112 tablet_copy_service.cc:140] P e2fea702301c4031a362b2158767f266: Received BeginTabletCopySession request for tablet e95b6b0d43c5401bbdd91f21249b96d2 from peer d58bb5a9a72a4d0589c098c11feca1c5 ({username='slave'} at 127.0.0.1:58610)
I20260630 12:21:22.242329 30112 tablet_copy_service.cc:161] P e2fea702301c4031a362b2158767f266: Beginning new tablet copy session on tablet e95b6b0d43c5401bbdd91f21249b96d2 from peer d58bb5a9a72a4d0589c098c11feca1c5 at {username='slave'} at 127.0.0.1:58610: session id = d58bb5a9a72a4d0589c098c11feca1c5-e95b6b0d43c5401bbdd91f21249b96d2
I20260630 12:21:22.253104 30544 tablet_copy_client.cc:806] T e8c091583f514650b9c3cec564796dfd P 94d1ec4aebbb42c58c9ee36f438bafa5: tablet copy: Starting download of 0 data blocks...
I20260630 12:21:22.253351 30112 tablet_copy_source_session.cc:215] T e95b6b0d43c5401bbdd91f21249b96d2 P e2fea702301c4031a362b2158767f266: Tablet Copy: opened 0 blocks and 1 log segments
I20260630 12:21:22.253966 30544 tablet_copy_client.cc:670] T e8c091583f514650b9c3cec564796dfd P 94d1ec4aebbb42c58c9ee36f438bafa5: tablet copy: Starting download of 1 WAL segments...
I20260630 12:21:22.260063 30544 tablet_copy_client.cc:538] T e8c091583f514650b9c3cec564796dfd P 94d1ec4aebbb42c58c9ee36f438bafa5: tablet copy: Tablet Copy complete. Replacing tablet superblock.
I20260630 12:21:22.260349 30547 data_dirs.cc:400] Could only allocate 1 dirs of requested 3 for tablet e95b6b0d43c5401bbdd91f21249b96d2. 1 dirs total, 0 dirs full, 0 dirs failed
I20260630 12:21:22.265365 30025 raft_consensus.cc:1275] T efbb6a196ffb450ea2b2f3204b2f1d22 P 865ab9fefbe74a9697502067db96b807 [term 2 FOLLOWER]: Refusing update from remote peer 94d1ec4aebbb42c58c9ee36f438bafa5: Log matching property violated. Preceding OpId in replica: term: 1 index: 1. Preceding OpId from leader: term: 2 index: 2. (index mismatch)
I20260630 12:21:22.267777 30399 consensus_queue.cc:1048] T efbb6a196ffb450ea2b2f3204b2f1d22 P 94d1ec4aebbb42c58c9ee36f438bafa5 [LEADER]: Connected to new peer: Peer: permanent_uuid: "865ab9fefbe74a9697502067db96b807" member_type: VOTER last_known_addr { host: "127.26.111.1" port: 42151 }, Status: LMP_MISMATCH, Last received: 0.0, Next index: 2, Last known committed idx: 1, Time since last communication: 0.000s
I20260630 12:21:22.283016 30547 tablet_copy_client.cc:806] T e95b6b0d43c5401bbdd91f21249b96d2 P d58bb5a9a72a4d0589c098c11feca1c5: tablet copy: Starting download of 0 data blocks...
I20260630 12:21:22.283694 30547 tablet_copy_client.cc:670] T e95b6b0d43c5401bbdd91f21249b96d2 P d58bb5a9a72a4d0589c098c11feca1c5: tablet copy: Starting download of 1 WAL segments...
I20260630 12:21:22.284662 30544 tablet_bootstrap.cc:492] T e8c091583f514650b9c3cec564796dfd P 94d1ec4aebbb42c58c9ee36f438bafa5: Bootstrap starting.
I20260630 12:21:22.287688 30547 tablet_copy_client.cc:538] T e95b6b0d43c5401bbdd91f21249b96d2 P d58bb5a9a72a4d0589c098c11feca1c5: tablet copy: Tablet Copy complete. Replacing tablet superblock.
I20260630 12:21:22.297101 30547 tablet_bootstrap.cc:492] T e95b6b0d43c5401bbdd91f21249b96d2 P d58bb5a9a72a4d0589c098c11feca1c5: Bootstrap starting.
I20260630 12:21:22.330394 30547 tablet_bootstrap.cc:492] T e95b6b0d43c5401bbdd91f21249b96d2 P d58bb5a9a72a4d0589c098c11feca1c5: Bootstrap replayed 1/1 log segments. Stats: ops{read=2 overwritten=0 applied=2 ignored=0} inserts{seen=0 ignored=0} mutations{seen=0 ignored=0} orphaned_commits=0. Pending: 0 replicates
I20260630 12:21:22.330394 30544 tablet_bootstrap.cc:492] T e8c091583f514650b9c3cec564796dfd P 94d1ec4aebbb42c58c9ee36f438bafa5: Bootstrap replayed 1/1 log segments. Stats: ops{read=2 overwritten=0 applied=2 ignored=0} inserts{seen=0 ignored=0} mutations{seen=0 ignored=0} orphaned_commits=0. Pending: 0 replicates
I20260630 12:21:22.331444 30547 tablet_bootstrap.cc:492] T e95b6b0d43c5401bbdd91f21249b96d2 P d58bb5a9a72a4d0589c098c11feca1c5: Bootstrap complete.
I20260630 12:21:22.331897 30544 tablet_bootstrap.cc:492] T e8c091583f514650b9c3cec564796dfd P 94d1ec4aebbb42c58c9ee36f438bafa5: Bootstrap complete.
I20260630 12:21:22.332247 30547 ts_tablet_manager.cc:1403] T e95b6b0d43c5401bbdd91f21249b96d2 P d58bb5a9a72a4d0589c098c11feca1c5: Time spent bootstrapping tablet: real 0.035s	user 0.025s	sys 0.010s
I20260630 12:21:22.332647 30544 ts_tablet_manager.cc:1403] T e8c091583f514650b9c3cec564796dfd P 94d1ec4aebbb42c58c9ee36f438bafa5: Time spent bootstrapping tablet: real 0.048s	user 0.025s	sys 0.000s
I20260630 12:21:22.336133 30547 raft_consensus.cc:359] T e95b6b0d43c5401bbdd91f21249b96d2 P d58bb5a9a72a4d0589c098c11feca1c5 [term 1 LEARNER]: Replica starting. Triggering 0 pending ops. Active config: opid_index: 2 OBSOLETE_local: false peers { permanent_uuid: "94d1ec4aebbb42c58c9ee36f438bafa5" member_type: VOTER last_known_addr { host: "127.26.111.4" port: 37303 } attrs { replace: true } } peers { permanent_uuid: "865ab9fefbe74a9697502067db96b807" member_type: VOTER last_known_addr { host: "127.26.111.1" port: 42151 } } peers { permanent_uuid: "e2fea702301c4031a362b2158767f266" member_type: VOTER last_known_addr { host: "127.26.111.2" port: 42139 } } peers { permanent_uuid: "d58bb5a9a72a4d0589c098c11feca1c5" member_type: NON_VOTER last_known_addr { host: "127.26.111.3" port: 45969 } attrs { promote: true } }
I20260630 12:21:22.337167 30547 raft_consensus.cc:740] T e95b6b0d43c5401bbdd91f21249b96d2 P d58bb5a9a72a4d0589c098c11feca1c5 [term 1 LEARNER]: Becoming Follower/Learner. State: Replica: d58bb5a9a72a4d0589c098c11feca1c5, State: Initialized, Role: LEARNER
I20260630 12:21:22.337812 30547 consensus_queue.cc:260] T e95b6b0d43c5401bbdd91f21249b96d2 P d58bb5a9a72a4d0589c098c11feca1c5 [NON_LEADER]: Queue going to NON_LEADER mode. State: All replicated index: 0, Majority replicated index: 0, Committed index: 2, Last appended: 1.2, Last appended by leader: 2, Current term: 0, Majority size: -1, State: 0, Mode: NON_LEADER, active raft config: opid_index: 2 OBSOLETE_local: false peers { permanent_uuid: "94d1ec4aebbb42c58c9ee36f438bafa5" member_type: VOTER last_known_addr { host: "127.26.111.4" port: 37303 } attrs { replace: true } } peers { permanent_uuid: "865ab9fefbe74a9697502067db96b807" member_type: VOTER last_known_addr { host: "127.26.111.1" port: 42151 } } peers { permanent_uuid: "e2fea702301c4031a362b2158767f266" member_type: VOTER last_known_addr { host: "127.26.111.2" port: 42139 } } peers { permanent_uuid: "d58bb5a9a72a4d0589c098c11feca1c5" member_type: NON_VOTER last_known_addr { host: "127.26.111.3" port: 45969 } attrs { promote: true } }
I20260630 12:21:22.337931 30544 raft_consensus.cc:359] T e8c091583f514650b9c3cec564796dfd P 94d1ec4aebbb42c58c9ee36f438bafa5 [term 1 LEARNER]: Replica starting. Triggering 0 pending ops. Active config: opid_index: 2 OBSOLETE_local: false peers { permanent_uuid: "e2fea702301c4031a362b2158767f266" member_type: VOTER last_known_addr { host: "127.26.111.2" port: 42139 } } peers { permanent_uuid: "865ab9fefbe74a9697502067db96b807" member_type: VOTER last_known_addr { host: "127.26.111.1" port: 42151 } } peers { permanent_uuid: "d58bb5a9a72a4d0589c098c11feca1c5" member_type: VOTER last_known_addr { host: "127.26.111.3" port: 45969 } attrs { replace: true } } peers { permanent_uuid: "94d1ec4aebbb42c58c9ee36f438bafa5" member_type: NON_VOTER last_known_addr { host: "127.26.111.4" port: 37303 } attrs { promote: true } }
I20260630 12:21:22.338948 30544 raft_consensus.cc:740] T e8c091583f514650b9c3cec564796dfd P 94d1ec4aebbb42c58c9ee36f438bafa5 [term 1 LEARNER]: Becoming Follower/Learner. State: Replica: 94d1ec4aebbb42c58c9ee36f438bafa5, State: Initialized, Role: LEARNER
I20260630 12:21:22.339653 30544 consensus_queue.cc:260] T e8c091583f514650b9c3cec564796dfd P 94d1ec4aebbb42c58c9ee36f438bafa5 [NON_LEADER]: Queue going to NON_LEADER mode. State: All replicated index: 0, Majority replicated index: 0, Committed index: 2, Last appended: 1.2, Last appended by leader: 2, Current term: 0, Majority size: -1, State: 0, Mode: NON_LEADER, active raft config: opid_index: 2 OBSOLETE_local: false peers { permanent_uuid: "e2fea702301c4031a362b2158767f266" member_type: VOTER last_known_addr { host: "127.26.111.2" port: 42139 } } peers { permanent_uuid: "865ab9fefbe74a9697502067db96b807" member_type: VOTER last_known_addr { host: "127.26.111.1" port: 42151 } } peers { permanent_uuid: "d58bb5a9a72a4d0589c098c11feca1c5" member_type: VOTER last_known_addr { host: "127.26.111.3" port: 45969 } attrs { replace: true } } peers { permanent_uuid: "94d1ec4aebbb42c58c9ee36f438bafa5" member_type: NON_VOTER last_known_addr { host: "127.26.111.4" port: 37303 } attrs { promote: true } }
I20260630 12:21:22.340389 30547 ts_tablet_manager.cc:1434] T e95b6b0d43c5401bbdd91f21249b96d2 P d58bb5a9a72a4d0589c098c11feca1c5: Time spent starting tablet: real 0.008s	user 0.003s	sys 0.003s
I20260630 12:21:22.342288 30112 tablet_copy_service.cc:342] P e2fea702301c4031a362b2158767f266: Request end of tablet copy session d58bb5a9a72a4d0589c098c11feca1c5-e95b6b0d43c5401bbdd91f21249b96d2 received from {username='slave'} at 127.0.0.1:58610
I20260630 12:21:22.342687 30544 ts_tablet_manager.cc:1434] T e8c091583f514650b9c3cec564796dfd P 94d1ec4aebbb42c58c9ee36f438bafa5: Time spent starting tablet: real 0.010s	user 0.006s	sys 0.000s
I20260630 12:21:22.342785 30112 tablet_copy_service.cc:434] P e2fea702301c4031a362b2158767f266: ending tablet copy session d58bb5a9a72a4d0589c098c11feca1c5-e95b6b0d43c5401bbdd91f21249b96d2 on tablet e95b6b0d43c5401bbdd91f21249b96d2 with peer d58bb5a9a72a4d0589c098c11feca1c5
I20260630 12:21:22.347113 30112 tablet_copy_service.cc:342] P e2fea702301c4031a362b2158767f266: Request end of tablet copy session 94d1ec4aebbb42c58c9ee36f438bafa5-e8c091583f514650b9c3cec564796dfd received from {username='slave'} at 127.0.0.1:58630
I20260630 12:21:22.347596 30112 tablet_copy_service.cc:434] P e2fea702301c4031a362b2158767f266: ending tablet copy session 94d1ec4aebbb42c58c9ee36f438bafa5-e8c091583f514650b9c3cec564796dfd on tablet e8c091583f514650b9c3cec564796dfd with peer 94d1ec4aebbb42c58c9ee36f438bafa5
I20260630 12:21:22.379853 30556 ts_tablet_manager.cc:933] T 43ade6d9ab904181abef8cef13fba645 P e2fea702301c4031a362b2158767f266: Initiating tablet copy from peer 865ab9fefbe74a9697502067db96b807 (127.26.111.1:42151)
I20260630 12:21:22.383212 30556 tablet_copy_client.cc:323] T 43ade6d9ab904181abef8cef13fba645 P e2fea702301c4031a362b2158767f266: tablet copy: Beginning tablet copy session from remote peer at address 127.26.111.1:42151
I20260630 12:21:22.385607 30037 tablet_copy_service.cc:140] P 865ab9fefbe74a9697502067db96b807: Received BeginTabletCopySession request for tablet 43ade6d9ab904181abef8cef13fba645 from peer e2fea702301c4031a362b2158767f266 ({username='slave'} at 127.0.0.1:40724)
I20260630 12:21:22.386224 30037 tablet_copy_service.cc:161] P 865ab9fefbe74a9697502067db96b807: Beginning new tablet copy session on tablet 43ade6d9ab904181abef8cef13fba645 from peer e2fea702301c4031a362b2158767f266 at {username='slave'} at 127.0.0.1:40724: session id = e2fea702301c4031a362b2158767f266-43ade6d9ab904181abef8cef13fba645
I20260630 12:21:22.394799 30037 tablet_copy_source_session.cc:215] T 43ade6d9ab904181abef8cef13fba645 P 865ab9fefbe74a9697502067db96b807: Tablet Copy: opened 0 blocks and 1 log segments
I20260630 12:21:22.398100 30556 data_dirs.cc:400] Could only allocate 1 dirs of requested 3 for tablet 43ade6d9ab904181abef8cef13fba645. 1 dirs total, 0 dirs full, 0 dirs failed
I20260630 12:21:22.399135 30544 ts_tablet_manager.cc:933] T 9fb5ceed12674fc2a7ffa083ccb2109b P 94d1ec4aebbb42c58c9ee36f438bafa5: Initiating tablet copy from peer 865ab9fefbe74a9697502067db96b807 (127.26.111.1:42151)
I20260630 12:21:22.401089 30544 tablet_copy_client.cc:323] T 9fb5ceed12674fc2a7ffa083ccb2109b P 94d1ec4aebbb42c58c9ee36f438bafa5: tablet copy: Beginning tablet copy session from remote peer at address 127.26.111.1:42151
I20260630 12:21:22.402943 30037 tablet_copy_service.cc:140] P 865ab9fefbe74a9697502067db96b807: Received BeginTabletCopySession request for tablet 9fb5ceed12674fc2a7ffa083ccb2109b from peer 94d1ec4aebbb42c58c9ee36f438bafa5 ({username='slave'} at 127.0.0.1:40736)
I20260630 12:21:22.403512 30037 tablet_copy_service.cc:161] P 865ab9fefbe74a9697502067db96b807: Beginning new tablet copy session on tablet 9fb5ceed12674fc2a7ffa083ccb2109b from peer 94d1ec4aebbb42c58c9ee36f438bafa5 at {username='slave'} at 127.0.0.1:40736: session id = 94d1ec4aebbb42c58c9ee36f438bafa5-9fb5ceed12674fc2a7ffa083ccb2109b
I20260630 12:21:22.411397 30037 tablet_copy_source_session.cc:215] T 9fb5ceed12674fc2a7ffa083ccb2109b P 865ab9fefbe74a9697502067db96b807: Tablet Copy: opened 0 blocks and 1 log segments
I20260630 12:21:22.414384 30556 tablet_copy_client.cc:806] T 43ade6d9ab904181abef8cef13fba645 P e2fea702301c4031a362b2158767f266: tablet copy: Starting download of 0 data blocks...
I20260630 12:21:22.414664 30544 data_dirs.cc:400] Could only allocate 1 dirs of requested 3 for tablet 9fb5ceed12674fc2a7ffa083ccb2109b. 1 dirs total, 0 dirs full, 0 dirs failed
I20260630 12:21:22.415185 30556 tablet_copy_client.cc:670] T 43ade6d9ab904181abef8cef13fba645 P e2fea702301c4031a362b2158767f266: tablet copy: Starting download of 1 WAL segments...
I20260630 12:21:22.418906 30556 tablet_copy_client.cc:538] T 43ade6d9ab904181abef8cef13fba645 P e2fea702301c4031a362b2158767f266: tablet copy: Tablet Copy complete. Replacing tablet superblock.
I20260630 12:21:22.425570 30556 tablet_bootstrap.cc:492] T 43ade6d9ab904181abef8cef13fba645 P e2fea702301c4031a362b2158767f266: Bootstrap starting.
I20260630 12:21:22.432412 30544 tablet_copy_client.cc:806] T 9fb5ceed12674fc2a7ffa083ccb2109b P 94d1ec4aebbb42c58c9ee36f438bafa5: tablet copy: Starting download of 0 data blocks...
I20260630 12:21:22.433072 30544 tablet_copy_client.cc:670] T 9fb5ceed12674fc2a7ffa083ccb2109b P 94d1ec4aebbb42c58c9ee36f438bafa5: tablet copy: Starting download of 1 WAL segments...
I20260630 12:21:22.437806 30544 tablet_copy_client.cc:538] T 9fb5ceed12674fc2a7ffa083ccb2109b P 94d1ec4aebbb42c58c9ee36f438bafa5: tablet copy: Tablet Copy complete. Replacing tablet superblock.
I20260630 12:21:22.446309 30556 tablet_bootstrap.cc:492] T 43ade6d9ab904181abef8cef13fba645 P e2fea702301c4031a362b2158767f266: Bootstrap replayed 1/1 log segments. Stats: ops{read=2 overwritten=0 applied=2 ignored=0} inserts{seen=0 ignored=0} mutations{seen=0 ignored=0} orphaned_commits=0. Pending: 0 replicates
I20260630 12:21:22.447224 30556 tablet_bootstrap.cc:492] T 43ade6d9ab904181abef8cef13fba645 P e2fea702301c4031a362b2158767f266: Bootstrap complete.
I20260630 12:21:22.447948 30556 ts_tablet_manager.cc:1403] T 43ade6d9ab904181abef8cef13fba645 P e2fea702301c4031a362b2158767f266: Time spent bootstrapping tablet: real 0.023s	user 0.016s	sys 0.007s
I20260630 12:21:22.448984 30544 tablet_bootstrap.cc:492] T 9fb5ceed12674fc2a7ffa083ccb2109b P 94d1ec4aebbb42c58c9ee36f438bafa5: Bootstrap starting.
I20260630 12:21:22.451465 30556 raft_consensus.cc:359] T 43ade6d9ab904181abef8cef13fba645 P e2fea702301c4031a362b2158767f266 [term 1 LEARNER]: Replica starting. Triggering 0 pending ops. Active config: opid_index: 2 OBSOLETE_local: false peers { permanent_uuid: "94d1ec4aebbb42c58c9ee36f438bafa5" member_type: VOTER last_known_addr { host: "127.26.111.4" port: 37303 } attrs { replace: true } } peers { permanent_uuid: "d58bb5a9a72a4d0589c098c11feca1c5" member_type: VOTER last_known_addr { host: "127.26.111.3" port: 45969 } } peers { permanent_uuid: "865ab9fefbe74a9697502067db96b807" member_type: VOTER last_known_addr { host: "127.26.111.1" port: 42151 } } peers { permanent_uuid: "e2fea702301c4031a362b2158767f266" member_type: NON_VOTER last_known_addr { host: "127.26.111.2" port: 42139 } attrs { promote: true } }
I20260630 12:21:22.452409 30556 raft_consensus.cc:740] T 43ade6d9ab904181abef8cef13fba645 P e2fea702301c4031a362b2158767f266 [term 1 LEARNER]: Becoming Follower/Learner. State: Replica: e2fea702301c4031a362b2158767f266, State: Initialized, Role: LEARNER
I20260630 12:21:22.453191 30556 consensus_queue.cc:260] T 43ade6d9ab904181abef8cef13fba645 P e2fea702301c4031a362b2158767f266 [NON_LEADER]: Queue going to NON_LEADER mode. State: All replicated index: 0, Majority replicated index: 0, Committed index: 2, Last appended: 1.2, Last appended by leader: 2, Current term: 0, Majority size: -1, State: 0, Mode: NON_LEADER, active raft config: opid_index: 2 OBSOLETE_local: false peers { permanent_uuid: "94d1ec4aebbb42c58c9ee36f438bafa5" member_type: VOTER last_known_addr { host: "127.26.111.4" port: 37303 } attrs { replace: true } } peers { permanent_uuid: "d58bb5a9a72a4d0589c098c11feca1c5" member_type: VOTER last_known_addr { host: "127.26.111.3" port: 45969 } } peers { permanent_uuid: "865ab9fefbe74a9697502067db96b807" member_type: VOTER last_known_addr { host: "127.26.111.1" port: 42151 } } peers { permanent_uuid: "e2fea702301c4031a362b2158767f266" member_type: NON_VOTER last_known_addr { host: "127.26.111.2" port: 42139 } attrs { promote: true } }
I20260630 12:21:22.455801 30556 ts_tablet_manager.cc:1434] T 43ade6d9ab904181abef8cef13fba645 P e2fea702301c4031a362b2158767f266: Time spent starting tablet: real 0.008s	user 0.008s	sys 0.000s
I20260630 12:21:22.458196 30037 tablet_copy_service.cc:342] P 865ab9fefbe74a9697502067db96b807: Request end of tablet copy session e2fea702301c4031a362b2158767f266-43ade6d9ab904181abef8cef13fba645 received from {username='slave'} at 127.0.0.1:40724
I20260630 12:21:22.458649 30037 tablet_copy_service.cc:434] P 865ab9fefbe74a9697502067db96b807: ending tablet copy session e2fea702301c4031a362b2158767f266-43ade6d9ab904181abef8cef13fba645 on tablet 43ade6d9ab904181abef8cef13fba645 with peer e2fea702301c4031a362b2158767f266
I20260630 12:21:22.474530 30544 tablet_bootstrap.cc:492] T 9fb5ceed12674fc2a7ffa083ccb2109b P 94d1ec4aebbb42c58c9ee36f438bafa5: Bootstrap replayed 1/1 log segments. Stats: ops{read=2 overwritten=0 applied=2 ignored=0} inserts{seen=0 ignored=0} mutations{seen=0 ignored=0} orphaned_commits=0. Pending: 0 replicates
I20260630 12:21:22.475582 30544 tablet_bootstrap.cc:492] T 9fb5ceed12674fc2a7ffa083ccb2109b P 94d1ec4aebbb42c58c9ee36f438bafa5: Bootstrap complete.
I20260630 12:21:22.476282 30544 ts_tablet_manager.cc:1403] T 9fb5ceed12674fc2a7ffa083ccb2109b P 94d1ec4aebbb42c58c9ee36f438bafa5: Time spent bootstrapping tablet: real 0.028s	user 0.018s	sys 0.004s
I20260630 12:21:22.478716 30544 raft_consensus.cc:359] T 9fb5ceed12674fc2a7ffa083ccb2109b P 94d1ec4aebbb42c58c9ee36f438bafa5 [term 1 LEARNER]: Replica starting. Triggering 0 pending ops. Active config: opid_index: 2 OBSOLETE_local: false peers { permanent_uuid: "865ab9fefbe74a9697502067db96b807" member_type: VOTER last_known_addr { host: "127.26.111.1" port: 42151 } } peers { permanent_uuid: "d58bb5a9a72a4d0589c098c11feca1c5" member_type: VOTER last_known_addr { host: "127.26.111.3" port: 45969 } } peers { permanent_uuid: "e2fea702301c4031a362b2158767f266" member_type: VOTER last_known_addr { host: "127.26.111.2" port: 42139 } attrs { replace: true } } peers { permanent_uuid: "94d1ec4aebbb42c58c9ee36f438bafa5" member_type: NON_VOTER last_known_addr { host: "127.26.111.4" port: 37303 } attrs { promote: true } }
I20260630 12:21:22.479404 30544 raft_consensus.cc:740] T 9fb5ceed12674fc2a7ffa083ccb2109b P 94d1ec4aebbb42c58c9ee36f438bafa5 [term 1 LEARNER]: Becoming Follower/Learner. State: Replica: 94d1ec4aebbb42c58c9ee36f438bafa5, State: Initialized, Role: LEARNER
I20260630 12:21:22.479944 30544 consensus_queue.cc:260] T 9fb5ceed12674fc2a7ffa083ccb2109b P 94d1ec4aebbb42c58c9ee36f438bafa5 [NON_LEADER]: Queue going to NON_LEADER mode. State: All replicated index: 0, Majority replicated index: 0, Committed index: 2, Last appended: 1.2, Last appended by leader: 2, Current term: 0, Majority size: -1, State: 0, Mode: NON_LEADER, active raft config: opid_index: 2 OBSOLETE_local: false peers { permanent_uuid: "865ab9fefbe74a9697502067db96b807" member_type: VOTER last_known_addr { host: "127.26.111.1" port: 42151 } } peers { permanent_uuid: "d58bb5a9a72a4d0589c098c11feca1c5" member_type: VOTER last_known_addr { host: "127.26.111.3" port: 45969 } } peers { permanent_uuid: "e2fea702301c4031a362b2158767f266" member_type: VOTER last_known_addr { host: "127.26.111.2" port: 42139 } attrs { replace: true } } peers { permanent_uuid: "94d1ec4aebbb42c58c9ee36f438bafa5" member_type: NON_VOTER last_known_addr { host: "127.26.111.4" port: 37303 } attrs { promote: true } }
I20260630 12:21:22.482231 30544 ts_tablet_manager.cc:1434] T 9fb5ceed12674fc2a7ffa083ccb2109b P 94d1ec4aebbb42c58c9ee36f438bafa5: Time spent starting tablet: real 0.006s	user 0.002s	sys 0.000s
I20260630 12:21:22.484047 30037 tablet_copy_service.cc:342] P 865ab9fefbe74a9697502067db96b807: Request end of tablet copy session 94d1ec4aebbb42c58c9ee36f438bafa5-9fb5ceed12674fc2a7ffa083ccb2109b received from {username='slave'} at 127.0.0.1:40736
I20260630 12:21:22.484480 30037 tablet_copy_service.cc:434] P 865ab9fefbe74a9697502067db96b807: ending tablet copy session 94d1ec4aebbb42c58c9ee36f438bafa5-9fb5ceed12674fc2a7ffa083ccb2109b on tablet 9fb5ceed12674fc2a7ffa083ccb2109b with peer 94d1ec4aebbb42c58c9ee36f438bafa5
I20260630 12:21:22.727631 30175 raft_consensus.cc:1217] T e95b6b0d43c5401bbdd91f21249b96d2 P d58bb5a9a72a4d0589c098c11feca1c5 [term 1 LEARNER]: Deduplicated request from leader. Original: 1.1->[1.2-1.2]   Dedup: 1.2->[]
I20260630 12:21:22.736738 30341 raft_consensus.cc:1217] T e8c091583f514650b9c3cec564796dfd P 94d1ec4aebbb42c58c9ee36f438bafa5 [term 1 LEARNER]: Deduplicated request from leader. Original: 1.1->[1.2-1.2]   Dedup: 1.2->[]
I20260630 12:21:22.901029 30341 raft_consensus.cc:1217] T 9fb5ceed12674fc2a7ffa083ccb2109b P 94d1ec4aebbb42c58c9ee36f438bafa5 [term 1 LEARNER]: Deduplicated request from leader. Original: 1.1->[1.2-1.2]   Dedup: 1.2->[]
I20260630 12:21:22.930765 30100 raft_consensus.cc:1217] T 43ade6d9ab904181abef8cef13fba645 P e2fea702301c4031a362b2158767f266 [term 1 LEARNER]: Deduplicated request from leader. Original: 1.1->[1.2-1.2]   Dedup: 1.2->[]
I20260630 12:21:23.155628 30562 raft_consensus.cc:1064] T e8c091583f514650b9c3cec564796dfd P e2fea702301c4031a362b2158767f266: attempting to promote NON_VOTER 94d1ec4aebbb42c58c9ee36f438bafa5 to VOTER
I20260630 12:21:23.158442 30562 consensus_queue.cc:237] T e8c091583f514650b9c3cec564796dfd P e2fea702301c4031a362b2158767f266 [LEADER]: Queue going to LEADER mode. State: All replicated index: 0, Majority replicated index: 2, Committed index: 2, Last appended: 1.2, Last appended by leader: 0, Current term: 1, Majority size: 3, State: 0, Mode: LEADER, active raft config: opid_index: 3 OBSOLETE_local: false peers { permanent_uuid: "e2fea702301c4031a362b2158767f266" member_type: VOTER last_known_addr { host: "127.26.111.2" port: 42139 } } peers { permanent_uuid: "865ab9fefbe74a9697502067db96b807" member_type: VOTER last_known_addr { host: "127.26.111.1" port: 42151 } } peers { permanent_uuid: "d58bb5a9a72a4d0589c098c11feca1c5" member_type: VOTER last_known_addr { host: "127.26.111.3" port: 45969 } attrs { replace: true } } peers { permanent_uuid: "94d1ec4aebbb42c58c9ee36f438bafa5" member_type: VOTER last_known_addr { host: "127.26.111.4" port: 37303 } attrs { promote: false } }
I20260630 12:21:23.166424 30341 raft_consensus.cc:1275] T e8c091583f514650b9c3cec564796dfd P 94d1ec4aebbb42c58c9ee36f438bafa5 [term 1 LEARNER]: Refusing update from remote peer e2fea702301c4031a362b2158767f266: Log matching property violated. Preceding OpId in replica: term: 1 index: 2. Preceding OpId from leader: term: 1 index: 3. (index mismatch)
I20260630 12:21:23.166635 30175 raft_consensus.cc:1275] T e8c091583f514650b9c3cec564796dfd P d58bb5a9a72a4d0589c098c11feca1c5 [term 1 FOLLOWER]: Refusing update from remote peer e2fea702301c4031a362b2158767f266: Log matching property violated. Preceding OpId in replica: term: 1 index: 2. Preceding OpId from leader: term: 1 index: 3. (index mismatch)
I20260630 12:21:23.167438 30025 raft_consensus.cc:1275] T e8c091583f514650b9c3cec564796dfd P 865ab9fefbe74a9697502067db96b807 [term 1 FOLLOWER]: Refusing update from remote peer e2fea702301c4031a362b2158767f266: Log matching property violated. Preceding OpId in replica: term: 1 index: 2. Preceding OpId from leader: term: 1 index: 3. (index mismatch)
I20260630 12:21:23.168289 30562 consensus_queue.cc:1048] T e8c091583f514650b9c3cec564796dfd P e2fea702301c4031a362b2158767f266 [LEADER]: Connected to new peer: Peer: permanent_uuid: "d58bb5a9a72a4d0589c098c11feca1c5" member_type: VOTER last_known_addr { host: "127.26.111.3" port: 45969 } attrs { replace: true }, Status: LMP_MISMATCH, Last received: 0.0, Next index: 3, Last known committed idx: 2, Time since last communication: 0.000s
I20260630 12:21:23.169293 30561 consensus_queue.cc:1048] T e8c091583f514650b9c3cec564796dfd P e2fea702301c4031a362b2158767f266 [LEADER]: Connected to new peer: Peer: permanent_uuid: "94d1ec4aebbb42c58c9ee36f438bafa5" member_type: VOTER last_known_addr { host: "127.26.111.4" port: 37303 } attrs { promote: false }, Status: LMP_MISMATCH, Last received: 0.0, Next index: 3, Last known committed idx: 2, Time since last communication: 0.000s
I20260630 12:21:23.170157 30529 consensus_queue.cc:1048] T e8c091583f514650b9c3cec564796dfd P e2fea702301c4031a362b2158767f266 [LEADER]: Connected to new peer: Peer: permanent_uuid: "865ab9fefbe74a9697502067db96b807" member_type: VOTER last_known_addr { host: "127.26.111.1" port: 42151 }, Status: LMP_MISMATCH, Last received: 0.0, Next index: 3, Last known committed idx: 2, Time since last communication: 0.000s
I20260630 12:21:23.187711 30529 raft_consensus.cc:2955] T e8c091583f514650b9c3cec564796dfd P e2fea702301c4031a362b2158767f266 [term 1 LEADER]: Committing config change with OpId 1.3: config changed from index 2 to 3, 94d1ec4aebbb42c58c9ee36f438bafa5 (127.26.111.4) changed from NON_VOTER to VOTER. New config: { opid_index: 3 OBSOLETE_local: false peers { permanent_uuid: "e2fea702301c4031a362b2158767f266" member_type: VOTER last_known_addr { host: "127.26.111.2" port: 42139 } } peers { permanent_uuid: "865ab9fefbe74a9697502067db96b807" member_type: VOTER last_known_addr { host: "127.26.111.1" port: 42151 } } peers { permanent_uuid: "d58bb5a9a72a4d0589c098c11feca1c5" member_type: VOTER last_known_addr { host: "127.26.111.3" port: 45969 } attrs { replace: true } } peers { permanent_uuid: "94d1ec4aebbb42c58c9ee36f438bafa5" member_type: VOTER last_known_addr { host: "127.26.111.4" port: 37303 } attrs { promote: false } } }
I20260630 12:21:23.189628 30341 raft_consensus.cc:2955] T e8c091583f514650b9c3cec564796dfd P 94d1ec4aebbb42c58c9ee36f438bafa5 [term 1 FOLLOWER]: Committing config change with OpId 1.3: config changed from index 2 to 3, 94d1ec4aebbb42c58c9ee36f438bafa5 (127.26.111.4) changed from NON_VOTER to VOTER. New config: { opid_index: 3 OBSOLETE_local: false peers { permanent_uuid: "e2fea702301c4031a362b2158767f266" member_type: VOTER last_known_addr { host: "127.26.111.2" port: 42139 } } peers { permanent_uuid: "865ab9fefbe74a9697502067db96b807" member_type: VOTER last_known_addr { host: "127.26.111.1" port: 42151 } } peers { permanent_uuid: "d58bb5a9a72a4d0589c098c11feca1c5" member_type: VOTER last_known_addr { host: "127.26.111.3" port: 45969 } attrs { replace: true } } peers { permanent_uuid: "94d1ec4aebbb42c58c9ee36f438bafa5" member_type: VOTER last_known_addr { host: "127.26.111.4" port: 37303 } attrs { promote: false } } }
I20260630 12:21:23.190192 30175 raft_consensus.cc:2955] T e8c091583f514650b9c3cec564796dfd P d58bb5a9a72a4d0589c098c11feca1c5 [term 1 FOLLOWER]: Committing config change with OpId 1.3: config changed from index 2 to 3, 94d1ec4aebbb42c58c9ee36f438bafa5 (127.26.111.4) changed from NON_VOTER to VOTER. New config: { opid_index: 3 OBSOLETE_local: false peers { permanent_uuid: "e2fea702301c4031a362b2158767f266" member_type: VOTER last_known_addr { host: "127.26.111.2" port: 42139 } } peers { permanent_uuid: "865ab9fefbe74a9697502067db96b807" member_type: VOTER last_known_addr { host: "127.26.111.1" port: 42151 } } peers { permanent_uuid: "d58bb5a9a72a4d0589c098c11feca1c5" member_type: VOTER last_known_addr { host: "127.26.111.3" port: 45969 } attrs { replace: true } } peers { permanent_uuid: "94d1ec4aebbb42c58c9ee36f438bafa5" member_type: VOTER last_known_addr { host: "127.26.111.4" port: 37303 } attrs { promote: false } } }
I20260630 12:21:23.205286 29924 catalog_manager.cc:5697] T e8c091583f514650b9c3cec564796dfd P 94d1ec4aebbb42c58c9ee36f438bafa5 reported cstate change: config changed from index 2 to 3, 94d1ec4aebbb42c58c9ee36f438bafa5 (127.26.111.4) changed from NON_VOTER to VOTER. New cstate: current_term: 1 leader_uuid: "e2fea702301c4031a362b2158767f266" committed_config { opid_index: 3 OBSOLETE_local: false peers { permanent_uuid: "e2fea702301c4031a362b2158767f266" member_type: VOTER last_known_addr { host: "127.26.111.2" port: 42139 } } peers { permanent_uuid: "865ab9fefbe74a9697502067db96b807" member_type: VOTER last_known_addr { host: "127.26.111.1" port: 42151 } } peers { permanent_uuid: "d58bb5a9a72a4d0589c098c11feca1c5" member_type: VOTER last_known_addr { host: "127.26.111.3" port: 45969 } attrs { replace: true } } peers { permanent_uuid: "94d1ec4aebbb42c58c9ee36f438bafa5" member_type: VOTER last_known_addr { host: "127.26.111.4" port: 37303 } attrs { promote: false } } }
I20260630 12:21:23.218532 30025 raft_consensus.cc:2955] T e8c091583f514650b9c3cec564796dfd P 865ab9fefbe74a9697502067db96b807 [term 1 FOLLOWER]: Committing config change with OpId 1.3: config changed from index 2 to 3, 94d1ec4aebbb42c58c9ee36f438bafa5 (127.26.111.4) changed from NON_VOTER to VOTER. New config: { opid_index: 3 OBSOLETE_local: false peers { permanent_uuid: "e2fea702301c4031a362b2158767f266" member_type: VOTER last_known_addr { host: "127.26.111.2" port: 42139 } } peers { permanent_uuid: "865ab9fefbe74a9697502067db96b807" member_type: VOTER last_known_addr { host: "127.26.111.1" port: 42151 } } peers { permanent_uuid: "d58bb5a9a72a4d0589c098c11feca1c5" member_type: VOTER last_known_addr { host: "127.26.111.3" port: 45969 } attrs { replace: true } } peers { permanent_uuid: "94d1ec4aebbb42c58c9ee36f438bafa5" member_type: VOTER last_known_addr { host: "127.26.111.4" port: 37303 } attrs { promote: false } } }
I20260630 12:21:23.241283 30100 consensus_queue.cc:237] T e8c091583f514650b9c3cec564796dfd P e2fea702301c4031a362b2158767f266 [LEADER]: Queue going to LEADER mode. State: All replicated index: 0, Majority replicated index: 3, Committed index: 3, Last appended: 1.3, Last appended by leader: 0, Current term: 1, Majority size: 2, State: 0, Mode: LEADER, active raft config: opid_index: 4 OBSOLETE_local: false peers { permanent_uuid: "e2fea702301c4031a362b2158767f266" member_type: VOTER last_known_addr { host: "127.26.111.2" port: 42139 } } peers { permanent_uuid: "865ab9fefbe74a9697502067db96b807" member_type: VOTER last_known_addr { host: "127.26.111.1" port: 42151 } } peers { permanent_uuid: "94d1ec4aebbb42c58c9ee36f438bafa5" member_type: VOTER last_known_addr { host: "127.26.111.4" port: 37303 } attrs { promote: false } }
I20260630 12:21:23.247509 30339 raft_consensus.cc:1275] T e8c091583f514650b9c3cec564796dfd P 94d1ec4aebbb42c58c9ee36f438bafa5 [term 1 FOLLOWER]: Refusing update from remote peer e2fea702301c4031a362b2158767f266: Log matching property violated. Preceding OpId in replica: term: 1 index: 3. Preceding OpId from leader: term: 1 index: 4. (index mismatch)
I20260630 12:21:23.249213 30571 consensus_queue.cc:1048] T e8c091583f514650b9c3cec564796dfd P e2fea702301c4031a362b2158767f266 [LEADER]: Connected to new peer: Peer: permanent_uuid: "94d1ec4aebbb42c58c9ee36f438bafa5" member_type: VOTER last_known_addr { host: "127.26.111.4" port: 37303 } attrs { promote: false }, Status: LMP_MISMATCH, Last received: 0.0, Next index: 4, Last known committed idx: 3, Time since last communication: 0.000s
I20260630 12:21:23.249617 30025 raft_consensus.cc:1275] T e8c091583f514650b9c3cec564796dfd P 865ab9fefbe74a9697502067db96b807 [term 1 FOLLOWER]: Refusing update from remote peer e2fea702301c4031a362b2158767f266: Log matching property violated. Preceding OpId in replica: term: 1 index: 3. Preceding OpId from leader: term: 1 index: 4. (index mismatch)
I20260630 12:21:23.252238 30571 consensus_queue.cc:1048] T e8c091583f514650b9c3cec564796dfd P e2fea702301c4031a362b2158767f266 [LEADER]: Connected to new peer: Peer: permanent_uuid: "865ab9fefbe74a9697502067db96b807" member_type: VOTER last_known_addr { host: "127.26.111.1" port: 42151 }, Status: LMP_MISMATCH, Last received: 0.0, Next index: 4, Last known committed idx: 3, Time since last communication: 0.000s
I20260630 12:21:23.258508 30529 raft_consensus.cc:2955] T e8c091583f514650b9c3cec564796dfd P e2fea702301c4031a362b2158767f266 [term 1 LEADER]: Committing config change with OpId 1.4: config changed from index 3 to 4, VOTER d58bb5a9a72a4d0589c098c11feca1c5 (127.26.111.3) evicted. New config: { opid_index: 4 OBSOLETE_local: false peers { permanent_uuid: "e2fea702301c4031a362b2158767f266" member_type: VOTER last_known_addr { host: "127.26.111.2" port: 42139 } } peers { permanent_uuid: "865ab9fefbe74a9697502067db96b807" member_type: VOTER last_known_addr { host: "127.26.111.1" port: 42151 } } peers { permanent_uuid: "94d1ec4aebbb42c58c9ee36f438bafa5" member_type: VOTER last_known_addr { host: "127.26.111.4" port: 37303 } attrs { promote: false } } }
I20260630 12:21:23.264509 30339 raft_consensus.cc:2955] T e8c091583f514650b9c3cec564796dfd P 94d1ec4aebbb42c58c9ee36f438bafa5 [term 1 FOLLOWER]: Committing config change with OpId 1.4: config changed from index 3 to 4, VOTER d58bb5a9a72a4d0589c098c11feca1c5 (127.26.111.3) evicted. New config: { opid_index: 4 OBSOLETE_local: false peers { permanent_uuid: "e2fea702301c4031a362b2158767f266" member_type: VOTER last_known_addr { host: "127.26.111.2" port: 42139 } } peers { permanent_uuid: "865ab9fefbe74a9697502067db96b807" member_type: VOTER last_known_addr { host: "127.26.111.1" port: 42151 } } peers { permanent_uuid: "94d1ec4aebbb42c58c9ee36f438bafa5" member_type: VOTER last_known_addr { host: "127.26.111.4" port: 37303 } attrs { promote: false } } }
I20260630 12:21:23.266604 30025 raft_consensus.cc:2955] T e8c091583f514650b9c3cec564796dfd P 865ab9fefbe74a9697502067db96b807 [term 1 FOLLOWER]: Committing config change with OpId 1.4: config changed from index 3 to 4, VOTER d58bb5a9a72a4d0589c098c11feca1c5 (127.26.111.3) evicted. New config: { opid_index: 4 OBSOLETE_local: false peers { permanent_uuid: "e2fea702301c4031a362b2158767f266" member_type: VOTER last_known_addr { host: "127.26.111.2" port: 42139 } } peers { permanent_uuid: "865ab9fefbe74a9697502067db96b807" member_type: VOTER last_known_addr { host: "127.26.111.1" port: 42151 } } peers { permanent_uuid: "94d1ec4aebbb42c58c9ee36f438bafa5" member_type: VOTER last_known_addr { host: "127.26.111.4" port: 37303 } attrs { promote: false } } }
I20260630 12:21:23.275220 29909 catalog_manager.cc:5210] ChangeConfig:REMOVE_PEER RPC for tablet e8c091583f514650b9c3cec564796dfd with cas_config_opid_index 3: ChangeConfig:REMOVE_PEER succeeded (attempt 1)
I20260630 12:21:23.284862 29923 catalog_manager.cc:5697] T e8c091583f514650b9c3cec564796dfd P 94d1ec4aebbb42c58c9ee36f438bafa5 reported cstate change: config changed from index 3 to 4, VOTER d58bb5a9a72a4d0589c098c11feca1c5 (127.26.111.3) evicted. New cstate: current_term: 1 leader_uuid: "e2fea702301c4031a362b2158767f266" committed_config { opid_index: 4 OBSOLETE_local: false peers { permanent_uuid: "e2fea702301c4031a362b2158767f266" member_type: VOTER last_known_addr { host: "127.26.111.2" port: 42139 } } peers { permanent_uuid: "865ab9fefbe74a9697502067db96b807" member_type: VOTER last_known_addr { host: "127.26.111.1" port: 42151 } } peers { permanent_uuid: "94d1ec4aebbb42c58c9ee36f438bafa5" member_type: VOTER last_known_addr { host: "127.26.111.4" port: 37303 } attrs { promote: false } } }
I20260630 12:21:23.297773 30165 tablet_service.cc:1558] Processing DeleteTablet for tablet e8c091583f514650b9c3cec564796dfd with delete_type TABLET_DATA_TOMBSTONED (TS d58bb5a9a72a4d0589c098c11feca1c5 not found in new config with opid_index 4) from {username='slave'} at 127.0.0.1:38504
I20260630 12:21:23.299131 30529 raft_consensus.cc:1064] T e95b6b0d43c5401bbdd91f21249b96d2 P e2fea702301c4031a362b2158767f266: attempting to promote NON_VOTER d58bb5a9a72a4d0589c098c11feca1c5 to VOTER
I20260630 12:21:23.302454 30529 consensus_queue.cc:237] T e95b6b0d43c5401bbdd91f21249b96d2 P e2fea702301c4031a362b2158767f266 [LEADER]: Queue going to LEADER mode. State: All replicated index: 0, Majority replicated index: 2, Committed index: 2, Last appended: 1.2, Last appended by leader: 0, Current term: 1, Majority size: 3, State: 0, Mode: LEADER, active raft config: opid_index: 3 OBSOLETE_local: false peers { permanent_uuid: "94d1ec4aebbb42c58c9ee36f438bafa5" member_type: VOTER last_known_addr { host: "127.26.111.4" port: 37303 } attrs { replace: true } } peers { permanent_uuid: "865ab9fefbe74a9697502067db96b807" member_type: VOTER last_known_addr { host: "127.26.111.1" port: 42151 } } peers { permanent_uuid: "e2fea702301c4031a362b2158767f266" member_type: VOTER last_known_addr { host: "127.26.111.2" port: 42139 } } peers { permanent_uuid: "d58bb5a9a72a4d0589c098c11feca1c5" member_type: VOTER last_known_addr { host: "127.26.111.3" port: 45969 } attrs { promote: false } }
I20260630 12:21:23.316162 30565 raft_consensus.cc:1064] T 9fb5ceed12674fc2a7ffa083ccb2109b P 865ab9fefbe74a9697502067db96b807: attempting to promote NON_VOTER 94d1ec4aebbb42c58c9ee36f438bafa5 to VOTER
I20260630 12:21:23.318038 30025 raft_consensus.cc:1275] T e95b6b0d43c5401bbdd91f21249b96d2 P 865ab9fefbe74a9697502067db96b807 [term 1 FOLLOWER]: Refusing update from remote peer e2fea702301c4031a362b2158767f266: Log matching property violated. Preceding OpId in replica: term: 1 index: 2. Preceding OpId from leader: term: 1 index: 3. (index mismatch)
I20260630 12:21:23.318743 30175 raft_consensus.cc:1275] T e95b6b0d43c5401bbdd91f21249b96d2 P d58bb5a9a72a4d0589c098c11feca1c5 [term 1 LEARNER]: Refusing update from remote peer e2fea702301c4031a362b2158767f266: Log matching property violated. Preceding OpId in replica: term: 1 index: 2. Preceding OpId from leader: term: 1 index: 3. (index mismatch)
I20260630 12:21:23.319805 30529 consensus_queue.cc:1048] T e95b6b0d43c5401bbdd91f21249b96d2 P e2fea702301c4031a362b2158767f266 [LEADER]: Connected to new peer: Peer: permanent_uuid: "865ab9fefbe74a9697502067db96b807" member_type: VOTER last_known_addr { host: "127.26.111.1" port: 42151 }, Status: LMP_MISMATCH, Last received: 0.0, Next index: 3, Last known committed idx: 2, Time since last communication: 0.000s
I20260630 12:21:23.320748 30571 consensus_queue.cc:1048] T e95b6b0d43c5401bbdd91f21249b96d2 P e2fea702301c4031a362b2158767f266 [LEADER]: Connected to new peer: Peer: permanent_uuid: "d58bb5a9a72a4d0589c098c11feca1c5" member_type: VOTER last_known_addr { host: "127.26.111.3" port: 45969 } attrs { promote: false }, Status: LMP_MISMATCH, Last received: 0.0, Next index: 3, Last known committed idx: 2, Time since last communication: 0.000s
I20260630 12:21:23.321228 30341 raft_consensus.cc:1275] T e95b6b0d43c5401bbdd91f21249b96d2 P 94d1ec4aebbb42c58c9ee36f438bafa5 [term 1 FOLLOWER]: Refusing update from remote peer e2fea702301c4031a362b2158767f266: Log matching property violated. Preceding OpId in replica: term: 1 index: 2. Preceding OpId from leader: term: 1 index: 3. (index mismatch)
I20260630 12:21:23.322928 30571 consensus_queue.cc:1048] T e95b6b0d43c5401bbdd91f21249b96d2 P e2fea702301c4031a362b2158767f266 [LEADER]: Connected to new peer: Peer: permanent_uuid: "94d1ec4aebbb42c58c9ee36f438bafa5" member_type: VOTER last_known_addr { host: "127.26.111.4" port: 37303 } attrs { replace: true }, Status: LMP_MISMATCH, Last received: 0.0, Next index: 3, Last known committed idx: 2, Time since last communication: 0.000s
