I20260630 12:20:31.120573 28873 consensus_queue.cc:237] T 8028bc7c92ad4d6bb7867ecf527e3262 P 56122a3a5f534f74a5e20f302d8d9b26 [LEADER]: Queue going to LEADER mode. State: All replicated index: 0, Majority replicated index: 2, Committed index: 2, Last appended: 2.2, Last appended by leader: 1, Current term: 2, Majority size: 2, State: 0, Mode: LEADER, active raft config: opid_index: 3 OBSOLETE_local: false peers { permanent_uuid: "74149bae89244002b64a17ee480bae4e" member_type: VOTER last_known_addr { host: "127.26.111.1" port: 32793 } } peers { permanent_uuid: "56122a3a5f534f74a5e20f302d8d9b26" member_type: VOTER last_known_addr { host: "127.26.111.2" port: 45139 } } peers { permanent_uuid: "b8dbf2a4a9e1460e9e861bd19523824e" member_type: VOTER last_known_addr { host: "127.26.111.3" port: 40395 } attrs { replace: true } } peers { permanent_uuid: "e9460b37ab2f42ddb3d1482815ff964e" member_type: NON_VOTER last_known_addr { host: "127.26.111.4" port: 46627 } attrs { promote: true } }
I20260630 12:20:31.128844 28948 raft_consensus.cc:1275] T 8028bc7c92ad4d6bb7867ecf527e3262 P b8dbf2a4a9e1460e9e861bd19523824e [term 2 FOLLOWER]: Refusing update from remote peer 56122a3a5f534f74a5e20f302d8d9b26: Log matching property violated. Preceding OpId in replica: term: 2 index: 2. Preceding OpId from leader: term: 2 index: 3. (index mismatch)
I20260630 12:20:31.131392 29113 consensus_queue.cc:1048] T 8028bc7c92ad4d6bb7867ecf527e3262 P 56122a3a5f534f74a5e20f302d8d9b26 [LEADER]: Connected to new peer: Peer: permanent_uuid: "b8dbf2a4a9e1460e9e861bd19523824e" member_type: VOTER last_known_addr { host: "127.26.111.3" port: 40395 } attrs { replace: true }, Status: LMP_MISMATCH, Last received: 0.0, Next index: 3, Last known committed idx: 2, Time since last communication: 0.001s
I20260630 12:20:31.133527 28799 raft_consensus.cc:1275] T 8028bc7c92ad4d6bb7867ecf527e3262 P 74149bae89244002b64a17ee480bae4e [term 2 FOLLOWER]: Refusing update from remote peer 56122a3a5f534f74a5e20f302d8d9b26: Log matching property violated. Preceding OpId in replica: term: 2 index: 2. Preceding OpId from leader: term: 2 index: 3. (index mismatch)
I20260630 12:20:31.134997 29113 consensus_queue.cc:1048] T 8028bc7c92ad4d6bb7867ecf527e3262 P 56122a3a5f534f74a5e20f302d8d9b26 [LEADER]: Connected to new peer: Peer: permanent_uuid: "74149bae89244002b64a17ee480bae4e" member_type: VOTER last_known_addr { host: "127.26.111.1" port: 32793 }, Status: LMP_MISMATCH, Last received: 0.0, Next index: 3, Last known committed idx: 2, Time since last communication: 0.000s
I20260630 12:20:31.141520 29034 raft_consensus.cc:2955] T 8028bc7c92ad4d6bb7867ecf527e3262 P 56122a3a5f534f74a5e20f302d8d9b26 [term 2 LEADER]: Committing config change with OpId 2.3: config changed from index -1 to 3, NON_VOTER e9460b37ab2f42ddb3d1482815ff964e (127.26.111.4) added. New config: { opid_index: 3 OBSOLETE_local: false peers { permanent_uuid: "74149bae89244002b64a17ee480bae4e" member_type: VOTER last_known_addr { host: "127.26.111.1" port: 32793 } } peers { permanent_uuid: "56122a3a5f534f74a5e20f302d8d9b26" member_type: VOTER last_known_addr { host: "127.26.111.2" port: 45139 } } peers { permanent_uuid: "b8dbf2a4a9e1460e9e861bd19523824e" member_type: VOTER last_known_addr { host: "127.26.111.3" port: 40395 } attrs { replace: true } } peers { permanent_uuid: "e9460b37ab2f42ddb3d1482815ff964e" member_type: NON_VOTER last_known_addr { host: "127.26.111.4" port: 46627 } attrs { promote: true } } }
I20260630 12:20:31.142976 28948 raft_consensus.cc:2955] T 8028bc7c92ad4d6bb7867ecf527e3262 P b8dbf2a4a9e1460e9e861bd19523824e [term 2 FOLLOWER]: Committing config change with OpId 2.3: config changed from index -1 to 3, NON_VOTER e9460b37ab2f42ddb3d1482815ff964e (127.26.111.4) added. New config: { opid_index: 3 OBSOLETE_local: false peers { permanent_uuid: "74149bae89244002b64a17ee480bae4e" member_type: VOTER last_known_addr { host: "127.26.111.1" port: 32793 } } peers { permanent_uuid: "56122a3a5f534f74a5e20f302d8d9b26" member_type: VOTER last_known_addr { host: "127.26.111.2" port: 45139 } } peers { permanent_uuid: "b8dbf2a4a9e1460e9e861bd19523824e" member_type: VOTER last_known_addr { host: "127.26.111.3" port: 40395 } attrs { replace: true } } peers { permanent_uuid: "e9460b37ab2f42ddb3d1482815ff964e" member_type: NON_VOTER last_known_addr { host: "127.26.111.4" port: 46627 } attrs { promote: true } } }
W20260630 12:20:31.145401 28838 consensus_peers.cc:597] T 8028bc7c92ad4d6bb7867ecf527e3262 P 56122a3a5f534f74a5e20f302d8d9b26 -> Peer e9460b37ab2f42ddb3d1482815ff964e (127.26.111.4:46627): Couldn't send request to peer e9460b37ab2f42ddb3d1482815ff964e. Error code: TABLET_NOT_FOUND (6). Status: Not found: Tablet not found: 8028bc7c92ad4d6bb7867ecf527e3262. This is attempt 1: this message will repeat every 5th retry.
I20260630 12:20:31.149008 28799 raft_consensus.cc:2955] T 8028bc7c92ad4d6bb7867ecf527e3262 P 74149bae89244002b64a17ee480bae4e [term 2 FOLLOWER]: Committing config change with OpId 2.3: config changed from index -1 to 3, NON_VOTER e9460b37ab2f42ddb3d1482815ff964e (127.26.111.4) added. New config: { opid_index: 3 OBSOLETE_local: false peers { permanent_uuid: "74149bae89244002b64a17ee480bae4e" member_type: VOTER last_known_addr { host: "127.26.111.1" port: 32793 } } peers { permanent_uuid: "56122a3a5f534f74a5e20f302d8d9b26" member_type: VOTER last_known_addr { host: "127.26.111.2" port: 45139 } } peers { permanent_uuid: "b8dbf2a4a9e1460e9e861bd19523824e" member_type: VOTER last_known_addr { host: "127.26.111.3" port: 40395 } attrs { replace: true } } peers { permanent_uuid: "e9460b37ab2f42ddb3d1482815ff964e" member_type: NON_VOTER last_known_addr { host: "127.26.111.4" port: 46627 } attrs { promote: true } } }
I20260630 12:20:31.162428 28694 catalog_manager.cc:5697] T 8028bc7c92ad4d6bb7867ecf527e3262 P 56122a3a5f534f74a5e20f302d8d9b26 reported cstate change: config changed from index -1 to 3, NON_VOTER e9460b37ab2f42ddb3d1482815ff964e (127.26.111.4) added. New cstate: current_term: 2 leader_uuid: "56122a3a5f534f74a5e20f302d8d9b26" committed_config { opid_index: 3 OBSOLETE_local: false peers { permanent_uuid: "74149bae89244002b64a17ee480bae4e" member_type: VOTER last_known_addr { host: "127.26.111.1" port: 32793 } health_report { overall_health: HEALTHY } } peers { permanent_uuid: "56122a3a5f534f74a5e20f302d8d9b26" member_type: VOTER last_known_addr { host: "127.26.111.2" port: 45139 } health_report { overall_health: HEALTHY } } peers { permanent_uuid: "b8dbf2a4a9e1460e9e861bd19523824e" member_type: VOTER last_known_addr { host: "127.26.111.3" port: 40395 } attrs { replace: true } health_report { overall_health: HEALTHY } } peers { permanent_uuid: "e9460b37ab2f42ddb3d1482815ff964e" member_type: NON_VOTER last_known_addr { host: "127.26.111.4" port: 46627 } attrs { promote: true } health_report { overall_health: UNKNOWN } } }
I20260630 12:20:31.691087 29124 ts_tablet_manager.cc:933] T 8028bc7c92ad4d6bb7867ecf527e3262 P e9460b37ab2f42ddb3d1482815ff964e: Initiating tablet copy from peer 56122a3a5f534f74a5e20f302d8d9b26 (127.26.111.2:45139)
I20260630 12:20:31.693578 29124 tablet_copy_client.cc:323] T 8028bc7c92ad4d6bb7867ecf527e3262 P e9460b37ab2f42ddb3d1482815ff964e: tablet copy: Beginning tablet copy session from remote peer at address 127.26.111.2:45139
I20260630 12:20:31.707123 28884 tablet_copy_service.cc:140] P 56122a3a5f534f74a5e20f302d8d9b26: Received BeginTabletCopySession request for tablet 8028bc7c92ad4d6bb7867ecf527e3262 from peer e9460b37ab2f42ddb3d1482815ff964e ({username='slave'} at 127.0.0.1:59156)
I20260630 12:20:31.707800 28884 tablet_copy_service.cc:161] P 56122a3a5f534f74a5e20f302d8d9b26: Beginning new tablet copy session on tablet 8028bc7c92ad4d6bb7867ecf527e3262 from peer e9460b37ab2f42ddb3d1482815ff964e at {username='slave'} at 127.0.0.1:59156: session id = e9460b37ab2f42ddb3d1482815ff964e-8028bc7c92ad4d6bb7867ecf527e3262
I20260630 12:20:31.716334 28884 tablet_copy_source_session.cc:215] T 8028bc7c92ad4d6bb7867ecf527e3262 P 56122a3a5f534f74a5e20f302d8d9b26: Tablet Copy: opened 0 blocks and 1 log segments
I20260630 12:20:31.721436 29124 data_dirs.cc:400] Could only allocate 1 dirs of requested 3 for tablet 8028bc7c92ad4d6bb7867ecf527e3262. 1 dirs total, 0 dirs full, 0 dirs failed
I20260630 12:20:31.736622 29124 tablet_copy_client.cc:806] T 8028bc7c92ad4d6bb7867ecf527e3262 P e9460b37ab2f42ddb3d1482815ff964e: tablet copy: Starting download of 0 data blocks...
I20260630 12:20:31.737350 29124 tablet_copy_client.cc:670] T 8028bc7c92ad4d6bb7867ecf527e3262 P e9460b37ab2f42ddb3d1482815ff964e: tablet copy: Starting download of 1 WAL segments...
I20260630 12:20:31.741878 29124 tablet_copy_client.cc:538] T 8028bc7c92ad4d6bb7867ecf527e3262 P e9460b37ab2f42ddb3d1482815ff964e: tablet copy: Tablet Copy complete. Replacing tablet superblock.
I20260630 12:20:31.749279 29124 tablet_bootstrap.cc:492] T 8028bc7c92ad4d6bb7867ecf527e3262 P e9460b37ab2f42ddb3d1482815ff964e: Bootstrap starting.
I20260630 12:20:31.768913 29124 tablet_bootstrap.cc:492] T 8028bc7c92ad4d6bb7867ecf527e3262 P e9460b37ab2f42ddb3d1482815ff964e: Bootstrap replayed 1/1 log segments. Stats: ops{read=3 overwritten=0 applied=3 ignored=0} inserts{seen=0 ignored=0} mutations{seen=0 ignored=0} orphaned_commits=0. Pending: 0 replicates
I20260630 12:20:31.769760 29124 tablet_bootstrap.cc:492] T 8028bc7c92ad4d6bb7867ecf527e3262 P e9460b37ab2f42ddb3d1482815ff964e: Bootstrap complete.
I20260630 12:20:31.770375 29124 ts_tablet_manager.cc:1403] T 8028bc7c92ad4d6bb7867ecf527e3262 P e9460b37ab2f42ddb3d1482815ff964e: Time spent bootstrapping tablet: real 0.021s	user 0.012s	sys 0.008s
I20260630 12:20:31.773306 29124 raft_consensus.cc:359] T 8028bc7c92ad4d6bb7867ecf527e3262 P e9460b37ab2f42ddb3d1482815ff964e [term 2 LEARNER]: Replica starting. Triggering 0 pending ops. Active config: opid_index: 3 OBSOLETE_local: false peers { permanent_uuid: "74149bae89244002b64a17ee480bae4e" member_type: VOTER last_known_addr { host: "127.26.111.1" port: 32793 } } peers { permanent_uuid: "56122a3a5f534f74a5e20f302d8d9b26" member_type: VOTER last_known_addr { host: "127.26.111.2" port: 45139 } } peers { permanent_uuid: "b8dbf2a4a9e1460e9e861bd19523824e" member_type: VOTER last_known_addr { host: "127.26.111.3" port: 40395 } attrs { replace: true } } peers { permanent_uuid: "e9460b37ab2f42ddb3d1482815ff964e" member_type: NON_VOTER last_known_addr { host: "127.26.111.4" port: 46627 } attrs { promote: true } }
I20260630 12:20:31.774305 29124 raft_consensus.cc:740] T 8028bc7c92ad4d6bb7867ecf527e3262 P e9460b37ab2f42ddb3d1482815ff964e [term 2 LEARNER]: Becoming Follower/Learner. State: Replica: e9460b37ab2f42ddb3d1482815ff964e, State: Initialized, Role: LEARNER
I20260630 12:20:31.774958 29124 consensus_queue.cc:260] T 8028bc7c92ad4d6bb7867ecf527e3262 P e9460b37ab2f42ddb3d1482815ff964e [NON_LEADER]: Queue going to NON_LEADER mode. State: All replicated index: 0, Majority replicated index: 0, Committed index: 3, Last appended: 2.3, Last appended by leader: 3, Current term: 0, Majority size: -1, State: 0, Mode: NON_LEADER, active raft config: opid_index: 3 OBSOLETE_local: false peers { permanent_uuid: "74149bae89244002b64a17ee480bae4e" member_type: VOTER last_known_addr { host: "127.26.111.1" port: 32793 } } peers { permanent_uuid: "56122a3a5f534f74a5e20f302d8d9b26" member_type: VOTER last_known_addr { host: "127.26.111.2" port: 45139 } } peers { permanent_uuid: "b8dbf2a4a9e1460e9e861bd19523824e" member_type: VOTER last_known_addr { host: "127.26.111.3" port: 40395 } attrs { replace: true } } peers { permanent_uuid: "e9460b37ab2f42ddb3d1482815ff964e" member_type: NON_VOTER last_known_addr { host: "127.26.111.4" port: 46627 } attrs { promote: true } }
I20260630 12:20:31.778627 29124 ts_tablet_manager.cc:1434] T 8028bc7c92ad4d6bb7867ecf527e3262 P e9460b37ab2f42ddb3d1482815ff964e: Time spent starting tablet: real 0.008s	user 0.010s	sys 0.001s
I20260630 12:20:31.780876 28884 tablet_copy_service.cc:342] P 56122a3a5f534f74a5e20f302d8d9b26: Request end of tablet copy session e9460b37ab2f42ddb3d1482815ff964e-8028bc7c92ad4d6bb7867ecf527e3262 received from {username='slave'} at 127.0.0.1:59156
I20260630 12:20:31.781422 28884 tablet_copy_service.cc:434] P 56122a3a5f534f74a5e20f302d8d9b26: ending tablet copy session e9460b37ab2f42ddb3d1482815ff964e-8028bc7c92ad4d6bb7867ecf527e3262 on tablet 8028bc7c92ad4d6bb7867ecf527e3262 with peer e9460b37ab2f42ddb3d1482815ff964e
I20260630 12:20:32.147519 29081 raft_consensus.cc:1217] T 8028bc7c92ad4d6bb7867ecf527e3262 P e9460b37ab2f42ddb3d1482815ff964e [term 2 LEARNER]: Deduplicated request from leader. Original: 2.2->[2.3-2.3]   Dedup: 2.3->[]
I20260630 12:20:32.753146 29132 raft_consensus.cc:1064] T 8028bc7c92ad4d6bb7867ecf527e3262 P 56122a3a5f534f74a5e20f302d8d9b26: attempting to promote NON_VOTER e9460b37ab2f42ddb3d1482815ff964e to VOTER
I20260630 12:20:32.755461 29132 consensus_queue.cc:237] T 8028bc7c92ad4d6bb7867ecf527e3262 P 56122a3a5f534f74a5e20f302d8d9b26 [LEADER]: Queue going to LEADER mode. State: All replicated index: 0, Majority replicated index: 3, Committed index: 3, Last appended: 2.3, Last appended by leader: 1, Current term: 2, Majority size: 3, State: 0, Mode: LEADER, active raft config: opid_index: 4 OBSOLETE_local: false peers { permanent_uuid: "74149bae89244002b64a17ee480bae4e" member_type: VOTER last_known_addr { host: "127.26.111.1" port: 32793 } } peers { permanent_uuid: "56122a3a5f534f74a5e20f302d8d9b26" member_type: VOTER last_known_addr { host: "127.26.111.2" port: 45139 } } peers { permanent_uuid: "b8dbf2a4a9e1460e9e861bd19523824e" member_type: VOTER last_known_addr { host: "127.26.111.3" port: 40395 } attrs { replace: true } } peers { permanent_uuid: "e9460b37ab2f42ddb3d1482815ff964e" member_type: VOTER last_known_addr { host: "127.26.111.4" port: 46627 } attrs { promote: false } }
I20260630 12:20:32.763118 29081 raft_consensus.cc:1275] T 8028bc7c92ad4d6bb7867ecf527e3262 P e9460b37ab2f42ddb3d1482815ff964e [term 2 LEARNER]: Refusing update from remote peer 56122a3a5f534f74a5e20f302d8d9b26: Log matching property violated. Preceding OpId in replica: term: 2 index: 3. Preceding OpId from leader: term: 2 index: 4. (index mismatch)
I20260630 12:20:32.765450 29132 consensus_queue.cc:1048] T 8028bc7c92ad4d6bb7867ecf527e3262 P 56122a3a5f534f74a5e20f302d8d9b26 [LEADER]: Connected to new peer: Peer: permanent_uuid: "e9460b37ab2f42ddb3d1482815ff964e" member_type: VOTER last_known_addr { host: "127.26.111.4" port: 46627 } attrs { promote: false }, Status: LMP_MISMATCH, Last received: 0.0, Next index: 4, Last known committed idx: 3, Time since last communication: 0.000s
I20260630 12:20:32.766805 28948 raft_consensus.cc:1275] T 8028bc7c92ad4d6bb7867ecf527e3262 P b8dbf2a4a9e1460e9e861bd19523824e [term 2 FOLLOWER]: Refusing update from remote peer 56122a3a5f534f74a5e20f302d8d9b26: Log matching property violated. Preceding OpId in replica: term: 2 index: 3. Preceding OpId from leader: term: 2 index: 4. (index mismatch)
I20260630 12:20:32.767199 28799 raft_consensus.cc:1275] T 8028bc7c92ad4d6bb7867ecf527e3262 P 74149bae89244002b64a17ee480bae4e [term 2 FOLLOWER]: Refusing update from remote peer 56122a3a5f534f74a5e20f302d8d9b26: Log matching property violated. Preceding OpId in replica: term: 2 index: 3. Preceding OpId from leader: term: 2 index: 4. (index mismatch)
I20260630 12:20:32.774410 29133 consensus_queue.cc:1048] T 8028bc7c92ad4d6bb7867ecf527e3262 P 56122a3a5f534f74a5e20f302d8d9b26 [LEADER]: Connected to new peer: Peer: permanent_uuid: "b8dbf2a4a9e1460e9e861bd19523824e" member_type: VOTER last_known_addr { host: "127.26.111.3" port: 40395 } attrs { replace: true }, Status: LMP_MISMATCH, Last received: 0.0, Next index: 4, Last known committed idx: 3, Time since last communication: 0.000s
I20260630 12:20:32.775563 29135 consensus_queue.cc:1048] T 8028bc7c92ad4d6bb7867ecf527e3262 P 56122a3a5f534f74a5e20f302d8d9b26 [LEADER]: Connected to new peer: Peer: permanent_uuid: "74149bae89244002b64a17ee480bae4e" member_type: VOTER last_known_addr { host: "127.26.111.1" port: 32793 }, Status: LMP_MISMATCH, Last received: 0.0, Next index: 4, Last known committed idx: 3, Time since last communication: 0.001s
I20260630 12:20:32.787845 29135 raft_consensus.cc:2955] T 8028bc7c92ad4d6bb7867ecf527e3262 P 56122a3a5f534f74a5e20f302d8d9b26 [term 2 LEADER]: Committing config change with OpId 2.4: config changed from index 3 to 4, e9460b37ab2f42ddb3d1482815ff964e (127.26.111.4) changed from NON_VOTER to VOTER. New config: { opid_index: 4 OBSOLETE_local: false peers { permanent_uuid: "74149bae89244002b64a17ee480bae4e" member_type: VOTER last_known_addr { host: "127.26.111.1" port: 32793 } } peers { permanent_uuid: "56122a3a5f534f74a5e20f302d8d9b26" member_type: VOTER last_known_addr { host: "127.26.111.2" port: 45139 } } peers { permanent_uuid: "b8dbf2a4a9e1460e9e861bd19523824e" member_type: VOTER last_known_addr { host: "127.26.111.3" port: 40395 } attrs { replace: true } } peers { permanent_uuid: "e9460b37ab2f42ddb3d1482815ff964e" member_type: VOTER last_known_addr { host: "127.26.111.4" port: 46627 } attrs { promote: false } } }
I20260630 12:20:32.789937 28799 raft_consensus.cc:2955] T 8028bc7c92ad4d6bb7867ecf527e3262 P 74149bae89244002b64a17ee480bae4e [term 2 FOLLOWER]: Committing config change with OpId 2.4: config changed from index 3 to 4, e9460b37ab2f42ddb3d1482815ff964e (127.26.111.4) changed from NON_VOTER to VOTER. New config: { opid_index: 4 OBSOLETE_local: false peers { permanent_uuid: "74149bae89244002b64a17ee480bae4e" member_type: VOTER last_known_addr { host: "127.26.111.1" port: 32793 } } peers { permanent_uuid: "56122a3a5f534f74a5e20f302d8d9b26" member_type: VOTER last_known_addr { host: "127.26.111.2" port: 45139 } } peers { permanent_uuid: "b8dbf2a4a9e1460e9e861bd19523824e" member_type: VOTER last_known_addr { host: "127.26.111.3" port: 40395 } attrs { replace: true } } peers { permanent_uuid: "e9460b37ab2f42ddb3d1482815ff964e" member_type: VOTER last_known_addr { host: "127.26.111.4" port: 46627 } attrs { promote: false } } }
I20260630 12:20:32.804793 29081 raft_consensus.cc:2955] T 8028bc7c92ad4d6bb7867ecf527e3262 P e9460b37ab2f42ddb3d1482815ff964e [term 2 FOLLOWER]: Committing config change with OpId 2.4: config changed from index 3 to 4, e9460b37ab2f42ddb3d1482815ff964e (127.26.111.4) changed from NON_VOTER to VOTER. New config: { opid_index: 4 OBSOLETE_local: false peers { permanent_uuid: "74149bae89244002b64a17ee480bae4e" member_type: VOTER last_known_addr { host: "127.26.111.1" port: 32793 } } peers { permanent_uuid: "56122a3a5f534f74a5e20f302d8d9b26" member_type: VOTER last_known_addr { host: "127.26.111.2" port: 45139 } } peers { permanent_uuid: "b8dbf2a4a9e1460e9e861bd19523824e" member_type: VOTER last_known_addr { host: "127.26.111.3" port: 40395 } attrs { replace: true } } peers { permanent_uuid: "e9460b37ab2f42ddb3d1482815ff964e" member_type: VOTER last_known_addr { host: "127.26.111.4" port: 46627 } attrs { promote: false } } }
I20260630 12:20:32.809995 28947 raft_consensus.cc:2955] T 8028bc7c92ad4d6bb7867ecf527e3262 P b8dbf2a4a9e1460e9e861bd19523824e [term 2 FOLLOWER]: Committing config change with OpId 2.4: config changed from index 3 to 4, e9460b37ab2f42ddb3d1482815ff964e (127.26.111.4) changed from NON_VOTER to VOTER. New config: { opid_index: 4 OBSOLETE_local: false peers { permanent_uuid: "74149bae89244002b64a17ee480bae4e" member_type: VOTER last_known_addr { host: "127.26.111.1" port: 32793 } } peers { permanent_uuid: "56122a3a5f534f74a5e20f302d8d9b26" member_type: VOTER last_known_addr { host: "127.26.111.2" port: 45139 } } peers { permanent_uuid: "b8dbf2a4a9e1460e9e861bd19523824e" member_type: VOTER last_known_addr { host: "127.26.111.3" port: 40395 } attrs { replace: true } } peers { permanent_uuid: "e9460b37ab2f42ddb3d1482815ff964e" member_type: VOTER last_known_addr { host: "127.26.111.4" port: 46627 } attrs { promote: false } } }
I20260630 12:20:32.815995 28695 catalog_manager.cc:5697] T 8028bc7c92ad4d6bb7867ecf527e3262 P 74149bae89244002b64a17ee480bae4e reported cstate change: config changed from index 3 to 4, e9460b37ab2f42ddb3d1482815ff964e (127.26.111.4) changed from NON_VOTER to VOTER. New cstate: current_term: 2 leader_uuid: "56122a3a5f534f74a5e20f302d8d9b26" committed_config { opid_index: 4 OBSOLETE_local: false peers { permanent_uuid: "74149bae89244002b64a17ee480bae4e" member_type: VOTER last_known_addr { host: "127.26.111.1" port: 32793 } } peers { permanent_uuid: "56122a3a5f534f74a5e20f302d8d9b26" member_type: VOTER last_known_addr { host: "127.26.111.2" port: 45139 } } peers { permanent_uuid: "b8dbf2a4a9e1460e9e861bd19523824e" member_type: VOTER last_known_addr { host: "127.26.111.3" port: 40395 } attrs { replace: true } } peers { permanent_uuid: "e9460b37ab2f42ddb3d1482815ff964e" member_type: VOTER last_known_addr { host: "127.26.111.4" port: 46627 } attrs { promote: false } } }
I20260630 12:20:32.847426 28873 consensus_queue.cc:237] T 8028bc7c92ad4d6bb7867ecf527e3262 P 56122a3a5f534f74a5e20f302d8d9b26 [LEADER]: Queue going to LEADER mode. State: All replicated index: 0, Majority replicated index: 4, Committed index: 4, Last appended: 2.4, Last appended by leader: 1, Current term: 2, Majority size: 2, State: 0, Mode: LEADER, active raft config: opid_index: 5 OBSOLETE_local: false peers { permanent_uuid: "74149bae89244002b64a17ee480bae4e" member_type: VOTER last_known_addr { host: "127.26.111.1" port: 32793 } } peers { permanent_uuid: "56122a3a5f534f74a5e20f302d8d9b26" member_type: VOTER last_known_addr { host: "127.26.111.2" port: 45139 } } peers { permanent_uuid: "e9460b37ab2f42ddb3d1482815ff964e" member_type: VOTER last_known_addr { host: "127.26.111.4" port: 46627 } attrs { promote: false } }
I20260630 12:20:32.853129 29081 raft_consensus.cc:1275] T 8028bc7c92ad4d6bb7867ecf527e3262 P e9460b37ab2f42ddb3d1482815ff964e [term 2 FOLLOWER]: Refusing update from remote peer 56122a3a5f534f74a5e20f302d8d9b26: Log matching property violated. Preceding OpId in replica: term: 2 index: 4. Preceding OpId from leader: term: 2 index: 5. (index mismatch)
I20260630 12:20:32.853766 28799 raft_consensus.cc:1275] T 8028bc7c92ad4d6bb7867ecf527e3262 P 74149bae89244002b64a17ee480bae4e [term 2 FOLLOWER]: Refusing update from remote peer 56122a3a5f534f74a5e20f302d8d9b26: Log matching property violated. Preceding OpId in replica: term: 2 index: 4. Preceding OpId from leader: term: 2 index: 5. (index mismatch)
I20260630 12:20:32.854683 29132 consensus_queue.cc:1048] T 8028bc7c92ad4d6bb7867ecf527e3262 P 56122a3a5f534f74a5e20f302d8d9b26 [LEADER]: Connected to new peer: Peer: permanent_uuid: "e9460b37ab2f42ddb3d1482815ff964e" member_type: VOTER last_known_addr { host: "127.26.111.4" port: 46627 } attrs { promote: false }, Status: LMP_MISMATCH, Last received: 0.0, Next index: 5, Last known committed idx: 4, Time since last communication: 0.000s
I20260630 12:20:32.855435 29135 consensus_queue.cc:1048] T 8028bc7c92ad4d6bb7867ecf527e3262 P 56122a3a5f534f74a5e20f302d8d9b26 [LEADER]: Connected to new peer: Peer: permanent_uuid: "74149bae89244002b64a17ee480bae4e" member_type: VOTER last_known_addr { host: "127.26.111.1" port: 32793 }, Status: LMP_MISMATCH, Last received: 0.0, Next index: 5, Last known committed idx: 4, Time since last communication: 0.000s
I20260630 12:20:32.862175 29133 raft_consensus.cc:2955] T 8028bc7c92ad4d6bb7867ecf527e3262 P 56122a3a5f534f74a5e20f302d8d9b26 [term 2 LEADER]: Committing config change with OpId 2.5: config changed from index 4 to 5, VOTER b8dbf2a4a9e1460e9e861bd19523824e (127.26.111.3) evicted. New config: { opid_index: 5 OBSOLETE_local: false peers { permanent_uuid: "74149bae89244002b64a17ee480bae4e" member_type: VOTER last_known_addr { host: "127.26.111.1" port: 32793 } } peers { permanent_uuid: "56122a3a5f534f74a5e20f302d8d9b26" member_type: VOTER last_known_addr { host: "127.26.111.2" port: 45139 } } peers { permanent_uuid: "e9460b37ab2f42ddb3d1482815ff964e" member_type: VOTER last_known_addr { host: "127.26.111.4" port: 46627 } attrs { promote: false } } }
I20260630 12:20:32.864223 28799 raft_consensus.cc:2955] T 8028bc7c92ad4d6bb7867ecf527e3262 P 74149bae89244002b64a17ee480bae4e [term 2 FOLLOWER]: Committing config change with OpId 2.5: config changed from index 4 to 5, VOTER b8dbf2a4a9e1460e9e861bd19523824e (127.26.111.3) evicted. New config: { opid_index: 5 OBSOLETE_local: false peers { permanent_uuid: "74149bae89244002b64a17ee480bae4e" member_type: VOTER last_known_addr { host: "127.26.111.1" port: 32793 } } peers { permanent_uuid: "56122a3a5f534f74a5e20f302d8d9b26" member_type: VOTER last_known_addr { host: "127.26.111.2" port: 45139 } } peers { permanent_uuid: "e9460b37ab2f42ddb3d1482815ff964e" member_type: VOTER last_known_addr { host: "127.26.111.4" port: 46627 } attrs { promote: false } } }
I20260630 12:20:32.867756 29081 raft_consensus.cc:2955] T 8028bc7c92ad4d6bb7867ecf527e3262 P e9460b37ab2f42ddb3d1482815ff964e [term 2 FOLLOWER]: Committing config change with OpId 2.5: config changed from index 4 to 5, VOTER b8dbf2a4a9e1460e9e861bd19523824e (127.26.111.3) evicted. New config: { opid_index: 5 OBSOLETE_local: false peers { permanent_uuid: "74149bae89244002b64a17ee480bae4e" member_type: VOTER last_known_addr { host: "127.26.111.1" port: 32793 } } peers { permanent_uuid: "56122a3a5f534f74a5e20f302d8d9b26" member_type: VOTER last_known_addr { host: "127.26.111.2" port: 45139 } } peers { permanent_uuid: "e9460b37ab2f42ddb3d1482815ff964e" member_type: VOTER last_known_addr { host: "127.26.111.4" port: 46627 } attrs { promote: false } } }
I20260630 12:20:32.871029 28684 catalog_manager.cc:5210] ChangeConfig:REMOVE_PEER RPC for tablet 8028bc7c92ad4d6bb7867ecf527e3262 with cas_config_opid_index 4: ChangeConfig:REMOVE_PEER succeeded (attempt 1)
I20260630 12:20:32.879778 28696 catalog_manager.cc:5697] T 8028bc7c92ad4d6bb7867ecf527e3262 P 56122a3a5f534f74a5e20f302d8d9b26 reported cstate change: config changed from index 4 to 5, VOTER b8dbf2a4a9e1460e9e861bd19523824e (127.26.111.3) evicted. New cstate: current_term: 2 leader_uuid: "56122a3a5f534f74a5e20f302d8d9b26" committed_config { opid_index: 5 OBSOLETE_local: false peers { permanent_uuid: "74149bae89244002b64a17ee480bae4e" member_type: VOTER last_known_addr { host: "127.26.111.1" port: 32793 } health_report { overall_health: HEALTHY } } peers { permanent_uuid: "56122a3a5f534f74a5e20f302d8d9b26" member_type: VOTER last_known_addr { host: "127.26.111.2" port: 45139 } health_report { overall_health: HEALTHY } } peers { permanent_uuid: "e9460b37ab2f42ddb3d1482815ff964e" member_type: VOTER last_known_addr { host: "127.26.111.4" port: 46627 } attrs { promote: false } health_report { overall_health: HEALTHY } } }
I20260630 12:20:32.891124 28938 tablet_service.cc:1558] Processing DeleteTablet for tablet 8028bc7c92ad4d6bb7867ecf527e3262 with delete_type TABLET_DATA_TOMBSTONED (TS b8dbf2a4a9e1460e9e861bd19523824e not found in new config with opid_index 5) from {username='slave'} at 127.0.0.1:59288
I20260630 12:20:32.894518 29146 tablet_replica.cc:333] T 8028bc7c92ad4d6bb7867ecf527e3262 P b8dbf2a4a9e1460e9e861bd19523824e: stopping tablet replica
I20260630 12:20:32.895242 29146 raft_consensus.cc:2243] T 8028bc7c92ad4d6bb7867ecf527e3262 P b8dbf2a4a9e1460e9e861bd19523824e [term 2 FOLLOWER]: Raft consensus shutting down.
I20260630 12:20:32.895977 29146 raft_consensus.cc:2272] T 8028bc7c92ad4d6bb7867ecf527e3262 P b8dbf2a4a9e1460e9e861bd19523824e [term 2 FOLLOWER]: Raft consensus is shut down!
I20260630 12:20:32.898665 29146 ts_tablet_manager.cc:1916] T 8028bc7c92ad4d6bb7867ecf527e3262 P b8dbf2a4a9e1460e9e861bd19523824e: Deleting tablet data with delete state TABLET_DATA_TOMBSTONED
I20260630 12:20:32.910800 29146 ts_tablet_manager.cc:1929] T 8028bc7c92ad4d6bb7867ecf527e3262 P b8dbf2a4a9e1460e9e861bd19523824e: tablet deleted with delete type TABLET_DATA_TOMBSTONED: last-logged OpId 2.4
I20260630 12:20:32.911240 29146 log.cc:1199] T 8028bc7c92ad4d6bb7867ecf527e3262 P b8dbf2a4a9e1460e9e861bd19523824e: Deleting WAL directory at /tmp/dist-test-taskV23EU3/test-tmp/auto_rebalancer-test.0.AutoRebalancerTest.MovesScheduledIfAddTserver.1782821991313566-27068-0/minicluster-data/ts-2-root/wals/8028bc7c92ad4d6bb7867ecf527e3262
I20260630 12:20:32.912727 28681 catalog_manager.cc:5028] TS b8dbf2a4a9e1460e9e861bd19523824e (127.26.111.3:40395): tablet 8028bc7c92ad4d6bb7867ecf527e3262 (table test-workload [id=bba75c415bad4418a8a1066f7eef3f1f]) successfully deleted
I20260630 12:20:33.091698 28750 auto_leader_rebalancer.cc:141] leader rebalance for table test-workload
I20260630 12:20:33.094168 28750 auto_leader_rebalancer.cc:440] table: test-workload, leader rebalance finish, leader transfer count: 0
I20260630 12:20:33.094636 28750 auto_leader_rebalancer.cc:515] All tables' leader rebalancing finished this round
I20260630 12:20:35.095625 28750 auto_leader_rebalancer.cc:141] leader rebalance for table test-workload
I20260630 12:20:35.097695 28750 auto_leader_rebalancer.cc:440] table: test-workload, leader rebalance finish, leader transfer count: 0
I20260630 12:20:35.098129 28750 auto_leader_rebalancer.cc:515] All tables' leader rebalancing finished this round
I20260630 12:20:37.099222 28750 auto_leader_rebalancer.cc:141] leader rebalance for table test-workload
I20260630 12:20:37.101490 28750 auto_leader_rebalancer.cc:440] table: test-workload, leader rebalance finish, leader transfer count: 0
I20260630 12:20:37.101894 28750 auto_leader_rebalancer.cc:515] All tables' leader rebalancing finished this round
I20260630 12:20:39.102986 28750 auto_leader_rebalancer.cc:141] leader rebalance for table test-workload
I20260630 12:20:39.105130 28750 auto_leader_rebalancer.cc:440] table: test-workload, leader rebalance finish, leader transfer count: 0
I20260630 12:20:39.105525 28750 auto_leader_rebalancer.cc:515] All tables' leader rebalancing finished this round
I20260630 12:20:40.415724 29150 raft_consensus.cc:493] T f13a779dc6904e4baac0bffd434971a2 P 56122a3a5f534f74a5e20f302d8d9b26 [term 1 FOLLOWER]: Starting pre-election (detected failure of leader b8dbf2a4a9e1460e9e861bd19523824e)
I20260630 12:20:40.416743 29150 raft_consensus.cc:515] T f13a779dc6904e4baac0bffd434971a2 P 56122a3a5f534f74a5e20f302d8d9b26 [term 1 FOLLOWER]: Starting pre-election with config: opid_index: -1 OBSOLETE_local: false peers { permanent_uuid: "b8dbf2a4a9e1460e9e861bd19523824e" member_type: VOTER last_known_addr { host: "127.26.111.3" port: 40395 } } peers { permanent_uuid: "74149bae89244002b64a17ee480bae4e" member_type: VOTER last_known_addr { host: "127.26.111.1" port: 32793 } } peers { permanent_uuid: "56122a3a5f534f74a5e20f302d8d9b26" member_type: VOTER last_known_addr { host: "127.26.111.2" port: 45139 } }
I20260630 12:20:40.420114 29150 leader_election.cc:290] T f13a779dc6904e4baac0bffd434971a2 P 56122a3a5f534f74a5e20f302d8d9b26 [CANDIDATE]: Term 2 pre-election: Requested pre-vote from peers b8dbf2a4a9e1460e9e861bd19523824e (127.26.111.3:40395), 74149bae89244002b64a17ee480bae4e (127.26.111.1:32793)
I20260630 12:20:40.449973 28947 tablet_service.cc:1917] Received RequestConsensusVote() RPC: tablet_id: "f13a779dc6904e4baac0bffd434971a2" candidate_uuid: "56122a3a5f534f74a5e20f302d8d9b26" candidate_term: 2 candidate_status { last_received { term: 1 index: 1 } } ignore_live_leader: false dest_uuid: "b8dbf2a4a9e1460e9e861bd19523824e" is_pre_election: true
I20260630 12:20:40.452246 29151 raft_consensus.cc:493] T f13a779dc6904e4baac0bffd434971a2 P 74149bae89244002b64a17ee480bae4e [term 1 FOLLOWER]: Starting pre-election (detected failure of leader b8dbf2a4a9e1460e9e861bd19523824e)
I20260630 12:20:40.453425 29151 raft_consensus.cc:515] T f13a779dc6904e4baac0bffd434971a2 P 74149bae89244002b64a17ee480bae4e [term 1 FOLLOWER]: Starting pre-election with config: opid_index: -1 OBSOLETE_local: false peers { permanent_uuid: "b8dbf2a4a9e1460e9e861bd19523824e" member_type: VOTER last_known_addr { host: "127.26.111.3" port: 40395 } } peers { permanent_uuid: "74149bae89244002b64a17ee480bae4e" member_type: VOTER last_known_addr { host: "127.26.111.1" port: 32793 } } peers { permanent_uuid: "56122a3a5f534f74a5e20f302d8d9b26" member_type: VOTER last_known_addr { host: "127.26.111.2" port: 45139 } }
I20260630 12:20:40.470533 29151 leader_election.cc:290] T f13a779dc6904e4baac0bffd434971a2 P 74149bae89244002b64a17ee480bae4e [CANDIDATE]: Term 2 pre-election: Requested pre-vote from peers b8dbf2a4a9e1460e9e861bd19523824e (127.26.111.3:40395), 56122a3a5f534f74a5e20f302d8d9b26 (127.26.111.2:45139)
I20260630 12:20:40.471953 28799 tablet_service.cc:1917] Received RequestConsensusVote() RPC: tablet_id: "f13a779dc6904e4baac0bffd434971a2" candidate_uuid: "56122a3a5f534f74a5e20f302d8d9b26" candidate_term: 2 candidate_status { last_received { term: 1 index: 1 } } ignore_live_leader: false dest_uuid: "74149bae89244002b64a17ee480bae4e" is_pre_election: true
I20260630 12:20:40.474815 28839 leader_election.cc:304] T f13a779dc6904e4baac0bffd434971a2 P 56122a3a5f534f74a5e20f302d8d9b26 [CANDIDATE]: Term 2 pre-election: Election decided. Result: candidate lost. Election summary: received 3 responses out of 3 voters: 1 yes votes; 2 no votes. yes voters: 56122a3a5f534f74a5e20f302d8d9b26; no voters: 74149bae89244002b64a17ee480bae4e, b8dbf2a4a9e1460e9e861bd19523824e
I20260630 12:20:40.476222 29150 raft_consensus.cc:2749] T f13a779dc6904e4baac0bffd434971a2 P 56122a3a5f534f74a5e20f302d8d9b26 [term 1 FOLLOWER]: Leader pre-election lost for term 2. Reason: could not achieve majority
I20260630 12:20:40.493170 28947 tablet_service.cc:1917] Received RequestConsensusVote() RPC: tablet_id: "f13a779dc6904e4baac0bffd434971a2" candidate_uuid: "74149bae89244002b64a17ee480bae4e" candidate_term: 2 candidate_status { last_received { term: 1 index: 1 } } ignore_live_leader: false dest_uuid: "b8dbf2a4a9e1460e9e861bd19523824e" is_pre_election: true
I20260630 12:20:40.504770 28873 tablet_service.cc:1917] Received RequestConsensusVote() RPC: tablet_id: "f13a779dc6904e4baac0bffd434971a2" candidate_uuid: "74149bae89244002b64a17ee480bae4e" candidate_term: 2 candidate_status { last_received { term: 1 index: 1 } } ignore_live_leader: false dest_uuid: "56122a3a5f534f74a5e20f302d8d9b26" is_pre_election: true
I20260630 12:20:40.506134 28765 leader_election.cc:304] T f13a779dc6904e4baac0bffd434971a2 P 74149bae89244002b64a17ee480bae4e [CANDIDATE]: Term 2 pre-election: Election decided. Result: candidate lost. Election summary: received 3 responses out of 3 voters: 1 yes votes; 2 no votes. yes voters: 74149bae89244002b64a17ee480bae4e; no voters: 56122a3a5f534f74a5e20f302d8d9b26, b8dbf2a4a9e1460e9e861bd19523824e
I20260630 12:20:40.506788 29151 raft_consensus.cc:2749] T f13a779dc6904e4baac0bffd434971a2 P 74149bae89244002b64a17ee480bae4e [term 1 FOLLOWER]: Leader pre-election lost for term 2. Reason: could not achieve majority
I20260630 12:20:41.106565 28750 auto_leader_rebalancer.cc:141] leader rebalance for table test-workload
I20260630 12:20:41.108494 28750 auto_leader_rebalancer.cc:440] table: test-workload, leader rebalance finish, leader transfer count: 0
I20260630 12:20:41.108819 28750 auto_leader_rebalancer.cc:515] All tables' leader rebalancing finished this round
W20260630 12:20:41.451567 28728 debug-util.cc:398] Leaking SignalData structure 0x7b08001b49c0 after lost signal to thread 27071
W20260630 12:20:41.452579 28728 debug-util.cc:398] Leaking SignalData structure 0x7b08001ed580 after lost signal to thread 28731
W20260630 12:20:41.453653 28728 debug-util.cc:398] Leaking SignalData structure 0x7b080022c000 after lost signal to thread 28823
W20260630 12:20:41.455051 28728 debug-util.cc:398] Leaking SignalData structure 0x7b08001ef840 after lost signal to thread 28972
W20260630 12:20:41.455881 28728 debug-util.cc:398] Leaking SignalData structure 0x7b0800112fe0 after lost signal to thread 29105
I20260630 12:20:43.110042 28750 auto_leader_rebalancer.cc:141] leader rebalance for table test-workload
I20260630 12:20:43.112290 28750 auto_leader_rebalancer.cc:440] table: test-workload, leader rebalance finish, leader transfer count: 0
I20260630 12:20:43.112710 28750 auto_leader_rebalancer.cc:515] All tables' leader rebalancing finished this round
I20260630 12:20:45.113888 28750 auto_leader_rebalancer.cc:141] leader rebalance for table test-workload
I20260630 12:20:45.116904 28750 auto_leader_rebalancer.cc:440] table: test-workload, leader rebalance finish, leader transfer count: 0
I20260630 12:20:45.117812 28750 auto_leader_rebalancer.cc:515] All tables' leader rebalancing finished this round
I20260630 12:20:45.328977 27068 tablet_server.cc:179] TabletServer@127.26.111.1:0 shutting down...
I20260630 12:20:45.368431 27068 ts_tablet_manager.cc:1507] Shutting down tablet manager...
I20260630 12:20:45.369378 27068 tablet_replica.cc:333] T 8028bc7c92ad4d6bb7867ecf527e3262 P 74149bae89244002b64a17ee480bae4e: stopping tablet replica
I20260630 12:20:45.370023 27068 raft_consensus.cc:2243] T 8028bc7c92ad4d6bb7867ecf527e3262 P 74149bae89244002b64a17ee480bae4e [term 2 FOLLOWER]: Raft consensus shutting down.
I20260630 12:20:45.371177 27068 raft_consensus.cc:2272] T 8028bc7c92ad4d6bb7867ecf527e3262 P 74149bae89244002b64a17ee480bae4e [term 2 FOLLOWER]: Raft consensus is shut down!
I20260630 12:20:45.373422 27068 tablet_replica.cc:333] T f13a779dc6904e4baac0bffd434971a2 P 74149bae89244002b64a17ee480bae4e: stopping tablet replica
I20260630 12:20:45.373859 27068 raft_consensus.cc:2243] T f13a779dc6904e4baac0bffd434971a2 P 74149bae89244002b64a17ee480bae4e [term 1 FOLLOWER]: Raft consensus shutting down.
I20260630 12:20:45.374282 27068 raft_consensus.cc:2272] T f13a779dc6904e4baac0bffd434971a2 P 74149bae89244002b64a17ee480bae4e [term 1 FOLLOWER]: Raft consensus is shut down!
I20260630 12:20:45.398633 27068 tablet_server.cc:196] TabletServer@127.26.111.1:0 shutdown complete.
I20260630 12:20:45.412770 27068 tablet_server.cc:179] TabletServer@127.26.111.2:0 shutting down...
I20260630 12:20:45.436527 27068 ts_tablet_manager.cc:1507] Shutting down tablet manager...
I20260630 12:20:45.437368 27068 tablet_replica.cc:333] T f13a779dc6904e4baac0bffd434971a2 P 56122a3a5f534f74a5e20f302d8d9b26: stopping tablet replica
I20260630 12:20:45.438134 27068 raft_consensus.cc:2243] T f13a779dc6904e4baac0bffd434971a2 P 56122a3a5f534f74a5e20f302d8d9b26 [term 1 FOLLOWER]: Raft consensus shutting down.
I20260630 12:20:45.438685 27068 raft_consensus.cc:2272] T f13a779dc6904e4baac0bffd434971a2 P 56122a3a5f534f74a5e20f302d8d9b26 [term 1 FOLLOWER]: Raft consensus is shut down!
I20260630 12:20:45.440873 27068 tablet_replica.cc:333] T 8028bc7c92ad4d6bb7867ecf527e3262 P 56122a3a5f534f74a5e20f302d8d9b26: stopping tablet replica
I20260630 12:20:45.441310 27068 raft_consensus.cc:2243] T 8028bc7c92ad4d6bb7867ecf527e3262 P 56122a3a5f534f74a5e20f302d8d9b26 [term 2 LEADER]: Raft consensus shutting down.
I20260630 12:20:45.442193 27068 raft_consensus.cc:2272] T 8028bc7c92ad4d6bb7867ecf527e3262 P 56122a3a5f534f74a5e20f302d8d9b26 [term 2 FOLLOWER]: Raft consensus is shut down!
I20260630 12:20:45.464375 27068 tablet_server.cc:196] TabletServer@127.26.111.2:0 shutdown complete.
I20260630 12:20:45.477792 27068 tablet_server.cc:179] TabletServer@127.26.111.3:0 shutting down...
I20260630 12:20:45.508121 27068 ts_tablet_manager.cc:1507] Shutting down tablet manager...
I20260630 12:20:45.508986 27068 tablet_replica.cc:333] T f13a779dc6904e4baac0bffd434971a2 P b8dbf2a4a9e1460e9e861bd19523824e: stopping tablet replica
I20260630 12:20:45.509584 27068 raft_consensus.cc:2243] T f13a779dc6904e4baac0bffd434971a2 P b8dbf2a4a9e1460e9e861bd19523824e [term 1 LEADER]: Raft consensus shutting down.
I20260630 12:20:45.510545 27068 raft_consensus.cc:2272] T f13a779dc6904e4baac0bffd434971a2 P b8dbf2a4a9e1460e9e861bd19523824e [term 1 FOLLOWER]: Raft consensus is shut down!
I20260630 12:20:45.533520 27068 tablet_server.cc:196] TabletServer@127.26.111.3:0 shutdown complete.
I20260630 12:20:45.546346 27068 tablet_server.cc:179] TabletServer@127.26.111.4:0 shutting down...
I20260630 12:20:45.572839 27068 ts_tablet_manager.cc:1507] Shutting down tablet manager...
I20260630 12:20:45.573616 27068 tablet_replica.cc:333] T 8028bc7c92ad4d6bb7867ecf527e3262 P e9460b37ab2f42ddb3d1482815ff964e: stopping tablet replica
I20260630 12:20:45.574144 27068 raft_consensus.cc:2243] T 8028bc7c92ad4d6bb7867ecf527e3262 P e9460b37ab2f42ddb3d1482815ff964e [term 2 FOLLOWER]: Raft consensus shutting down.
I20260630 12:20:45.574780 27068 raft_consensus.cc:2272] T 8028bc7c92ad4d6bb7867ecf527e3262 P e9460b37ab2f42ddb3d1482815ff964e [term 2 FOLLOWER]: Raft consensus is shut down!
I20260630 12:20:45.594518 27068 tablet_server.cc:196] TabletServer@127.26.111.4:0 shutdown complete.
I20260630 12:20:45.605962 27068 master.cc:562] Master@127.26.111.62:39149 shutting down...
I20260630 12:20:45.625447 27068 raft_consensus.cc:2243] T 00000000000000000000000000000000 P c7108fd359214f0195598f3358339f19 [term 1 LEADER]: Raft consensus shutting down.
I20260630 12:20:45.626073 27068 raft_consensus.cc:2272] T 00000000000000000000000000000000 P c7108fd359214f0195598f3358339f19 [term 1 FOLLOWER]: Raft consensus is shut down!
I20260630 12:20:45.626381 27068 tablet_replica.cc:333] T 00000000000000000000000000000000 P c7108fd359214f0195598f3358339f19: stopping tablet replica
I20260630 12:20:45.669567 27068 master.cc:584] Master@127.26.111.62:39149 shutdown complete.
[       OK ] AutoRebalancerTest.MovesScheduledIfAddTserver (28818 ms)
[ RUN      ] AutoRebalancerTest.NoReplicaMovesIfNoTservers
I20260630 12:20:45.709794 27068 internal_mini_cluster.cc:156] Creating distributed mini masters. Addrs: 127.26.111.62:44861
I20260630 12:20:45.711017 27068 file_cache.cc:492] Constructed file cache file cache with capacity 419430
W20260630 12:20:45.717254 29158 instance_detector.cc:116] could not retrieve Azure instance metadata: Network error: curl error: HTTP response code said error: The requested URL returned error: 404
W20260630 12:20:45.717279 29157 instance_detector.cc:116] could not retrieve AWS instance metadata: Network error: curl error: HTTP response code said error: The requested URL returned error: 404
W20260630 12:20:45.718353 29160 instance_detector.cc:116] could not retrieve OpenStack instance metadata: Network error: curl error: HTTP response code said error: The requested URL returned error: 404
I20260630 12:20:45.719033 27068 server_base.cc:1061] running on GCE node
I20260630 12:20:45.720129 27068 hybrid_clock.cc:584] initializing the hybrid clock with 'system_unsync' time source
W20260630 12:20:45.720310 27068 system_unsync_time.cc:38] NTP support is disabled. Clock error bounds will not be accurate. This configuration is not suitable for distributed clusters.
I20260630 12:20:45.720515 27068 hybrid_clock.cc:648] HybridClock initialized: now 1782822045720481 us; error 0 us; skew 500 ppm
I20260630 12:20:45.721053 27068 server_base.cc:861] Flag tcmalloc_max_total_thread_cache_bytes is not working since tcmalloc is not enabled.
I20260630 12:20:45.723686 27068 webserver.cc:533] Webserver started at http://127.26.111.62:34785/ using document root <none> and password file <none>
I20260630 12:20:45.724182 27068 fs_manager.cc:362] Metadata directory not provided
I20260630 12:20:45.724352 27068 fs_manager.cc:368] Using write-ahead log directory (fs_wal_dir) as metadata directory
I20260630 12:20:45.724690 27068 server_base.cc:909] This appears to be a new deployment of Kudu; creating new FS layout
I20260630 12:20:45.725890 27068 fs_manager.cc:1068] Generated new instance metadata in path /tmp/dist-test-taskV23EU3/test-tmp/auto_rebalancer-test.0.AutoRebalancerTest.NoReplicaMovesIfNoTservers.1782821991313566-27068-0/minicluster-data/master-0-root/instance:
uuid: "e87e3eccfa474cb4b0d5ec05cd118ad2"
format_stamp: "Formatted at 2026-06-30 12:20:45 on dist-test-slave-9858"
I20260630 12:20:45.730790 27068 fs_manager.cc:696] Time spent creating directory manager: real 0.004s	user 0.006s	sys 0.000s
I20260630 12:20:45.734572 29165 log_block_manager.cc:4031] Time spent loading block containers with low live blocks: real 0.000s	user 0.000s	sys 0.000s
I20260630 12:20:45.735553 27068 fs_manager.cc:730] Time spent opening block manager: real 0.003s	user 0.003s	sys 0.000s
I20260630 12:20:45.735870 27068 fs_manager.cc:647] Opened local filesystem: /tmp/dist-test-taskV23EU3/test-tmp/auto_rebalancer-test.0.AutoRebalancerTest.NoReplicaMovesIfNoTservers.1782821991313566-27068-0/minicluster-data/master-0-root
uuid: "e87e3eccfa474cb4b0d5ec05cd118ad2"
format_stamp: "Formatted at 2026-06-30 12:20:45 on dist-test-slave-9858"
I20260630 12:20:45.736161 27068 fs_report.cc:389] FS layout report
--------------------
wal directory: /tmp/dist-test-taskV23EU3/test-tmp/auto_rebalancer-test.0.AutoRebalancerTest.NoReplicaMovesIfNoTservers.1782821991313566-27068-0/minicluster-data/master-0-root
metadata directory: /tmp/dist-test-taskV23EU3/test-tmp/auto_rebalancer-test.0.AutoRebalancerTest.NoReplicaMovesIfNoTservers.1782821991313566-27068-0/minicluster-data/master-0-root
1 data directories: /tmp/dist-test-taskV23EU3/test-tmp/auto_rebalancer-test.0.AutoRebalancerTest.NoReplicaMovesIfNoTservers.1782821991313566-27068-0/minicluster-data/master-0-root/data
Total live blocks: 0
Total live bytes: 0
Total live bytes (after alignment): 0
Total number of LBM containers: 0 (0 full)
Did not check for missing blocks
Did not check for orphaned blocks
Total full LBM containers with extra space: 0 (0 repaired)
Total full LBM container extra space in bytes: 0 (0 repaired)
Total incomplete LBM containers: 0 (0 repaired)
Total LBM partial records: 0 (0 repaired)
Total corrupted LBM metadata records in RocksDB: 0 (0 repaired)
I20260630 12:20:45.796221 27068 rpc_server.cc:225] running with OpenSSL 1.1.1  11 Sep 2018
I20260630 12:20:45.797523 27068 kserver.cc:163] Server-wide thread pool size limit: 3276
I20260630 12:20:45.838385 27068 rpc_server.cc:307] RPC server started. Bound to: 127.26.111.62:44861
I20260630 12:20:45.838485 29216 acceptor_pool.cc:272] collecting diagnostics on the listening RPC socket 127.26.111.62:44861 every 8 connection(s)
I20260630 12:20:45.843814 29217 data_dirs.cc:400] Could only allocate 1 dirs of requested 3 for tablet 00000000000000000000000000000000. 1 dirs total, 0 dirs full, 0 dirs failed
I20260630 12:20:45.855818 29217 tablet_bootstrap.cc:492] T 00000000000000000000000000000000 P e87e3eccfa474cb4b0d5ec05cd118ad2: Bootstrap starting.
I20260630 12:20:45.860685 29217 tablet_bootstrap.cc:654] T 00000000000000000000000000000000 P e87e3eccfa474cb4b0d5ec05cd118ad2: Neither blocks nor log segments found. Creating new log.
I20260630 12:20:45.865296 29217 tablet_bootstrap.cc:492] T 00000000000000000000000000000000 P e87e3eccfa474cb4b0d5ec05cd118ad2: No bootstrap required, opened a new log
I20260630 12:20:45.867710 29217 raft_consensus.cc:359] T 00000000000000000000000000000000 P e87e3eccfa474cb4b0d5ec05cd118ad2 [term 0 FOLLOWER]: Replica starting. Triggering 0 pending ops. Active config: opid_index: -1 OBSOLETE_local: true peers { permanent_uuid: "e87e3eccfa474cb4b0d5ec05cd118ad2" member_type: VOTER }
I20260630 12:20:45.868212 29217 raft_consensus.cc:385] T 00000000000000000000000000000000 P e87e3eccfa474cb4b0d5ec05cd118ad2 [term 0 FOLLOWER]: Consensus starting up: Expiring failure detector timer to make a prompt election more likely
I20260630 12:20:45.868450 29217 raft_consensus.cc:740] T 00000000000000000000000000000000 P e87e3eccfa474cb4b0d5ec05cd118ad2 [term 0 FOLLOWER]: Becoming Follower/Learner. State: Replica: e87e3eccfa474cb4b0d5ec05cd118ad2, State: Initialized, Role: FOLLOWER
I20260630 12:20:45.869102 29217 consensus_queue.cc:260] T 00000000000000000000000000000000 P e87e3eccfa474cb4b0d5ec05cd118ad2 [NON_LEADER]: Queue going to NON_LEADER mode. State: All replicated index: 0, Majority replicated index: 0, Committed index: 0, Last appended: 0.0, Last appended by leader: 0, Current term: 0, Majority size: -1, State: 0, Mode: NON_LEADER, active raft config: opid_index: -1 OBSOLETE_local: true peers { permanent_uuid: "e87e3eccfa474cb4b0d5ec05cd118ad2" member_type: VOTER }
I20260630 12:20:45.869629 29217 raft_consensus.cc:399] T 00000000000000000000000000000000 P e87e3eccfa474cb4b0d5ec05cd118ad2 [term 0 FOLLOWER]: Only one voter in the Raft config. Triggering election immediately
I20260630 12:20:45.869879 29217 raft_consensus.cc:493] T 00000000000000000000000000000000 P e87e3eccfa474cb4b0d5ec05cd118ad2 [term 0 FOLLOWER]: Starting leader election (initial election of a single-replica configuration)
I20260630 12:20:45.870154 29217 raft_consensus.cc:3060] T 00000000000000000000000000000000 P e87e3eccfa474cb4b0d5ec05cd118ad2 [term 0 FOLLOWER]: Advancing to term 1
I20260630 12:20:45.875250 29217 raft_consensus.cc:515] T 00000000000000000000000000000000 P e87e3eccfa474cb4b0d5ec05cd118ad2 [term 1 FOLLOWER]: Starting leader election with config: opid_index: -1 OBSOLETE_local: true peers { permanent_uuid: "e87e3eccfa474cb4b0d5ec05cd118ad2" member_type: VOTER }
I20260630 12:20:45.876078 29217 leader_election.cc:304] T 00000000000000000000000000000000 P e87e3eccfa474cb4b0d5ec05cd118ad2 [CANDIDATE]: Term 1 election: Election decided. Result: candidate won. Election summary: received 1 responses out of 1 voters: 1 yes votes; 0 no votes. yes voters: e87e3eccfa474cb4b0d5ec05cd118ad2; no voters: 
I20260630 12:20:45.877418 29217 leader_election.cc:290] T 00000000000000000000000000000000 P e87e3eccfa474cb4b0d5ec05cd118ad2 [CANDIDATE]: Term 1 election: Requested vote from peers 
I20260630 12:20:45.877852 29220 raft_consensus.cc:2804] T 00000000000000000000000000000000 P e87e3eccfa474cb4b0d5ec05cd118ad2 [term 1 FOLLOWER]: Leader election won for term 1
I20260630 12:20:45.879228 29220 raft_consensus.cc:697] T 00000000000000000000000000000000 P e87e3eccfa474cb4b0d5ec05cd118ad2 [term 1 LEADER]: Becoming Leader. State: Replica: e87e3eccfa474cb4b0d5ec05cd118ad2, State: Running, Role: LEADER
