I20260630 12:11:45.964042  8081 ts_manager.cc:194] Registered new tserver with Master: ace5629199ce42a8895a208099ce9286 (127.5.117.131:37067)
I20260630 12:11:45.964359  5590 internal_mini_cluster.cc:371] 3 TS(s) registered with all masters after 0.012870852s
I20260630 12:11:45.965282  8081 master_service.cc:502] Signed X509 certificate for tserver {username='slave'} at 127.0.0.1:45130
I20260630 12:11:46.782660  8208 heartbeater.cc:499] Master 127.5.117.190:43317 was elected leader, sending a full tablet report...
I20260630 12:11:46.881060  8283 heartbeater.cc:499] Master 127.5.117.190:43317 was elected leader, sending a full tablet report...
I20260630 12:11:46.967818  8357 heartbeater.cc:499] Master 127.5.117.190:43317 was elected leader, sending a full tablet report...
I20260630 12:11:47.014556  8081 catalog_manager.cc:2283] Servicing CreateTable request from {username='slave'} at 127.0.0.1:45132:
name: "range_aware_auto_rebalancer_test"
schema {
  columns {
    name: "key"
    type: INT32
    is_key: true
    is_nullable: false
    encoding: AUTO_ENCODING
    compression: DEFAULT_COMPRESSION
    cfile_block_size: 0
    immutable: false
  }
}
num_replicas: 3
split_rows_range_bounds {
  rows: "\006\001\000\000\000\000\007\001\n\000\000\000\006\001\n\000\000\000\007\001\024\000\000\000""\006\001\000\000\000\000\007\001\n\000\000\000\006\001\n\000\000\000\007\001\024\000\000\000"
  indirect_data: """"
}
partition_schema {
  hash_schema {
    columns {
      name: "key"
    }
    num_buckets: 2
    seed: 0
  }
  range_schema {
    columns {
      name: "key"
    }
  }
}
W20260630 12:11:47.016786  8081 catalog_manager.cc:7077] The number of live tablet servers is not enough to re-replicate a tablet replica of the newly created table range_aware_auto_rebalancer_test in case of a server failure: 4 tablet servers would be needed, 3 are available. Consider bringing up more tablet servers.
I20260630 12:11:47.069013  8173 tablet_service.cc:1511] Processing CreateTablet for tablet 6ded4a5ee52946a297730724a63e8ebe (DEFAULT_TABLE table=range_aware_auto_rebalancer_test [id=f4bdcebbd709494eadeaae0ded246ab1]), partition=HASH (key) PARTITION 0, RANGE (key) PARTITION 0 <= VALUES < 10
I20260630 12:11:47.069355  8172 tablet_service.cc:1511] Processing CreateTablet for tablet 0a9320adbe7c46a78ad684440b88c8d4 (DEFAULT_TABLE table=range_aware_auto_rebalancer_test [id=f4bdcebbd709494eadeaae0ded246ab1]), partition=HASH (key) PARTITION 0, RANGE (key) PARTITION 10 <= VALUES < 20
I20260630 12:11:47.070511  8173 data_dirs.cc:400] Could only allocate 1 dirs of requested 3 for tablet 6ded4a5ee52946a297730724a63e8ebe. 1 dirs total, 0 dirs full, 0 dirs failed
I20260630 12:11:47.071550  8170 tablet_service.cc:1511] Processing CreateTablet for tablet 4e634f7ff6ea4a72b62d3b7e6b6a68e2 (DEFAULT_TABLE table=range_aware_auto_rebalancer_test [id=f4bdcebbd709494eadeaae0ded246ab1]), partition=HASH (key) PARTITION 1, RANGE (key) PARTITION 10 <= VALUES < 20
I20260630 12:11:47.070084  8171 tablet_service.cc:1511] Processing CreateTablet for tablet 0da06b43ca044776b8705735f8a67964 (DEFAULT_TABLE table=range_aware_auto_rebalancer_test [id=f4bdcebbd709494eadeaae0ded246ab1]), partition=HASH (key) PARTITION 1, RANGE (key) PARTITION 0 <= VALUES < 10
I20260630 12:11:47.073606  8170 data_dirs.cc:400] Could only allocate 1 dirs of requested 3 for tablet 4e634f7ff6ea4a72b62d3b7e6b6a68e2. 1 dirs total, 0 dirs full, 0 dirs failed
I20260630 12:11:47.078852  8171 data_dirs.cc:400] Could only allocate 1 dirs of requested 3 for tablet 0da06b43ca044776b8705735f8a67964. 1 dirs total, 0 dirs full, 0 dirs failed
I20260630 12:11:47.080053  8172 data_dirs.cc:400] Could only allocate 1 dirs of requested 3 for tablet 0a9320adbe7c46a78ad684440b88c8d4. 1 dirs total, 0 dirs full, 0 dirs failed
I20260630 12:11:47.080837  8322 tablet_service.cc:1511] Processing CreateTablet for tablet 6ded4a5ee52946a297730724a63e8ebe (DEFAULT_TABLE table=range_aware_auto_rebalancer_test [id=f4bdcebbd709494eadeaae0ded246ab1]), partition=HASH (key) PARTITION 0, RANGE (key) PARTITION 0 <= VALUES < 10
I20260630 12:11:47.082122  8322 data_dirs.cc:400] Could only allocate 1 dirs of requested 3 for tablet 6ded4a5ee52946a297730724a63e8ebe. 1 dirs total, 0 dirs full, 0 dirs failed
I20260630 12:11:47.082442  8247 tablet_service.cc:1511] Processing CreateTablet for tablet 0a9320adbe7c46a78ad684440b88c8d4 (DEFAULT_TABLE table=range_aware_auto_rebalancer_test [id=f4bdcebbd709494eadeaae0ded246ab1]), partition=HASH (key) PARTITION 0, RANGE (key) PARTITION 10 <= VALUES < 20
I20260630 12:11:47.083199  8248 tablet_service.cc:1511] Processing CreateTablet for tablet 6ded4a5ee52946a297730724a63e8ebe (DEFAULT_TABLE table=range_aware_auto_rebalancer_test [id=f4bdcebbd709494eadeaae0ded246ab1]), partition=HASH (key) PARTITION 0, RANGE (key) PARTITION 0 <= VALUES < 10
I20260630 12:11:47.083783  8247 data_dirs.cc:400] Could only allocate 1 dirs of requested 3 for tablet 0a9320adbe7c46a78ad684440b88c8d4. 1 dirs total, 0 dirs full, 0 dirs failed
I20260630 12:11:47.084481  8248 data_dirs.cc:400] Could only allocate 1 dirs of requested 3 for tablet 6ded4a5ee52946a297730724a63e8ebe. 1 dirs total, 0 dirs full, 0 dirs failed
I20260630 12:11:47.085568  8246 tablet_service.cc:1511] Processing CreateTablet for tablet 0da06b43ca044776b8705735f8a67964 (DEFAULT_TABLE table=range_aware_auto_rebalancer_test [id=f4bdcebbd709494eadeaae0ded246ab1]), partition=HASH (key) PARTITION 1, RANGE (key) PARTITION 0 <= VALUES < 10
I20260630 12:11:47.086905  8246 data_dirs.cc:400] Could only allocate 1 dirs of requested 3 for tablet 0da06b43ca044776b8705735f8a67964. 1 dirs total, 0 dirs full, 0 dirs failed
I20260630 12:11:47.090770  8245 tablet_service.cc:1511] Processing CreateTablet for tablet 4e634f7ff6ea4a72b62d3b7e6b6a68e2 (DEFAULT_TABLE table=range_aware_auto_rebalancer_test [id=f4bdcebbd709494eadeaae0ded246ab1]), partition=HASH (key) PARTITION 1, RANGE (key) PARTITION 10 <= VALUES < 20
I20260630 12:11:47.090930  8321 tablet_service.cc:1511] Processing CreateTablet for tablet 0a9320adbe7c46a78ad684440b88c8d4 (DEFAULT_TABLE table=range_aware_auto_rebalancer_test [id=f4bdcebbd709494eadeaae0ded246ab1]), partition=HASH (key) PARTITION 0, RANGE (key) PARTITION 10 <= VALUES < 20
I20260630 12:11:47.092152  8245 data_dirs.cc:400] Could only allocate 1 dirs of requested 3 for tablet 4e634f7ff6ea4a72b62d3b7e6b6a68e2. 1 dirs total, 0 dirs full, 0 dirs failed
I20260630 12:11:47.092293  8321 data_dirs.cc:400] Could only allocate 1 dirs of requested 3 for tablet 0a9320adbe7c46a78ad684440b88c8d4. 1 dirs total, 0 dirs full, 0 dirs failed
I20260630 12:11:47.099545  8320 tablet_service.cc:1511] Processing CreateTablet for tablet 0da06b43ca044776b8705735f8a67964 (DEFAULT_TABLE table=range_aware_auto_rebalancer_test [id=f4bdcebbd709494eadeaae0ded246ab1]), partition=HASH (key) PARTITION 1, RANGE (key) PARTITION 0 <= VALUES < 10
I20260630 12:11:47.100998  8320 data_dirs.cc:400] Could only allocate 1 dirs of requested 3 for tablet 0da06b43ca044776b8705735f8a67964. 1 dirs total, 0 dirs full, 0 dirs failed
I20260630 12:11:47.114869  8378 tablet_bootstrap.cc:492] T 6ded4a5ee52946a297730724a63e8ebe P 025cc509feb843a7bba09c61e392cdbe: Bootstrap starting.
I20260630 12:11:47.123680  8319 tablet_service.cc:1511] Processing CreateTablet for tablet 4e634f7ff6ea4a72b62d3b7e6b6a68e2 (DEFAULT_TABLE table=range_aware_auto_rebalancer_test [id=f4bdcebbd709494eadeaae0ded246ab1]), partition=HASH (key) PARTITION 1, RANGE (key) PARTITION 10 <= VALUES < 20
I20260630 12:11:47.125025  8319 data_dirs.cc:400] Could only allocate 1 dirs of requested 3 for tablet 4e634f7ff6ea4a72b62d3b7e6b6a68e2. 1 dirs total, 0 dirs full, 0 dirs failed
I20260630 12:11:47.125738  8378 tablet_bootstrap.cc:654] T 6ded4a5ee52946a297730724a63e8ebe P 025cc509feb843a7bba09c61e392cdbe: Neither blocks nor log segments found. Creating new log.
I20260630 12:11:47.142514  8380 tablet_bootstrap.cc:492] T 4e634f7ff6ea4a72b62d3b7e6b6a68e2 P ace5629199ce42a8895a208099ce9286: Bootstrap starting.
I20260630 12:11:47.144708  8377 tablet_bootstrap.cc:492] T 0da06b43ca044776b8705735f8a67964 P 6aa86607f2974f3c82766cdf168b34bf: Bootstrap starting.
I20260630 12:11:47.146996  8378 tablet_bootstrap.cc:492] T 6ded4a5ee52946a297730724a63e8ebe P 025cc509feb843a7bba09c61e392cdbe: No bootstrap required, opened a new log
I20260630 12:11:47.147400  8378 ts_tablet_manager.cc:1403] T 6ded4a5ee52946a297730724a63e8ebe P 025cc509feb843a7bba09c61e392cdbe: Time spent bootstrapping tablet: real 0.034s	user 0.011s	sys 0.007s
I20260630 12:11:47.151168  8377 tablet_bootstrap.cc:654] T 0da06b43ca044776b8705735f8a67964 P 6aa86607f2974f3c82766cdf168b34bf: Neither blocks nor log segments found. Creating new log.
I20260630 12:11:47.151751  8380 tablet_bootstrap.cc:654] T 4e634f7ff6ea4a72b62d3b7e6b6a68e2 P ace5629199ce42a8895a208099ce9286: Neither blocks nor log segments found. Creating new log.
I20260630 12:11:47.151671  8378 raft_consensus.cc:359] T 6ded4a5ee52946a297730724a63e8ebe P 025cc509feb843a7bba09c61e392cdbe [term 0 FOLLOWER]: Replica starting. Triggering 0 pending ops. Active config: opid_index: -1 OBSOLETE_local: false peers { permanent_uuid: "6aa86607f2974f3c82766cdf168b34bf" member_type: VOTER last_known_addr { host: "127.5.117.129" port: 43097 } } peers { permanent_uuid: "025cc509feb843a7bba09c61e392cdbe" member_type: VOTER last_known_addr { host: "127.5.117.130" port: 45463 } } peers { permanent_uuid: "ace5629199ce42a8895a208099ce9286" member_type: VOTER last_known_addr { host: "127.5.117.131" port: 37067 } }
I20260630 12:11:47.152498  8378 raft_consensus.cc:385] T 6ded4a5ee52946a297730724a63e8ebe P 025cc509feb843a7bba09c61e392cdbe [term 0 FOLLOWER]: Consensus starting up: Expiring failure detector timer to make a prompt election more likely
I20260630 12:11:47.152801  8378 raft_consensus.cc:740] T 6ded4a5ee52946a297730724a63e8ebe P 025cc509feb843a7bba09c61e392cdbe [term 0 FOLLOWER]: Becoming Follower/Learner. State: Replica: 025cc509feb843a7bba09c61e392cdbe, State: Initialized, Role: FOLLOWER
I20260630 12:11:47.153528  8378 consensus_queue.cc:260] T 6ded4a5ee52946a297730724a63e8ebe P 025cc509feb843a7bba09c61e392cdbe [NON_LEADER]: Queue going to NON_LEADER mode. State: All replicated index: 0, Majority replicated index: 0, Committed index: 0, Last appended: 0.0, Last appended by leader: 0, Current term: 0, Majority size: -1, State: 0, Mode: NON_LEADER, active raft config: opid_index: -1 OBSOLETE_local: false peers { permanent_uuid: "6aa86607f2974f3c82766cdf168b34bf" member_type: VOTER last_known_addr { host: "127.5.117.129" port: 43097 } } peers { permanent_uuid: "025cc509feb843a7bba09c61e392cdbe" member_type: VOTER last_known_addr { host: "127.5.117.130" port: 45463 } } peers { permanent_uuid: "ace5629199ce42a8895a208099ce9286" member_type: VOTER last_known_addr { host: "127.5.117.131" port: 37067 } }
I20260630 12:11:47.155809  8377 tablet_bootstrap.cc:492] T 0da06b43ca044776b8705735f8a67964 P 6aa86607f2974f3c82766cdf168b34bf: No bootstrap required, opened a new log
I20260630 12:11:47.156194  8377 ts_tablet_manager.cc:1403] T 0da06b43ca044776b8705735f8a67964 P 6aa86607f2974f3c82766cdf168b34bf: Time spent bootstrapping tablet: real 0.012s	user 0.010s	sys 0.000s
I20260630 12:11:47.157021  8380 tablet_bootstrap.cc:492] T 4e634f7ff6ea4a72b62d3b7e6b6a68e2 P ace5629199ce42a8895a208099ce9286: No bootstrap required, opened a new log
I20260630 12:11:47.157473  8380 ts_tablet_manager.cc:1403] T 4e634f7ff6ea4a72b62d3b7e6b6a68e2 P ace5629199ce42a8895a208099ce9286: Time spent bootstrapping tablet: real 0.015s	user 0.006s	sys 0.003s
I20260630 12:11:47.158185  8377 raft_consensus.cc:359] T 0da06b43ca044776b8705735f8a67964 P 6aa86607f2974f3c82766cdf168b34bf [term 0 FOLLOWER]: Replica starting. Triggering 0 pending ops. Active config: opid_index: -1 OBSOLETE_local: false peers { permanent_uuid: "6aa86607f2974f3c82766cdf168b34bf" member_type: VOTER last_known_addr { host: "127.5.117.129" port: 43097 } } peers { permanent_uuid: "025cc509feb843a7bba09c61e392cdbe" member_type: VOTER last_known_addr { host: "127.5.117.130" port: 45463 } } peers { permanent_uuid: "ace5629199ce42a8895a208099ce9286" member_type: VOTER last_known_addr { host: "127.5.117.131" port: 37067 } }
I20260630 12:11:47.158739  8377 raft_consensus.cc:385] T 0da06b43ca044776b8705735f8a67964 P 6aa86607f2974f3c82766cdf168b34bf [term 0 FOLLOWER]: Consensus starting up: Expiring failure detector timer to make a prompt election more likely
I20260630 12:11:47.158946  8377 raft_consensus.cc:740] T 0da06b43ca044776b8705735f8a67964 P 6aa86607f2974f3c82766cdf168b34bf [term 0 FOLLOWER]: Becoming Follower/Learner. State: Replica: 6aa86607f2974f3c82766cdf168b34bf, State: Initialized, Role: FOLLOWER
I20260630 12:11:47.159529  8377 consensus_queue.cc:260] T 0da06b43ca044776b8705735f8a67964 P 6aa86607f2974f3c82766cdf168b34bf [NON_LEADER]: Queue going to NON_LEADER mode. State: All replicated index: 0, Majority replicated index: 0, Committed index: 0, Last appended: 0.0, Last appended by leader: 0, Current term: 0, Majority size: -1, State: 0, Mode: NON_LEADER, active raft config: opid_index: -1 OBSOLETE_local: false peers { permanent_uuid: "6aa86607f2974f3c82766cdf168b34bf" member_type: VOTER last_known_addr { host: "127.5.117.129" port: 43097 } } peers { permanent_uuid: "025cc509feb843a7bba09c61e392cdbe" member_type: VOTER last_known_addr { host: "127.5.117.130" port: 45463 } } peers { permanent_uuid: "ace5629199ce42a8895a208099ce9286" member_type: VOTER last_known_addr { host: "127.5.117.131" port: 37067 } }
I20260630 12:11:47.160315  8380 raft_consensus.cc:359] T 4e634f7ff6ea4a72b62d3b7e6b6a68e2 P ace5629199ce42a8895a208099ce9286 [term 0 FOLLOWER]: Replica starting. Triggering 0 pending ops. Active config: opid_index: -1 OBSOLETE_local: false peers { permanent_uuid: "6aa86607f2974f3c82766cdf168b34bf" member_type: VOTER last_known_addr { host: "127.5.117.129" port: 43097 } } peers { permanent_uuid: "025cc509feb843a7bba09c61e392cdbe" member_type: VOTER last_known_addr { host: "127.5.117.130" port: 45463 } } peers { permanent_uuid: "ace5629199ce42a8895a208099ce9286" member_type: VOTER last_known_addr { host: "127.5.117.131" port: 37067 } }
I20260630 12:11:47.161096  8380 raft_consensus.cc:385] T 4e634f7ff6ea4a72b62d3b7e6b6a68e2 P ace5629199ce42a8895a208099ce9286 [term 0 FOLLOWER]: Consensus starting up: Expiring failure detector timer to make a prompt election more likely
I20260630 12:11:47.161504  8380 raft_consensus.cc:740] T 4e634f7ff6ea4a72b62d3b7e6b6a68e2 P ace5629199ce42a8895a208099ce9286 [term 0 FOLLOWER]: Becoming Follower/Learner. State: Replica: ace5629199ce42a8895a208099ce9286, State: Initialized, Role: FOLLOWER
I20260630 12:11:47.161985  8377 ts_tablet_manager.cc:1434] T 0da06b43ca044776b8705735f8a67964 P 6aa86607f2974f3c82766cdf168b34bf: Time spent starting tablet: real 0.006s	user 0.001s	sys 0.005s
I20260630 12:11:47.163002  8377 tablet_bootstrap.cc:492] T 4e634f7ff6ea4a72b62d3b7e6b6a68e2 P 6aa86607f2974f3c82766cdf168b34bf: Bootstrap starting.
I20260630 12:11:47.162429  8380 consensus_queue.cc:260] T 4e634f7ff6ea4a72b62d3b7e6b6a68e2 P ace5629199ce42a8895a208099ce9286 [NON_LEADER]: Queue going to NON_LEADER mode. State: All replicated index: 0, Majority replicated index: 0, Committed index: 0, Last appended: 0.0, Last appended by leader: 0, Current term: 0, Majority size: -1, State: 0, Mode: NON_LEADER, active raft config: opid_index: -1 OBSOLETE_local: false peers { permanent_uuid: "6aa86607f2974f3c82766cdf168b34bf" member_type: VOTER last_known_addr { host: "127.5.117.129" port: 43097 } } peers { permanent_uuid: "025cc509feb843a7bba09c61e392cdbe" member_type: VOTER last_known_addr { host: "127.5.117.130" port: 45463 } } peers { permanent_uuid: "ace5629199ce42a8895a208099ce9286" member_type: VOTER last_known_addr { host: "127.5.117.131" port: 37067 } }
I20260630 12:11:47.167414  8380 ts_tablet_manager.cc:1434] T 4e634f7ff6ea4a72b62d3b7e6b6a68e2 P ace5629199ce42a8895a208099ce9286: Time spent starting tablet: real 0.010s	user 0.004s	sys 0.004s
I20260630 12:11:47.168313  8377 tablet_bootstrap.cc:654] T 4e634f7ff6ea4a72b62d3b7e6b6a68e2 P 6aa86607f2974f3c82766cdf168b34bf: Neither blocks nor log segments found. Creating new log.
I20260630 12:11:47.168365  8380 tablet_bootstrap.cc:492] T 6ded4a5ee52946a297730724a63e8ebe P ace5629199ce42a8895a208099ce9286: Bootstrap starting.
I20260630 12:11:47.174784  8380 tablet_bootstrap.cc:654] T 6ded4a5ee52946a297730724a63e8ebe P ace5629199ce42a8895a208099ce9286: Neither blocks nor log segments found. Creating new log.
I20260630 12:11:47.163066  8378 ts_tablet_manager.cc:1434] T 6ded4a5ee52946a297730724a63e8ebe P 025cc509feb843a7bba09c61e392cdbe: Time spent starting tablet: real 0.015s	user 0.007s	sys 0.006s
I20260630 12:11:47.179958  8378 tablet_bootstrap.cc:492] T 0a9320adbe7c46a78ad684440b88c8d4 P 025cc509feb843a7bba09c61e392cdbe: Bootstrap starting.
I20260630 12:11:47.182762  8380 tablet_bootstrap.cc:492] T 6ded4a5ee52946a297730724a63e8ebe P ace5629199ce42a8895a208099ce9286: No bootstrap required, opened a new log
I20260630 12:11:47.183230  8380 ts_tablet_manager.cc:1403] T 6ded4a5ee52946a297730724a63e8ebe P ace5629199ce42a8895a208099ce9286: Time spent bootstrapping tablet: real 0.015s	user 0.010s	sys 0.000s
I20260630 12:11:47.185881  8380 raft_consensus.cc:359] T 6ded4a5ee52946a297730724a63e8ebe P ace5629199ce42a8895a208099ce9286 [term 0 FOLLOWER]: Replica starting. Triggering 0 pending ops. Active config: opid_index: -1 OBSOLETE_local: false peers { permanent_uuid: "6aa86607f2974f3c82766cdf168b34bf" member_type: VOTER last_known_addr { host: "127.5.117.129" port: 43097 } } peers { permanent_uuid: "025cc509feb843a7bba09c61e392cdbe" member_type: VOTER last_known_addr { host: "127.5.117.130" port: 45463 } } peers { permanent_uuid: "ace5629199ce42a8895a208099ce9286" member_type: VOTER last_known_addr { host: "127.5.117.131" port: 37067 } }
I20260630 12:11:47.186365  8377 tablet_bootstrap.cc:492] T 4e634f7ff6ea4a72b62d3b7e6b6a68e2 P 6aa86607f2974f3c82766cdf168b34bf: No bootstrap required, opened a new log
I20260630 12:11:47.186589  8380 raft_consensus.cc:385] T 6ded4a5ee52946a297730724a63e8ebe P ace5629199ce42a8895a208099ce9286 [term 0 FOLLOWER]: Consensus starting up: Expiring failure detector timer to make a prompt election more likely
I20260630 12:11:47.186832  8377 ts_tablet_manager.cc:1403] T 4e634f7ff6ea4a72b62d3b7e6b6a68e2 P 6aa86607f2974f3c82766cdf168b34bf: Time spent bootstrapping tablet: real 0.024s	user 0.009s	sys 0.011s
I20260630 12:11:47.186936  8380 raft_consensus.cc:740] T 6ded4a5ee52946a297730724a63e8ebe P ace5629199ce42a8895a208099ce9286 [term 0 FOLLOWER]: Becoming Follower/Learner. State: Replica: ace5629199ce42a8895a208099ce9286, State: Initialized, Role: FOLLOWER
I20260630 12:11:47.188019  8378 tablet_bootstrap.cc:654] T 0a9320adbe7c46a78ad684440b88c8d4 P 025cc509feb843a7bba09c61e392cdbe: Neither blocks nor log segments found. Creating new log.
I20260630 12:11:47.187753  8380 consensus_queue.cc:260] T 6ded4a5ee52946a297730724a63e8ebe P ace5629199ce42a8895a208099ce9286 [NON_LEADER]: Queue going to NON_LEADER mode. State: All replicated index: 0, Majority replicated index: 0, Committed index: 0, Last appended: 0.0, Last appended by leader: 0, Current term: 0, Majority size: -1, State: 0, Mode: NON_LEADER, active raft config: opid_index: -1 OBSOLETE_local: false peers { permanent_uuid: "6aa86607f2974f3c82766cdf168b34bf" member_type: VOTER last_known_addr { host: "127.5.117.129" port: 43097 } } peers { permanent_uuid: "025cc509feb843a7bba09c61e392cdbe" member_type: VOTER last_known_addr { host: "127.5.117.130" port: 45463 } } peers { permanent_uuid: "ace5629199ce42a8895a208099ce9286" member_type: VOTER last_known_addr { host: "127.5.117.131" port: 37067 } }
I20260630 12:11:47.189417  8377 raft_consensus.cc:359] T 4e634f7ff6ea4a72b62d3b7e6b6a68e2 P 6aa86607f2974f3c82766cdf168b34bf [term 0 FOLLOWER]: Replica starting. Triggering 0 pending ops. Active config: opid_index: -1 OBSOLETE_local: false peers { permanent_uuid: "6aa86607f2974f3c82766cdf168b34bf" member_type: VOTER last_known_addr { host: "127.5.117.129" port: 43097 } } peers { permanent_uuid: "025cc509feb843a7bba09c61e392cdbe" member_type: VOTER last_known_addr { host: "127.5.117.130" port: 45463 } } peers { permanent_uuid: "ace5629199ce42a8895a208099ce9286" member_type: VOTER last_known_addr { host: "127.5.117.131" port: 37067 } }
I20260630 12:11:47.189883  8380 ts_tablet_manager.cc:1434] T 6ded4a5ee52946a297730724a63e8ebe P ace5629199ce42a8895a208099ce9286: Time spent starting tablet: real 0.006s	user 0.007s	sys 0.000s
I20260630 12:11:47.190255  8377 raft_consensus.cc:385] T 4e634f7ff6ea4a72b62d3b7e6b6a68e2 P 6aa86607f2974f3c82766cdf168b34bf [term 0 FOLLOWER]: Consensus starting up: Expiring failure detector timer to make a prompt election more likely
I20260630 12:11:47.190613  8377 raft_consensus.cc:740] T 4e634f7ff6ea4a72b62d3b7e6b6a68e2 P 6aa86607f2974f3c82766cdf168b34bf [term 0 FOLLOWER]: Becoming Follower/Learner. State: Replica: 6aa86607f2974f3c82766cdf168b34bf, State: Initialized, Role: FOLLOWER
I20260630 12:11:47.190999  8380 tablet_bootstrap.cc:492] T 0da06b43ca044776b8705735f8a67964 P ace5629199ce42a8895a208099ce9286: Bootstrap starting.
I20260630 12:11:47.191346  8377 consensus_queue.cc:260] T 4e634f7ff6ea4a72b62d3b7e6b6a68e2 P 6aa86607f2974f3c82766cdf168b34bf [NON_LEADER]: Queue going to NON_LEADER mode. State: All replicated index: 0, Majority replicated index: 0, Committed index: 0, Last appended: 0.0, Last appended by leader: 0, Current term: 0, Majority size: -1, State: 0, Mode: NON_LEADER, active raft config: opid_index: -1 OBSOLETE_local: false peers { permanent_uuid: "6aa86607f2974f3c82766cdf168b34bf" member_type: VOTER last_known_addr { host: "127.5.117.129" port: 43097 } } peers { permanent_uuid: "025cc509feb843a7bba09c61e392cdbe" member_type: VOTER last_known_addr { host: "127.5.117.130" port: 45463 } } peers { permanent_uuid: "ace5629199ce42a8895a208099ce9286" member_type: VOTER last_known_addr { host: "127.5.117.131" port: 37067 } }
I20260630 12:11:47.193815  8377 ts_tablet_manager.cc:1434] T 4e634f7ff6ea4a72b62d3b7e6b6a68e2 P 6aa86607f2974f3c82766cdf168b34bf: Time spent starting tablet: real 0.007s	user 0.004s	sys 0.002s
I20260630 12:11:47.194728  8377 tablet_bootstrap.cc:492] T 0a9320adbe7c46a78ad684440b88c8d4 P 6aa86607f2974f3c82766cdf168b34bf: Bootstrap starting.
I20260630 12:11:47.197678  8380 tablet_bootstrap.cc:654] T 0da06b43ca044776b8705735f8a67964 P ace5629199ce42a8895a208099ce9286: Neither blocks nor log segments found. Creating new log.
I20260630 12:11:47.201882  8377 tablet_bootstrap.cc:654] T 0a9320adbe7c46a78ad684440b88c8d4 P 6aa86607f2974f3c82766cdf168b34bf: Neither blocks nor log segments found. Creating new log.
W20260630 12:11:47.203145  8358 tablet.cc:2406] T 4e634f7ff6ea4a72b62d3b7e6b6a68e2 P ace5629199ce42a8895a208099ce9286: Can't schedule compaction. Clean time has not been advanced past its initial value.
I20260630 12:11:47.209127  8380 tablet_bootstrap.cc:492] T 0da06b43ca044776b8705735f8a67964 P ace5629199ce42a8895a208099ce9286: No bootstrap required, opened a new log
I20260630 12:11:47.209578  8378 tablet_bootstrap.cc:492] T 0a9320adbe7c46a78ad684440b88c8d4 P 025cc509feb843a7bba09c61e392cdbe: No bootstrap required, opened a new log
I20260630 12:11:47.209576  8380 ts_tablet_manager.cc:1403] T 0da06b43ca044776b8705735f8a67964 P ace5629199ce42a8895a208099ce9286: Time spent bootstrapping tablet: real 0.019s	user 0.012s	sys 0.004s
I20260630 12:11:47.209620  8377 tablet_bootstrap.cc:492] T 0a9320adbe7c46a78ad684440b88c8d4 P 6aa86607f2974f3c82766cdf168b34bf: No bootstrap required, opened a new log
I20260630 12:11:47.210296  8378 ts_tablet_manager.cc:1403] T 0a9320adbe7c46a78ad684440b88c8d4 P 025cc509feb843a7bba09c61e392cdbe: Time spent bootstrapping tablet: real 0.031s	user 0.008s	sys 0.008s
I20260630 12:11:47.210377  8377 ts_tablet_manager.cc:1403] T 0a9320adbe7c46a78ad684440b88c8d4 P 6aa86607f2974f3c82766cdf168b34bf: Time spent bootstrapping tablet: real 0.016s	user 0.007s	sys 0.007s
I20260630 12:11:47.212680  8377 raft_consensus.cc:359] T 0a9320adbe7c46a78ad684440b88c8d4 P 6aa86607f2974f3c82766cdf168b34bf [term 0 FOLLOWER]: Replica starting. Triggering 0 pending ops. Active config: opid_index: -1 OBSOLETE_local: false peers { permanent_uuid: "6aa86607f2974f3c82766cdf168b34bf" member_type: VOTER last_known_addr { host: "127.5.117.129" port: 43097 } } peers { permanent_uuid: "025cc509feb843a7bba09c61e392cdbe" member_type: VOTER last_known_addr { host: "127.5.117.130" port: 45463 } } peers { permanent_uuid: "ace5629199ce42a8895a208099ce9286" member_type: VOTER last_known_addr { host: "127.5.117.131" port: 37067 } }
I20260630 12:11:47.212667  8380 raft_consensus.cc:359] T 0da06b43ca044776b8705735f8a67964 P ace5629199ce42a8895a208099ce9286 [term 0 FOLLOWER]: Replica starting. Triggering 0 pending ops. Active config: opid_index: -1 OBSOLETE_local: false peers { permanent_uuid: "6aa86607f2974f3c82766cdf168b34bf" member_type: VOTER last_known_addr { host: "127.5.117.129" port: 43097 } } peers { permanent_uuid: "025cc509feb843a7bba09c61e392cdbe" member_type: VOTER last_known_addr { host: "127.5.117.130" port: 45463 } } peers { permanent_uuid: "ace5629199ce42a8895a208099ce9286" member_type: VOTER last_known_addr { host: "127.5.117.131" port: 37067 } }
I20260630 12:11:47.213375  8377 raft_consensus.cc:385] T 0a9320adbe7c46a78ad684440b88c8d4 P 6aa86607f2974f3c82766cdf168b34bf [term 0 FOLLOWER]: Consensus starting up: Expiring failure detector timer to make a prompt election more likely
I20260630 12:11:47.213012  8378 raft_consensus.cc:359] T 0a9320adbe7c46a78ad684440b88c8d4 P 025cc509feb843a7bba09c61e392cdbe [term 0 FOLLOWER]: Replica starting. Triggering 0 pending ops. Active config: opid_index: -1 OBSOLETE_local: false peers { permanent_uuid: "6aa86607f2974f3c82766cdf168b34bf" member_type: VOTER last_known_addr { host: "127.5.117.129" port: 43097 } } peers { permanent_uuid: "025cc509feb843a7bba09c61e392cdbe" member_type: VOTER last_known_addr { host: "127.5.117.130" port: 45463 } } peers { permanent_uuid: "ace5629199ce42a8895a208099ce9286" member_type: VOTER last_known_addr { host: "127.5.117.131" port: 37067 } }
I20260630 12:11:47.213558  8380 raft_consensus.cc:385] T 0da06b43ca044776b8705735f8a67964 P ace5629199ce42a8895a208099ce9286 [term 0 FOLLOWER]: Consensus starting up: Expiring failure detector timer to make a prompt election more likely
I20260630 12:11:47.213701  8377 raft_consensus.cc:740] T 0a9320adbe7c46a78ad684440b88c8d4 P 6aa86607f2974f3c82766cdf168b34bf [term 0 FOLLOWER]: Becoming Follower/Learner. State: Replica: 6aa86607f2974f3c82766cdf168b34bf, State: Initialized, Role: FOLLOWER
I20260630 12:11:47.213786  8378 raft_consensus.cc:385] T 0a9320adbe7c46a78ad684440b88c8d4 P 025cc509feb843a7bba09c61e392cdbe [term 0 FOLLOWER]: Consensus starting up: Expiring failure detector timer to make a prompt election more likely
I20260630 12:11:47.213946  8380 raft_consensus.cc:740] T 0da06b43ca044776b8705735f8a67964 P ace5629199ce42a8895a208099ce9286 [term 0 FOLLOWER]: Becoming Follower/Learner. State: Replica: ace5629199ce42a8895a208099ce9286, State: Initialized, Role: FOLLOWER
I20260630 12:11:47.214241  8378 raft_consensus.cc:740] T 0a9320adbe7c46a78ad684440b88c8d4 P 025cc509feb843a7bba09c61e392cdbe [term 0 FOLLOWER]: Becoming Follower/Learner. State: Replica: 025cc509feb843a7bba09c61e392cdbe, State: Initialized, Role: FOLLOWER
I20260630 12:11:47.214495  8377 consensus_queue.cc:260] T 0a9320adbe7c46a78ad684440b88c8d4 P 6aa86607f2974f3c82766cdf168b34bf [NON_LEADER]: Queue going to NON_LEADER mode. State: All replicated index: 0, Majority replicated index: 0, Committed index: 0, Last appended: 0.0, Last appended by leader: 0, Current term: 0, Majority size: -1, State: 0, Mode: NON_LEADER, active raft config: opid_index: -1 OBSOLETE_local: false peers { permanent_uuid: "6aa86607f2974f3c82766cdf168b34bf" member_type: VOTER last_known_addr { host: "127.5.117.129" port: 43097 } } peers { permanent_uuid: "025cc509feb843a7bba09c61e392cdbe" member_type: VOTER last_known_addr { host: "127.5.117.130" port: 45463 } } peers { permanent_uuid: "ace5629199ce42a8895a208099ce9286" member_type: VOTER last_known_addr { host: "127.5.117.131" port: 37067 } }
I20260630 12:11:47.214816  8380 consensus_queue.cc:260] T 0da06b43ca044776b8705735f8a67964 P ace5629199ce42a8895a208099ce9286 [NON_LEADER]: Queue going to NON_LEADER mode. State: All replicated index: 0, Majority replicated index: 0, Committed index: 0, Last appended: 0.0, Last appended by leader: 0, Current term: 0, Majority size: -1, State: 0, Mode: NON_LEADER, active raft config: opid_index: -1 OBSOLETE_local: false peers { permanent_uuid: "6aa86607f2974f3c82766cdf168b34bf" member_type: VOTER last_known_addr { host: "127.5.117.129" port: 43097 } } peers { permanent_uuid: "025cc509feb843a7bba09c61e392cdbe" member_type: VOTER last_known_addr { host: "127.5.117.130" port: 45463 } } peers { permanent_uuid: "ace5629199ce42a8895a208099ce9286" member_type: VOTER last_known_addr { host: "127.5.117.131" port: 37067 } }
I20260630 12:11:47.215123  8378 consensus_queue.cc:260] T 0a9320adbe7c46a78ad684440b88c8d4 P 025cc509feb843a7bba09c61e392cdbe [NON_LEADER]: Queue going to NON_LEADER mode. State: All replicated index: 0, Majority replicated index: 0, Committed index: 0, Last appended: 0.0, Last appended by leader: 0, Current term: 0, Majority size: -1, State: 0, Mode: NON_LEADER, active raft config: opid_index: -1 OBSOLETE_local: false peers { permanent_uuid: "6aa86607f2974f3c82766cdf168b34bf" member_type: VOTER last_known_addr { host: "127.5.117.129" port: 43097 } } peers { permanent_uuid: "025cc509feb843a7bba09c61e392cdbe" member_type: VOTER last_known_addr { host: "127.5.117.130" port: 45463 } } peers { permanent_uuid: "ace5629199ce42a8895a208099ce9286" member_type: VOTER last_known_addr { host: "127.5.117.131" port: 37067 } }
I20260630 12:11:47.216483  8377 ts_tablet_manager.cc:1434] T 0a9320adbe7c46a78ad684440b88c8d4 P 6aa86607f2974f3c82766cdf168b34bf: Time spent starting tablet: real 0.006s	user 0.004s	sys 0.000s
I20260630 12:11:47.217341  8378 ts_tablet_manager.cc:1434] T 0a9320adbe7c46a78ad684440b88c8d4 P 025cc509feb843a7bba09c61e392cdbe: Time spent starting tablet: real 0.007s	user 0.002s	sys 0.004s
I20260630 12:11:47.217424  8377 tablet_bootstrap.cc:492] T 6ded4a5ee52946a297730724a63e8ebe P 6aa86607f2974f3c82766cdf168b34bf: Bootstrap starting.
I20260630 12:11:47.218379  8378 tablet_bootstrap.cc:492] T 4e634f7ff6ea4a72b62d3b7e6b6a68e2 P 025cc509feb843a7bba09c61e392cdbe: Bootstrap starting.
I20260630 12:11:47.219257  8380 ts_tablet_manager.cc:1434] T 0da06b43ca044776b8705735f8a67964 P ace5629199ce42a8895a208099ce9286: Time spent starting tablet: real 0.009s	user 0.006s	sys 0.000s
I20260630 12:11:47.220196  8380 tablet_bootstrap.cc:492] T 0a9320adbe7c46a78ad684440b88c8d4 P ace5629199ce42a8895a208099ce9286: Bootstrap starting.
I20260630 12:11:47.223748  8377 tablet_bootstrap.cc:654] T 6ded4a5ee52946a297730724a63e8ebe P 6aa86607f2974f3c82766cdf168b34bf: Neither blocks nor log segments found. Creating new log.
I20260630 12:11:47.224598  8378 tablet_bootstrap.cc:654] T 4e634f7ff6ea4a72b62d3b7e6b6a68e2 P 025cc509feb843a7bba09c61e392cdbe: Neither blocks nor log segments found. Creating new log.
I20260630 12:11:47.225849  8380 tablet_bootstrap.cc:654] T 0a9320adbe7c46a78ad684440b88c8d4 P ace5629199ce42a8895a208099ce9286: Neither blocks nor log segments found. Creating new log.
I20260630 12:11:47.253288  8385 raft_consensus.cc:493] T 0da06b43ca044776b8705735f8a67964 P ace5629199ce42a8895a208099ce9286 [term 0 FOLLOWER]: Starting pre-election (no leader contacted us within the election timeout)
I20260630 12:11:47.253374  8377 tablet_bootstrap.cc:492] T 6ded4a5ee52946a297730724a63e8ebe P 6aa86607f2974f3c82766cdf168b34bf: No bootstrap required, opened a new log
I20260630 12:11:47.254011  8377 ts_tablet_manager.cc:1403] T 6ded4a5ee52946a297730724a63e8ebe P 6aa86607f2974f3c82766cdf168b34bf: Time spent bootstrapping tablet: real 0.037s	user 0.016s	sys 0.020s
I20260630 12:11:47.253770  8385 raft_consensus.cc:515] T 0da06b43ca044776b8705735f8a67964 P ace5629199ce42a8895a208099ce9286 [term 0 FOLLOWER]: Starting pre-election with config: opid_index: -1 OBSOLETE_local: false peers { permanent_uuid: "6aa86607f2974f3c82766cdf168b34bf" member_type: VOTER last_known_addr { host: "127.5.117.129" port: 43097 } } peers { permanent_uuid: "025cc509feb843a7bba09c61e392cdbe" member_type: VOTER last_known_addr { host: "127.5.117.130" port: 45463 } } peers { permanent_uuid: "ace5629199ce42a8895a208099ce9286" member_type: VOTER last_known_addr { host: "127.5.117.131" port: 37067 } }
I20260630 12:11:47.255201  8380 tablet_bootstrap.cc:492] T 0a9320adbe7c46a78ad684440b88c8d4 P ace5629199ce42a8895a208099ce9286: No bootstrap required, opened a new log
I20260630 12:11:47.255667  8380 ts_tablet_manager.cc:1403] T 0a9320adbe7c46a78ad684440b88c8d4 P ace5629199ce42a8895a208099ce9286: Time spent bootstrapping tablet: real 0.036s	user 0.017s	sys 0.015s
I20260630 12:11:47.256223  8377 raft_consensus.cc:359] T 6ded4a5ee52946a297730724a63e8ebe P 6aa86607f2974f3c82766cdf168b34bf [term 0 FOLLOWER]: Replica starting. Triggering 0 pending ops. Active config: opid_index: -1 OBSOLETE_local: false peers { permanent_uuid: "6aa86607f2974f3c82766cdf168b34bf" member_type: VOTER last_known_addr { host: "127.5.117.129" port: 43097 } } peers { permanent_uuid: "025cc509feb843a7bba09c61e392cdbe" member_type: VOTER last_known_addr { host: "127.5.117.130" port: 45463 } } peers { permanent_uuid: "ace5629199ce42a8895a208099ce9286" member_type: VOTER last_known_addr { host: "127.5.117.131" port: 37067 } }
I20260630 12:11:47.256978  8377 raft_consensus.cc:385] T 6ded4a5ee52946a297730724a63e8ebe P 6aa86607f2974f3c82766cdf168b34bf [term 0 FOLLOWER]: Consensus starting up: Expiring failure detector timer to make a prompt election more likely
I20260630 12:11:47.257316  8377 raft_consensus.cc:740] T 6ded4a5ee52946a297730724a63e8ebe P 6aa86607f2974f3c82766cdf168b34bf [term 0 FOLLOWER]: Becoming Follower/Learner. State: Replica: 6aa86607f2974f3c82766cdf168b34bf, State: Initialized, Role: FOLLOWER
I20260630 12:11:47.258313  8385 leader_election.cc:290] T 0da06b43ca044776b8705735f8a67964 P ace5629199ce42a8895a208099ce9286 [CANDIDATE]: Term 1 pre-election: Requested pre-vote from peers 6aa86607f2974f3c82766cdf168b34bf (127.5.117.129:43097), 025cc509feb843a7bba09c61e392cdbe (127.5.117.130:45463)
I20260630 12:11:47.258132  8377 consensus_queue.cc:260] T 6ded4a5ee52946a297730724a63e8ebe P 6aa86607f2974f3c82766cdf168b34bf [NON_LEADER]: Queue going to NON_LEADER mode. State: All replicated index: 0, Majority replicated index: 0, Committed index: 0, Last appended: 0.0, Last appended by leader: 0, Current term: 0, Majority size: -1, State: 0, Mode: NON_LEADER, active raft config: opid_index: -1 OBSOLETE_local: false peers { permanent_uuid: "6aa86607f2974f3c82766cdf168b34bf" member_type: VOTER last_known_addr { host: "127.5.117.129" port: 43097 } } peers { permanent_uuid: "025cc509feb843a7bba09c61e392cdbe" member_type: VOTER last_known_addr { host: "127.5.117.130" port: 45463 } } peers { permanent_uuid: "ace5629199ce42a8895a208099ce9286" member_type: VOTER last_known_addr { host: "127.5.117.131" port: 37067 } }
I20260630 12:11:47.259200  8380 raft_consensus.cc:359] T 0a9320adbe7c46a78ad684440b88c8d4 P ace5629199ce42a8895a208099ce9286 [term 0 FOLLOWER]: Replica starting. Triggering 0 pending ops. Active config: opid_index: -1 OBSOLETE_local: false peers { permanent_uuid: "6aa86607f2974f3c82766cdf168b34bf" member_type: VOTER last_known_addr { host: "127.5.117.129" port: 43097 } } peers { permanent_uuid: "025cc509feb843a7bba09c61e392cdbe" member_type: VOTER last_known_addr { host: "127.5.117.130" port: 45463 } } peers { permanent_uuid: "ace5629199ce42a8895a208099ce9286" member_type: VOTER last_known_addr { host: "127.5.117.131" port: 37067 } }
I20260630 12:11:47.260444  8385 raft_consensus.cc:493] T 6ded4a5ee52946a297730724a63e8ebe P ace5629199ce42a8895a208099ce9286 [term 0 FOLLOWER]: Starting pre-election (no leader contacted us within the election timeout)
I20260630 12:11:47.262080  8384 raft_consensus.cc:493] T 6ded4a5ee52946a297730724a63e8ebe P 6aa86607f2974f3c82766cdf168b34bf [term 0 FOLLOWER]: Starting pre-election (no leader contacted us within the election timeout)
I20260630 12:11:47.262365  8385 raft_consensus.cc:515] T 6ded4a5ee52946a297730724a63e8ebe P ace5629199ce42a8895a208099ce9286 [term 0 FOLLOWER]: Starting pre-election with config: opid_index: -1 OBSOLETE_local: false peers { permanent_uuid: "6aa86607f2974f3c82766cdf168b34bf" member_type: VOTER last_known_addr { host: "127.5.117.129" port: 43097 } } peers { permanent_uuid: "025cc509feb843a7bba09c61e392cdbe" member_type: VOTER last_known_addr { host: "127.5.117.130" port: 45463 } } peers { permanent_uuid: "ace5629199ce42a8895a208099ce9286" member_type: VOTER last_known_addr { host: "127.5.117.131" port: 37067 } }
I20260630 12:11:47.262545  8384 raft_consensus.cc:515] T 6ded4a5ee52946a297730724a63e8ebe P 6aa86607f2974f3c82766cdf168b34bf [term 0 FOLLOWER]: Starting pre-election with config: opid_index: -1 OBSOLETE_local: false peers { permanent_uuid: "6aa86607f2974f3c82766cdf168b34bf" member_type: VOTER last_known_addr { host: "127.5.117.129" port: 43097 } } peers { permanent_uuid: "025cc509feb843a7bba09c61e392cdbe" member_type: VOTER last_known_addr { host: "127.5.117.130" port: 45463 } } peers { permanent_uuid: "ace5629199ce42a8895a208099ce9286" member_type: VOTER last_known_addr { host: "127.5.117.131" port: 37067 } }
I20260630 12:11:47.264590  8385 leader_election.cc:290] T 6ded4a5ee52946a297730724a63e8ebe P ace5629199ce42a8895a208099ce9286 [CANDIDATE]: Term 1 pre-election: Requested pre-vote from peers 6aa86607f2974f3c82766cdf168b34bf (127.5.117.129:43097), 025cc509feb843a7bba09c61e392cdbe (127.5.117.130:45463)
I20260630 12:11:47.259996  8380 raft_consensus.cc:385] T 0a9320adbe7c46a78ad684440b88c8d4 P ace5629199ce42a8895a208099ce9286 [term 0 FOLLOWER]: Consensus starting up: Expiring failure detector timer to make a prompt election more likely
I20260630 12:11:47.265221  8378 tablet_bootstrap.cc:492] T 4e634f7ff6ea4a72b62d3b7e6b6a68e2 P 025cc509feb843a7bba09c61e392cdbe: No bootstrap required, opened a new log
I20260630 12:11:47.265142  8380 raft_consensus.cc:740] T 0a9320adbe7c46a78ad684440b88c8d4 P ace5629199ce42a8895a208099ce9286 [term 0 FOLLOWER]: Becoming Follower/Learner. State: Replica: ace5629199ce42a8895a208099ce9286, State: Initialized, Role: FOLLOWER
I20260630 12:11:47.265286  8384 leader_election.cc:290] T 6ded4a5ee52946a297730724a63e8ebe P 6aa86607f2974f3c82766cdf168b34bf [CANDIDATE]: Term 1 pre-election: Requested pre-vote from peers 025cc509feb843a7bba09c61e392cdbe (127.5.117.130:45463), ace5629199ce42a8895a208099ce9286 (127.5.117.131:37067)
I20260630 12:11:47.273152  8378 ts_tablet_manager.cc:1403] T 4e634f7ff6ea4a72b62d3b7e6b6a68e2 P 025cc509feb843a7bba09c61e392cdbe: Time spent bootstrapping tablet: real 0.055s	user 0.020s	sys 0.016s
I20260630 12:11:47.272526  8380 consensus_queue.cc:260] T 0a9320adbe7c46a78ad684440b88c8d4 P ace5629199ce42a8895a208099ce9286 [NON_LEADER]: Queue going to NON_LEADER mode. State: All replicated index: 0, Majority replicated index: 0, Committed index: 0, Last appended: 0.0, Last appended by leader: 0, Current term: 0, Majority size: -1, State: 0, Mode: NON_LEADER, active raft config: opid_index: -1 OBSOLETE_local: false peers { permanent_uuid: "6aa86607f2974f3c82766cdf168b34bf" member_type: VOTER last_known_addr { host: "127.5.117.129" port: 43097 } } peers { permanent_uuid: "025cc509feb843a7bba09c61e392cdbe" member_type: VOTER last_known_addr { host: "127.5.117.130" port: 45463 } } peers { permanent_uuid: "ace5629199ce42a8895a208099ce9286" member_type: VOTER last_known_addr { host: "127.5.117.131" port: 37067 } }
I20260630 12:11:47.278607  8377 ts_tablet_manager.cc:1434] T 6ded4a5ee52946a297730724a63e8ebe P 6aa86607f2974f3c82766cdf168b34bf: Time spent starting tablet: real 0.024s	user 0.006s	sys 0.000s
I20260630 12:11:47.281905  8380 ts_tablet_manager.cc:1434] T 0a9320adbe7c46a78ad684440b88c8d4 P ace5629199ce42a8895a208099ce9286: Time spent starting tablet: real 0.026s	user 0.005s	sys 0.002s
I20260630 12:11:47.286697  8383 raft_consensus.cc:493] T 0a9320adbe7c46a78ad684440b88c8d4 P 025cc509feb843a7bba09c61e392cdbe [term 0 FOLLOWER]: Starting pre-election (no leader contacted us within the election timeout)
I20260630 12:11:47.289947  8383 raft_consensus.cc:515] T 0a9320adbe7c46a78ad684440b88c8d4 P 025cc509feb843a7bba09c61e392cdbe [term 0 FOLLOWER]: Starting pre-election with config: opid_index: -1 OBSOLETE_local: false peers { permanent_uuid: "6aa86607f2974f3c82766cdf168b34bf" member_type: VOTER last_known_addr { host: "127.5.117.129" port: 43097 } } peers { permanent_uuid: "025cc509feb843a7bba09c61e392cdbe" member_type: VOTER last_known_addr { host: "127.5.117.130" port: 45463 } } peers { permanent_uuid: "ace5629199ce42a8895a208099ce9286" member_type: VOTER last_known_addr { host: "127.5.117.131" port: 37067 } }
I20260630 12:11:47.293430  8383 leader_election.cc:290] T 0a9320adbe7c46a78ad684440b88c8d4 P 025cc509feb843a7bba09c61e392cdbe [CANDIDATE]: Term 1 pre-election: Requested pre-vote from peers 6aa86607f2974f3c82766cdf168b34bf (127.5.117.129:43097), ace5629199ce42a8895a208099ce9286 (127.5.117.131:37067)
I20260630 12:11:47.294876  8378 raft_consensus.cc:359] T 4e634f7ff6ea4a72b62d3b7e6b6a68e2 P 025cc509feb843a7bba09c61e392cdbe [term 0 FOLLOWER]: Replica starting. Triggering 0 pending ops. Active config: opid_index: -1 OBSOLETE_local: false peers { permanent_uuid: "6aa86607f2974f3c82766cdf168b34bf" member_type: VOTER last_known_addr { host: "127.5.117.129" port: 43097 } } peers { permanent_uuid: "025cc509feb843a7bba09c61e392cdbe" member_type: VOTER last_known_addr { host: "127.5.117.130" port: 45463 } } peers { permanent_uuid: "ace5629199ce42a8895a208099ce9286" member_type: VOTER last_known_addr { host: "127.5.117.131" port: 37067 } }
I20260630 12:11:47.295614  8378 raft_consensus.cc:385] T 4e634f7ff6ea4a72b62d3b7e6b6a68e2 P 025cc509feb843a7bba09c61e392cdbe [term 0 FOLLOWER]: Consensus starting up: Expiring failure detector timer to make a prompt election more likely
I20260630 12:11:47.295930  8378 raft_consensus.cc:740] T 4e634f7ff6ea4a72b62d3b7e6b6a68e2 P 025cc509feb843a7bba09c61e392cdbe [term 0 FOLLOWER]: Becoming Follower/Learner. State: Replica: 025cc509feb843a7bba09c61e392cdbe, State: Initialized, Role: FOLLOWER
I20260630 12:11:47.296857  8378 consensus_queue.cc:260] T 4e634f7ff6ea4a72b62d3b7e6b6a68e2 P 025cc509feb843a7bba09c61e392cdbe [NON_LEADER]: Queue going to NON_LEADER mode. State: All replicated index: 0, Majority replicated index: 0, Committed index: 0, Last appended: 0.0, Last appended by leader: 0, Current term: 0, Majority size: -1, State: 0, Mode: NON_LEADER, active raft config: opid_index: -1 OBSOLETE_local: false peers { permanent_uuid: "6aa86607f2974f3c82766cdf168b34bf" member_type: VOTER last_known_addr { host: "127.5.117.129" port: 43097 } } peers { permanent_uuid: "025cc509feb843a7bba09c61e392cdbe" member_type: VOTER last_known_addr { host: "127.5.117.130" port: 45463 } } peers { permanent_uuid: "ace5629199ce42a8895a208099ce9286" member_type: VOTER last_known_addr { host: "127.5.117.131" port: 37067 } }
I20260630 12:11:47.300271  8378 ts_tablet_manager.cc:1434] T 4e634f7ff6ea4a72b62d3b7e6b6a68e2 P 025cc509feb843a7bba09c61e392cdbe: Time spent starting tablet: real 0.026s	user 0.003s	sys 0.003s
I20260630 12:11:47.303608  8183 tablet_service.cc:1917] Received RequestConsensusVote() RPC: tablet_id: "0da06b43ca044776b8705735f8a67964" candidate_uuid: "ace5629199ce42a8895a208099ce9286" candidate_term: 1 candidate_status { last_received { term: 0 index: 0 } } ignore_live_leader: false dest_uuid: "6aa86607f2974f3c82766cdf168b34bf" is_pre_election: true
I20260630 12:11:47.304311  8183 raft_consensus.cc:2468] T 0da06b43ca044776b8705735f8a67964 P 6aa86607f2974f3c82766cdf168b34bf [term 0 FOLLOWER]: Leader pre-election vote request: Granting yes vote for candidate ace5629199ce42a8895a208099ce9286 in term 0.
I20260630 12:11:47.305471  8182 tablet_service.cc:1917] Received RequestConsensusVote() RPC: tablet_id: "6ded4a5ee52946a297730724a63e8ebe" candidate_uuid: "ace5629199ce42a8895a208099ce9286" candidate_term: 1 candidate_status { last_received { term: 0 index: 0 } } ignore_live_leader: false dest_uuid: "6aa86607f2974f3c82766cdf168b34bf" is_pre_election: true
I20260630 12:11:47.306069  8182 raft_consensus.cc:2468] T 6ded4a5ee52946a297730724a63e8ebe P 6aa86607f2974f3c82766cdf168b34bf [term 0 FOLLOWER]: Leader pre-election vote request: Granting yes vote for candidate ace5629199ce42a8895a208099ce9286 in term 0.
I20260630 12:11:47.302014  8378 tablet_bootstrap.cc:492] T 0da06b43ca044776b8705735f8a67964 P 025cc509feb843a7bba09c61e392cdbe: Bootstrap starting.
I20260630 12:11:47.308962  8298 leader_election.cc:304] T 0da06b43ca044776b8705735f8a67964 P ace5629199ce42a8895a208099ce9286 [CANDIDATE]: Term 1 pre-election: Election decided. Result: candidate won. Election summary: received 2 responses out of 3 voters: 2 yes votes; 0 no votes. yes voters: 6aa86607f2974f3c82766cdf168b34bf, ace5629199ce42a8895a208099ce9286; no voters: 
I20260630 12:11:47.309137  8258 tablet_service.cc:1917] Received RequestConsensusVote() RPC: tablet_id: "0da06b43ca044776b8705735f8a67964" candidate_uuid: "ace5629199ce42a8895a208099ce9286" candidate_term: 1 candidate_status { last_received { term: 0 index: 0 } } ignore_live_leader: false dest_uuid: "025cc509feb843a7bba09c61e392cdbe" is_pre_election: true
I20260630 12:11:47.309993  8385 raft_consensus.cc:2804] T 0da06b43ca044776b8705735f8a67964 P ace5629199ce42a8895a208099ce9286 [term 0 FOLLOWER]: Leader pre-election won for term 1
I20260630 12:11:47.310339  8385 raft_consensus.cc:493] T 0da06b43ca044776b8705735f8a67964 P ace5629199ce42a8895a208099ce9286 [term 0 FOLLOWER]: Starting leader election (no leader contacted us within the election timeout)
I20260630 12:11:47.310487  8257 tablet_service.cc:1917] Received RequestConsensusVote() RPC: tablet_id: "6ded4a5ee52946a297730724a63e8ebe" candidate_uuid: "ace5629199ce42a8895a208099ce9286" candidate_term: 1 candidate_status { last_received { term: 0 index: 0 } } ignore_live_leader: false dest_uuid: "025cc509feb843a7bba09c61e392cdbe" is_pre_election: true
I20260630 12:11:47.311116  8257 raft_consensus.cc:2468] T 6ded4a5ee52946a297730724a63e8ebe P 025cc509feb843a7bba09c61e392cdbe [term 0 FOLLOWER]: Leader pre-election vote request: Granting yes vote for candidate ace5629199ce42a8895a208099ce9286 in term 0.
I20260630 12:11:47.311187  8298 leader_election.cc:304] T 6ded4a5ee52946a297730724a63e8ebe P ace5629199ce42a8895a208099ce9286 [CANDIDATE]: Term 1 pre-election: Election decided. Result: candidate won. Election summary: received 2 responses out of 3 voters: 2 yes votes; 0 no votes. yes voters: 6aa86607f2974f3c82766cdf168b34bf, ace5629199ce42a8895a208099ce9286; no voters: 
I20260630 12:11:47.310686  8385 raft_consensus.cc:3060] T 0da06b43ca044776b8705735f8a67964 P ace5629199ce42a8895a208099ce9286 [term 0 FOLLOWER]: Advancing to term 1
I20260630 12:11:47.319131  8385 raft_consensus.cc:515] T 0da06b43ca044776b8705735f8a67964 P ace5629199ce42a8895a208099ce9286 [term 1 FOLLOWER]: Starting leader election with config: opid_index: -1 OBSOLETE_local: false peers { permanent_uuid: "6aa86607f2974f3c82766cdf168b34bf" member_type: VOTER last_known_addr { host: "127.5.117.129" port: 43097 } } peers { permanent_uuid: "025cc509feb843a7bba09c61e392cdbe" member_type: VOTER last_known_addr { host: "127.5.117.130" port: 45463 } } peers { permanent_uuid: "ace5629199ce42a8895a208099ce9286" member_type: VOTER last_known_addr { host: "127.5.117.131" port: 37067 } }
I20260630 12:11:47.321099  8385 leader_election.cc:290] T 0da06b43ca044776b8705735f8a67964 P ace5629199ce42a8895a208099ce9286 [CANDIDATE]: Term 1 election: Requested vote from peers 6aa86607f2974f3c82766cdf168b34bf (127.5.117.129:43097), 025cc509feb843a7bba09c61e392cdbe (127.5.117.130:45463)
I20260630 12:11:47.321602  8385 raft_consensus.cc:2804] T 6ded4a5ee52946a297730724a63e8ebe P ace5629199ce42a8895a208099ce9286 [term 0 FOLLOWER]: Leader pre-election won for term 1
I20260630 12:11:47.321923  8385 raft_consensus.cc:493] T 6ded4a5ee52946a297730724a63e8ebe P ace5629199ce42a8895a208099ce9286 [term 0 FOLLOWER]: Starting leader election (no leader contacted us within the election timeout)
W20260630 12:11:47.322954  8296 leader_election.cc:343] T 0da06b43ca044776b8705735f8a67964 P ace5629199ce42a8895a208099ce9286 [CANDIDATE]: Term 1 pre-election: Tablet error from VoteRequest() call to peer 025cc509feb843a7bba09c61e392cdbe (127.5.117.130:45463): Illegal state: must be running to vote when last-logged opid is not known
I20260630 12:11:47.323336  8257 tablet_service.cc:1917] Received RequestConsensusVote() RPC: tablet_id: "0da06b43ca044776b8705735f8a67964" candidate_uuid: "ace5629199ce42a8895a208099ce9286" candidate_term: 1 candidate_status { last_received { term: 0 index: 0 } } ignore_live_leader: false dest_uuid: "025cc509feb843a7bba09c61e392cdbe"
W20260630 12:11:47.324759  8296 leader_election.cc:343] T 0da06b43ca044776b8705735f8a67964 P ace5629199ce42a8895a208099ce9286 [CANDIDATE]: Term 1 election: Tablet error from VoteRequest() call to peer 025cc509feb843a7bba09c61e392cdbe (127.5.117.130:45463): Illegal state: must be running to vote when last-logged opid is not known
I20260630 12:11:47.332113  8385 raft_consensus.cc:3060] T 6ded4a5ee52946a297730724a63e8ebe P ace5629199ce42a8895a208099ce9286 [term 0 FOLLOWER]: Advancing to term 1
