I20260630 12:12:01.894883  9533 tablet_bootstrap.cc:654] T 9f4239d803cf4f5ba56d985b6431facd P 91dfb8a095d44fdea347e6b39cc24b9b: Neither blocks nor log segments found. Creating new log.
I20260630 12:12:01.896006  9534 tablet_bootstrap.cc:654] T 9f4239d803cf4f5ba56d985b6431facd P e41c06a1921a46ef927fe47b2d9eb972: Neither blocks nor log segments found. Creating new log.
I20260630 12:12:01.897814  9532 tablet_bootstrap.cc:492] T 9f4239d803cf4f5ba56d985b6431facd P 0ffb3273ba944b39a862f5cc85ac594d: No bootstrap required, opened a new log
I20260630 12:12:01.898379  9532 ts_tablet_manager.cc:1403] T 9f4239d803cf4f5ba56d985b6431facd P 0ffb3273ba944b39a862f5cc85ac594d: Time spent bootstrapping tablet: real 0.020s	user 0.011s	sys 0.000s
I20260630 12:12:01.900569  9533 tablet_bootstrap.cc:492] T 9f4239d803cf4f5ba56d985b6431facd P 91dfb8a095d44fdea347e6b39cc24b9b: No bootstrap required, opened a new log
I20260630 12:12:01.901008  9534 tablet_bootstrap.cc:492] T 9f4239d803cf4f5ba56d985b6431facd P e41c06a1921a46ef927fe47b2d9eb972: No bootstrap required, opened a new log
I20260630 12:12:01.901073  9533 ts_tablet_manager.cc:1403] T 9f4239d803cf4f5ba56d985b6431facd P 91dfb8a095d44fdea347e6b39cc24b9b: Time spent bootstrapping tablet: real 0.019s	user 0.011s	sys 0.007s
I20260630 12:12:01.901628  9534 ts_tablet_manager.cc:1403] T 9f4239d803cf4f5ba56d985b6431facd P e41c06a1921a46ef927fe47b2d9eb972: Time spent bootstrapping tablet: real 0.011s	user 0.010s	sys 0.000s
I20260630 12:12:01.901648  9532 raft_consensus.cc:359] T 9f4239d803cf4f5ba56d985b6431facd P 0ffb3273ba944b39a862f5cc85ac594d [term 0 FOLLOWER]: Replica starting. Triggering 0 pending ops. Active config: opid_index: -1 OBSOLETE_local: false peers { permanent_uuid: "0ffb3273ba944b39a862f5cc85ac594d" member_type: VOTER last_known_addr { host: "127.5.117.129" port: 38895 } } peers { permanent_uuid: "91dfb8a095d44fdea347e6b39cc24b9b" member_type: VOTER last_known_addr { host: "127.5.117.130" port: 35545 } } peers { permanent_uuid: "e41c06a1921a46ef927fe47b2d9eb972" member_type: VOTER last_known_addr { host: "127.5.117.131" port: 46479 } }
I20260630 12:12:01.902714  9532 raft_consensus.cc:385] T 9f4239d803cf4f5ba56d985b6431facd P 0ffb3273ba944b39a862f5cc85ac594d [term 0 FOLLOWER]: Consensus starting up: Expiring failure detector timer to make a prompt election more likely
I20260630 12:12:01.902943  9532 raft_consensus.cc:740] T 9f4239d803cf4f5ba56d985b6431facd P 0ffb3273ba944b39a862f5cc85ac594d [term 0 FOLLOWER]: Becoming Follower/Learner. State: Replica: 0ffb3273ba944b39a862f5cc85ac594d, State: Initialized, Role: FOLLOWER
I20260630 12:12:01.903576  9532 consensus_queue.cc:260] T 9f4239d803cf4f5ba56d985b6431facd P 0ffb3273ba944b39a862f5cc85ac594d [NON_LEADER]: Queue going to NON_LEADER mode. State: All replicated index: 0, Majority replicated index: 0, Committed index: 0, Last appended: 0.0, Last appended by leader: 0, Current term: 0, Majority size: -1, State: 0, Mode: NON_LEADER, active raft config: opid_index: -1 OBSOLETE_local: false peers { permanent_uuid: "0ffb3273ba944b39a862f5cc85ac594d" member_type: VOTER last_known_addr { host: "127.5.117.129" port: 38895 } } peers { permanent_uuid: "91dfb8a095d44fdea347e6b39cc24b9b" member_type: VOTER last_known_addr { host: "127.5.117.130" port: 35545 } } peers { permanent_uuid: "e41c06a1921a46ef927fe47b2d9eb972" member_type: VOTER last_known_addr { host: "127.5.117.131" port: 46479 } }
I20260630 12:12:01.904070  9533 raft_consensus.cc:359] T 9f4239d803cf4f5ba56d985b6431facd P 91dfb8a095d44fdea347e6b39cc24b9b [term 0 FOLLOWER]: Replica starting. Triggering 0 pending ops. Active config: opid_index: -1 OBSOLETE_local: false peers { permanent_uuid: "0ffb3273ba944b39a862f5cc85ac594d" member_type: VOTER last_known_addr { host: "127.5.117.129" port: 38895 } } peers { permanent_uuid: "91dfb8a095d44fdea347e6b39cc24b9b" member_type: VOTER last_known_addr { host: "127.5.117.130" port: 35545 } } peers { permanent_uuid: "e41c06a1921a46ef927fe47b2d9eb972" member_type: VOTER last_known_addr { host: "127.5.117.131" port: 46479 } }
I20260630 12:12:01.904426  9534 raft_consensus.cc:359] T 9f4239d803cf4f5ba56d985b6431facd P e41c06a1921a46ef927fe47b2d9eb972 [term 0 FOLLOWER]: Replica starting. Triggering 0 pending ops. Active config: opid_index: -1 OBSOLETE_local: false peers { permanent_uuid: "0ffb3273ba944b39a862f5cc85ac594d" member_type: VOTER last_known_addr { host: "127.5.117.129" port: 38895 } } peers { permanent_uuid: "91dfb8a095d44fdea347e6b39cc24b9b" member_type: VOTER last_known_addr { host: "127.5.117.130" port: 35545 } } peers { permanent_uuid: "e41c06a1921a46ef927fe47b2d9eb972" member_type: VOTER last_known_addr { host: "127.5.117.131" port: 46479 } }
I20260630 12:12:01.904876  9533 raft_consensus.cc:385] T 9f4239d803cf4f5ba56d985b6431facd P 91dfb8a095d44fdea347e6b39cc24b9b [term 0 FOLLOWER]: Consensus starting up: Expiring failure detector timer to make a prompt election more likely
I20260630 12:12:01.905189  9534 raft_consensus.cc:385] T 9f4239d803cf4f5ba56d985b6431facd P e41c06a1921a46ef927fe47b2d9eb972 [term 0 FOLLOWER]: Consensus starting up: Expiring failure detector timer to make a prompt election more likely
I20260630 12:12:01.905233  9533 raft_consensus.cc:740] T 9f4239d803cf4f5ba56d985b6431facd P 91dfb8a095d44fdea347e6b39cc24b9b [term 0 FOLLOWER]: Becoming Follower/Learner. State: Replica: 91dfb8a095d44fdea347e6b39cc24b9b, State: Initialized, Role: FOLLOWER
I20260630 12:12:01.905690  9534 raft_consensus.cc:740] T 9f4239d803cf4f5ba56d985b6431facd P e41c06a1921a46ef927fe47b2d9eb972 [term 0 FOLLOWER]: Becoming Follower/Learner. State: Replica: e41c06a1921a46ef927fe47b2d9eb972, State: Initialized, Role: FOLLOWER
I20260630 12:12:01.906368  9532 ts_tablet_manager.cc:1434] T 9f4239d803cf4f5ba56d985b6431facd P 0ffb3273ba944b39a862f5cc85ac594d: Time spent starting tablet: real 0.008s	user 0.005s	sys 0.001s
I20260630 12:12:01.906255  9533 consensus_queue.cc:260] T 9f4239d803cf4f5ba56d985b6431facd P 91dfb8a095d44fdea347e6b39cc24b9b [NON_LEADER]: Queue going to NON_LEADER mode. State: All replicated index: 0, Majority replicated index: 0, Committed index: 0, Last appended: 0.0, Last appended by leader: 0, Current term: 0, Majority size: -1, State: 0, Mode: NON_LEADER, active raft config: opid_index: -1 OBSOLETE_local: false peers { permanent_uuid: "0ffb3273ba944b39a862f5cc85ac594d" member_type: VOTER last_known_addr { host: "127.5.117.129" port: 38895 } } peers { permanent_uuid: "91dfb8a095d44fdea347e6b39cc24b9b" member_type: VOTER last_known_addr { host: "127.5.117.130" port: 35545 } } peers { permanent_uuid: "e41c06a1921a46ef927fe47b2d9eb972" member_type: VOTER last_known_addr { host: "127.5.117.131" port: 46479 } }
I20260630 12:12:01.906553  9534 consensus_queue.cc:260] T 9f4239d803cf4f5ba56d985b6431facd P e41c06a1921a46ef927fe47b2d9eb972 [NON_LEADER]: Queue going to NON_LEADER mode. State: All replicated index: 0, Majority replicated index: 0, Committed index: 0, Last appended: 0.0, Last appended by leader: 0, Current term: 0, Majority size: -1, State: 0, Mode: NON_LEADER, active raft config: opid_index: -1 OBSOLETE_local: false peers { permanent_uuid: "0ffb3273ba944b39a862f5cc85ac594d" member_type: VOTER last_known_addr { host: "127.5.117.129" port: 38895 } } peers { permanent_uuid: "91dfb8a095d44fdea347e6b39cc24b9b" member_type: VOTER last_known_addr { host: "127.5.117.130" port: 35545 } } peers { permanent_uuid: "e41c06a1921a46ef927fe47b2d9eb972" member_type: VOTER last_known_addr { host: "127.5.117.131" port: 46479 } }
I20260630 12:12:01.909130  9533 ts_tablet_manager.cc:1434] T 9f4239d803cf4f5ba56d985b6431facd P 91dfb8a095d44fdea347e6b39cc24b9b: Time spent starting tablet: real 0.008s	user 0.006s	sys 0.000s
I20260630 12:12:01.911099  9534 ts_tablet_manager.cc:1434] T 9f4239d803cf4f5ba56d985b6431facd P e41c06a1921a46ef927fe47b2d9eb972: Time spent starting tablet: real 0.009s	user 0.001s	sys 0.006s
I20260630 12:12:01.927742  9538 raft_consensus.cc:493] T 9f4239d803cf4f5ba56d985b6431facd P 0ffb3273ba944b39a862f5cc85ac594d [term 0 FOLLOWER]: Starting pre-election (no leader contacted us within the election timeout)
I20260630 12:12:01.928222  9538 raft_consensus.cc:515] T 9f4239d803cf4f5ba56d985b6431facd P 0ffb3273ba944b39a862f5cc85ac594d [term 0 FOLLOWER]: Starting pre-election with config: opid_index: -1 OBSOLETE_local: false peers { permanent_uuid: "0ffb3273ba944b39a862f5cc85ac594d" member_type: VOTER last_known_addr { host: "127.5.117.129" port: 38895 } } peers { permanent_uuid: "91dfb8a095d44fdea347e6b39cc24b9b" member_type: VOTER last_known_addr { host: "127.5.117.130" port: 35545 } } peers { permanent_uuid: "e41c06a1921a46ef927fe47b2d9eb972" member_type: VOTER last_known_addr { host: "127.5.117.131" port: 46479 } }
I20260630 12:12:01.930505  9538 leader_election.cc:290] T 9f4239d803cf4f5ba56d985b6431facd P 0ffb3273ba944b39a862f5cc85ac594d [CANDIDATE]: Term 1 pre-election: Requested pre-vote from peers 91dfb8a095d44fdea347e6b39cc24b9b (127.5.117.130:35545), e41c06a1921a46ef927fe47b2d9eb972 (127.5.117.131:46479)
I20260630 12:12:01.940480  9412 tablet_service.cc:1917] Received RequestConsensusVote() RPC: tablet_id: "9f4239d803cf4f5ba56d985b6431facd" candidate_uuid: "0ffb3273ba944b39a862f5cc85ac594d" candidate_term: 1 candidate_status { last_received { term: 0 index: 0 } } ignore_live_leader: false dest_uuid: "e41c06a1921a46ef927fe47b2d9eb972" is_pre_election: true
I20260630 12:12:01.940488  9338 tablet_service.cc:1917] Received RequestConsensusVote() RPC: tablet_id: "9f4239d803cf4f5ba56d985b6431facd" candidate_uuid: "0ffb3273ba944b39a862f5cc85ac594d" candidate_term: 1 candidate_status { last_received { term: 0 index: 0 } } ignore_live_leader: false dest_uuid: "91dfb8a095d44fdea347e6b39cc24b9b" is_pre_election: true
I20260630 12:12:01.941399  9412 raft_consensus.cc:2468] T 9f4239d803cf4f5ba56d985b6431facd P e41c06a1921a46ef927fe47b2d9eb972 [term 0 FOLLOWER]: Leader pre-election vote request: Granting yes vote for candidate 0ffb3273ba944b39a862f5cc85ac594d in term 0.
I20260630 12:12:01.941422  9338 raft_consensus.cc:2468] T 9f4239d803cf4f5ba56d985b6431facd P 91dfb8a095d44fdea347e6b39cc24b9b [term 0 FOLLOWER]: Leader pre-election vote request: Granting yes vote for candidate 0ffb3273ba944b39a862f5cc85ac594d in term 0.
I20260630 12:12:01.942720  9227 leader_election.cc:304] T 9f4239d803cf4f5ba56d985b6431facd P 0ffb3273ba944b39a862f5cc85ac594d [CANDIDATE]: Term 1 pre-election: Election decided. Result: candidate won. Election summary: received 2 responses out of 3 voters: 2 yes votes; 0 no votes. yes voters: 0ffb3273ba944b39a862f5cc85ac594d, e41c06a1921a46ef927fe47b2d9eb972; no voters: 
I20260630 12:12:01.943338  9538 raft_consensus.cc:2804] T 9f4239d803cf4f5ba56d985b6431facd P 0ffb3273ba944b39a862f5cc85ac594d [term 0 FOLLOWER]: Leader pre-election won for term 1
I20260630 12:12:01.943620  9538 raft_consensus.cc:493] T 9f4239d803cf4f5ba56d985b6431facd P 0ffb3273ba944b39a862f5cc85ac594d [term 0 FOLLOWER]: Starting leader election (no leader contacted us within the election timeout)
I20260630 12:12:01.943868  9538 raft_consensus.cc:3060] T 9f4239d803cf4f5ba56d985b6431facd P 0ffb3273ba944b39a862f5cc85ac594d [term 0 FOLLOWER]: Advancing to term 1
I20260630 12:12:01.949267  9538 raft_consensus.cc:515] T 9f4239d803cf4f5ba56d985b6431facd P 0ffb3273ba944b39a862f5cc85ac594d [term 1 FOLLOWER]: Starting leader election with config: opid_index: -1 OBSOLETE_local: false peers { permanent_uuid: "0ffb3273ba944b39a862f5cc85ac594d" member_type: VOTER last_known_addr { host: "127.5.117.129" port: 38895 } } peers { permanent_uuid: "91dfb8a095d44fdea347e6b39cc24b9b" member_type: VOTER last_known_addr { host: "127.5.117.130" port: 35545 } } peers { permanent_uuid: "e41c06a1921a46ef927fe47b2d9eb972" member_type: VOTER last_known_addr { host: "127.5.117.131" port: 46479 } }
I20260630 12:12:01.950765  9538 leader_election.cc:290] T 9f4239d803cf4f5ba56d985b6431facd P 0ffb3273ba944b39a862f5cc85ac594d [CANDIDATE]: Term 1 election: Requested vote from peers 91dfb8a095d44fdea347e6b39cc24b9b (127.5.117.130:35545), e41c06a1921a46ef927fe47b2d9eb972 (127.5.117.131:46479)
I20260630 12:12:01.951555  9338 tablet_service.cc:1917] Received RequestConsensusVote() RPC: tablet_id: "9f4239d803cf4f5ba56d985b6431facd" candidate_uuid: "0ffb3273ba944b39a862f5cc85ac594d" candidate_term: 1 candidate_status { last_received { term: 0 index: 0 } } ignore_live_leader: false dest_uuid: "91dfb8a095d44fdea347e6b39cc24b9b"
I20260630 12:12:01.951686  9412 tablet_service.cc:1917] Received RequestConsensusVote() RPC: tablet_id: "9f4239d803cf4f5ba56d985b6431facd" candidate_uuid: "0ffb3273ba944b39a862f5cc85ac594d" candidate_term: 1 candidate_status { last_received { term: 0 index: 0 } } ignore_live_leader: false dest_uuid: "e41c06a1921a46ef927fe47b2d9eb972"
I20260630 12:12:01.952044  9338 raft_consensus.cc:3060] T 9f4239d803cf4f5ba56d985b6431facd P 91dfb8a095d44fdea347e6b39cc24b9b [term 0 FOLLOWER]: Advancing to term 1
I20260630 12:12:01.952174  9412 raft_consensus.cc:3060] T 9f4239d803cf4f5ba56d985b6431facd P e41c06a1921a46ef927fe47b2d9eb972 [term 0 FOLLOWER]: Advancing to term 1
I20260630 12:12:01.956732  9338 raft_consensus.cc:2468] T 9f4239d803cf4f5ba56d985b6431facd P 91dfb8a095d44fdea347e6b39cc24b9b [term 1 FOLLOWER]: Leader election vote request: Granting yes vote for candidate 0ffb3273ba944b39a862f5cc85ac594d in term 1.
I20260630 12:12:01.957186  9412 raft_consensus.cc:2468] T 9f4239d803cf4f5ba56d985b6431facd P e41c06a1921a46ef927fe47b2d9eb972 [term 1 FOLLOWER]: Leader election vote request: Granting yes vote for candidate 0ffb3273ba944b39a862f5cc85ac594d in term 1.
I20260630 12:12:01.957809  9229 leader_election.cc:304] T 9f4239d803cf4f5ba56d985b6431facd P 0ffb3273ba944b39a862f5cc85ac594d [CANDIDATE]: Term 1 election: Election decided. Result: candidate won. Election summary: received 2 responses out of 3 voters: 2 yes votes; 0 no votes. yes voters: 0ffb3273ba944b39a862f5cc85ac594d, 91dfb8a095d44fdea347e6b39cc24b9b; no voters: 
I20260630 12:12:01.958622  9538 raft_consensus.cc:2804] T 9f4239d803cf4f5ba56d985b6431facd P 0ffb3273ba944b39a862f5cc85ac594d [term 1 FOLLOWER]: Leader election won for term 1
I20260630 12:12:01.959596  9538 raft_consensus.cc:697] T 9f4239d803cf4f5ba56d985b6431facd P 0ffb3273ba944b39a862f5cc85ac594d [term 1 LEADER]: Becoming Leader. State: Replica: 0ffb3273ba944b39a862f5cc85ac594d, State: Running, Role: LEADER
I20260630 12:12:01.960204  9538 consensus_queue.cc:237] T 9f4239d803cf4f5ba56d985b6431facd P 0ffb3273ba944b39a862f5cc85ac594d [LEADER]: Queue going to LEADER mode. State: All replicated index: 0, Majority replicated index: 0, Committed index: 0, Last appended: 0.0, Last appended by leader: 0, Current term: 1, Majority size: 2, State: 0, Mode: LEADER, active raft config: opid_index: -1 OBSOLETE_local: false peers { permanent_uuid: "0ffb3273ba944b39a862f5cc85ac594d" member_type: VOTER last_known_addr { host: "127.5.117.129" port: 38895 } } peers { permanent_uuid: "91dfb8a095d44fdea347e6b39cc24b9b" member_type: VOTER last_known_addr { host: "127.5.117.130" port: 35545 } } peers { permanent_uuid: "e41c06a1921a46ef927fe47b2d9eb972" member_type: VOTER last_known_addr { host: "127.5.117.131" port: 46479 } }
I20260630 12:12:01.967903  9160 catalog_manager.cc:5697] T 9f4239d803cf4f5ba56d985b6431facd P 0ffb3273ba944b39a862f5cc85ac594d reported cstate change: term changed from 0 to 1, leader changed from <none> to 0ffb3273ba944b39a862f5cc85ac594d (127.5.117.129). New cstate: current_term: 1 leader_uuid: "0ffb3273ba944b39a862f5cc85ac594d" committed_config { opid_index: -1 OBSOLETE_local: false peers { permanent_uuid: "0ffb3273ba944b39a862f5cc85ac594d" member_type: VOTER last_known_addr { host: "127.5.117.129" port: 38895 } health_report { overall_health: HEALTHY } } peers { permanent_uuid: "91dfb8a095d44fdea347e6b39cc24b9b" member_type: VOTER last_known_addr { host: "127.5.117.130" port: 35545 } health_report { overall_health: UNKNOWN } } peers { permanent_uuid: "e41c06a1921a46ef927fe47b2d9eb972" member_type: VOTER last_known_addr { host: "127.5.117.131" port: 46479 } health_report { overall_health: UNKNOWN } } }
I20260630 12:12:02.333801  9214 auto_leader_rebalancer.cc:141] leader rebalance for table test-workload
I20260630 12:12:02.335474  9214 auto_leader_rebalancer.cc:440] table: test-workload, leader rebalance finish, leader transfer count: 0
I20260630 12:12:02.335870  9214 auto_leader_rebalancer.cc:515] All tables' leader rebalancing finished this round
I20260630 12:12:02.497840  9545 consensus_queue.cc:1048] T 9f4239d803cf4f5ba56d985b6431facd P 0ffb3273ba944b39a862f5cc85ac594d [LEADER]: Connected to new peer: Peer: permanent_uuid: "e41c06a1921a46ef927fe47b2d9eb972" member_type: VOTER last_known_addr { host: "127.5.117.131" port: 46479 }, Status: LMP_MISMATCH, Last received: 0.0, Next index: 1, Last known committed idx: 0, Time since last communication: 0.000s
I20260630 12:12:02.513146  9552 consensus_queue.cc:1048] T 9f4239d803cf4f5ba56d985b6431facd P 0ffb3273ba944b39a862f5cc85ac594d [LEADER]: Connected to new peer: Peer: permanent_uuid: "91dfb8a095d44fdea347e6b39cc24b9b" member_type: VOTER last_known_addr { host: "127.5.117.130" port: 35545 }, Status: LMP_MISMATCH, Last received: 0.0, Next index: 1, Last known committed idx: 0, Time since last communication: 0.000s
I20260630 12:12:04.336808  9214 auto_leader_rebalancer.cc:141] leader rebalance for table test-workload
I20260630 12:12:04.338017  9214 auto_leader_rebalancer.cc:440] table: test-workload, leader rebalance finish, leader transfer count: 0
I20260630 12:12:04.338326  9214 auto_leader_rebalancer.cc:515] All tables' leader rebalancing finished this round
I20260630 12:12:06.339377  9214 auto_leader_rebalancer.cc:141] leader rebalance for table test-workload
I20260630 12:12:06.340758  9214 auto_leader_rebalancer.cc:440] table: test-workload, leader rebalance finish, leader transfer count: 0
I20260630 12:12:06.341039  9214 auto_leader_rebalancer.cc:515] All tables' leader rebalancing finished this round
I20260630 12:12:08.341882  9214 auto_leader_rebalancer.cc:141] leader rebalance for table test-workload
I20260630 12:12:08.343133  9214 auto_leader_rebalancer.cc:440] table: test-workload, leader rebalance finish, leader transfer count: 0
I20260630 12:12:08.343402  9214 auto_leader_rebalancer.cc:515] All tables' leader rebalancing finished this round
W20260630 12:12:09.114387  9433 debug-util.cc:398] Leaking SignalData structure 0x7b080010b9a0 after lost signal to thread 5593
W20260630 12:12:09.115592  9433 debug-util.cc:398] Leaking SignalData structure 0x7b0800203fa0 after lost signal to thread 9195
W20260630 12:12:09.116793  9433 debug-util.cc:398] Leaking SignalData structure 0x7b0800255420 after lost signal to thread 9287
W20260630 12:12:09.117821  9433 debug-util.cc:398] Leaking SignalData structure 0x7b0800129fa0 after lost signal to thread 9362
W20260630 12:12:09.167066  9433 debug-util.cc:398] Leaking SignalData structure 0x7b0800086620 after lost signal to thread 9436
W20260630 12:12:09.168313  9433 debug-util.cc:398] Leaking SignalData structure 0x7b080015cae0 after lost signal to thread 9510
W20260630 12:12:10.246543  9192 debug-util.cc:398] Leaking SignalData structure 0x7b0800219700 after lost signal to thread 5593
W20260630 12:12:10.331664  9192 debug-util.cc:398] Leaking SignalData structure 0x7b080009ae80 after lost signal to thread 9195
I20260630 12:12:10.333221  9561 raft_consensus.cc:493] T 9f4239d803cf4f5ba56d985b6431facd P e41c06a1921a46ef927fe47b2d9eb972 [term 1 FOLLOWER]: Starting pre-election (detected failure of leader 0ffb3273ba944b39a862f5cc85ac594d)
I20260630 12:12:10.334834  9561 raft_consensus.cc:515] T 9f4239d803cf4f5ba56d985b6431facd P e41c06a1921a46ef927fe47b2d9eb972 [term 1 FOLLOWER]: Starting pre-election with config: opid_index: -1 OBSOLETE_local: false peers { permanent_uuid: "0ffb3273ba944b39a862f5cc85ac594d" member_type: VOTER last_known_addr { host: "127.5.117.129" port: 38895 } } peers { permanent_uuid: "91dfb8a095d44fdea347e6b39cc24b9b" member_type: VOTER last_known_addr { host: "127.5.117.130" port: 35545 } } peers { permanent_uuid: "e41c06a1921a46ef927fe47b2d9eb972" member_type: VOTER last_known_addr { host: "127.5.117.131" port: 46479 } }
I20260630 12:12:10.344385  9214 auto_leader_rebalancer.cc:141] leader rebalance for table test-workload
I20260630 12:12:10.346037  9214 auto_leader_rebalancer.cc:440] table: test-workload, leader rebalance finish, leader transfer count: 0
I20260630 12:12:10.346417  9214 auto_leader_rebalancer.cc:515] All tables' leader rebalancing finished this round
I20260630 12:12:10.552645  9561 leader_election.cc:290] T 9f4239d803cf4f5ba56d985b6431facd P e41c06a1921a46ef927fe47b2d9eb972 [CANDIDATE]: Term 2 pre-election: Requested pre-vote from peers 0ffb3273ba944b39a862f5cc85ac594d (127.5.117.129:38895), 91dfb8a095d44fdea347e6b39cc24b9b (127.5.117.130:35545)
I20260630 12:12:10.651842  9565 raft_consensus.cc:493] T 9f4239d803cf4f5ba56d985b6431facd P 91dfb8a095d44fdea347e6b39cc24b9b [term 1 FOLLOWER]: Starting pre-election (detected failure of leader 0ffb3273ba944b39a862f5cc85ac594d)
I20260630 12:12:10.652493  9565 raft_consensus.cc:515] T 9f4239d803cf4f5ba56d985b6431facd P 91dfb8a095d44fdea347e6b39cc24b9b [term 1 FOLLOWER]: Starting pre-election with config: opid_index: -1 OBSOLETE_local: false peers { permanent_uuid: "0ffb3273ba944b39a862f5cc85ac594d" member_type: VOTER last_known_addr { host: "127.5.117.129" port: 38895 } } peers { permanent_uuid: "91dfb8a095d44fdea347e6b39cc24b9b" member_type: VOTER last_known_addr { host: "127.5.117.130" port: 35545 } } peers { permanent_uuid: "e41c06a1921a46ef927fe47b2d9eb972" member_type: VOTER last_known_addr { host: "127.5.117.131" port: 46479 } }
W20260630 12:12:10.656147  9192 debug-util.cc:398] Leaking SignalData structure 0x7b08001fafa0 after lost signal to thread 9287
W20260630 12:12:10.657239  9192 debug-util.cc:398] Leaking SignalData structure 0x7b08001fcfe0 after lost signal to thread 9362
W20260630 12:12:10.658282  9192 debug-util.cc:398] Leaking SignalData structure 0x7b080013e3e0 after lost signal to thread 9436
W20260630 12:12:10.659299  9192 debug-util.cc:398] Leaking SignalData structure 0x7b08001118c0 after lost signal to thread 9510
I20260630 12:12:10.670565  9565 leader_election.cc:290] T 9f4239d803cf4f5ba56d985b6431facd P 91dfb8a095d44fdea347e6b39cc24b9b [CANDIDATE]: Term 2 pre-election: Requested pre-vote from peers 0ffb3273ba944b39a862f5cc85ac594d (127.5.117.129:38895), e41c06a1921a46ef927fe47b2d9eb972 (127.5.117.131:46479)
I20260630 12:12:10.676210  9338 tablet_service.cc:1917] Received RequestConsensusVote() RPC: tablet_id: "9f4239d803cf4f5ba56d985b6431facd" candidate_uuid: "e41c06a1921a46ef927fe47b2d9eb972" candidate_term: 2 candidate_status { last_received { term: 1 index: 1 } } ignore_live_leader: false dest_uuid: "91dfb8a095d44fdea347e6b39cc24b9b" is_pre_election: true
I20260630 12:12:10.679944  9263 tablet_service.cc:1917] Received RequestConsensusVote() RPC: tablet_id: "9f4239d803cf4f5ba56d985b6431facd" candidate_uuid: "e41c06a1921a46ef927fe47b2d9eb972" candidate_term: 2 candidate_status { last_received { term: 1 index: 1 } } ignore_live_leader: false dest_uuid: "0ffb3273ba944b39a862f5cc85ac594d" is_pre_election: true
I20260630 12:12:10.681764  9376 leader_election.cc:304] T 9f4239d803cf4f5ba56d985b6431facd P e41c06a1921a46ef927fe47b2d9eb972 [CANDIDATE]: Term 2 pre-election: Election decided. Result: candidate lost. Election summary: received 3 responses out of 3 voters: 1 yes votes; 2 no votes. yes voters: e41c06a1921a46ef927fe47b2d9eb972; no voters: 0ffb3273ba944b39a862f5cc85ac594d, 91dfb8a095d44fdea347e6b39cc24b9b
I20260630 12:12:10.682462  9561 raft_consensus.cc:2749] T 9f4239d803cf4f5ba56d985b6431facd P e41c06a1921a46ef927fe47b2d9eb972 [term 1 FOLLOWER]: Leader pre-election lost for term 2. Reason: could not achieve majority
I20260630 12:12:10.697122  9263 tablet_service.cc:1917] Received RequestConsensusVote() RPC: tablet_id: "9f4239d803cf4f5ba56d985b6431facd" candidate_uuid: "91dfb8a095d44fdea347e6b39cc24b9b" candidate_term: 2 candidate_status { last_received { term: 1 index: 1 } } ignore_live_leader: false dest_uuid: "0ffb3273ba944b39a862f5cc85ac594d" is_pre_election: true
I20260630 12:12:10.703866  9412 tablet_service.cc:1917] Received RequestConsensusVote() RPC: tablet_id: "9f4239d803cf4f5ba56d985b6431facd" candidate_uuid: "91dfb8a095d44fdea347e6b39cc24b9b" candidate_term: 2 candidate_status { last_received { term: 1 index: 1 } } ignore_live_leader: false dest_uuid: "e41c06a1921a46ef927fe47b2d9eb972" is_pre_election: true
I20260630 12:12:10.705216  9302 leader_election.cc:304] T 9f4239d803cf4f5ba56d985b6431facd P 91dfb8a095d44fdea347e6b39cc24b9b [CANDIDATE]: Term 2 pre-election: Election decided. Result: candidate lost. Election summary: received 3 responses out of 3 voters: 1 yes votes; 2 no votes. yes voters: 91dfb8a095d44fdea347e6b39cc24b9b; no voters: 0ffb3273ba944b39a862f5cc85ac594d, e41c06a1921a46ef927fe47b2d9eb972
I20260630 12:12:10.705828  9565 raft_consensus.cc:2749] T 9f4239d803cf4f5ba56d985b6431facd P 91dfb8a095d44fdea347e6b39cc24b9b [term 1 FOLLOWER]: Leader pre-election lost for term 2. Reason: could not achieve majority
I20260630 12:12:12.347441  9214 auto_leader_rebalancer.cc:141] leader rebalance for table test-workload
I20260630 12:12:12.349066  9214 auto_leader_rebalancer.cc:440] table: test-workload, leader rebalance finish, leader transfer count: 0
I20260630 12:12:12.349437  9214 auto_leader_rebalancer.cc:515] All tables' leader rebalancing finished this round
I20260630 12:12:13.343123  5590 tablet_server.cc:179] TabletServer@127.5.117.129:0 shutting down...
I20260630 12:12:13.361749  5590 ts_tablet_manager.cc:1507] Shutting down tablet manager...
I20260630 12:12:13.362511  5590 tablet_replica.cc:333] T 9f4239d803cf4f5ba56d985b6431facd P 0ffb3273ba944b39a862f5cc85ac594d: stopping tablet replica
I20260630 12:12:13.363065  5590 raft_consensus.cc:2243] T 9f4239d803cf4f5ba56d985b6431facd P 0ffb3273ba944b39a862f5cc85ac594d [term 1 LEADER]: Raft consensus shutting down.
I20260630 12:12:13.363878  5590 raft_consensus.cc:2272] T 9f4239d803cf4f5ba56d985b6431facd P 0ffb3273ba944b39a862f5cc85ac594d [term 1 FOLLOWER]: Raft consensus is shut down!
I20260630 12:12:13.383162  5590 tablet_server.cc:196] TabletServer@127.5.117.129:0 shutdown complete.
I20260630 12:12:13.393941  5590 tablet_server.cc:179] TabletServer@127.5.117.130:0 shutting down...
I20260630 12:12:13.412408  5590 ts_tablet_manager.cc:1507] Shutting down tablet manager...
I20260630 12:12:13.413003  5590 tablet_replica.cc:333] T 9f4239d803cf4f5ba56d985b6431facd P 91dfb8a095d44fdea347e6b39cc24b9b: stopping tablet replica
I20260630 12:12:13.413527  5590 raft_consensus.cc:2243] T 9f4239d803cf4f5ba56d985b6431facd P 91dfb8a095d44fdea347e6b39cc24b9b [term 1 FOLLOWER]: Raft consensus shutting down.
I20260630 12:12:13.413969  5590 raft_consensus.cc:2272] T 9f4239d803cf4f5ba56d985b6431facd P 91dfb8a095d44fdea347e6b39cc24b9b [term 1 FOLLOWER]: Raft consensus is shut down!
I20260630 12:12:13.431850  5590 tablet_server.cc:196] TabletServer@127.5.117.130:0 shutdown complete.
I20260630 12:12:13.440944  5590 tablet_server.cc:179] TabletServer@127.5.117.131:0 shutting down...
I20260630 12:12:13.457005  5590 ts_tablet_manager.cc:1507] Shutting down tablet manager...
I20260630 12:12:13.457561  5590 tablet_replica.cc:333] T 9f4239d803cf4f5ba56d985b6431facd P e41c06a1921a46ef927fe47b2d9eb972: stopping tablet replica
I20260630 12:12:13.458014  5590 raft_consensus.cc:2243] T 9f4239d803cf4f5ba56d985b6431facd P e41c06a1921a46ef927fe47b2d9eb972 [term 1 FOLLOWER]: Raft consensus shutting down.
I20260630 12:12:13.458480  5590 raft_consensus.cc:2272] T 9f4239d803cf4f5ba56d985b6431facd P e41c06a1921a46ef927fe47b2d9eb972 [term 1 FOLLOWER]: Raft consensus is shut down!
I20260630 12:12:13.492717  5590 tablet_server.cc:196] TabletServer@127.5.117.131:0 shutdown complete.
I20260630 12:12:13.501962  5590 tablet_server.cc:179] TabletServer@127.5.117.132:0 shutting down...
I20260630 12:12:13.519562  5590 ts_tablet_manager.cc:1507] Shutting down tablet manager...
I20260630 12:12:13.534655  5590 tablet_server.cc:196] TabletServer@127.5.117.132:0 shutdown complete.
I20260630 12:12:13.542660  5590 master.cc:562] Master@127.5.117.190:45551 shutting down...
I20260630 12:12:13.557090  5590 raft_consensus.cc:2243] T 00000000000000000000000000000000 P 5bb17c4722cf4e799ed41a257e4c532a [term 1 LEADER]: Raft consensus shutting down.
I20260630 12:12:13.557607  5590 raft_consensus.cc:2272] T 00000000000000000000000000000000 P 5bb17c4722cf4e799ed41a257e4c532a [term 1 FOLLOWER]: Raft consensus is shut down!
I20260630 12:12:13.557874  5590 tablet_replica.cc:333] T 00000000000000000000000000000000 P 5bb17c4722cf4e799ed41a257e4c532a: stopping tablet replica
I20260630 12:12:13.592350  5590 master.cc:584] Master@127.5.117.190:45551 shutdown complete.
[       OK ] AutoRebalancerTest.NoReplicaMovesIfLocationLoadSkewedByOne (13407 ms)
[ RUN      ] AutoRebalancerTest.NoReplicaMovesIfCannotFixPlacementPolicy
I20260630 12:12:13.623193  5590 internal_mini_cluster.cc:156] Creating distributed mini masters. Addrs: 127.5.117.190:44905
I20260630 12:12:13.624194  5590 file_cache.cc:492] Constructed file cache file cache with capacity 419430
W20260630 12:12:13.629144  9574 instance_detector.cc:116] could not retrieve Azure instance metadata: Network error: curl error: HTTP response code said error: The requested URL returned error: 404
W20260630 12:12:13.629302  9573 instance_detector.cc:116] could not retrieve AWS instance metadata: Network error: curl error: HTTP response code said error: The requested URL returned error: 404
W20260630 12:12:13.629671  9576 instance_detector.cc:116] could not retrieve OpenStack instance metadata: Network error: curl error: HTTP response code said error: The requested URL returned error: 404
I20260630 12:12:13.630803  5590 server_base.cc:1061] running on GCE node
I20260630 12:12:13.631495  5590 hybrid_clock.cc:584] initializing the hybrid clock with 'system_unsync' time source
W20260630 12:12:13.631666  5590 system_unsync_time.cc:38] NTP support is disabled. Clock error bounds will not be accurate. This configuration is not suitable for distributed clusters.
I20260630 12:12:13.631773  5590 hybrid_clock.cc:648] HybridClock initialized: now 1782821533631762 us; error 0 us; skew 500 ppm
I20260630 12:12:13.632208  5590 server_base.cc:861] Flag tcmalloc_max_total_thread_cache_bytes is not working since tcmalloc is not enabled.
I20260630 12:12:13.634375  5590 webserver.cc:533] Webserver started at http://127.5.117.190:33959/ using document root <none> and password file <none>
I20260630 12:12:13.634788  5590 fs_manager.cc:362] Metadata directory not provided
I20260630 12:12:13.634943  5590 fs_manager.cc:368] Using write-ahead log directory (fs_wal_dir) as metadata directory
I20260630 12:12:13.635159  5590 server_base.cc:909] This appears to be a new deployment of Kudu; creating new FS layout
I20260630 12:12:13.636183  5590 fs_manager.cc:1068] Generated new instance metadata in path /tmp/dist-test-taskj1LJtU/test-tmp/auto_rebalancer-test.0.AutoRebalancerTest.NoReplicaMovesIfCannotFixPlacementPolicy.1782821424526096-5590-0/minicluster-data/master-0-root/instance:
uuid: "3dedbc0de4ff44fbb76bf86a937fe2b6"
format_stamp: "Formatted at 2026-06-30 12:12:13 on dist-test-slave-zqjq"
I20260630 12:12:13.640105  5590 fs_manager.cc:696] Time spent creating directory manager: real 0.003s	user 0.005s	sys 0.000s
I20260630 12:12:13.642971  9581 log_block_manager.cc:4031] Time spent loading block containers with low live blocks: real 0.000s	user 0.000s	sys 0.000s
I20260630 12:12:13.643608  5590 fs_manager.cc:730] Time spent opening block manager: real 0.002s	user 0.003s	sys 0.000s
I20260630 12:12:13.643821  5590 fs_manager.cc:647] Opened local filesystem: /tmp/dist-test-taskj1LJtU/test-tmp/auto_rebalancer-test.0.AutoRebalancerTest.NoReplicaMovesIfCannotFixPlacementPolicy.1782821424526096-5590-0/minicluster-data/master-0-root
uuid: "3dedbc0de4ff44fbb76bf86a937fe2b6"
format_stamp: "Formatted at 2026-06-30 12:12:13 on dist-test-slave-zqjq"
I20260630 12:12:13.644034  5590 fs_report.cc:389] FS layout report
--------------------
wal directory: /tmp/dist-test-taskj1LJtU/test-tmp/auto_rebalancer-test.0.AutoRebalancerTest.NoReplicaMovesIfCannotFixPlacementPolicy.1782821424526096-5590-0/minicluster-data/master-0-root
metadata directory: /tmp/dist-test-taskj1LJtU/test-tmp/auto_rebalancer-test.0.AutoRebalancerTest.NoReplicaMovesIfCannotFixPlacementPolicy.1782821424526096-5590-0/minicluster-data/master-0-root
1 data directories: /tmp/dist-test-taskj1LJtU/test-tmp/auto_rebalancer-test.0.AutoRebalancerTest.NoReplicaMovesIfCannotFixPlacementPolicy.1782821424526096-5590-0/minicluster-data/master-0-root/data
Total live blocks: 0
Total live bytes: 0
Total live bytes (after alignment): 0
Total number of LBM containers: 0 (0 full)
Did not check for missing blocks
Did not check for orphaned blocks
Total full LBM containers with extra space: 0 (0 repaired)
Total full LBM container extra space in bytes: 0 (0 repaired)
Total incomplete LBM containers: 0 (0 repaired)
Total LBM partial records: 0 (0 repaired)
Total corrupted LBM metadata records in RocksDB: 0 (0 repaired)
I20260630 12:12:13.656631  5590 rpc_server.cc:225] running with OpenSSL 1.1.1  11 Sep 2018
I20260630 12:12:13.657667  5590 kserver.cc:163] Server-wide thread pool size limit: 3276
I20260630 12:12:13.691323  5590 rpc_server.cc:307] RPC server started. Bound to: 127.5.117.190:44905
I20260630 12:12:13.691418  9632 acceptor_pool.cc:272] collecting diagnostics on the listening RPC socket 127.5.117.190:44905 every 8 connection(s)
I20260630 12:12:13.694952  9633 data_dirs.cc:400] Could only allocate 1 dirs of requested 3 for tablet 00000000000000000000000000000000. 1 dirs total, 0 dirs full, 0 dirs failed
I20260630 12:12:13.704705  9633 tablet_bootstrap.cc:492] T 00000000000000000000000000000000 P 3dedbc0de4ff44fbb76bf86a937fe2b6: Bootstrap starting.
I20260630 12:12:13.708895  9633 tablet_bootstrap.cc:654] T 00000000000000000000000000000000 P 3dedbc0de4ff44fbb76bf86a937fe2b6: Neither blocks nor log segments found. Creating new log.
I20260630 12:12:13.712523  9633 tablet_bootstrap.cc:492] T 00000000000000000000000000000000 P 3dedbc0de4ff44fbb76bf86a937fe2b6: No bootstrap required, opened a new log
I20260630 12:12:13.714407  9633 raft_consensus.cc:359] T 00000000000000000000000000000000 P 3dedbc0de4ff44fbb76bf86a937fe2b6 [term 0 FOLLOWER]: Replica starting. Triggering 0 pending ops. Active config: opid_index: -1 OBSOLETE_local: true peers { permanent_uuid: "3dedbc0de4ff44fbb76bf86a937fe2b6" member_type: VOTER }
I20260630 12:12:13.714756  9633 raft_consensus.cc:385] T 00000000000000000000000000000000 P 3dedbc0de4ff44fbb76bf86a937fe2b6 [term 0 FOLLOWER]: Consensus starting up: Expiring failure detector timer to make a prompt election more likely
I20260630 12:12:13.714960  9633 raft_consensus.cc:740] T 00000000000000000000000000000000 P 3dedbc0de4ff44fbb76bf86a937fe2b6 [term 0 FOLLOWER]: Becoming Follower/Learner. State: Replica: 3dedbc0de4ff44fbb76bf86a937fe2b6, State: Initialized, Role: FOLLOWER
I20260630 12:12:13.715509  9633 consensus_queue.cc:260] T 00000000000000000000000000000000 P 3dedbc0de4ff44fbb76bf86a937fe2b6 [NON_LEADER]: Queue going to NON_LEADER mode. State: All replicated index: 0, Majority replicated index: 0, Committed index: 0, Last appended: 0.0, Last appended by leader: 0, Current term: 0, Majority size: -1, State: 0, Mode: NON_LEADER, active raft config: opid_index: -1 OBSOLETE_local: true peers { permanent_uuid: "3dedbc0de4ff44fbb76bf86a937fe2b6" member_type: VOTER }
I20260630 12:12:13.715950  9633 raft_consensus.cc:399] T 00000000000000000000000000000000 P 3dedbc0de4ff44fbb76bf86a937fe2b6 [term 0 FOLLOWER]: Only one voter in the Raft config. Triggering election immediately
I20260630 12:12:13.716162  9633 raft_consensus.cc:493] T 00000000000000000000000000000000 P 3dedbc0de4ff44fbb76bf86a937fe2b6 [term 0 FOLLOWER]: Starting leader election (initial election of a single-replica configuration)
I20260630 12:12:13.716391  9633 raft_consensus.cc:3060] T 00000000000000000000000000000000 P 3dedbc0de4ff44fbb76bf86a937fe2b6 [term 0 FOLLOWER]: Advancing to term 1
I20260630 12:12:13.720227  9633 raft_consensus.cc:515] T 00000000000000000000000000000000 P 3dedbc0de4ff44fbb76bf86a937fe2b6 [term 1 FOLLOWER]: Starting leader election with config: opid_index: -1 OBSOLETE_local: true peers { permanent_uuid: "3dedbc0de4ff44fbb76bf86a937fe2b6" member_type: VOTER }
I20260630 12:12:13.720664  9633 leader_election.cc:304] T 00000000000000000000000000000000 P 3dedbc0de4ff44fbb76bf86a937fe2b6 [CANDIDATE]: Term 1 election: Election decided. Result: candidate won. Election summary: received 1 responses out of 1 voters: 1 yes votes; 0 no votes. yes voters: 3dedbc0de4ff44fbb76bf86a937fe2b6; no voters: 
I20260630 12:12:13.721621  9633 leader_election.cc:290] T 00000000000000000000000000000000 P 3dedbc0de4ff44fbb76bf86a937fe2b6 [CANDIDATE]: Term 1 election: Requested vote from peers 
I20260630 12:12:13.721873  9636 raft_consensus.cc:2804] T 00000000000000000000000000000000 P 3dedbc0de4ff44fbb76bf86a937fe2b6 [term 1 FOLLOWER]: Leader election won for term 1
I20260630 12:12:13.723044  9636 raft_consensus.cc:697] T 00000000000000000000000000000000 P 3dedbc0de4ff44fbb76bf86a937fe2b6 [term 1 LEADER]: Becoming Leader. State: Replica: 3dedbc0de4ff44fbb76bf86a937fe2b6, State: Running, Role: LEADER
I20260630 12:12:13.723666  9636 consensus_queue.cc:237] T 00000000000000000000000000000000 P 3dedbc0de4ff44fbb76bf86a937fe2b6 [LEADER]: Queue going to LEADER mode. State: All replicated index: 0, Majority replicated index: 0, Committed index: 0, Last appended: 0.0, Last appended by leader: 0, Current term: 1, Majority size: 1, State: 0, Mode: LEADER, active raft config: opid_index: -1 OBSOLETE_local: true peers { permanent_uuid: "3dedbc0de4ff44fbb76bf86a937fe2b6" member_type: VOTER }
I20260630 12:12:13.724197  9633 sys_catalog.cc:565] T 00000000000000000000000000000000 P 3dedbc0de4ff44fbb76bf86a937fe2b6 [sys.catalog]: configured and running, proceeding with master startup.
I20260630 12:12:13.728173  9638 sys_catalog.cc:455] T 00000000000000000000000000000000 P 3dedbc0de4ff44fbb76bf86a937fe2b6 [sys.catalog]: SysCatalogTable state changed. Reason: New leader 3dedbc0de4ff44fbb76bf86a937fe2b6. Latest consensus state: current_term: 1 leader_uuid: "3dedbc0de4ff44fbb76bf86a937fe2b6" committed_config { opid_index: -1 OBSOLETE_local: true peers { permanent_uuid: "3dedbc0de4ff44fbb76bf86a937fe2b6" member_type: VOTER } }
I20260630 12:12:13.728744  9638 sys_catalog.cc:458] T 00000000000000000000000000000000 P 3dedbc0de4ff44fbb76bf86a937fe2b6 [sys.catalog]: This master's current role is: LEADER
I20260630 12:12:13.729097  9637 sys_catalog.cc:455] T 00000000000000000000000000000000 P 3dedbc0de4ff44fbb76bf86a937fe2b6 [sys.catalog]: SysCatalogTable state changed. Reason: RaftConsensus started. Latest consensus state: current_term: 1 leader_uuid: "3dedbc0de4ff44fbb76bf86a937fe2b6" committed_config { opid_index: -1 OBSOLETE_local: true peers { permanent_uuid: "3dedbc0de4ff44fbb76bf86a937fe2b6" member_type: VOTER } }
I20260630 12:12:13.729571  9637 sys_catalog.cc:458] T 00000000000000000000000000000000 P 3dedbc0de4ff44fbb76bf86a937fe2b6 [sys.catalog]: This master's current role is: LEADER
I20260630 12:12:13.730538  9643 catalog_manager.cc:1511] Loading table and tablet metadata into memory...
I20260630 12:12:13.735239  9643 catalog_manager.cc:1520] Initializing Kudu cluster ID...
I20260630 12:12:13.737895  5590 internal_mini_cluster.cc:184] Waiting to initialize catalog manager on master 0
I20260630 12:12:13.743088  9643 catalog_manager.cc:1383] Generated new cluster ID: ef1433a5aa92474584e5291d42324f60
I20260630 12:12:13.743331  9643 catalog_manager.cc:1531] Initializing Kudu internal certificate authority...
I20260630 12:12:13.768843  9643 catalog_manager.cc:1406] Generated new certificate authority record
I20260630 12:12:13.770054  9643 catalog_manager.cc:1540] Loading token signing keys...
I20260630 12:12:13.784042  9643 catalog_manager.cc:6070] T 00000000000000000000000000000000 P 3dedbc0de4ff44fbb76bf86a937fe2b6: Generated new TSK 0
I20260630 12:12:13.784577  9643 catalog_manager.cc:1550] Initializing in-progress tserver states...
I20260630 12:12:13.803639  5590 file_cache.cc:492] Constructed file cache file cache with capacity 419430
W20260630 12:12:13.808905  9654 instance_detector.cc:116] could not retrieve AWS instance metadata: Network error: curl error: HTTP response code said error: The requested URL returned error: 404
W20260630 12:12:13.809916  9655 instance_detector.cc:116] could not retrieve Azure instance metadata: Network error: curl error: HTTP response code said error: The requested URL returned error: 404
W20260630 12:12:13.811281  9657 instance_detector.cc:116] could not retrieve OpenStack instance metadata: Network error: curl error: HTTP response code said error: The requested URL returned error: 404
I20260630 12:12:13.811544  5590 server_base.cc:1061] running on GCE node
I20260630 12:12:13.812376  5590 hybrid_clock.cc:584] initializing the hybrid clock with 'system_unsync' time source
W20260630 12:12:13.812542  5590 system_unsync_time.cc:38] NTP support is disabled. Clock error bounds will not be accurate. This configuration is not suitable for distributed clusters.
I20260630 12:12:13.812664  5590 hybrid_clock.cc:648] HybridClock initialized: now 1782821533812653 us; error 0 us; skew 500 ppm
I20260630 12:12:13.813102  5590 server_base.cc:861] Flag tcmalloc_max_total_thread_cache_bytes is not working since tcmalloc is not enabled.
I20260630 12:12:13.815074  5590 webserver.cc:533] Webserver started at http://127.5.117.129:46613/ using document root <none> and password file <none>
I20260630 12:12:13.815456  5590 fs_manager.cc:362] Metadata directory not provided
I20260630 12:12:13.815609  5590 fs_manager.cc:368] Using write-ahead log directory (fs_wal_dir) as metadata directory
I20260630 12:12:13.815814  5590 server_base.cc:909] This appears to be a new deployment of Kudu; creating new FS layout
I20260630 12:12:13.816751  5590 fs_manager.cc:1068] Generated new instance metadata in path /tmp/dist-test-taskj1LJtU/test-tmp/auto_rebalancer-test.0.AutoRebalancerTest.NoReplicaMovesIfCannotFixPlacementPolicy.1782821424526096-5590-0/minicluster-data/ts-0-root/instance:
uuid: "d1dd69dc31cf4854bc4290f747dc52d3"
format_stamp: "Formatted at 2026-06-30 12:12:13 on dist-test-slave-zqjq"
I20260630 12:12:13.820637  5590 fs_manager.cc:696] Time spent creating directory manager: real 0.003s	user 0.005s	sys 0.000s
I20260630 12:12:13.823441  9662 log_block_manager.cc:4031] Time spent loading block containers with low live blocks: real 0.000s	user 0.000s	sys 0.000s
I20260630 12:12:13.824100  5590 fs_manager.cc:730] Time spent opening block manager: real 0.002s	user 0.001s	sys 0.000s
I20260630 12:12:13.824317  5590 fs_manager.cc:647] Opened local filesystem: /tmp/dist-test-taskj1LJtU/test-tmp/auto_rebalancer-test.0.AutoRebalancerTest.NoReplicaMovesIfCannotFixPlacementPolicy.1782821424526096-5590-0/minicluster-data/ts-0-root
uuid: "d1dd69dc31cf4854bc4290f747dc52d3"
format_stamp: "Formatted at 2026-06-30 12:12:13 on dist-test-slave-zqjq"
I20260630 12:12:13.824532  5590 fs_report.cc:389] FS layout report
--------------------
wal directory: /tmp/dist-test-taskj1LJtU/test-tmp/auto_rebalancer-test.0.AutoRebalancerTest.NoReplicaMovesIfCannotFixPlacementPolicy.1782821424526096-5590-0/minicluster-data/ts-0-root
metadata directory: /tmp/dist-test-taskj1LJtU/test-tmp/auto_rebalancer-test.0.AutoRebalancerTest.NoReplicaMovesIfCannotFixPlacementPolicy.1782821424526096-5590-0/minicluster-data/ts-0-root
1 data directories: /tmp/dist-test-taskj1LJtU/test-tmp/auto_rebalancer-test.0.AutoRebalancerTest.NoReplicaMovesIfCannotFixPlacementPolicy.1782821424526096-5590-0/minicluster-data/ts-0-root/data
Total live blocks: 0
Total live bytes: 0
Total live bytes (after alignment): 0
Total number of LBM containers: 0 (0 full)
Did not check for missing blocks
Did not check for orphaned blocks
Total full LBM containers with extra space: 0 (0 repaired)
Total full LBM container extra space in bytes: 0 (0 repaired)
Total incomplete LBM containers: 0 (0 repaired)
Total LBM partial records: 0 (0 repaired)
Total corrupted LBM metadata records in RocksDB: 0 (0 repaired)
I20260630 12:12:13.839715  5590 rpc_server.cc:225] running with OpenSSL 1.1.1  11 Sep 2018
I20260630 12:12:13.840660  5590 kserver.cc:163] Server-wide thread pool size limit: 3276
I20260630 12:12:13.841866  5590 txn_system_client.cc:432] TxnSystemClient initialization is disabled...
I20260630 12:12:13.843907  5590 ts_tablet_manager.cc:585] Loaded tablet metadata (0 total tablets, 0 live tablets)
I20260630 12:12:13.844077  5590 ts_tablet_manager.cc:531] Time spent load tablet metadata: real 0.000s	user 0.000s	sys 0.000s
I20260630 12:12:13.844241  5590 ts_tablet_manager.cc:616] Registered 0 tablets
I20260630 12:12:13.844380  5590 ts_tablet_manager.cc:595] Time spent register tablets: real 0.000s	user 0.000s	sys 0.000s
I20260630 12:12:13.880152  5590 rpc_server.cc:307] RPC server started. Bound to: 127.5.117.129:43089
I20260630 12:12:13.880231  9724 acceptor_pool.cc:272] collecting diagnostics on the listening RPC socket 127.5.117.129:43089 every 8 connection(s)
I20260630 12:12:13.884635  5590 file_cache.cc:492] Constructed file cache file cache with capacity 419430
W20260630 12:12:13.891093  9729 instance_detector.cc:116] could not retrieve AWS instance metadata: Network error: curl error: HTTP response code said error: The requested URL returned error: 404
W20260630 12:12:13.891968  9730 instance_detector.cc:116] could not retrieve Azure instance metadata: Network error: curl error: HTTP response code said error: The requested URL returned error: 404
W20260630 12:12:13.894599  9732 instance_detector.cc:116] could not retrieve OpenStack instance metadata: Network error: curl error: HTTP response code said error: The requested URL returned error: 404
I20260630 12:12:13.895216  5590 server_base.cc:1061] running on GCE node
I20260630 12:12:13.895922  5590 hybrid_clock.cc:584] initializing the hybrid clock with 'system_unsync' time source
W20260630 12:12:13.896099  5590 system_unsync_time.cc:38] NTP support is disabled. Clock error bounds will not be accurate. This configuration is not suitable for distributed clusters.
I20260630 12:12:13.896253  5590 hybrid_clock.cc:648] HybridClock initialized: now 1782821533896235 us; error 0 us; skew 500 ppm
I20260630 12:12:13.896720  5590 server_base.cc:861] Flag tcmalloc_max_total_thread_cache_bytes is not working since tcmalloc is not enabled.
I20260630 12:12:13.899329  5590 webserver.cc:533] Webserver started at http://127.5.117.130:36745/ using document root <none> and password file <none>
I20260630 12:12:13.899878  5590 fs_manager.cc:362] Metadata directory not provided
I20260630 12:12:13.899904  9725 heartbeater.cc:344] Connected to a master server at 127.5.117.190:44905
I20260630 12:12:13.900202  5590 fs_manager.cc:368] Using write-ahead log directory (fs_wal_dir) as metadata directory
I20260630 12:12:13.900368  9725 heartbeater.cc:461] Registering TS with master...
I20260630 12:12:13.900502  5590 server_base.cc:909] This appears to be a new deployment of Kudu; creating new FS layout
I20260630 12:12:13.901047  9725 heartbeater.cc:507] Master 127.5.117.190:44905 requested a full tablet report, sending...
I20260630 12:12:13.901575  5590 fs_manager.cc:1068] Generated new instance metadata in path /tmp/dist-test-taskj1LJtU/test-tmp/auto_rebalancer-test.0.AutoRebalancerTest.NoReplicaMovesIfCannotFixPlacementPolicy.1782821424526096-5590-0/minicluster-data/ts-1-root/instance:
uuid: "9ba386e022a44ed8b6a554452307ccb8"
format_stamp: "Formatted at 2026-06-30 12:12:13 on dist-test-slave-zqjq"
I20260630 12:12:13.903051  9598 ts_manager.cc:194] Registered new tserver with Master: d1dd69dc31cf4854bc4290f747dc52d3 (127.5.117.129:43089)
I20260630 12:12:13.905395  9598 master_service.cc:502] Signed X509 certificate for tserver {username='slave'} at 127.0.0.1:40056
I20260630 12:12:13.906934  5590 fs_manager.cc:696] Time spent creating directory manager: real 0.005s	user 0.006s	sys 0.000s
I20260630 12:12:13.910000  9737 log_block_manager.cc:4031] Time spent loading block containers with low live blocks: real 0.000s	user 0.000s	sys 0.000s
I20260630 12:12:13.910782  5590 fs_manager.cc:730] Time spent opening block manager: real 0.002s	user 0.003s	sys 0.000s
I20260630 12:12:13.911019  5590 fs_manager.cc:647] Opened local filesystem: /tmp/dist-test-taskj1LJtU/test-tmp/auto_rebalancer-test.0.AutoRebalancerTest.NoReplicaMovesIfCannotFixPlacementPolicy.1782821424526096-5590-0/minicluster-data/ts-1-root
uuid: "9ba386e022a44ed8b6a554452307ccb8"
format_stamp: "Formatted at 2026-06-30 12:12:13 on dist-test-slave-zqjq"
I20260630 12:12:13.911254  5590 fs_report.cc:389] FS layout report
--------------------
wal directory: /tmp/dist-test-taskj1LJtU/test-tmp/auto_rebalancer-test.0.AutoRebalancerTest.NoReplicaMovesIfCannotFixPlacementPolicy.1782821424526096-5590-0/minicluster-data/ts-1-root
metadata directory: /tmp/dist-test-taskj1LJtU/test-tmp/auto_rebalancer-test.0.AutoRebalancerTest.NoReplicaMovesIfCannotFixPlacementPolicy.1782821424526096-5590-0/minicluster-data/ts-1-root
1 data directories: /tmp/dist-test-taskj1LJtU/test-tmp/auto_rebalancer-test.0.AutoRebalancerTest.NoReplicaMovesIfCannotFixPlacementPolicy.1782821424526096-5590-0/minicluster-data/ts-1-root/data
Total live blocks: 0
Total live bytes: 0
Total live bytes (after alignment): 0
Total number of LBM containers: 0 (0 full)
Did not check for missing blocks
Did not check for orphaned blocks
Total full LBM containers with extra space: 0 (0 repaired)
