I20260630 12:20:07.298049 30822 raft_consensus.cc:493] T 925a7476479c46fba623080a8343f831 P 61b69653dccb44d4a3f39dbbd685bd64 [term 1 FOLLOWER]: Starting pre-election (detected failure of leader 44779579df4e4b24bff93dad7e27ca5e)
I20260630 12:20:07.298689 30822 raft_consensus.cc:515] T 925a7476479c46fba623080a8343f831 P 61b69653dccb44d4a3f39dbbd685bd64 [term 1 FOLLOWER]: Starting pre-election with config: opid_index: 2 OBSOLETE_local: false peers { permanent_uuid: "44779579df4e4b24bff93dad7e27ca5e" member_type: VOTER last_known_addr { host: "127.29.16.65" port: 46437 } } peers { permanent_uuid: "b6fe9fd63ad74e54b1b6211af5d9ad3e" member_type: VOTER last_known_addr { host: "127.29.16.66" port: 42567 } } peers { permanent_uuid: "61b69653dccb44d4a3f39dbbd685bd64" member_type: VOTER last_known_addr { host: "127.29.16.67" port: 42279 } attrs { replace: true } } peers { permanent_uuid: "1b296d9292184541abb3071062199bb6" member_type: NON_VOTER last_known_addr { host: "127.29.16.68" port: 44709 } attrs { promote: true } }
I20260630 12:20:07.301916 30822 leader_election.cc:290] T 925a7476479c46fba623080a8343f831 P 61b69653dccb44d4a3f39dbbd685bd64 [CANDIDATE]: Term 2 pre-election: Requested pre-vote from peers 44779579df4e4b24bff93dad7e27ca5e (127.29.16.65:46437), b6fe9fd63ad74e54b1b6211af5d9ad3e (127.29.16.66:42567)
W20260630 12:20:07.309121 30539 leader_election.cc:336] T 925a7476479c46fba623080a8343f831 P 61b69653dccb44d4a3f39dbbd685bd64 [CANDIDATE]: Term 2 pre-election: RPC error from VoteRequest() call to peer 44779579df4e4b24bff93dad7e27ca5e (127.29.16.65:46437): Network error: Client connection negotiation failed: client connection to 127.29.16.65:46437: connect: Connection refused (error 111)
W20260630 12:20:07.313732 30541 leader_election.cc:336] T 925a7476479c46fba623080a8343f831 P 61b69653dccb44d4a3f39dbbd685bd64 [CANDIDATE]: Term 2 pre-election: RPC error from VoteRequest() call to peer b6fe9fd63ad74e54b1b6211af5d9ad3e (127.29.16.66:42567): Network error: Client connection negotiation failed: client connection to 127.29.16.66:42567: connect: Connection refused (error 111)
I20260630 12:20:07.314328 30541 leader_election.cc:304] T 925a7476479c46fba623080a8343f831 P 61b69653dccb44d4a3f39dbbd685bd64 [CANDIDATE]: Term 2 pre-election: Election decided. Result: candidate lost. Election summary: received 3 responses out of 3 voters: 1 yes votes; 2 no votes. yes voters: 61b69653dccb44d4a3f39dbbd685bd64; no voters: 44779579df4e4b24bff93dad7e27ca5e, b6fe9fd63ad74e54b1b6211af5d9ad3e
I20260630 12:20:07.315502 30822 raft_consensus.cc:2749] T 925a7476479c46fba623080a8343f831 P 61b69653dccb44d4a3f39dbbd685bd64 [term 1 FOLLOWER]: Leader pre-election lost for term 2. Reason: could not achieve majority
I20260630 12:20:07.345007 30822 raft_consensus.cc:493] T f014d772a23f41cf982b0fbfde4db5a5 P 61b69653dccb44d4a3f39dbbd685bd64 [term 1 FOLLOWER]: Starting pre-election (detected failure of leader 44779579df4e4b24bff93dad7e27ca5e)
I20260630 12:20:07.345634 30822 raft_consensus.cc:515] T f014d772a23f41cf982b0fbfde4db5a5 P 61b69653dccb44d4a3f39dbbd685bd64 [term 1 FOLLOWER]: Starting pre-election with config: opid_index: -1 OBSOLETE_local: false peers { permanent_uuid: "61b69653dccb44d4a3f39dbbd685bd64" member_type: VOTER last_known_addr { host: "127.29.16.67" port: 42279 } } peers { permanent_uuid: "b6fe9fd63ad74e54b1b6211af5d9ad3e" member_type: VOTER last_known_addr { host: "127.29.16.66" port: 42567 } } peers { permanent_uuid: "44779579df4e4b24bff93dad7e27ca5e" member_type: VOTER last_known_addr { host: "127.29.16.65" port: 46437 } }
W20260630 12:20:07.352906 30539 leader_election.cc:336] T f014d772a23f41cf982b0fbfde4db5a5 P 61b69653dccb44d4a3f39dbbd685bd64 [CANDIDATE]: Term 2 pre-election: RPC error from VoteRequest() call to peer 44779579df4e4b24bff93dad7e27ca5e (127.29.16.65:46437): Network error: Client connection negotiation failed: client connection to 127.29.16.65:46437: connect: Connection refused (error 111)
I20260630 12:20:07.357062 30822 leader_election.cc:290] T f014d772a23f41cf982b0fbfde4db5a5 P 61b69653dccb44d4a3f39dbbd685bd64 [CANDIDATE]: Term 2 pre-election: Requested pre-vote from peers b6fe9fd63ad74e54b1b6211af5d9ad3e (127.29.16.66:42567), 44779579df4e4b24bff93dad7e27ca5e (127.29.16.65:46437)
W20260630 12:20:07.361418 30541 leader_election.cc:336] T f014d772a23f41cf982b0fbfde4db5a5 P 61b69653dccb44d4a3f39dbbd685bd64 [CANDIDATE]: Term 2 pre-election: RPC error from VoteRequest() call to peer b6fe9fd63ad74e54b1b6211af5d9ad3e (127.29.16.66:42567): Network error: Client connection negotiation failed: client connection to 127.29.16.66:42567: connect: Connection refused (error 111)
I20260630 12:20:07.361937 30541 leader_election.cc:304] T f014d772a23f41cf982b0fbfde4db5a5 P 61b69653dccb44d4a3f39dbbd685bd64 [CANDIDATE]: Term 2 pre-election: Election decided. Result: candidate lost. Election summary: received 3 responses out of 3 voters: 1 yes votes; 2 no votes. yes voters: 61b69653dccb44d4a3f39dbbd685bd64; no voters: 44779579df4e4b24bff93dad7e27ca5e, b6fe9fd63ad74e54b1b6211af5d9ad3e
I20260630 12:20:07.362792 30822 raft_consensus.cc:2749] T f014d772a23f41cf982b0fbfde4db5a5 P 61b69653dccb44d4a3f39dbbd685bd64 [term 1 FOLLOWER]: Leader pre-election lost for term 2. Reason: could not achieve majority
I20260630 12:20:07.389811 30822 raft_consensus.cc:493] T cbe6ea68c075424ba74ac702ea6036d2 P 61b69653dccb44d4a3f39dbbd685bd64 [term 1 FOLLOWER]: Starting pre-election (detected failure of leader b6fe9fd63ad74e54b1b6211af5d9ad3e)
I20260630 12:20:07.390458 30822 raft_consensus.cc:515] T cbe6ea68c075424ba74ac702ea6036d2 P 61b69653dccb44d4a3f39dbbd685bd64 [term 1 FOLLOWER]: Starting pre-election with config: opid_index: 2 OBSOLETE_local: false peers { permanent_uuid: "44779579df4e4b24bff93dad7e27ca5e" member_type: VOTER last_known_addr { host: "127.29.16.65" port: 46437 } attrs { replace: true } } peers { permanent_uuid: "b6fe9fd63ad74e54b1b6211af5d9ad3e" member_type: VOTER last_known_addr { host: "127.29.16.66" port: 42567 } } peers { permanent_uuid: "61b69653dccb44d4a3f39dbbd685bd64" member_type: VOTER last_known_addr { host: "127.29.16.67" port: 42279 } } peers { permanent_uuid: "1b296d9292184541abb3071062199bb6" member_type: NON_VOTER last_known_addr { host: "127.29.16.68" port: 44709 } attrs { promote: true } }
W20260630 12:20:07.398056 30539 leader_election.cc:336] T cbe6ea68c075424ba74ac702ea6036d2 P 61b69653dccb44d4a3f39dbbd685bd64 [CANDIDATE]: Term 2 pre-election: RPC error from VoteRequest() call to peer 44779579df4e4b24bff93dad7e27ca5e (127.29.16.65:46437): Network error: Client connection negotiation failed: client connection to 127.29.16.65:46437: connect: Connection refused (error 111)
I20260630 12:20:07.399539 30822 leader_election.cc:290] T cbe6ea68c075424ba74ac702ea6036d2 P 61b69653dccb44d4a3f39dbbd685bd64 [CANDIDATE]: Term 2 pre-election: Requested pre-vote from peers 44779579df4e4b24bff93dad7e27ca5e (127.29.16.65:46437), b6fe9fd63ad74e54b1b6211af5d9ad3e (127.29.16.66:42567)
W20260630 12:20:07.404824 30541 leader_election.cc:336] T cbe6ea68c075424ba74ac702ea6036d2 P 61b69653dccb44d4a3f39dbbd685bd64 [CANDIDATE]: Term 2 pre-election: RPC error from VoteRequest() call to peer b6fe9fd63ad74e54b1b6211af5d9ad3e (127.29.16.66:42567): Network error: Client connection negotiation failed: client connection to 127.29.16.66:42567: connect: Connection refused (error 111)
I20260630 12:20:07.405337 30541 leader_election.cc:304] T cbe6ea68c075424ba74ac702ea6036d2 P 61b69653dccb44d4a3f39dbbd685bd64 [CANDIDATE]: Term 2 pre-election: Election decided. Result: candidate lost. Election summary: received 3 responses out of 3 voters: 1 yes votes; 2 no votes. yes voters: 61b69653dccb44d4a3f39dbbd685bd64; no voters: 44779579df4e4b24bff93dad7e27ca5e, b6fe9fd63ad74e54b1b6211af5d9ad3e
I20260630 12:20:07.406525 30822 raft_consensus.cc:2749] T cbe6ea68c075424ba74ac702ea6036d2 P 61b69653dccb44d4a3f39dbbd685bd64 [term 1 FOLLOWER]: Leader pre-election lost for term 2. Reason: could not achieve majority
I20260630 12:20:07.420372 30822 raft_consensus.cc:1064] T b2424cf3d9054850ac0b9942a231d254 P 61b69653dccb44d4a3f39dbbd685bd64: attempting to promote NON_VOTER 1b296d9292184541abb3071062199bb6 to VOTER
I20260630 12:20:07.425748 30822 consensus_queue.cc:237] T b2424cf3d9054850ac0b9942a231d254 P 61b69653dccb44d4a3f39dbbd685bd64 [LEADER]: Queue going to LEADER mode. State: All replicated index: 0, Majority replicated index: 2, Committed index: 2, Last appended: 1.2, Last appended by leader: 0, Current term: 1, Majority size: 3, State: 0, Mode: LEADER, active raft config: opid_index: 3 OBSOLETE_local: false peers { permanent_uuid: "44779579df4e4b24bff93dad7e27ca5e" member_type: VOTER last_known_addr { host: "127.29.16.65" port: 46437 } } peers { permanent_uuid: "b6fe9fd63ad74e54b1b6211af5d9ad3e" member_type: VOTER last_known_addr { host: "127.29.16.66" port: 42567 } attrs { replace: true } } peers { permanent_uuid: "61b69653dccb44d4a3f39dbbd685bd64" member_type: VOTER last_known_addr { host: "127.29.16.67" port: 42279 } } peers { permanent_uuid: "1b296d9292184541abb3071062199bb6" member_type: VOTER last_known_addr { host: "127.29.16.68" port: 44709 } attrs { promote: false } }
I20260630 12:20:07.438704 30790 raft_consensus.cc:493] T 94f3a1005ee94077a0d2f8470c4d9b7e P 61b69653dccb44d4a3f39dbbd685bd64 [term 1 FOLLOWER]: Starting pre-election (detected failure of leader 44779579df4e4b24bff93dad7e27ca5e)
I20260630 12:20:07.439313 30790 raft_consensus.cc:515] T 94f3a1005ee94077a0d2f8470c4d9b7e P 61b69653dccb44d4a3f39dbbd685bd64 [term 1 FOLLOWER]: Starting pre-election with config: opid_index: 2 OBSOLETE_local: false peers { permanent_uuid: "44779579df4e4b24bff93dad7e27ca5e" member_type: VOTER last_known_addr { host: "127.29.16.65" port: 46437 } } peers { permanent_uuid: "b6fe9fd63ad74e54b1b6211af5d9ad3e" member_type: VOTER last_known_addr { host: "127.29.16.66" port: 42567 } } peers { permanent_uuid: "61b69653dccb44d4a3f39dbbd685bd64" member_type: VOTER last_known_addr { host: "127.29.16.67" port: 42279 } attrs { replace: true } } peers { permanent_uuid: "1b296d9292184541abb3071062199bb6" member_type: NON_VOTER last_known_addr { host: "127.29.16.68" port: 44709 } attrs { promote: true } }
W20260630 12:20:07.446273 30539 leader_election.cc:336] T 94f3a1005ee94077a0d2f8470c4d9b7e P 61b69653dccb44d4a3f39dbbd685bd64 [CANDIDATE]: Term 2 pre-election: RPC error from VoteRequest() call to peer 44779579df4e4b24bff93dad7e27ca5e (127.29.16.65:46437): Network error: Client connection negotiation failed: client connection to 127.29.16.65:46437: connect: Connection refused (error 111)
W20260630 12:20:07.452420 30541 leader_election.cc:336] T 94f3a1005ee94077a0d2f8470c4d9b7e P 61b69653dccb44d4a3f39dbbd685bd64 [CANDIDATE]: Term 2 pre-election: RPC error from VoteRequest() call to peer b6fe9fd63ad74e54b1b6211af5d9ad3e (127.29.16.66:42567): Network error: Client connection negotiation failed: client connection to 127.29.16.66:42567: connect: Connection refused (error 111)
I20260630 12:20:07.452940 30541 leader_election.cc:304] T 94f3a1005ee94077a0d2f8470c4d9b7e P 61b69653dccb44d4a3f39dbbd685bd64 [CANDIDATE]: Term 2 pre-election: Election decided. Result: candidate lost. Election summary: received 3 responses out of 3 voters: 1 yes votes; 2 no votes. yes voters: 61b69653dccb44d4a3f39dbbd685bd64; no voters: 44779579df4e4b24bff93dad7e27ca5e, b6fe9fd63ad74e54b1b6211af5d9ad3e
I20260630 12:20:07.453944 30790 leader_election.cc:290] T 94f3a1005ee94077a0d2f8470c4d9b7e P 61b69653dccb44d4a3f39dbbd685bd64 [CANDIDATE]: Term 2 pre-election: Requested pre-vote from peers 44779579df4e4b24bff93dad7e27ca5e (127.29.16.65:46437), b6fe9fd63ad74e54b1b6211af5d9ad3e (127.29.16.66:42567)
I20260630 12:20:07.455426 30790 raft_consensus.cc:2749] T 94f3a1005ee94077a0d2f8470c4d9b7e P 61b69653dccb44d4a3f39dbbd685bd64 [term 1 FOLLOWER]: Leader pre-election lost for term 2. Reason: could not achieve majority
I20260630 12:20:07.466022 30721 raft_consensus.cc:1275] T b2424cf3d9054850ac0b9942a231d254 P 1b296d9292184541abb3071062199bb6 [term 1 LEARNER]: Refusing update from remote peer 61b69653dccb44d4a3f39dbbd685bd64: Log matching property violated. Preceding OpId in replica: term: 1 index: 2. Preceding OpId from leader: term: 1 index: 3. (index mismatch)
W20260630 12:20:07.470077 30539 consensus_peers.cc:597] T b2424cf3d9054850ac0b9942a231d254 P 61b69653dccb44d4a3f39dbbd685bd64 -> Peer 44779579df4e4b24bff93dad7e27ca5e (127.29.16.65:46437): Couldn't send request to peer 44779579df4e4b24bff93dad7e27ca5e. Status: Network error: Client connection negotiation failed: client connection to 127.29.16.65:46437: connect: Connection refused (error 111). This is attempt 1: this message will repeat every 5th retry.
I20260630 12:20:07.472337 30827 consensus_queue.cc:1048] T b2424cf3d9054850ac0b9942a231d254 P 61b69653dccb44d4a3f39dbbd685bd64 [LEADER]: Connected to new peer: Peer: permanent_uuid: "1b296d9292184541abb3071062199bb6" member_type: VOTER last_known_addr { host: "127.29.16.68" port: 44709 } attrs { promote: false }, Status: LMP_MISMATCH, Last received: 0.0, Next index: 3, Last known committed idx: 2, Time since last communication: 0.001s
W20260630 12:20:07.482486 30541 consensus_peers.cc:597] T b2424cf3d9054850ac0b9942a231d254 P 61b69653dccb44d4a3f39dbbd685bd64 -> Peer b6fe9fd63ad74e54b1b6211af5d9ad3e (127.29.16.66:42567): Couldn't send request to peer b6fe9fd63ad74e54b1b6211af5d9ad3e. Status: Network error: Client connection negotiation failed: client connection to 127.29.16.66:42567: connect: Connection refused (error 111). This is attempt 1: this message will repeat every 5th retry.
I20260630 12:20:07.620714 30826 raft_consensus.cc:493] T 6cf4cc64ffec4f35bb04f10f4e530671 P 61b69653dccb44d4a3f39dbbd685bd64 [term 1 FOLLOWER]: Starting pre-election (detected failure of leader b6fe9fd63ad74e54b1b6211af5d9ad3e)
I20260630 12:20:07.621289 30826 raft_consensus.cc:515] T 6cf4cc64ffec4f35bb04f10f4e530671 P 61b69653dccb44d4a3f39dbbd685bd64 [term 1 FOLLOWER]: Starting pre-election with config: opid_index: -1 OBSOLETE_local: false peers { permanent_uuid: "44779579df4e4b24bff93dad7e27ca5e" member_type: VOTER last_known_addr { host: "127.29.16.65" port: 46437 } } peers { permanent_uuid: "b6fe9fd63ad74e54b1b6211af5d9ad3e" member_type: VOTER last_known_addr { host: "127.29.16.66" port: 42567 } } peers { permanent_uuid: "61b69653dccb44d4a3f39dbbd685bd64" member_type: VOTER last_known_addr { host: "127.29.16.67" port: 42279 } }
W20260630 12:20:07.634369 30539 leader_election.cc:336] T 6cf4cc64ffec4f35bb04f10f4e530671 P 61b69653dccb44d4a3f39dbbd685bd64 [CANDIDATE]: Term 2 pre-election: RPC error from VoteRequest() call to peer 44779579df4e4b24bff93dad7e27ca5e (127.29.16.65:46437): Network error: Client connection negotiation failed: client connection to 127.29.16.65:46437: connect: Connection refused (error 111)
W20260630 12:20:07.635295 30541 leader_election.cc:336] T 6cf4cc64ffec4f35bb04f10f4e530671 P 61b69653dccb44d4a3f39dbbd685bd64 [CANDIDATE]: Term 2 pre-election: RPC error from VoteRequest() call to peer b6fe9fd63ad74e54b1b6211af5d9ad3e (127.29.16.66:42567): Network error: Client connection negotiation failed: client connection to 127.29.16.66:42567: connect: Connection refused (error 111)
I20260630 12:20:07.635741 30541 leader_election.cc:304] T 6cf4cc64ffec4f35bb04f10f4e530671 P 61b69653dccb44d4a3f39dbbd685bd64 [CANDIDATE]: Term 2 pre-election: Election decided. Result: candidate lost. Election summary: received 3 responses out of 3 voters: 1 yes votes; 2 no votes. yes voters: 61b69653dccb44d4a3f39dbbd685bd64; no voters: 44779579df4e4b24bff93dad7e27ca5e, b6fe9fd63ad74e54b1b6211af5d9ad3e
I20260630 12:20:07.636535 30826 leader_election.cc:290] T 6cf4cc64ffec4f35bb04f10f4e530671 P 61b69653dccb44d4a3f39dbbd685bd64 [CANDIDATE]: Term 2 pre-election: Requested pre-vote from peers 44779579df4e4b24bff93dad7e27ca5e (127.29.16.65:46437), b6fe9fd63ad74e54b1b6211af5d9ad3e (127.29.16.66:42567)
I20260630 12:20:07.637171 30827 raft_consensus.cc:2749] T 6cf4cc64ffec4f35bb04f10f4e530671 P 61b69653dccb44d4a3f39dbbd685bd64 [term 1 FOLLOWER]: Leader pre-election lost for term 2. Reason: could not achieve majority
W20260630 12:20:08.295064 29761 thread.cc:527] Waited for 2000ms trying to join with diag-logger (tid 30522)
W20260630 12:20:08.617854 30539 consensus_peers.cc:597] T 50f8eafe3ad14cf4b7003ba18d3e5b17 P 61b69653dccb44d4a3f39dbbd685bd64 -> Peer 44779579df4e4b24bff93dad7e27ca5e (127.29.16.65:46437): Couldn't send request to peer 44779579df4e4b24bff93dad7e27ca5e. Status: Network error: Client connection negotiation failed: client connection to 127.29.16.65:46437: connect: Connection refused (error 111). This is attempt 6: this message will repeat every 5th retry.
W20260630 12:20:08.660281 30541 consensus_peers.cc:597] T 50f8eafe3ad14cf4b7003ba18d3e5b17 P 61b69653dccb44d4a3f39dbbd685bd64 -> Peer b6fe9fd63ad74e54b1b6211af5d9ad3e (127.29.16.66:42567): Couldn't send request to peer b6fe9fd63ad74e54b1b6211af5d9ad3e. Status: Network error: Client connection negotiation failed: client connection to 127.29.16.66:42567: connect: Connection refused (error 111). This is attempt 6: this message will repeat every 5th retry.
I20260630 12:20:08.673324 29761 tablet_server.cc:196] TabletServer@127.29.16.66:0 shutdown complete.
I20260630 12:20:08.693738 29761 tablet_server.cc:179] TabletServer@127.29.16.67:0 shutting down...
I20260630 12:20:08.745114 29761 ts_tablet_manager.cc:1507] Shutting down tablet manager...
I20260630 12:20:08.746058 29761 tablet_replica.cc:333] T 94f3a1005ee94077a0d2f8470c4d9b7e P 61b69653dccb44d4a3f39dbbd685bd64: stopping tablet replica
I20260630 12:20:08.747022 29761 raft_consensus.cc:2243] T 94f3a1005ee94077a0d2f8470c4d9b7e P 61b69653dccb44d4a3f39dbbd685bd64 [term 1 FOLLOWER]: Raft consensus shutting down.
I20260630 12:20:08.747735 29761 raft_consensus.cc:2272] T 94f3a1005ee94077a0d2f8470c4d9b7e P 61b69653dccb44d4a3f39dbbd685bd64 [term 1 FOLLOWER]: Raft consensus is shut down!
I20260630 12:20:08.750427 29761 tablet_replica.cc:333] T 50f8eafe3ad14cf4b7003ba18d3e5b17 P 61b69653dccb44d4a3f39dbbd685bd64: stopping tablet replica
I20260630 12:20:08.751334 29761 raft_consensus.cc:2243] T 50f8eafe3ad14cf4b7003ba18d3e5b17 P 61b69653dccb44d4a3f39dbbd685bd64 [term 1 LEADER]: Raft consensus shutting down.
I20260630 12:20:08.752418 29761 raft_consensus.cc:2272] T 50f8eafe3ad14cf4b7003ba18d3e5b17 P 61b69653dccb44d4a3f39dbbd685bd64 [term 1 FOLLOWER]: Raft consensus is shut down!
I20260630 12:20:08.755229 29761 tablet_replica.cc:333] T b2424cf3d9054850ac0b9942a231d254 P 61b69653dccb44d4a3f39dbbd685bd64: stopping tablet replica
I20260630 12:20:08.756054 29761 raft_consensus.cc:2243] T b2424cf3d9054850ac0b9942a231d254 P 61b69653dccb44d4a3f39dbbd685bd64 [term 1 LEADER]: Raft consensus shutting down.
I20260630 12:20:08.757367 29761 pending_rounds.cc:70] T b2424cf3d9054850ac0b9942a231d254 P 61b69653dccb44d4a3f39dbbd685bd64: Trying to abort 1 pending ops.
I20260630 12:20:08.757735 29761 pending_rounds.cc:77] T b2424cf3d9054850ac0b9942a231d254 P 61b69653dccb44d4a3f39dbbd685bd64: Aborting op as it isn't in flight: id { term: 1 index: 3 } timestamp: 7302438942401470464 op_type: CHANGE_CONFIG_OP change_config_record { tablet_id: "b2424cf3d9054850ac0b9942a231d254" old_config { opid_index: 2 OBSOLETE_local: false peers { permanent_uuid: "44779579df4e4b24bff93dad7e27ca5e" member_type: VOTER last_known_addr { host: "127.29.16.65" port: 46437 } } peers { permanent_uuid: "b6fe9fd63ad74e54b1b6211af5d9ad3e" member_type: VOTER last_known_addr { host: "127.29.16.66" port: 42567 } attrs { replace: true } } peers { permanent_uuid: "61b69653dccb44d4a3f39dbbd685bd64" member_type: VOTER last_known_addr { host: "127.29.16.67" port: 42279 } } peers { permanent_uuid: "1b296d9292184541abb3071062199bb6" member_type: NON_VOTER last_known_addr { host: "127.29.16.68" port: 44709 } attrs { promote: true } } } new_config { opid_index: 3 OBSOLETE_local: false peers { permanent_uuid: "44779579df4e4b24bff93dad7e27ca5e" member_type: VOTER last_known_addr { host: "127.29.16.65" port: 46437 } } peers { permanent_uuid: "b6fe9fd63ad74e54b1b6211af5d9ad3e" member_type: VOTER last_known_addr { host: "127.29.16.66" port: 42567 } attrs { replace: true } } peers { permanent_uuid: "61b69653dccb44d4a3f39dbbd685bd64" member_type: VOTER last_known_addr { host: "127.29.16.67" port: 42279 } } peers { permanent_uuid: "1b296d9292184541abb3071062199bb6" member_type: VOTER last_known_addr { host: "127.29.16.68" port: 44709 } attrs { promote: false } } } }
I20260630 12:20:08.758991 29761 raft_consensus.cc:2917] T b2424cf3d9054850ac0b9942a231d254 P 61b69653dccb44d4a3f39dbbd685bd64 [term 1 LEADER]: Aborting config change with OpId 1.3: Aborted: Op aborted
I20260630 12:20:08.759474 29761 raft_consensus.cc:2889] T b2424cf3d9054850ac0b9942a231d254 P 61b69653dccb44d4a3f39dbbd685bd64 [term 1 LEADER]: CHANGE_CONFIG_OP replication failed: Aborted: Op aborted
I20260630 12:20:08.759863 29761 raft_consensus.cc:2272] T b2424cf3d9054850ac0b9942a231d254 P 61b69653dccb44d4a3f39dbbd685bd64 [term 1 FOLLOWER]: Raft consensus is shut down!
I20260630 12:20:08.762531 29761 tablet_replica.cc:333] T dfc74091b2504f47ab4f45bdcdac9967 P 61b69653dccb44d4a3f39dbbd685bd64: stopping tablet replica
I20260630 12:20:08.763377 29761 raft_consensus.cc:2243] T dfc74091b2504f47ab4f45bdcdac9967 P 61b69653dccb44d4a3f39dbbd685bd64 [term 1 FOLLOWER]: Raft consensus shutting down.
I20260630 12:20:08.763939 29761 raft_consensus.cc:2272] T dfc74091b2504f47ab4f45bdcdac9967 P 61b69653dccb44d4a3f39dbbd685bd64 [term 1 FOLLOWER]: Raft consensus is shut down!
I20260630 12:20:08.766489 29761 tablet_replica.cc:333] T 925a7476479c46fba623080a8343f831 P 61b69653dccb44d4a3f39dbbd685bd64: stopping tablet replica
I20260630 12:20:08.767210 29761 raft_consensus.cc:2243] T 925a7476479c46fba623080a8343f831 P 61b69653dccb44d4a3f39dbbd685bd64 [term 1 FOLLOWER]: Raft consensus shutting down.
I20260630 12:20:08.767803 29761 raft_consensus.cc:2272] T 925a7476479c46fba623080a8343f831 P 61b69653dccb44d4a3f39dbbd685bd64 [term 1 FOLLOWER]: Raft consensus is shut down!
I20260630 12:20:08.770125 29761 tablet_replica.cc:333] T 6cf4cc64ffec4f35bb04f10f4e530671 P 61b69653dccb44d4a3f39dbbd685bd64: stopping tablet replica
I20260630 12:20:08.770848 29761 raft_consensus.cc:2243] T 6cf4cc64ffec4f35bb04f10f4e530671 P 61b69653dccb44d4a3f39dbbd685bd64 [term 1 FOLLOWER]: Raft consensus shutting down.
I20260630 12:20:08.771426 29761 raft_consensus.cc:2272] T 6cf4cc64ffec4f35bb04f10f4e530671 P 61b69653dccb44d4a3f39dbbd685bd64 [term 1 FOLLOWER]: Raft consensus is shut down!
I20260630 12:20:08.773828 29761 tablet_replica.cc:333] T f014d772a23f41cf982b0fbfde4db5a5 P 61b69653dccb44d4a3f39dbbd685bd64: stopping tablet replica
I20260630 12:20:08.774720 29761 raft_consensus.cc:2243] T f014d772a23f41cf982b0fbfde4db5a5 P 61b69653dccb44d4a3f39dbbd685bd64 [term 1 FOLLOWER]: Raft consensus shutting down.
I20260630 12:20:08.775296 29761 raft_consensus.cc:2272] T f014d772a23f41cf982b0fbfde4db5a5 P 61b69653dccb44d4a3f39dbbd685bd64 [term 1 FOLLOWER]: Raft consensus is shut down!
I20260630 12:20:08.777927 29761 tablet_replica.cc:333] T cbe6ea68c075424ba74ac702ea6036d2 P 61b69653dccb44d4a3f39dbbd685bd64: stopping tablet replica
I20260630 12:20:08.778604 29761 raft_consensus.cc:2243] T cbe6ea68c075424ba74ac702ea6036d2 P 61b69653dccb44d4a3f39dbbd685bd64 [term 1 FOLLOWER]: Raft consensus shutting down.
I20260630 12:20:08.779309 29761 raft_consensus.cc:2272] T cbe6ea68c075424ba74ac702ea6036d2 P 61b69653dccb44d4a3f39dbbd685bd64 [term 1 FOLLOWER]: Raft consensus is shut down!
I20260630 12:20:08.805745 29761 tablet_server.cc:196] TabletServer@127.29.16.67:0 shutdown complete.
I20260630 12:20:08.837064 29761 tablet_server.cc:179] TabletServer@127.29.16.68:0 shutting down...
I20260630 12:20:08.878054 29761 ts_tablet_manager.cc:1507] Shutting down tablet manager...
I20260630 12:20:08.879011 29761 tablet_replica.cc:333] T b2424cf3d9054850ac0b9942a231d254 P 1b296d9292184541abb3071062199bb6: stopping tablet replica
I20260630 12:20:08.879825 29761 raft_consensus.cc:2243] T b2424cf3d9054850ac0b9942a231d254 P 1b296d9292184541abb3071062199bb6 [term 1 FOLLOWER]: Raft consensus shutting down.
I20260630 12:20:08.880369 29761 pending_rounds.cc:70] T b2424cf3d9054850ac0b9942a231d254 P 1b296d9292184541abb3071062199bb6: Trying to abort 1 pending ops.
I20260630 12:20:08.880643 29761 pending_rounds.cc:77] T b2424cf3d9054850ac0b9942a231d254 P 1b296d9292184541abb3071062199bb6: Aborting op as it isn't in flight: id { term: 1 index: 3 } timestamp: 7302438942401470464 op_type: CHANGE_CONFIG_OP change_config_record { tablet_id: "b2424cf3d9054850ac0b9942a231d254" old_config { opid_index: 2 OBSOLETE_local: false peers { permanent_uuid: "44779579df4e4b24bff93dad7e27ca5e" member_type: VOTER last_known_addr { host: "127.29.16.65" port: 46437 } } peers { permanent_uuid: "b6fe9fd63ad74e54b1b6211af5d9ad3e" member_type: VOTER last_known_addr { host: "127.29.16.66" port: 42567 } attrs { replace: true } } peers { permanent_uuid: "61b69653dccb44d4a3f39dbbd685bd64" member_type: VOTER last_known_addr { host: "127.29.16.67" port: 42279 } } peers { permanent_uuid: "1b296d9292184541abb3071062199bb6" member_type: NON_VOTER last_known_addr { host: "127.29.16.68" port: 44709 } attrs { promote: true } } } new_config { opid_index: 3 OBSOLETE_local: false peers { permanent_uuid: "44779579df4e4b24bff93dad7e27ca5e" member_type: VOTER last_known_addr { host: "127.29.16.65" port: 46437 } } peers { permanent_uuid: "b6fe9fd63ad74e54b1b6211af5d9ad3e" member_type: VOTER last_known_addr { host: "127.29.16.66" port: 42567 } attrs { replace: true } } peers { permanent_uuid: "61b69653dccb44d4a3f39dbbd685bd64" member_type: VOTER last_known_addr { host: "127.29.16.67" port: 42279 } } peers { permanent_uuid: "1b296d9292184541abb3071062199bb6" member_type: VOTER last_known_addr { host: "127.29.16.68" port: 44709 } attrs { promote: false } } } }
I20260630 12:20:08.881793 29761 raft_consensus.cc:2917] T b2424cf3d9054850ac0b9942a231d254 P 1b296d9292184541abb3071062199bb6 [term 1 FOLLOWER]: Aborting config change with OpId 1.3: Aborted: Op aborted
I20260630 12:20:08.882229 29761 raft_consensus.cc:2889] T b2424cf3d9054850ac0b9942a231d254 P 1b296d9292184541abb3071062199bb6 [term 1 LEARNER]: CHANGE_CONFIG_OP replication failed: Aborted: Op aborted
I20260630 12:20:08.882666 29761 raft_consensus.cc:2272] T b2424cf3d9054850ac0b9942a231d254 P 1b296d9292184541abb3071062199bb6 [term 1 LEARNER]: Raft consensus is shut down!
I20260630 12:20:09.275470 30377 auto_leader_rebalancer.cc:141] leader rebalance for table test-workload
I20260630 12:20:09.284228 30377 auto_leader_rebalancer.cc:440] table: test-workload, leader rebalance finish, leader transfer count: 0
I20260630 12:20:09.284770 30377 auto_leader_rebalancer.cc:515] All tables' leader rebalancing finished this round
I20260630 12:20:09.887827 29761 tablet_server.cc:196] TabletServer@127.29.16.68:0 shutdown complete.
I20260630 12:20:09.901834 29761 master.cc:562] Master@127.29.16.126:41875 shutting down...
W20260630 12:20:09.926657 30372 auto_rebalancer.cc:340] scheduled replica move failed to complete: Service unavailable: Catalog manager is not initialized. State: Closing
I20260630 12:20:09.927805 29761 raft_consensus.cc:2243] T 00000000000000000000000000000000 P ac979e61ff7042f582a4bae52f9e9daf [term 1 LEADER]: Raft consensus shutting down.
I20260630 12:20:09.928236 29761 raft_consensus.cc:2272] T 00000000000000000000000000000000 P ac979e61ff7042f582a4bae52f9e9daf [term 1 FOLLOWER]: Raft consensus is shut down!
I20260630 12:20:09.928493 29761 tablet_replica.cc:333] T 00000000000000000000000000000000 P ac979e61ff7042f582a4bae52f9e9daf: stopping tablet replica
I20260630 12:20:09.946362 29761 master.cc:584] Master@127.29.16.126:41875 shutdown complete.
[       OK ] AutoRebalancerTest.AutoRebalancingTurnOffAndOn (13224 ms)
[ RUN      ] AutoRebalancerTest.NextLeaderResumesAutoRebalancing
I20260630 12:20:09.985642 29761 internal_mini_cluster.cc:156] Creating distributed mini masters. Addrs: 127.29.16.126:43441,127.29.16.125:34781,127.29.16.124:38665
I20260630 12:20:09.986871 29761 file_cache.cc:492] Constructed file cache file cache with capacity 419430
W20260630 12:20:10.003723 30831 instance_detector.cc:116] could not retrieve AWS instance metadata: Network error: curl error: HTTP response code said error: The requested URL returned error: 404
W20260630 12:20:10.004192 30832 instance_detector.cc:116] could not retrieve Azure instance metadata: Network error: curl error: HTTP response code said error: The requested URL returned error: 404
W20260630 12:20:10.005326 30834 instance_detector.cc:116] could not retrieve OpenStack instance metadata: Network error: curl error: HTTP response code said error: The requested URL returned error: 404
I20260630 12:20:10.006429 29761 server_base.cc:1061] running on GCE node
I20260630 12:20:10.007442 29761 hybrid_clock.cc:584] initializing the hybrid clock with 'system_unsync' time source
W20260630 12:20:10.007644 29761 system_unsync_time.cc:38] NTP support is disabled. Clock error bounds will not be accurate. This configuration is not suitable for distributed clusters.
I20260630 12:20:10.007828 29761 hybrid_clock.cc:648] HybridClock initialized: now 1782822010007809 us; error 0 us; skew 500 ppm
I20260630 12:20:10.008419 29761 server_base.cc:861] Flag tcmalloc_max_total_thread_cache_bytes is not working since tcmalloc is not enabled.
I20260630 12:20:10.013617 29761 webserver.cc:533] Webserver started at http://127.29.16.126:35145/ using document root <none> and password file <none>
I20260630 12:20:10.014637 29761 fs_manager.cc:362] Metadata directory not provided
I20260630 12:20:10.014981 29761 fs_manager.cc:368] Using write-ahead log directory (fs_wal_dir) as metadata directory
I20260630 12:20:10.015453 29761 server_base.cc:909] This appears to be a new deployment of Kudu; creating new FS layout
I20260630 12:20:10.017917 29761 fs_manager.cc:1068] Generated new instance metadata in path /tmp/dist-test-taskDEH4vV/test-tmp/auto_rebalancer-test.0.AutoRebalancerTest.NextLeaderResumesAutoRebalancing.1782821989756734-29761-0/minicluster-data/master-0-root/instance:
uuid: "fbd878890ad84ace9e79476841b05ea1"
format_stamp: "Formatted at 2026-06-30 12:20:10 on dist-test-slave-cxlk"
I20260630 12:20:10.025821 29761 fs_manager.cc:696] Time spent creating directory manager: real 0.007s	user 0.006s	sys 0.000s
I20260630 12:20:10.031838 30839 log_block_manager.cc:4031] Time spent loading block containers with low live blocks: real 0.000s	user 0.000s	sys 0.000s
I20260630 12:20:10.032892 29761 fs_manager.cc:730] Time spent opening block manager: real 0.003s	user 0.004s	sys 0.000s
I20260630 12:20:10.033309 29761 fs_manager.cc:647] Opened local filesystem: /tmp/dist-test-taskDEH4vV/test-tmp/auto_rebalancer-test.0.AutoRebalancerTest.NextLeaderResumesAutoRebalancing.1782821989756734-29761-0/minicluster-data/master-0-root
uuid: "fbd878890ad84ace9e79476841b05ea1"
format_stamp: "Formatted at 2026-06-30 12:20:10 on dist-test-slave-cxlk"
I20260630 12:20:10.033618 29761 fs_report.cc:389] FS layout report
--------------------
wal directory: /tmp/dist-test-taskDEH4vV/test-tmp/auto_rebalancer-test.0.AutoRebalancerTest.NextLeaderResumesAutoRebalancing.1782821989756734-29761-0/minicluster-data/master-0-root
metadata directory: /tmp/dist-test-taskDEH4vV/test-tmp/auto_rebalancer-test.0.AutoRebalancerTest.NextLeaderResumesAutoRebalancing.1782821989756734-29761-0/minicluster-data/master-0-root
1 data directories: /tmp/dist-test-taskDEH4vV/test-tmp/auto_rebalancer-test.0.AutoRebalancerTest.NextLeaderResumesAutoRebalancing.1782821989756734-29761-0/minicluster-data/master-0-root/data
Total live blocks: 0
Total live bytes: 0
Total live bytes (after alignment): 0
Total number of LBM containers: 0 (0 full)
Did not check for missing blocks
Did not check for orphaned blocks
Total full LBM containers with extra space: 0 (0 repaired)
Total full LBM container extra space in bytes: 0 (0 repaired)
Total incomplete LBM containers: 0 (0 repaired)
Total LBM partial records: 0 (0 repaired)
Total corrupted LBM metadata records in RocksDB: 0 (0 repaired)
I20260630 12:20:10.046553 29761 rpc_server.cc:225] running with OpenSSL 1.1.1  11 Sep 2018
I20260630 12:20:10.047998 29761 kserver.cc:163] Server-wide thread pool size limit: 3276
I20260630 12:20:10.090682 29761 rpc_server.cc:307] RPC server started. Bound to: 127.29.16.126:43441
I20260630 12:20:10.090767 30890 acceptor_pool.cc:272] collecting diagnostics on the listening RPC socket 127.29.16.126:43441 every 8 connection(s)
I20260630 12:20:10.094991 30891 data_dirs.cc:400] Could only allocate 1 dirs of requested 3 for tablet 00000000000000000000000000000000. 1 dirs total, 0 dirs full, 0 dirs failed
I20260630 12:20:10.095209 29761 file_cache.cc:492] Constructed file cache file cache with capacity 419430
W20260630 12:20:10.100906 30893 instance_detector.cc:116] could not retrieve AWS instance metadata: Network error: curl error: HTTP response code said error: The requested URL returned error: 404
W20260630 12:20:10.101332 30894 instance_detector.cc:116] could not retrieve Azure instance metadata: Network error: curl error: HTTP response code said error: The requested URL returned error: 404
I20260630 12:20:10.102757 30891 sys_catalog.cc:422] member_type: VOTER last_known_addr { host: "127.29.16.126" port: 43441 } has no permanent_uuid. Determining permanent_uuid...
W20260630 12:20:10.104908 30897 instance_detector.cc:116] could not retrieve OpenStack instance metadata: Network error: curl error: HTTP response code said error: The requested URL returned error: 404
I20260630 12:20:10.105260 29761 server_base.cc:1061] running on GCE node
I20260630 12:20:10.106392 29761 hybrid_clock.cc:584] initializing the hybrid clock with 'system_unsync' time source
W20260630 12:20:10.106671 29761 system_unsync_time.cc:38] NTP support is disabled. Clock error bounds will not be accurate. This configuration is not suitable for distributed clusters.
I20260630 12:20:10.106889 29761 hybrid_clock.cc:648] HybridClock initialized: now 1782822010106863 us; error 0 us; skew 500 ppm
I20260630 12:20:10.107699 29761 server_base.cc:861] Flag tcmalloc_max_total_thread_cache_bytes is not working since tcmalloc is not enabled.
I20260630 12:20:10.110425 29761 webserver.cc:533] Webserver started at http://127.29.16.125:43615/ using document root <none> and password file <none>
I20260630 12:20:10.110914 29761 fs_manager.cc:362] Metadata directory not provided
I20260630 12:20:10.111109 29761 fs_manager.cc:368] Using write-ahead log directory (fs_wal_dir) as metadata directory
I20260630 12:20:10.111378 29761 server_base.cc:909] This appears to be a new deployment of Kudu; creating new FS layout
I20260630 12:20:10.112679 29761 fs_manager.cc:1068] Generated new instance metadata in path /tmp/dist-test-taskDEH4vV/test-tmp/auto_rebalancer-test.0.AutoRebalancerTest.NextLeaderResumesAutoRebalancing.1782821989756734-29761-0/minicluster-data/master-1-root/instance:
uuid: "276cfc100d344ce6a3b964c8c567b288"
format_stamp: "Formatted at 2026-06-30 12:20:10 on dist-test-slave-cxlk"
I20260630 12:20:10.117290 29761 fs_manager.cc:696] Time spent creating directory manager: real 0.004s	user 0.005s	sys 0.000s
I20260630 12:20:10.123332 30903 log_block_manager.cc:4031] Time spent loading block containers with low live blocks: real 0.000s	user 0.000s	sys 0.000s
I20260630 12:20:10.127049 29761 fs_manager.cc:730] Time spent opening block manager: real 0.008s	user 0.002s	sys 0.000s
I20260630 12:20:10.127404 29761 fs_manager.cc:647] Opened local filesystem: /tmp/dist-test-taskDEH4vV/test-tmp/auto_rebalancer-test.0.AutoRebalancerTest.NextLeaderResumesAutoRebalancing.1782821989756734-29761-0/minicluster-data/master-1-root
uuid: "276cfc100d344ce6a3b964c8c567b288"
format_stamp: "Formatted at 2026-06-30 12:20:10 on dist-test-slave-cxlk"
I20260630 12:20:10.127796 29761 fs_report.cc:389] FS layout report
--------------------
wal directory: /tmp/dist-test-taskDEH4vV/test-tmp/auto_rebalancer-test.0.AutoRebalancerTest.NextLeaderResumesAutoRebalancing.1782821989756734-29761-0/minicluster-data/master-1-root
metadata directory: /tmp/dist-test-taskDEH4vV/test-tmp/auto_rebalancer-test.0.AutoRebalancerTest.NextLeaderResumesAutoRebalancing.1782821989756734-29761-0/minicluster-data/master-1-root
1 data directories: /tmp/dist-test-taskDEH4vV/test-tmp/auto_rebalancer-test.0.AutoRebalancerTest.NextLeaderResumesAutoRebalancing.1782821989756734-29761-0/minicluster-data/master-1-root/data
Total live blocks: 0
Total live bytes: 0
Total live bytes (after alignment): 0
Total number of LBM containers: 0 (0 full)
Did not check for missing blocks
Did not check for orphaned blocks
Total full LBM containers with extra space: 0 (0 repaired)
Total full LBM container extra space in bytes: 0 (0 repaired)
Total incomplete LBM containers: 0 (0 repaired)
Total LBM partial records: 0 (0 repaired)
Total corrupted LBM metadata records in RocksDB: 0 (0 repaired)
I20260630 12:20:10.128345 30891 sys_catalog.cc:422] member_type: VOTER last_known_addr { host: "127.29.16.125" port: 34781 } has no permanent_uuid. Determining permanent_uuid...
W20260630 12:20:10.134760 30891 consensus_peers.cc:760] Error getting permanent uuid from config peer 127.29.16.125:34781: Network error: Client connection negotiation failed: client connection to 127.29.16.125:34781: connect: Connection refused (error 111)
I20260630 12:20:10.145417 29761 rpc_server.cc:225] running with OpenSSL 1.1.1  11 Sep 2018
I20260630 12:20:10.146540 29761 kserver.cc:163] Server-wide thread pool size limit: 3276
I20260630 12:20:10.158406 30891 consensus_peers.cc:770] Retrying to get permanent uuid for remote peer: member_type: VOTER last_known_addr { host: "127.29.16.125" port: 34781 } attempt: 1
W20260630 12:20:10.163925 30891 consensus_peers.cc:760] Error getting permanent uuid from config peer 127.29.16.125:34781: Network error: Client connection negotiation failed: client connection to 127.29.16.125:34781: connect: Connection refused (error 111)
I20260630 12:20:10.185312 29761 rpc_server.cc:307] RPC server started. Bound to: 127.29.16.125:34781
I20260630 12:20:10.185403 30955 acceptor_pool.cc:272] collecting diagnostics on the listening RPC socket 127.29.16.125:34781 every 8 connection(s)
I20260630 12:20:10.188997 29761 file_cache.cc:492] Constructed file cache file cache with capacity 419430
I20260630 12:20:10.189184 30956 data_dirs.cc:400] Could only allocate 1 dirs of requested 3 for tablet 00000000000000000000000000000000. 1 dirs total, 0 dirs full, 0 dirs failed
W20260630 12:20:10.194307 30958 instance_detector.cc:116] could not retrieve AWS instance metadata: Network error: curl error: HTTP response code said error: The requested URL returned error: 404
W20260630 12:20:10.196884 30959 instance_detector.cc:116] could not retrieve Azure instance metadata: Network error: curl error: HTTP response code said error: The requested URL returned error: 404
I20260630 12:20:10.201535 29761 server_base.cc:1061] running on GCE node
W20260630 12:20:10.201938 30961 instance_detector.cc:116] could not retrieve OpenStack instance metadata: Network error: curl error: HTTP response code said error: The requested URL returned error: 404
I20260630 12:20:10.202726 30956 sys_catalog.cc:422] member_type: VOTER last_known_addr { host: "127.29.16.126" port: 43441 } has no permanent_uuid. Determining permanent_uuid...
I20260630 12:20:10.203168 29761 hybrid_clock.cc:584] initializing the hybrid clock with 'system_unsync' time source
W20260630 12:20:10.203473 29761 system_unsync_time.cc:38] NTP support is disabled. Clock error bounds will not be accurate. This configuration is not suitable for distributed clusters.
I20260630 12:20:10.203652 29761 hybrid_clock.cc:648] HybridClock initialized: now 1782822010203636 us; error 0 us; skew 500 ppm
I20260630 12:20:10.204408 29761 server_base.cc:861] Flag tcmalloc_max_total_thread_cache_bytes is not working since tcmalloc is not enabled.
I20260630 12:20:10.207201 29761 webserver.cc:533] Webserver started at http://127.29.16.124:40089/ using document root <none> and password file <none>
I20260630 12:20:10.207759 29761 fs_manager.cc:362] Metadata directory not provided
I20260630 12:20:10.207947 29761 fs_manager.cc:368] Using write-ahead log directory (fs_wal_dir) as metadata directory
I20260630 12:20:10.208232 29761 server_base.cc:909] This appears to be a new deployment of Kudu; creating new FS layout
I20260630 12:20:10.209286 29761 fs_manager.cc:1068] Generated new instance metadata in path /tmp/dist-test-taskDEH4vV/test-tmp/auto_rebalancer-test.0.AutoRebalancerTest.NextLeaderResumesAutoRebalancing.1782821989756734-29761-0/minicluster-data/master-2-root/instance:
uuid: "b62e5e681e7442d3830de2a80d840a2c"
format_stamp: "Formatted at 2026-06-30 12:20:10 on dist-test-slave-cxlk"
I20260630 12:20:10.211369 30891 consensus_peers.cc:770] Retrying to get permanent uuid for remote peer: member_type: VOTER last_known_addr { host: "127.29.16.125" port: 34781 } attempt: 2
I20260630 12:20:10.215726 29761 fs_manager.cc:696] Time spent creating directory manager: real 0.006s	user 0.007s	sys 0.000s
I20260630 12:20:10.216193 30956 sys_catalog.cc:422] member_type: VOTER last_known_addr { host: "127.29.16.125" port: 34781 } has no permanent_uuid. Determining permanent_uuid...
I20260630 12:20:10.221138 30969 log_block_manager.cc:4031] Time spent loading block containers with low live blocks: real 0.000s	user 0.000s	sys 0.000s
I20260630 12:20:10.222074 29761 fs_manager.cc:730] Time spent opening block manager: real 0.004s	user 0.002s	sys 0.001s
I20260630 12:20:10.222469 29761 fs_manager.cc:647] Opened local filesystem: /tmp/dist-test-taskDEH4vV/test-tmp/auto_rebalancer-test.0.AutoRebalancerTest.NextLeaderResumesAutoRebalancing.1782821989756734-29761-0/minicluster-data/master-2-root
uuid: "b62e5e681e7442d3830de2a80d840a2c"
format_stamp: "Formatted at 2026-06-30 12:20:10 on dist-test-slave-cxlk"
I20260630 12:20:10.222878 29761 fs_report.cc:389] FS layout report
--------------------
wal directory: /tmp/dist-test-taskDEH4vV/test-tmp/auto_rebalancer-test.0.AutoRebalancerTest.NextLeaderResumesAutoRebalancing.1782821989756734-29761-0/minicluster-data/master-2-root
metadata directory: /tmp/dist-test-taskDEH4vV/test-tmp/auto_rebalancer-test.0.AutoRebalancerTest.NextLeaderResumesAutoRebalancing.1782821989756734-29761-0/minicluster-data/master-2-root
1 data directories: /tmp/dist-test-taskDEH4vV/test-tmp/auto_rebalancer-test.0.AutoRebalancerTest.NextLeaderResumesAutoRebalancing.1782821989756734-29761-0/minicluster-data/master-2-root/data
Total live blocks: 0
Total live bytes: 0
Total live bytes (after alignment): 0
Total number of LBM containers: 0 (0 full)
Did not check for missing blocks
Did not check for orphaned blocks
Total full LBM containers with extra space: 0 (0 repaired)
Total full LBM container extra space in bytes: 0 (0 repaired)
Total incomplete LBM containers: 0 (0 repaired)
Total LBM partial records: 0 (0 repaired)
Total corrupted LBM metadata records in RocksDB: 0 (0 repaired)
I20260630 12:20:10.226395 30891 sys_catalog.cc:422] member_type: VOTER last_known_addr { host: "127.29.16.124" port: 38665 } has no permanent_uuid. Determining permanent_uuid...
I20260630 12:20:10.231395 30956 sys_catalog.cc:422] member_type: VOTER last_known_addr { host: "127.29.16.124" port: 38665 } has no permanent_uuid. Determining permanent_uuid...
W20260630 12:20:10.232565 30891 consensus_peers.cc:760] Error getting permanent uuid from config peer 127.29.16.124:38665: Network error: Client connection negotiation failed: client connection to 127.29.16.124:38665: connect: Connection refused (error 111)
W20260630 12:20:10.236902 30956 consensus_peers.cc:760] Error getting permanent uuid from config peer 127.29.16.124:38665: Network error: Client connection negotiation failed: client connection to 127.29.16.124:38665: connect: Connection refused (error 111)
I20260630 12:20:10.244392 29761 rpc_server.cc:225] running with OpenSSL 1.1.1  11 Sep 2018
I20260630 12:20:10.245500 29761 kserver.cc:163] Server-wide thread pool size limit: 3276
I20260630 12:20:10.273021 30891 consensus_peers.cc:770] Retrying to get permanent uuid for remote peer: member_type: VOTER last_known_addr { host: "127.29.16.124" port: 38665 } attempt: 1
W20260630 12:20:10.278014 30891 consensus_peers.cc:760] Error getting permanent uuid from config peer 127.29.16.124:38665: Network error: Client connection negotiation failed: client connection to 127.29.16.124:38665: connect: Connection refused (error 111)
I20260630 12:20:10.284194 29761 rpc_server.cc:307] RPC server started. Bound to: 127.29.16.124:38665
I20260630 12:20:10.284294 31021 acceptor_pool.cc:272] collecting diagnostics on the listening RPC socket 127.29.16.124:38665 every 8 connection(s)
I20260630 12:20:10.287174 29761 internal_mini_cluster.cc:184] Waiting to initialize catalog manager on master 0
I20260630 12:20:10.288241 31022 data_dirs.cc:400] Could only allocate 1 dirs of requested 3 for tablet 00000000000000000000000000000000. 1 dirs total, 0 dirs full, 0 dirs failed
I20260630 12:20:10.289341 30956 consensus_peers.cc:770] Retrying to get permanent uuid for remote peer: member_type: VOTER last_known_addr { host: "127.29.16.124" port: 38665 } attempt: 1
I20260630 12:20:10.296226 31022 sys_catalog.cc:422] member_type: VOTER last_known_addr { host: "127.29.16.126" port: 43441 } has no permanent_uuid. Determining permanent_uuid...
I20260630 12:20:10.308789 30956 tablet_bootstrap.cc:492] T 00000000000000000000000000000000 P 276cfc100d344ce6a3b964c8c567b288: Bootstrap starting.
I20260630 12:20:10.308811 31022 sys_catalog.cc:422] member_type: VOTER last_known_addr { host: "127.29.16.125" port: 34781 } has no permanent_uuid. Determining permanent_uuid...
I20260630 12:20:10.314175 30956 tablet_bootstrap.cc:654] T 00000000000000000000000000000000 P 276cfc100d344ce6a3b964c8c567b288: Neither blocks nor log segments found. Creating new log.
I20260630 12:20:10.318904 30956 tablet_bootstrap.cc:492] T 00000000000000000000000000000000 P 276cfc100d344ce6a3b964c8c567b288: No bootstrap required, opened a new log
I20260630 12:20:10.318847 31022 sys_catalog.cc:422] member_type: VOTER last_known_addr { host: "127.29.16.124" port: 38665 } has no permanent_uuid. Determining permanent_uuid...
I20260630 12:20:10.321802 30956 raft_consensus.cc:359] T 00000000000000000000000000000000 P 276cfc100d344ce6a3b964c8c567b288 [term 0 FOLLOWER]: Replica starting. Triggering 0 pending ops. Active config: opid_index: -1 OBSOLETE_local: false peers { permanent_uuid: "fbd878890ad84ace9e79476841b05ea1" member_type: VOTER last_known_addr { host: "127.29.16.126" port: 43441 } } peers { permanent_uuid: "276cfc100d344ce6a3b964c8c567b288" member_type: VOTER last_known_addr { host: "127.29.16.125" port: 34781 } } peers { permanent_uuid: "b62e5e681e7442d3830de2a80d840a2c" member_type: VOTER last_known_addr { host: "127.29.16.124" port: 38665 } }
I20260630 12:20:10.322431 30956 raft_consensus.cc:385] T 00000000000000000000000000000000 P 276cfc100d344ce6a3b964c8c567b288 [term 0 FOLLOWER]: Consensus starting up: Expiring failure detector timer to make a prompt election more likely
I20260630 12:20:10.322700 30956 raft_consensus.cc:740] T 00000000000000000000000000000000 P 276cfc100d344ce6a3b964c8c567b288 [term 0 FOLLOWER]: Becoming Follower/Learner. State: Replica: 276cfc100d344ce6a3b964c8c567b288, State: Initialized, Role: FOLLOWER
I20260630 12:20:10.323366 30956 consensus_queue.cc:260] T 00000000000000000000000000000000 P 276cfc100d344ce6a3b964c8c567b288 [NON_LEADER]: Queue going to NON_LEADER mode. State: All replicated index: 0, Majority replicated index: 0, Committed index: 0, Last appended: 0.0, Last appended by leader: 0, Current term: 0, Majority size: -1, State: 0, Mode: NON_LEADER, active raft config: opid_index: -1 OBSOLETE_local: false peers { permanent_uuid: "fbd878890ad84ace9e79476841b05ea1" member_type: VOTER last_known_addr { host: "127.29.16.126" port: 43441 } } peers { permanent_uuid: "276cfc100d344ce6a3b964c8c567b288" member_type: VOTER last_known_addr { host: "127.29.16.125" port: 34781 } } peers { permanent_uuid: "b62e5e681e7442d3830de2a80d840a2c" member_type: VOTER last_known_addr { host: "127.29.16.124" port: 38665 } }
I20260630 12:20:10.325567 31027 sys_catalog.cc:455] T 00000000000000000000000000000000 P 276cfc100d344ce6a3b964c8c567b288 [sys.catalog]: SysCatalogTable state changed. Reason: RaftConsensus started. Latest consensus state: current_term: 0 committed_config { opid_index: -1 OBSOLETE_local: false peers { permanent_uuid: "fbd878890ad84ace9e79476841b05ea1" member_type: VOTER last_known_addr { host: "127.29.16.126" port: 43441 } } peers { permanent_uuid: "276cfc100d344ce6a3b964c8c567b288" member_type: VOTER last_known_addr { host: "127.29.16.125" port: 34781 } } peers { permanent_uuid: "b62e5e681e7442d3830de2a80d840a2c" member_type: VOTER last_known_addr { host: "127.29.16.124" port: 38665 } } }
I20260630 12:20:10.326334 31027 sys_catalog.cc:458] T 00000000000000000000000000000000 P 276cfc100d344ce6a3b964c8c567b288 [sys.catalog]: This master's current role is: FOLLOWER
I20260630 12:20:10.327188 30956 sys_catalog.cc:565] T 00000000000000000000000000000000 P 276cfc100d344ce6a3b964c8c567b288 [sys.catalog]: configured and running, proceeding with master startup.
I20260630 12:20:10.335587 31022 tablet_bootstrap.cc:492] T 00000000000000000000000000000000 P b62e5e681e7442d3830de2a80d840a2c: Bootstrap starting.
I20260630 12:20:10.336544 30891 consensus_peers.cc:770] Retrying to get permanent uuid for remote peer: member_type: VOTER last_known_addr { host: "127.29.16.124" port: 38665 } attempt: 2
I20260630 12:20:10.341840 31022 tablet_bootstrap.cc:654] T 00000000000000000000000000000000 P b62e5e681e7442d3830de2a80d840a2c: Neither blocks nor log segments found. Creating new log.
