I20260630 12:21:11.416023 31759 raft_consensus.cc:385] T 510b5eefe46c42bcae7e8f31a031bd39 P 529158fb2b674cb89ecd026628aa8f56 [term 0 FOLLOWER]: Consensus starting up: Expiring failure detector timer to make a prompt election more likely
I20260630 12:21:11.416330 31759 raft_consensus.cc:740] T 510b5eefe46c42bcae7e8f31a031bd39 P 529158fb2b674cb89ecd026628aa8f56 [term 0 FOLLOWER]: Becoming Follower/Learner. State: Replica: 529158fb2b674cb89ecd026628aa8f56, State: Initialized, Role: FOLLOWER
I20260630 12:21:11.417107 31759 consensus_queue.cc:260] T 510b5eefe46c42bcae7e8f31a031bd39 P 529158fb2b674cb89ecd026628aa8f56 [NON_LEADER]: Queue going to NON_LEADER mode. State: All replicated index: 0, Majority replicated index: 0, Committed index: 0, Last appended: 0.0, Last appended by leader: 0, Current term: 0, Majority size: -1, State: 0, Mode: NON_LEADER, active raft config: opid_index: -1 OBSOLETE_local: false peers { permanent_uuid: "d711b604aae94320928204c09f18a016" member_type: VOTER last_known_addr { host: "127.27.193.65" port: 43223 } } peers { permanent_uuid: "990207638b924d32bcee4d91205636b4" member_type: VOTER last_known_addr { host: "127.27.193.66" port: 33421 } } peers { permanent_uuid: "529158fb2b674cb89ecd026628aa8f56" member_type: VOTER last_known_addr { host: "127.27.193.68" port: 36965 } }
I20260630 12:21:11.419366 31759 ts_tablet_manager.cc:1434] T 510b5eefe46c42bcae7e8f31a031bd39 P 529158fb2b674cb89ecd026628aa8f56: Time spent starting tablet: real 0.007s	user 0.004s	sys 0.000s
I20260630 12:21:11.420378 31759 tablet_bootstrap.cc:492] T c5c78bf70e8a41fd9fdb1f91d6a0b3e4 P 529158fb2b674cb89ecd026628aa8f56: Bootstrap starting.
I20260630 12:21:11.426455 31759 tablet_bootstrap.cc:654] T c5c78bf70e8a41fd9fdb1f91d6a0b3e4 P 529158fb2b674cb89ecd026628aa8f56: Neither blocks nor log segments found. Creating new log.
I20260630 12:21:11.431419 31759 tablet_bootstrap.cc:492] T c5c78bf70e8a41fd9fdb1f91d6a0b3e4 P 529158fb2b674cb89ecd026628aa8f56: No bootstrap required, opened a new log
I20260630 12:21:11.431881 31759 ts_tablet_manager.cc:1403] T c5c78bf70e8a41fd9fdb1f91d6a0b3e4 P 529158fb2b674cb89ecd026628aa8f56: Time spent bootstrapping tablet: real 0.012s	user 0.009s	sys 0.000s
I20260630 12:21:11.434815 31759 raft_consensus.cc:359] T c5c78bf70e8a41fd9fdb1f91d6a0b3e4 P 529158fb2b674cb89ecd026628aa8f56 [term 0 FOLLOWER]: Replica starting. Triggering 0 pending ops. Active config: opid_index: -1 OBSOLETE_local: false peers { permanent_uuid: "529158fb2b674cb89ecd026628aa8f56" member_type: VOTER last_known_addr { host: "127.27.193.68" port: 36965 } } peers { permanent_uuid: "d711b604aae94320928204c09f18a016" member_type: VOTER last_known_addr { host: "127.27.193.65" port: 43223 } } peers { permanent_uuid: "5e4f36dec9354e21a50d5264ab36edee" member_type: VOTER last_known_addr { host: "127.27.193.67" port: 40131 } }
I20260630 12:21:11.435613 31759 raft_consensus.cc:385] T c5c78bf70e8a41fd9fdb1f91d6a0b3e4 P 529158fb2b674cb89ecd026628aa8f56 [term 0 FOLLOWER]: Consensus starting up: Expiring failure detector timer to make a prompt election more likely
I20260630 12:21:11.435930 31759 raft_consensus.cc:740] T c5c78bf70e8a41fd9fdb1f91d6a0b3e4 P 529158fb2b674cb89ecd026628aa8f56 [term 0 FOLLOWER]: Becoming Follower/Learner. State: Replica: 529158fb2b674cb89ecd026628aa8f56, State: Initialized, Role: FOLLOWER
I20260630 12:21:11.436717 31759 consensus_queue.cc:260] T c5c78bf70e8a41fd9fdb1f91d6a0b3e4 P 529158fb2b674cb89ecd026628aa8f56 [NON_LEADER]: Queue going to NON_LEADER mode. State: All replicated index: 0, Majority replicated index: 0, Committed index: 0, Last appended: 0.0, Last appended by leader: 0, Current term: 0, Majority size: -1, State: 0, Mode: NON_LEADER, active raft config: opid_index: -1 OBSOLETE_local: false peers { permanent_uuid: "529158fb2b674cb89ecd026628aa8f56" member_type: VOTER last_known_addr { host: "127.27.193.68" port: 36965 } } peers { permanent_uuid: "d711b604aae94320928204c09f18a016" member_type: VOTER last_known_addr { host: "127.27.193.65" port: 43223 } } peers { permanent_uuid: "5e4f36dec9354e21a50d5264ab36edee" member_type: VOTER last_known_addr { host: "127.27.193.67" port: 40131 } }
I20260630 12:21:11.438954 31759 ts_tablet_manager.cc:1434] T c5c78bf70e8a41fd9fdb1f91d6a0b3e4 P 529158fb2b674cb89ecd026628aa8f56: Time spent starting tablet: real 0.007s	user 0.005s	sys 0.002s
I20260630 12:21:11.439954 31759 tablet_bootstrap.cc:492] T b9e3e7f25d3841f29ae41a3661e9c52f P 529158fb2b674cb89ecd026628aa8f56: Bootstrap starting.
I20260630 12:21:11.446328 31759 tablet_bootstrap.cc:654] T b9e3e7f25d3841f29ae41a3661e9c52f P 529158fb2b674cb89ecd026628aa8f56: Neither blocks nor log segments found. Creating new log.
I20260630 12:21:11.451735 31759 tablet_bootstrap.cc:492] T b9e3e7f25d3841f29ae41a3661e9c52f P 529158fb2b674cb89ecd026628aa8f56: No bootstrap required, opened a new log
I20260630 12:21:11.452194 31759 ts_tablet_manager.cc:1403] T b9e3e7f25d3841f29ae41a3661e9c52f P 529158fb2b674cb89ecd026628aa8f56: Time spent bootstrapping tablet: real 0.012s	user 0.003s	sys 0.007s
I20260630 12:21:11.454963 31759 raft_consensus.cc:359] T b9e3e7f25d3841f29ae41a3661e9c52f P 529158fb2b674cb89ecd026628aa8f56 [term 0 FOLLOWER]: Replica starting. Triggering 0 pending ops. Active config: opid_index: -1 OBSOLETE_local: false peers { permanent_uuid: "990207638b924d32bcee4d91205636b4" member_type: VOTER last_known_addr { host: "127.27.193.66" port: 33421 } } peers { permanent_uuid: "529158fb2b674cb89ecd026628aa8f56" member_type: VOTER last_known_addr { host: "127.27.193.68" port: 36965 } } peers { permanent_uuid: "5e4f36dec9354e21a50d5264ab36edee" member_type: VOTER last_known_addr { host: "127.27.193.67" port: 40131 } }
I20260630 12:21:11.455686 31759 raft_consensus.cc:385] T b9e3e7f25d3841f29ae41a3661e9c52f P 529158fb2b674cb89ecd026628aa8f56 [term 0 FOLLOWER]: Consensus starting up: Expiring failure detector timer to make a prompt election more likely
I20260630 12:21:11.455976 31759 raft_consensus.cc:740] T b9e3e7f25d3841f29ae41a3661e9c52f P 529158fb2b674cb89ecd026628aa8f56 [term 0 FOLLOWER]: Becoming Follower/Learner. State: Replica: 529158fb2b674cb89ecd026628aa8f56, State: Initialized, Role: FOLLOWER
I20260630 12:21:11.456673 31759 consensus_queue.cc:260] T b9e3e7f25d3841f29ae41a3661e9c52f P 529158fb2b674cb89ecd026628aa8f56 [NON_LEADER]: Queue going to NON_LEADER mode. State: All replicated index: 0, Majority replicated index: 0, Committed index: 0, Last appended: 0.0, Last appended by leader: 0, Current term: 0, Majority size: -1, State: 0, Mode: NON_LEADER, active raft config: opid_index: -1 OBSOLETE_local: false peers { permanent_uuid: "990207638b924d32bcee4d91205636b4" member_type: VOTER last_known_addr { host: "127.27.193.66" port: 33421 } } peers { permanent_uuid: "529158fb2b674cb89ecd026628aa8f56" member_type: VOTER last_known_addr { host: "127.27.193.68" port: 36965 } } peers { permanent_uuid: "5e4f36dec9354e21a50d5264ab36edee" member_type: VOTER last_known_addr { host: "127.27.193.67" port: 40131 } }
I20260630 12:21:11.458968 31759 ts_tablet_manager.cc:1434] T b9e3e7f25d3841f29ae41a3661e9c52f P 529158fb2b674cb89ecd026628aa8f56: Time spent starting tablet: real 0.006s	user 0.004s	sys 0.000s
I20260630 12:21:11.459983 31759 tablet_bootstrap.cc:492] T 71831edd4ddb4218a42616f485c6545a P 529158fb2b674cb89ecd026628aa8f56: Bootstrap starting.
I20260630 12:21:11.466514 31759 tablet_bootstrap.cc:654] T 71831edd4ddb4218a42616f485c6545a P 529158fb2b674cb89ecd026628aa8f56: Neither blocks nor log segments found. Creating new log.
I20260630 12:21:11.470861 31759 tablet_bootstrap.cc:492] T 71831edd4ddb4218a42616f485c6545a P 529158fb2b674cb89ecd026628aa8f56: No bootstrap required, opened a new log
I20260630 12:21:11.471289 31759 ts_tablet_manager.cc:1403] T 71831edd4ddb4218a42616f485c6545a P 529158fb2b674cb89ecd026628aa8f56: Time spent bootstrapping tablet: real 0.012s	user 0.009s	sys 0.000s
I20260630 12:21:11.473747 31759 raft_consensus.cc:359] T 71831edd4ddb4218a42616f485c6545a P 529158fb2b674cb89ecd026628aa8f56 [term 0 FOLLOWER]: Replica starting. Triggering 0 pending ops. Active config: opid_index: -1 OBSOLETE_local: false peers { permanent_uuid: "529158fb2b674cb89ecd026628aa8f56" member_type: VOTER last_known_addr { host: "127.27.193.68" port: 36965 } } peers { permanent_uuid: "5e4f36dec9354e21a50d5264ab36edee" member_type: VOTER last_known_addr { host: "127.27.193.67" port: 40131 } } peers { permanent_uuid: "d711b604aae94320928204c09f18a016" member_type: VOTER last_known_addr { host: "127.27.193.65" port: 43223 } }
I20260630 12:21:11.474422 31759 raft_consensus.cc:385] T 71831edd4ddb4218a42616f485c6545a P 529158fb2b674cb89ecd026628aa8f56 [term 0 FOLLOWER]: Consensus starting up: Expiring failure detector timer to make a prompt election more likely
I20260630 12:21:11.474690 31759 raft_consensus.cc:740] T 71831edd4ddb4218a42616f485c6545a P 529158fb2b674cb89ecd026628aa8f56 [term 0 FOLLOWER]: Becoming Follower/Learner. State: Replica: 529158fb2b674cb89ecd026628aa8f56, State: Initialized, Role: FOLLOWER
I20260630 12:21:11.475296 31759 consensus_queue.cc:260] T 71831edd4ddb4218a42616f485c6545a P 529158fb2b674cb89ecd026628aa8f56 [NON_LEADER]: Queue going to NON_LEADER mode. State: All replicated index: 0, Majority replicated index: 0, Committed index: 0, Last appended: 0.0, Last appended by leader: 0, Current term: 0, Majority size: -1, State: 0, Mode: NON_LEADER, active raft config: opid_index: -1 OBSOLETE_local: false peers { permanent_uuid: "529158fb2b674cb89ecd026628aa8f56" member_type: VOTER last_known_addr { host: "127.27.193.68" port: 36965 } } peers { permanent_uuid: "5e4f36dec9354e21a50d5264ab36edee" member_type: VOTER last_known_addr { host: "127.27.193.67" port: 40131 } } peers { permanent_uuid: "d711b604aae94320928204c09f18a016" member_type: VOTER last_known_addr { host: "127.27.193.65" port: 43223 } }
I20260630 12:21:11.477269 31759 ts_tablet_manager.cc:1434] T 71831edd4ddb4218a42616f485c6545a P 529158fb2b674cb89ecd026628aa8f56: Time spent starting tablet: real 0.006s	user 0.007s	sys 0.000s
I20260630 12:21:11.543833 31782 raft_consensus.cc:493] T b9e3e7f25d3841f29ae41a3661e9c52f P 529158fb2b674cb89ecd026628aa8f56 [term 0 FOLLOWER]: Starting pre-election (no leader contacted us within the election timeout)
I20260630 12:21:11.544327 31782 raft_consensus.cc:515] T b9e3e7f25d3841f29ae41a3661e9c52f P 529158fb2b674cb89ecd026628aa8f56 [term 0 FOLLOWER]: Starting pre-election with config: opid_index: -1 OBSOLETE_local: false peers { permanent_uuid: "990207638b924d32bcee4d91205636b4" member_type: VOTER last_known_addr { host: "127.27.193.66" port: 33421 } } peers { permanent_uuid: "529158fb2b674cb89ecd026628aa8f56" member_type: VOTER last_known_addr { host: "127.27.193.68" port: 36965 } } peers { permanent_uuid: "5e4f36dec9354e21a50d5264ab36edee" member_type: VOTER last_known_addr { host: "127.27.193.67" port: 40131 } }
I20260630 12:21:11.548036 31782 leader_election.cc:290] T b9e3e7f25d3841f29ae41a3661e9c52f P 529158fb2b674cb89ecd026628aa8f56 [CANDIDATE]: Term 1 pre-election: Requested pre-vote from peers 990207638b924d32bcee4d91205636b4 (127.27.193.66:33421), 5e4f36dec9354e21a50d5264ab36edee (127.27.193.67:40131)
I20260630 12:21:11.578567 31493 tablet_service.cc:1917] Received RequestConsensusVote() RPC: tablet_id: "b9e3e7f25d3841f29ae41a3661e9c52f" candidate_uuid: "529158fb2b674cb89ecd026628aa8f56" candidate_term: 1 candidate_status { last_received { term: 0 index: 0 } } ignore_live_leader: false dest_uuid: "990207638b924d32bcee4d91205636b4" is_pre_election: true
I20260630 12:21:11.579180 31493 raft_consensus.cc:2468] T b9e3e7f25d3841f29ae41a3661e9c52f P 990207638b924d32bcee4d91205636b4 [term 0 FOLLOWER]: Leader pre-election vote request: Granting yes vote for candidate 529158fb2b674cb89ecd026628aa8f56 in term 0.
I20260630 12:21:11.580531 31674 leader_election.cc:304] T b9e3e7f25d3841f29ae41a3661e9c52f P 529158fb2b674cb89ecd026628aa8f56 [CANDIDATE]: Term 1 pre-election: Election decided. Result: candidate won. Election summary: received 2 responses out of 3 voters: 2 yes votes; 0 no votes. yes voters: 529158fb2b674cb89ecd026628aa8f56, 990207638b924d32bcee4d91205636b4; no voters: 
I20260630 12:21:11.581331 31782 raft_consensus.cc:2804] T b9e3e7f25d3841f29ae41a3661e9c52f P 529158fb2b674cb89ecd026628aa8f56 [term 0 FOLLOWER]: Leader pre-election won for term 1
I20260630 12:21:11.581746 31782 raft_consensus.cc:493] T b9e3e7f25d3841f29ae41a3661e9c52f P 529158fb2b674cb89ecd026628aa8f56 [term 0 FOLLOWER]: Starting leader election (no leader contacted us within the election timeout)
I20260630 12:21:11.582090 31782 raft_consensus.cc:3060] T b9e3e7f25d3841f29ae41a3661e9c52f P 529158fb2b674cb89ecd026628aa8f56 [term 0 FOLLOWER]: Advancing to term 1
I20260630 12:21:11.585587 31565 tablet_service.cc:1917] Received RequestConsensusVote() RPC: tablet_id: "b9e3e7f25d3841f29ae41a3661e9c52f" candidate_uuid: "529158fb2b674cb89ecd026628aa8f56" candidate_term: 1 candidate_status { last_received { term: 0 index: 0 } } ignore_live_leader: false dest_uuid: "5e4f36dec9354e21a50d5264ab36edee" is_pre_election: true
I20260630 12:21:11.586194 31565 raft_consensus.cc:2468] T b9e3e7f25d3841f29ae41a3661e9c52f P 5e4f36dec9354e21a50d5264ab36edee [term 0 FOLLOWER]: Leader pre-election vote request: Granting yes vote for candidate 529158fb2b674cb89ecd026628aa8f56 in term 0.
I20260630 12:21:11.589627 31782 raft_consensus.cc:515] T b9e3e7f25d3841f29ae41a3661e9c52f P 529158fb2b674cb89ecd026628aa8f56 [term 1 FOLLOWER]: Starting leader election with config: opid_index: -1 OBSOLETE_local: false peers { permanent_uuid: "990207638b924d32bcee4d91205636b4" member_type: VOTER last_known_addr { host: "127.27.193.66" port: 33421 } } peers { permanent_uuid: "529158fb2b674cb89ecd026628aa8f56" member_type: VOTER last_known_addr { host: "127.27.193.68" port: 36965 } } peers { permanent_uuid: "5e4f36dec9354e21a50d5264ab36edee" member_type: VOTER last_known_addr { host: "127.27.193.67" port: 40131 } }
I20260630 12:21:11.592851 31493 tablet_service.cc:1917] Received RequestConsensusVote() RPC: tablet_id: "b9e3e7f25d3841f29ae41a3661e9c52f" candidate_uuid: "529158fb2b674cb89ecd026628aa8f56" candidate_term: 1 candidate_status { last_received { term: 0 index: 0 } } ignore_live_leader: false dest_uuid: "990207638b924d32bcee4d91205636b4"
I20260630 12:21:11.593434 31493 raft_consensus.cc:3060] T b9e3e7f25d3841f29ae41a3661e9c52f P 990207638b924d32bcee4d91205636b4 [term 0 FOLLOWER]: Advancing to term 1
I20260630 12:21:11.594911 31565 tablet_service.cc:1917] Received RequestConsensusVote() RPC: tablet_id: "b9e3e7f25d3841f29ae41a3661e9c52f" candidate_uuid: "529158fb2b674cb89ecd026628aa8f56" candidate_term: 1 candidate_status { last_received { term: 0 index: 0 } } ignore_live_leader: false dest_uuid: "5e4f36dec9354e21a50d5264ab36edee"
I20260630 12:21:11.595518 31565 raft_consensus.cc:3060] T b9e3e7f25d3841f29ae41a3661e9c52f P 5e4f36dec9354e21a50d5264ab36edee [term 0 FOLLOWER]: Advancing to term 1
I20260630 12:21:11.599674 31782 leader_election.cc:290] T b9e3e7f25d3841f29ae41a3661e9c52f P 529158fb2b674cb89ecd026628aa8f56 [CANDIDATE]: Term 1 election: Requested vote from peers 990207638b924d32bcee4d91205636b4 (127.27.193.66:33421), 5e4f36dec9354e21a50d5264ab36edee (127.27.193.67:40131)
I20260630 12:21:11.599968 31493 raft_consensus.cc:2468] T b9e3e7f25d3841f29ae41a3661e9c52f P 990207638b924d32bcee4d91205636b4 [term 1 FOLLOWER]: Leader election vote request: Granting yes vote for candidate 529158fb2b674cb89ecd026628aa8f56 in term 1.
I20260630 12:21:11.601097 31674 leader_election.cc:304] T b9e3e7f25d3841f29ae41a3661e9c52f P 529158fb2b674cb89ecd026628aa8f56 [CANDIDATE]: Term 1 election: Election decided. Result: candidate won. Election summary: received 2 responses out of 3 voters: 2 yes votes; 0 no votes. yes voters: 529158fb2b674cb89ecd026628aa8f56, 990207638b924d32bcee4d91205636b4; no voters: 
I20260630 12:21:11.601879 31782 raft_consensus.cc:2804] T b9e3e7f25d3841f29ae41a3661e9c52f P 529158fb2b674cb89ecd026628aa8f56 [term 1 FOLLOWER]: Leader election won for term 1
I20260630 12:21:11.602509 31565 raft_consensus.cc:2468] T b9e3e7f25d3841f29ae41a3661e9c52f P 5e4f36dec9354e21a50d5264ab36edee [term 1 FOLLOWER]: Leader election vote request: Granting yes vote for candidate 529158fb2b674cb89ecd026628aa8f56 in term 1.
I20260630 12:21:11.603857 31782 raft_consensus.cc:697] T b9e3e7f25d3841f29ae41a3661e9c52f P 529158fb2b674cb89ecd026628aa8f56 [term 1 LEADER]: Becoming Leader. State: Replica: 529158fb2b674cb89ecd026628aa8f56, State: Running, Role: LEADER
I20260630 12:21:11.604660 31782 consensus_queue.cc:237] T b9e3e7f25d3841f29ae41a3661e9c52f P 529158fb2b674cb89ecd026628aa8f56 [LEADER]: Queue going to LEADER mode. State: All replicated index: 0, Majority replicated index: 0, Committed index: 0, Last appended: 0.0, Last appended by leader: 0, Current term: 1, Majority size: 2, State: 0, Mode: LEADER, active raft config: opid_index: -1 OBSOLETE_local: false peers { permanent_uuid: "990207638b924d32bcee4d91205636b4" member_type: VOTER last_known_addr { host: "127.27.193.66" port: 33421 } } peers { permanent_uuid: "529158fb2b674cb89ecd026628aa8f56" member_type: VOTER last_known_addr { host: "127.27.193.68" port: 36965 } } peers { permanent_uuid: "5e4f36dec9354e21a50d5264ab36edee" member_type: VOTER last_known_addr { host: "127.27.193.67" port: 40131 } }
I20260630 12:21:11.611328 31315 catalog_manager.cc:5697] T b9e3e7f25d3841f29ae41a3661e9c52f P 529158fb2b674cb89ecd026628aa8f56 reported cstate change: term changed from 0 to 1, leader changed from <none> to 529158fb2b674cb89ecd026628aa8f56 (127.27.193.68). New cstate: current_term: 1 leader_uuid: "529158fb2b674cb89ecd026628aa8f56" committed_config { opid_index: -1 OBSOLETE_local: false peers { permanent_uuid: "990207638b924d32bcee4d91205636b4" member_type: VOTER last_known_addr { host: "127.27.193.66" port: 33421 } health_report { overall_health: UNKNOWN } } peers { permanent_uuid: "529158fb2b674cb89ecd026628aa8f56" member_type: VOTER last_known_addr { host: "127.27.193.68" port: 36965 } health_report { overall_health: HEALTHY } } peers { permanent_uuid: "5e4f36dec9354e21a50d5264ab36edee" member_type: VOTER last_known_addr { host: "127.27.193.67" port: 40131 } health_report { overall_health: UNKNOWN } } }
I20260630 12:21:11.635210 31709 raft_consensus.cc:3060] T c5c78bf70e8a41fd9fdb1f91d6a0b3e4 P 529158fb2b674cb89ecd026628aa8f56 [term 0 FOLLOWER]: Advancing to term 1
I20260630 12:21:11.637948 31641 consensus_queue.cc:1048] T 402a4c0d15a64b96ba9067062df8dbf4 P 990207638b924d32bcee4d91205636b4 [LEADER]: Connected to new peer: Peer: permanent_uuid: "d711b604aae94320928204c09f18a016" member_type: VOTER last_known_addr { host: "127.27.193.65" port: 43223 }, Status: LMP_MISMATCH, Last received: 0.0, Next index: 1, Last known committed idx: 0, Time since last communication: 0.000s
I20260630 12:21:11.667814 31758 consensus_queue.cc:1048] T 402a4c0d15a64b96ba9067062df8dbf4 P 990207638b924d32bcee4d91205636b4 [LEADER]: Connected to new peer: Peer: permanent_uuid: "529158fb2b674cb89ecd026628aa8f56" member_type: VOTER last_known_addr { host: "127.27.193.68" port: 36965 }, Status: LMP_MISMATCH, Last received: 0.0, Next index: 1, Last known committed idx: 0, Time since last communication: 0.001s
I20260630 12:21:11.670305 31762 consensus_queue.cc:1048] T c091982a09bf4e06aaeafddad517415a P 5e4f36dec9354e21a50d5264ab36edee [LEADER]: Connected to new peer: Peer: permanent_uuid: "d711b604aae94320928204c09f18a016" member_type: VOTER last_known_addr { host: "127.27.193.65" port: 43223 }, Status: LMP_MISMATCH, Last received: 0.0, Next index: 1, Last known committed idx: 0, Time since last communication: 0.000s
I20260630 12:21:11.675771 31621 raft_consensus.cc:493] T 71831edd4ddb4218a42616f485c6545a P d711b604aae94320928204c09f18a016 [term 0 FOLLOWER]: Starting pre-election (no leader contacted us within the election timeout)
I20260630 12:21:11.676414 31621 raft_consensus.cc:515] T 71831edd4ddb4218a42616f485c6545a P d711b604aae94320928204c09f18a016 [term 0 FOLLOWER]: Starting pre-election with config: opid_index: -1 OBSOLETE_local: false peers { permanent_uuid: "529158fb2b674cb89ecd026628aa8f56" member_type: VOTER last_known_addr { host: "127.27.193.68" port: 36965 } } peers { permanent_uuid: "5e4f36dec9354e21a50d5264ab36edee" member_type: VOTER last_known_addr { host: "127.27.193.67" port: 40131 } } peers { permanent_uuid: "d711b604aae94320928204c09f18a016" member_type: VOTER last_known_addr { host: "127.27.193.65" port: 43223 } }
I20260630 12:21:11.680505 31782 raft_consensus.cc:493] T 71831edd4ddb4218a42616f485c6545a P 529158fb2b674cb89ecd026628aa8f56 [term 0 FOLLOWER]: Starting pre-election (no leader contacted us within the election timeout)
I20260630 12:21:11.680444 31621 leader_election.cc:290] T 71831edd4ddb4218a42616f485c6545a P d711b604aae94320928204c09f18a016 [CANDIDATE]: Term 1 pre-election: Requested pre-vote from peers 529158fb2b674cb89ecd026628aa8f56 (127.27.193.68:36965), 5e4f36dec9354e21a50d5264ab36edee (127.27.193.67:40131)
I20260630 12:21:11.681084 31782 raft_consensus.cc:515] T 71831edd4ddb4218a42616f485c6545a P 529158fb2b674cb89ecd026628aa8f56 [term 0 FOLLOWER]: Starting pre-election with config: opid_index: -1 OBSOLETE_local: false peers { permanent_uuid: "529158fb2b674cb89ecd026628aa8f56" member_type: VOTER last_known_addr { host: "127.27.193.68" port: 36965 } } peers { permanent_uuid: "5e4f36dec9354e21a50d5264ab36edee" member_type: VOTER last_known_addr { host: "127.27.193.67" port: 40131 } } peers { permanent_uuid: "d711b604aae94320928204c09f18a016" member_type: VOTER last_known_addr { host: "127.27.193.65" port: 43223 } }
I20260630 12:21:11.681823 31762 consensus_queue.cc:1048] T c091982a09bf4e06aaeafddad517415a P 5e4f36dec9354e21a50d5264ab36edee [LEADER]: Connected to new peer: Peer: permanent_uuid: "529158fb2b674cb89ecd026628aa8f56" member_type: VOTER last_known_addr { host: "127.27.193.68" port: 36965 }, Status: LMP_MISMATCH, Last received: 0.0, Next index: 1, Last known committed idx: 0, Time since last communication: 0.000s
I20260630 12:21:11.682108 31709 tablet_service.cc:1917] Received RequestConsensusVote() RPC: tablet_id: "71831edd4ddb4218a42616f485c6545a" candidate_uuid: "d711b604aae94320928204c09f18a016" candidate_term: 1 candidate_status { last_received { term: 0 index: 0 } } ignore_live_leader: false dest_uuid: "529158fb2b674cb89ecd026628aa8f56" is_pre_election: true
I20260630 12:21:11.680438 31565 tablet_service.cc:1917] Received RequestConsensusVote() RPC: tablet_id: "71831edd4ddb4218a42616f485c6545a" candidate_uuid: "d711b604aae94320928204c09f18a016" candidate_term: 1 candidate_status { last_received { term: 0 index: 0 } } ignore_live_leader: false dest_uuid: "5e4f36dec9354e21a50d5264ab36edee" is_pre_election: true
I20260630 12:21:11.682780 31709 raft_consensus.cc:2468] T 71831edd4ddb4218a42616f485c6545a P 529158fb2b674cb89ecd026628aa8f56 [term 0 FOLLOWER]: Leader pre-election vote request: Granting yes vote for candidate d711b604aae94320928204c09f18a016 in term 0.
I20260630 12:21:11.682868 31565 raft_consensus.cc:2468] T 71831edd4ddb4218a42616f485c6545a P 5e4f36dec9354e21a50d5264ab36edee [term 0 FOLLOWER]: Leader pre-election vote request: Granting yes vote for candidate d711b604aae94320928204c09f18a016 in term 0.
I20260630 12:21:11.684019 31385 leader_election.cc:304] T 71831edd4ddb4218a42616f485c6545a P d711b604aae94320928204c09f18a016 [CANDIDATE]: Term 1 pre-election: Election decided. Result: candidate won. Election summary: received 2 responses out of 3 voters: 2 yes votes; 0 no votes. yes voters: 529158fb2b674cb89ecd026628aa8f56, d711b604aae94320928204c09f18a016; no voters: 
I20260630 12:21:11.685271 31782 leader_election.cc:290] T 71831edd4ddb4218a42616f485c6545a P 529158fb2b674cb89ecd026628aa8f56 [CANDIDATE]: Term 1 pre-election: Requested pre-vote from peers 5e4f36dec9354e21a50d5264ab36edee (127.27.193.67:40131), d711b604aae94320928204c09f18a016 (127.27.193.65:43223)
I20260630 12:21:11.686750 31565 tablet_service.cc:1917] Received RequestConsensusVote() RPC: tablet_id: "71831edd4ddb4218a42616f485c6545a" candidate_uuid: "529158fb2b674cb89ecd026628aa8f56" candidate_term: 1 candidate_status { last_received { term: 0 index: 0 } } ignore_live_leader: false dest_uuid: "5e4f36dec9354e21a50d5264ab36edee" is_pre_election: true
I20260630 12:21:11.687383 31565 raft_consensus.cc:2468] T 71831edd4ddb4218a42616f485c6545a P 5e4f36dec9354e21a50d5264ab36edee [term 0 FOLLOWER]: Leader pre-election vote request: Granting yes vote for candidate 529158fb2b674cb89ecd026628aa8f56 in term 0.
I20260630 12:21:11.687639 31782 raft_consensus.cc:493] T 510b5eefe46c42bcae7e8f31a031bd39 P 529158fb2b674cb89ecd026628aa8f56 [term 0 FOLLOWER]: Starting pre-election (no leader contacted us within the election timeout)
I20260630 12:21:11.688270 31782 raft_consensus.cc:515] T 510b5eefe46c42bcae7e8f31a031bd39 P 529158fb2b674cb89ecd026628aa8f56 [term 0 FOLLOWER]: Starting pre-election with config: opid_index: -1 OBSOLETE_local: false peers { permanent_uuid: "d711b604aae94320928204c09f18a016" member_type: VOTER last_known_addr { host: "127.27.193.65" port: 43223 } } peers { permanent_uuid: "990207638b924d32bcee4d91205636b4" member_type: VOTER last_known_addr { host: "127.27.193.66" port: 33421 } } peers { permanent_uuid: "529158fb2b674cb89ecd026628aa8f56" member_type: VOTER last_known_addr { host: "127.27.193.68" port: 36965 } }
I20260630 12:21:11.688802 31672 leader_election.cc:304] T 71831edd4ddb4218a42616f485c6545a P 529158fb2b674cb89ecd026628aa8f56 [CANDIDATE]: Term 1 pre-election: Election decided. Result: candidate won. Election summary: received 2 responses out of 3 voters: 2 yes votes; 0 no votes. yes voters: 529158fb2b674cb89ecd026628aa8f56, 5e4f36dec9354e21a50d5264ab36edee; no voters: 
I20260630 12:21:11.692502 31816 raft_consensus.cc:2804] T 71831edd4ddb4218a42616f485c6545a P 529158fb2b674cb89ecd026628aa8f56 [term 0 FOLLOWER]: Leader pre-election won for term 1
I20260630 12:21:11.692874 31816 raft_consensus.cc:493] T 71831edd4ddb4218a42616f485c6545a P 529158fb2b674cb89ecd026628aa8f56 [term 0 FOLLOWER]: Starting leader election (no leader contacted us within the election timeout)
I20260630 12:21:11.693207 31816 raft_consensus.cc:3060] T 71831edd4ddb4218a42616f485c6545a P 529158fb2b674cb89ecd026628aa8f56 [term 0 FOLLOWER]: Advancing to term 1
I20260630 12:21:11.693814 31782 leader_election.cc:290] T 510b5eefe46c42bcae7e8f31a031bd39 P 529158fb2b674cb89ecd026628aa8f56 [CANDIDATE]: Term 1 pre-election: Requested pre-vote from peers d711b604aae94320928204c09f18a016 (127.27.193.65:43223), 990207638b924d32bcee4d91205636b4 (127.27.193.66:33421)
I20260630 12:21:11.694831 31493 tablet_service.cc:1917] Received RequestConsensusVote() RPC: tablet_id: "510b5eefe46c42bcae7e8f31a031bd39" candidate_uuid: "529158fb2b674cb89ecd026628aa8f56" candidate_term: 1 candidate_status { last_received { term: 0 index: 0 } } ignore_live_leader: false dest_uuid: "990207638b924d32bcee4d91205636b4" is_pre_election: true
I20260630 12:21:11.695879 31493 raft_consensus.cc:2393] T 510b5eefe46c42bcae7e8f31a031bd39 P 990207638b924d32bcee4d91205636b4 [term 1 FOLLOWER]: Leader pre-election vote request: Denying vote to candidate 529158fb2b674cb89ecd026628aa8f56 in current term 1: Already voted for candidate d711b604aae94320928204c09f18a016 in this term.
I20260630 12:21:11.685281 31621 raft_consensus.cc:2804] T 71831edd4ddb4218a42616f485c6545a P d711b604aae94320928204c09f18a016 [term 0 FOLLOWER]: Leader pre-election won for term 1
I20260630 12:21:11.691028 31640 consensus_queue.cc:1048] T 92ac913b0b5644ddbfc2f920bc011a7a P d711b604aae94320928204c09f18a016 [LEADER]: Connected to new peer: Peer: permanent_uuid: "990207638b924d32bcee4d91205636b4" member_type: VOTER last_known_addr { host: "127.27.193.66" port: 33421 }, Status: LMP_MISMATCH, Last received: 0.0, Next index: 1, Last known committed idx: 0, Time since last communication: 0.001s
I20260630 12:21:11.701736 31621 raft_consensus.cc:493] T 71831edd4ddb4218a42616f485c6545a P d711b604aae94320928204c09f18a016 [term 0 FOLLOWER]: Starting leader election (no leader contacted us within the election timeout)
I20260630 12:21:11.702234 31621 raft_consensus.cc:3060] T 71831edd4ddb4218a42616f485c6545a P d711b604aae94320928204c09f18a016 [term 0 FOLLOWER]: Advancing to term 1
I20260630 12:21:11.708992 31816 raft_consensus.cc:515] T 71831edd4ddb4218a42616f485c6545a P 529158fb2b674cb89ecd026628aa8f56 [term 1 FOLLOWER]: Starting leader election with config: opid_index: -1 OBSOLETE_local: false peers { permanent_uuid: "529158fb2b674cb89ecd026628aa8f56" member_type: VOTER last_known_addr { host: "127.27.193.68" port: 36965 } } peers { permanent_uuid: "5e4f36dec9354e21a50d5264ab36edee" member_type: VOTER last_known_addr { host: "127.27.193.67" port: 40131 } } peers { permanent_uuid: "d711b604aae94320928204c09f18a016" member_type: VOTER last_known_addr { host: "127.27.193.65" port: 43223 } }
I20260630 12:21:11.711694 31565 tablet_service.cc:1917] Received RequestConsensusVote() RPC: tablet_id: "71831edd4ddb4218a42616f485c6545a" candidate_uuid: "529158fb2b674cb89ecd026628aa8f56" candidate_term: 1 candidate_status { last_received { term: 0 index: 0 } } ignore_live_leader: false dest_uuid: "5e4f36dec9354e21a50d5264ab36edee"
I20260630 12:21:11.712229 31565 raft_consensus.cc:3060] T 71831edd4ddb4218a42616f485c6545a P 5e4f36dec9354e21a50d5264ab36edee [term 0 FOLLOWER]: Advancing to term 1
I20260630 12:21:11.717828 31370 auto_leader_rebalancer.cc:141] leader rebalance for table range_aware_rebalance_new_range
I20260630 12:21:11.720964 31621 raft_consensus.cc:515] T 71831edd4ddb4218a42616f485c6545a P d711b604aae94320928204c09f18a016 [term 1 FOLLOWER]: Starting leader election with config: opid_index: -1 OBSOLETE_local: false peers { permanent_uuid: "529158fb2b674cb89ecd026628aa8f56" member_type: VOTER last_known_addr { host: "127.27.193.68" port: 36965 } } peers { permanent_uuid: "5e4f36dec9354e21a50d5264ab36edee" member_type: VOTER last_known_addr { host: "127.27.193.67" port: 40131 } } peers { permanent_uuid: "d711b604aae94320928204c09f18a016" member_type: VOTER last_known_addr { host: "127.27.193.65" port: 43223 } }
I20260630 12:21:11.724884 31621 leader_election.cc:290] T 71831edd4ddb4218a42616f485c6545a P d711b604aae94320928204c09f18a016 [CANDIDATE]: Term 1 election: Requested vote from peers 529158fb2b674cb89ecd026628aa8f56 (127.27.193.68:36965), 5e4f36dec9354e21a50d5264ab36edee (127.27.193.67:40131)
I20260630 12:21:11.722127 31816 leader_election.cc:290] T 71831edd4ddb4218a42616f485c6545a P 529158fb2b674cb89ecd026628aa8f56 [CANDIDATE]: Term 1 election: Requested vote from peers 5e4f36dec9354e21a50d5264ab36edee (127.27.193.67:40131), d711b604aae94320928204c09f18a016 (127.27.193.65:43223)
I20260630 12:21:11.728120 31568 tablet_service.cc:1917] Received RequestConsensusVote() RPC: tablet_id: "71831edd4ddb4218a42616f485c6545a" candidate_uuid: "d711b604aae94320928204c09f18a016" candidate_term: 1 candidate_status { last_received { term: 0 index: 0 } } ignore_live_leader: false dest_uuid: "5e4f36dec9354e21a50d5264ab36edee"
I20260630 12:21:11.730796 31707 tablet_service.cc:1917] Received RequestConsensusVote() RPC: tablet_id: "71831edd4ddb4218a42616f485c6545a" candidate_uuid: "d711b604aae94320928204c09f18a016" candidate_term: 1 candidate_status { last_received { term: 0 index: 0 } } ignore_live_leader: false dest_uuid: "529158fb2b674cb89ecd026628aa8f56"
I20260630 12:21:11.731876 31707 raft_consensus.cc:2393] T 71831edd4ddb4218a42616f485c6545a P 529158fb2b674cb89ecd026628aa8f56 [term 1 FOLLOWER]: Leader election vote request: Denying vote to candidate d711b604aae94320928204c09f18a016 in current term 1: Already voted for candidate 529158fb2b674cb89ecd026628aa8f56 in this term.
I20260630 12:21:11.734668 31707 raft_consensus.cc:3060] T 92ac913b0b5644ddbfc2f920bc011a7a P 529158fb2b674cb89ecd026628aa8f56 [term 0 FOLLOWER]: Advancing to term 1
I20260630 12:21:11.736456 31622 consensus_queue.cc:1048] T 9a1320c2f80a4176a523fef53ac550b3 P 5e4f36dec9354e21a50d5264ab36edee [LEADER]: Connected to new peer: Peer: permanent_uuid: "990207638b924d32bcee4d91205636b4" member_type: VOTER last_known_addr { host: "127.27.193.66" port: 33421 }, Status: LMP_MISMATCH, Last received: 0.0, Next index: 1, Last known committed idx: 0, Time since last communication: 0.000s
I20260630 12:21:11.736738 31385 leader_election.cc:304] T 71831edd4ddb4218a42616f485c6545a P d711b604aae94320928204c09f18a016 [CANDIDATE]: Term 1 election: Election decided. Result: candidate lost. Election summary: received 3 responses out of 3 voters: 1 yes votes; 2 no votes. yes voters: d711b604aae94320928204c09f18a016; no voters: 529158fb2b674cb89ecd026628aa8f56, 5e4f36dec9354e21a50d5264ab36edee
I20260630 12:21:11.737946 31621 raft_consensus.cc:2749] T 71831edd4ddb4218a42616f485c6545a P d711b604aae94320928204c09f18a016 [term 1 FOLLOWER]: Leader election lost for term 1. Reason: could not achieve majority
W20260630 12:21:11.742028 31370 auto_leader_rebalancer.cc:524] the master instance isn't leader: Service unavailable: Tablet not running
I20260630 12:21:11.753255 31565 raft_consensus.cc:2468] T 71831edd4ddb4218a42616f485c6545a P 5e4f36dec9354e21a50d5264ab36edee [term 1 FOLLOWER]: Leader election vote request: Granting yes vote for candidate 529158fb2b674cb89ecd026628aa8f56 in term 1.
I20260630 12:21:11.756542 31672 leader_election.cc:304] T 71831edd4ddb4218a42616f485c6545a P 529158fb2b674cb89ecd026628aa8f56 [CANDIDATE]: Term 1 election: Election decided. Result: candidate won. Election summary: received 2 responses out of 3 voters: 2 yes votes; 0 no votes. yes voters: 529158fb2b674cb89ecd026628aa8f56, 5e4f36dec9354e21a50d5264ab36edee; no voters: 
I20260630 12:21:11.757295 31816 raft_consensus.cc:493] T 92ac913b0b5644ddbfc2f920bc011a7a P 529158fb2b674cb89ecd026628aa8f56 [term 1 FOLLOWER]: Starting pre-election (no leader contacted us within the election timeout)
I20260630 12:21:11.757649 31782 raft_consensus.cc:2804] T 71831edd4ddb4218a42616f485c6545a P 529158fb2b674cb89ecd026628aa8f56 [term 1 FOLLOWER]: Leader election won for term 1
I20260630 12:21:11.757771 31816 raft_consensus.cc:515] T 92ac913b0b5644ddbfc2f920bc011a7a P 529158fb2b674cb89ecd026628aa8f56 [term 1 FOLLOWER]: Starting pre-election with config: opid_index: -1 OBSOLETE_local: false peers { permanent_uuid: "d711b604aae94320928204c09f18a016" member_type: VOTER last_known_addr { host: "127.27.193.65" port: 43223 } } peers { permanent_uuid: "529158fb2b674cb89ecd026628aa8f56" member_type: VOTER last_known_addr { host: "127.27.193.68" port: 36965 } } peers { permanent_uuid: "990207638b924d32bcee4d91205636b4" member_type: VOTER last_known_addr { host: "127.27.193.66" port: 33421 } }
I20260630 12:21:11.762707 31816 leader_election.cc:290] T 92ac913b0b5644ddbfc2f920bc011a7a P 529158fb2b674cb89ecd026628aa8f56 [CANDIDATE]: Term 2 pre-election: Requested pre-vote from peers d711b604aae94320928204c09f18a016 (127.27.193.65:43223), 990207638b924d32bcee4d91205636b4 (127.27.193.66:33421)
W20260630 12:21:11.764197 31365 auto_rebalancer.cc:298] Could not retrieve cluster info: Service unavailable: Tablet not running
I20260630 12:21:11.765632 31493 tablet_service.cc:1917] Received RequestConsensusVote() RPC: tablet_id: "92ac913b0b5644ddbfc2f920bc011a7a" candidate_uuid: "529158fb2b674cb89ecd026628aa8f56" candidate_term: 2 candidate_status { last_received { term: 0 index: 0 } } ignore_live_leader: false dest_uuid: "990207638b924d32bcee4d91205636b4" is_pre_election: true
I20260630 12:21:11.770402 31419 tablet_service.cc:1917] Received RequestConsensusVote() RPC: tablet_id: "510b5eefe46c42bcae7e8f31a031bd39" candidate_uuid: "529158fb2b674cb89ecd026628aa8f56" candidate_term: 1 candidate_status { last_received { term: 0 index: 0 } } ignore_live_leader: false dest_uuid: "d711b604aae94320928204c09f18a016" is_pre_election: true
I20260630 12:21:11.771127 31418 tablet_service.cc:1917] Received RequestConsensusVote() RPC: tablet_id: "71831edd4ddb4218a42616f485c6545a" candidate_uuid: "529158fb2b674cb89ecd026628aa8f56" candidate_term: 1 candidate_status { last_received { term: 0 index: 0 } } ignore_live_leader: false dest_uuid: "d711b604aae94320928204c09f18a016"
I20260630 12:21:11.771862 31418 raft_consensus.cc:2393] T 71831edd4ddb4218a42616f485c6545a P d711b604aae94320928204c09f18a016 [term 1 FOLLOWER]: Leader election vote request: Denying vote to candidate 529158fb2b674cb89ecd026628aa8f56 in current term 1: Already voted for candidate d711b604aae94320928204c09f18a016 in this term.
I20260630 12:21:11.771896 31674 leader_election.cc:304] T 510b5eefe46c42bcae7e8f31a031bd39 P 529158fb2b674cb89ecd026628aa8f56 [CANDIDATE]: Term 1 pre-election: Election decided. Result: candidate lost. Election summary: received 3 responses out of 3 voters: 1 yes votes; 2 no votes. yes voters: 529158fb2b674cb89ecd026628aa8f56; no voters: 990207638b924d32bcee4d91205636b4, d711b604aae94320928204c09f18a016
I20260630 12:21:11.773044 31816 raft_consensus.cc:3060] T 510b5eefe46c42bcae7e8f31a031bd39 P 529158fb2b674cb89ecd026628aa8f56 [term 0 FOLLOWER]: Advancing to term 1
I20260630 12:21:11.774636 31416 tablet_service.cc:1917] Received RequestConsensusVote() RPC: tablet_id: "92ac913b0b5644ddbfc2f920bc011a7a" candidate_uuid: "529158fb2b674cb89ecd026628aa8f56" candidate_term: 2 candidate_status { last_received { term: 0 index: 0 } } ignore_live_leader: false dest_uuid: "d711b604aae94320928204c09f18a016" is_pre_election: true
I20260630 12:21:11.776553 31417 tablet_service.cc:1917] Received RequestConsensusVote() RPC: tablet_id: "71831edd4ddb4218a42616f485c6545a" candidate_uuid: "529158fb2b674cb89ecd026628aa8f56" candidate_term: 1 candidate_status { last_received { term: 0 index: 0 } } ignore_live_leader: false dest_uuid: "d711b604aae94320928204c09f18a016" is_pre_election: true
I20260630 12:21:11.777328 31417 raft_consensus.cc:2393] T 71831edd4ddb4218a42616f485c6545a P d711b604aae94320928204c09f18a016 [term 1 FOLLOWER]: Leader pre-election vote request: Denying vote to candidate 529158fb2b674cb89ecd026628aa8f56 in current term 1: Already voted for candidate d711b604aae94320928204c09f18a016 in this term.
I20260630 12:21:11.778494 31782 raft_consensus.cc:697] T 71831edd4ddb4218a42616f485c6545a P 529158fb2b674cb89ecd026628aa8f56 [term 1 LEADER]: Becoming Leader. State: Replica: 529158fb2b674cb89ecd026628aa8f56, State: Running, Role: LEADER
I20260630 12:21:11.777140 31674 leader_election.cc:304] T 92ac913b0b5644ddbfc2f920bc011a7a P 529158fb2b674cb89ecd026628aa8f56 [CANDIDATE]: Term 2 pre-election: Election decided. Result: candidate lost. Election summary: received 3 responses out of 3 voters: 1 yes votes; 2 no votes. yes voters: 529158fb2b674cb89ecd026628aa8f56; no voters: 990207638b924d32bcee4d91205636b4, d711b604aae94320928204c09f18a016
I20260630 12:21:11.779609 31782 consensus_queue.cc:237] T 71831edd4ddb4218a42616f485c6545a P 529158fb2b674cb89ecd026628aa8f56 [LEADER]: Queue going to LEADER mode. State: All replicated index: 0, Majority replicated index: 0, Committed index: 0, Last appended: 0.0, Last appended by leader: 0, Current term: 1, Majority size: 2, State: 0, Mode: LEADER, active raft config: opid_index: -1 OBSOLETE_local: false peers { permanent_uuid: "529158fb2b674cb89ecd026628aa8f56" member_type: VOTER last_known_addr { host: "127.27.193.68" port: 36965 } } peers { permanent_uuid: "5e4f36dec9354e21a50d5264ab36edee" member_type: VOTER last_known_addr { host: "127.27.193.67" port: 40131 } } peers { permanent_uuid: "d711b604aae94320928204c09f18a016" member_type: VOTER last_known_addr { host: "127.27.193.65" port: 43223 } }
I20260630 12:21:11.783460 31828 raft_consensus.cc:2749] T 92ac913b0b5644ddbfc2f920bc011a7a P 529158fb2b674cb89ecd026628aa8f56 [term 1 FOLLOWER]: Leader pre-election lost for term 2. Reason: could not achieve majority
I20260630 12:21:11.784554 31621 consensus_queue.cc:1048] T 92ac913b0b5644ddbfc2f920bc011a7a P d711b604aae94320928204c09f18a016 [LEADER]: Connected to new peer: Peer: permanent_uuid: "529158fb2b674cb89ecd026628aa8f56" member_type: VOTER last_known_addr { host: "127.27.193.68" port: 36965 }, Status: LMP_MISMATCH, Last received: 0.0, Next index: 1, Last known committed idx: 0, Time since last communication: 0.000s
I20260630 12:21:11.780100 31816 raft_consensus.cc:2749] T 510b5eefe46c42bcae7e8f31a031bd39 P 529158fb2b674cb89ecd026628aa8f56 [term 1 FOLLOWER]: Leader pre-election lost for term 1. Reason: could not achieve majority
I20260630 12:21:11.791426 31707 raft_consensus.cc:3060] T 9a1320c2f80a4176a523fef53ac550b3 P 529158fb2b674cb89ecd026628aa8f56 [term 0 FOLLOWER]: Advancing to term 1
I20260630 12:21:11.799151 31660 consensus_queue.cc:1048] T 9a1320c2f80a4176a523fef53ac550b3 P 5e4f36dec9354e21a50d5264ab36edee [LEADER]: Connected to new peer: Peer: permanent_uuid: "529158fb2b674cb89ecd026628aa8f56" member_type: VOTER last_known_addr { host: "127.27.193.68" port: 36965 }, Status: LMP_MISMATCH, Last received: 0.0, Next index: 1, Last known committed idx: 0, Time since last communication: 0.000s
I20260630 12:21:11.807413 31316 catalog_manager.cc:5697] T 71831edd4ddb4218a42616f485c6545a P 529158fb2b674cb89ecd026628aa8f56 reported cstate change: term changed from 0 to 1, leader changed from <none> to 529158fb2b674cb89ecd026628aa8f56 (127.27.193.68). New cstate: current_term: 1 leader_uuid: "529158fb2b674cb89ecd026628aa8f56" committed_config { opid_index: -1 OBSOLETE_local: false peers { permanent_uuid: "529158fb2b674cb89ecd026628aa8f56" member_type: VOTER last_known_addr { host: "127.27.193.68" port: 36965 } health_report { overall_health: HEALTHY } } peers { permanent_uuid: "5e4f36dec9354e21a50d5264ab36edee" member_type: VOTER last_known_addr { host: "127.27.193.67" port: 40131 } health_report { overall_health: UNKNOWN } } peers { permanent_uuid: "d711b604aae94320928204c09f18a016" member_type: VOTER last_known_addr { host: "127.27.193.65" port: 43223 } health_report { overall_health: UNKNOWN } } }
I20260630 12:21:11.820706 31621 consensus_queue.cc:1048] T 510b5eefe46c42bcae7e8f31a031bd39 P d711b604aae94320928204c09f18a016 [LEADER]: Connected to new peer: Peer: permanent_uuid: "990207638b924d32bcee4d91205636b4" member_type: VOTER last_known_addr { host: "127.27.193.66" port: 33421 }, Status: LMP_MISMATCH, Last received: 0.0, Next index: 1, Last known committed idx: 0, Time since last communication: 0.000s
I20260630 12:21:11.829704 31640 consensus_queue.cc:1048] T 510b5eefe46c42bcae7e8f31a031bd39 P d711b604aae94320928204c09f18a016 [LEADER]: Connected to new peer: Peer: permanent_uuid: "529158fb2b674cb89ecd026628aa8f56" member_type: VOTER last_known_addr { host: "127.27.193.68" port: 36965 }, Status: LMP_MISMATCH, Last received: 0.0, Next index: 1, Last known committed idx: 0, Time since last communication: 0.000s
I20260630 12:21:12.217746 31782 consensus_queue.cc:1048] T b9e3e7f25d3841f29ae41a3661e9c52f P 529158fb2b674cb89ecd026628aa8f56 [LEADER]: Connected to new peer: Peer: permanent_uuid: "5e4f36dec9354e21a50d5264ab36edee" member_type: VOTER last_known_addr { host: "127.27.193.67" port: 40131 }, Status: LMP_MISMATCH, Last received: 0.0, Next index: 1, Last known committed idx: 0, Time since last communication: 0.000s
I20260630 12:21:12.234625 31828 consensus_queue.cc:1048] T b9e3e7f25d3841f29ae41a3661e9c52f P 529158fb2b674cb89ecd026628aa8f56 [LEADER]: Connected to new peer: Peer: permanent_uuid: "990207638b924d32bcee4d91205636b4" member_type: VOTER last_known_addr { host: "127.27.193.66" port: 33421 }, Status: LMP_MISMATCH, Last received: 0.0, Next index: 1, Last known committed idx: 0, Time since last communication: 0.000s
I20260630 12:21:12.250758 31828 consensus_queue.cc:1048] T 71831edd4ddb4218a42616f485c6545a P 529158fb2b674cb89ecd026628aa8f56 [LEADER]: Connected to new peer: Peer: permanent_uuid: "5e4f36dec9354e21a50d5264ab36edee" member_type: VOTER last_known_addr { host: "127.27.193.67" port: 40131 }, Status: LMP_MISMATCH, Last received: 0.0, Next index: 1, Last known committed idx: 0, Time since last communication: 0.000s
I20260630 12:21:12.260273 31816 consensus_queue.cc:1048] T 71831edd4ddb4218a42616f485c6545a P 529158fb2b674cb89ecd026628aa8f56 [LEADER]: Connected to new peer: Peer: permanent_uuid: "d711b604aae94320928204c09f18a016" member_type: VOTER last_known_addr { host: "127.27.193.65" port: 43223 }, Status: LMP_MISMATCH, Last received: 0.0, Next index: 1, Last known committed idx: 0, Time since last communication: 0.000s
I20260630 12:21:12.805347 31565 consensus_queue.cc:237] T 130710855bdb4a129de3d9081d1befe4 P 5e4f36dec9354e21a50d5264ab36edee [LEADER]: Queue going to LEADER mode. State: All replicated index: 0, Majority replicated index: 1, Committed index: 1, Last appended: 1.1, Last appended by leader: 0, Current term: 1, Majority size: 2, State: 0, Mode: LEADER, active raft config: opid_index: 2 OBSOLETE_local: false peers { permanent_uuid: "d711b604aae94320928204c09f18a016" member_type: VOTER last_known_addr { host: "127.27.193.65" port: 43223 } attrs { replace: true } } peers { permanent_uuid: "990207638b924d32bcee4d91205636b4" member_type: VOTER last_known_addr { host: "127.27.193.66" port: 33421 } } peers { permanent_uuid: "5e4f36dec9354e21a50d5264ab36edee" member_type: VOTER last_known_addr { host: "127.27.193.67" port: 40131 } } peers { permanent_uuid: "529158fb2b674cb89ecd026628aa8f56" member_type: NON_VOTER last_known_addr { host: "127.27.193.68" port: 36965 } attrs { promote: true } }
I20260630 12:21:12.811527 31494 raft_consensus.cc:1275] T 130710855bdb4a129de3d9081d1befe4 P 990207638b924d32bcee4d91205636b4 [term 1 FOLLOWER]: Refusing update from remote peer 5e4f36dec9354e21a50d5264ab36edee: Log matching property violated. Preceding OpId in replica: term: 1 index: 1. Preceding OpId from leader: term: 1 index: 2. (index mismatch)
I20260630 12:21:12.811806 31417 raft_consensus.cc:1275] T 130710855bdb4a129de3d9081d1befe4 P d711b604aae94320928204c09f18a016 [term 1 FOLLOWER]: Refusing update from remote peer 5e4f36dec9354e21a50d5264ab36edee: Log matching property violated. Preceding OpId in replica: term: 1 index: 1. Preceding OpId from leader: term: 1 index: 2. (index mismatch)
W20260630 12:21:12.811893 31534 consensus_peers.cc:597] T 130710855bdb4a129de3d9081d1befe4 P 5e4f36dec9354e21a50d5264ab36edee -> Peer 529158fb2b674cb89ecd026628aa8f56 (127.27.193.68:36965): Couldn't send request to peer 529158fb2b674cb89ecd026628aa8f56. Error code: TABLET_NOT_FOUND (6). Status: Not found: Tablet not found: 130710855bdb4a129de3d9081d1befe4. This is attempt 1: this message will repeat every 5th retry.
I20260630 12:21:12.812884 31660 consensus_queue.cc:1048] T 130710855bdb4a129de3d9081d1befe4 P 5e4f36dec9354e21a50d5264ab36edee [LEADER]: Connected to new peer: Peer: permanent_uuid: "990207638b924d32bcee4d91205636b4" member_type: VOTER last_known_addr { host: "127.27.193.66" port: 33421 }, Status: LMP_MISMATCH, Last received: 0.0, Next index: 2, Last known committed idx: 1, Time since last communication: 0.000s
I20260630 12:21:12.813705 31839 consensus_queue.cc:1048] T 130710855bdb4a129de3d9081d1befe4 P 5e4f36dec9354e21a50d5264ab36edee [LEADER]: Connected to new peer: Peer: permanent_uuid: "d711b604aae94320928204c09f18a016" member_type: VOTER last_known_addr { host: "127.27.193.65" port: 43223 } attrs { replace: true }, Status: LMP_MISMATCH, Last received: 0.0, Next index: 2, Last known committed idx: 1, Time since last communication: 0.000s
I20260630 12:21:12.820788 31839 raft_consensus.cc:2955] T 130710855bdb4a129de3d9081d1befe4 P 5e4f36dec9354e21a50d5264ab36edee [term 1 LEADER]: Committing config change with OpId 1.2: config changed from index -1 to 2, NON_VOTER 529158fb2b674cb89ecd026628aa8f56 (127.27.193.68) added. New config: { opid_index: 2 OBSOLETE_local: false peers { permanent_uuid: "d711b604aae94320928204c09f18a016" member_type: VOTER last_known_addr { host: "127.27.193.65" port: 43223 } attrs { replace: true } } peers { permanent_uuid: "990207638b924d32bcee4d91205636b4" member_type: VOTER last_known_addr { host: "127.27.193.66" port: 33421 } } peers { permanent_uuid: "5e4f36dec9354e21a50d5264ab36edee" member_type: VOTER last_known_addr { host: "127.27.193.67" port: 40131 } } peers { permanent_uuid: "529158fb2b674cb89ecd026628aa8f56" member_type: NON_VOTER last_known_addr { host: "127.27.193.68" port: 36965 } attrs { promote: true } } }
I20260630 12:21:12.822610 31494 raft_consensus.cc:2955] T 130710855bdb4a129de3d9081d1befe4 P 990207638b924d32bcee4d91205636b4 [term 1 FOLLOWER]: Committing config change with OpId 1.2: config changed from index -1 to 2, NON_VOTER 529158fb2b674cb89ecd026628aa8f56 (127.27.193.68) added. New config: { opid_index: 2 OBSOLETE_local: false peers { permanent_uuid: "d711b604aae94320928204c09f18a016" member_type: VOTER last_known_addr { host: "127.27.193.65" port: 43223 } attrs { replace: true } } peers { permanent_uuid: "990207638b924d32bcee4d91205636b4" member_type: VOTER last_known_addr { host: "127.27.193.66" port: 33421 } } peers { permanent_uuid: "5e4f36dec9354e21a50d5264ab36edee" member_type: VOTER last_known_addr { host: "127.27.193.67" port: 40131 } } peers { permanent_uuid: "529158fb2b674cb89ecd026628aa8f56" member_type: NON_VOTER last_known_addr { host: "127.27.193.68" port: 36965 } attrs { promote: true } } }
