I20260630 12:21:52.908242  4725 raft_consensus.cc:2955] T 4fd99d2fbffd43e1bdc131d31f9fbccd P 0e0e05851c1642c3b4859f88ddc9a403 [term 1 FOLLOWER]: Committing config change with OpId 1.25: config changed from index -1 to 25, NON_VOTER 8d0293a247bd413f9c469de137812183 (127.31.190.133) added. New config: { opid_index: 25 OBSOLETE_local: false peers { permanent_uuid: "a83319338c764c2c82d280f8832d242e" member_type: VOTER last_known_addr { host: "127.31.190.129" port: 35199 } attrs { replace: true } } peers { permanent_uuid: "c73bb9703baf432ab192f3b75ed50d2d" member_type: VOTER last_known_addr { host: "127.31.190.130" port: 40205 } } peers { permanent_uuid: "0e0e05851c1642c3b4859f88ddc9a403" member_type: VOTER last_known_addr { host: "127.31.190.131" port: 38853 } } peers { permanent_uuid: "8d0293a247bd413f9c469de137812183" member_type: NON_VOTER last_known_addr { host: "127.31.190.133" port: 33613 } attrs { promote: true } } }
I20260630 12:21:52.920625  4474 catalog_manager.cc:5697] T 4fd99d2fbffd43e1bdc131d31f9fbccd P c73bb9703baf432ab192f3b75ed50d2d reported cstate change: config changed from index -1 to 25, NON_VOTER 8d0293a247bd413f9c469de137812183 (127.31.190.133) added. New cstate: current_term: 1 leader_uuid: "c73bb9703baf432ab192f3b75ed50d2d" committed_config { opid_index: 25 OBSOLETE_local: false peers { permanent_uuid: "a83319338c764c2c82d280f8832d242e" member_type: VOTER last_known_addr { host: "127.31.190.129" port: 35199 } attrs { replace: true } health_report { overall_health: HEALTHY } } peers { permanent_uuid: "c73bb9703baf432ab192f3b75ed50d2d" member_type: VOTER last_known_addr { host: "127.31.190.130" port: 40205 } health_report { overall_health: HEALTHY } } peers { permanent_uuid: "0e0e05851c1642c3b4859f88ddc9a403" member_type: VOTER last_known_addr { host: "127.31.190.131" port: 38853 } health_report { overall_health: HEALTHY } } peers { permanent_uuid: "8d0293a247bd413f9c469de137812183" member_type: NON_VOTER last_known_addr { host: "127.31.190.133" port: 33613 } attrs { promote: true } health_report { overall_health: UNKNOWN } } }
I20260630 12:21:52.929183  4579 consensus_queue.cc:237] T e7fc7c6d2be54c8389daeb9b42ab1d68 P a83319338c764c2c82d280f8832d242e [LEADER]: Queue going to LEADER mode. State: All replicated index: 0, Majority replicated index: 25, Committed index: 25, Last appended: 1.25, Last appended by leader: 0, Current term: 1, Majority size: 2, State: 0, Mode: LEADER, active raft config: opid_index: 26 OBSOLETE_local: false peers { permanent_uuid: "a83319338c764c2c82d280f8832d242e" member_type: VOTER last_known_addr { host: "127.31.190.129" port: 35199 } } peers { permanent_uuid: "c73bb9703baf432ab192f3b75ed50d2d" member_type: VOTER last_known_addr { host: "127.31.190.130" port: 40205 } } peers { permanent_uuid: "0e0e05851c1642c3b4859f88ddc9a403" member_type: VOTER last_known_addr { host: "127.31.190.131" port: 38853 } attrs { replace: true } } peers { permanent_uuid: "d5fbe991275f468e880146f797f99cf2" member_type: NON_VOTER last_known_addr { host: "127.31.190.132" port: 33345 } attrs { promote: true } }
I20260630 12:21:52.935535  4725 raft_consensus.cc:1275] T e7fc7c6d2be54c8389daeb9b42ab1d68 P 0e0e05851c1642c3b4859f88ddc9a403 [term 1 FOLLOWER]: Refusing update from remote peer a83319338c764c2c82d280f8832d242e: Log matching property violated. Preceding OpId in replica: term: 1 index: 25. Preceding OpId from leader: term: 1 index: 26. (index mismatch)
I20260630 12:21:52.936882  4651 raft_consensus.cc:1275] T e7fc7c6d2be54c8389daeb9b42ab1d68 P c73bb9703baf432ab192f3b75ed50d2d [term 1 FOLLOWER]: Refusing update from remote peer a83319338c764c2c82d280f8832d242e: Log matching property violated. Preceding OpId in replica: term: 1 index: 25. Preceding OpId from leader: term: 1 index: 26. (index mismatch)
I20260630 12:21:52.936779  5199 consensus_queue.cc:1048] T e7fc7c6d2be54c8389daeb9b42ab1d68 P a83319338c764c2c82d280f8832d242e [LEADER]: Connected to new peer: Peer: permanent_uuid: "0e0e05851c1642c3b4859f88ddc9a403" member_type: VOTER last_known_addr { host: "127.31.190.131" port: 38853 } attrs { replace: true }, Status: LMP_MISMATCH, Last received: 0.0, Next index: 26, Last known committed idx: 25, Time since last communication: 0.000s
I20260630 12:21:52.938148  5198 consensus_queue.cc:1048] T e7fc7c6d2be54c8389daeb9b42ab1d68 P a83319338c764c2c82d280f8832d242e [LEADER]: Connected to new peer: Peer: permanent_uuid: "c73bb9703baf432ab192f3b75ed50d2d" member_type: VOTER last_known_addr { host: "127.31.190.130" port: 40205 }, Status: LMP_MISMATCH, Last received: 0.0, Next index: 26, Last known committed idx: 25, Time since last communication: 0.000s
W20260630 12:21:52.950186  4547 consensus_peers.cc:597] T e7fc7c6d2be54c8389daeb9b42ab1d68 P a83319338c764c2c82d280f8832d242e -> Peer d5fbe991275f468e880146f797f99cf2 (127.31.190.132:33345): Couldn't send request to peer d5fbe991275f468e880146f797f99cf2. Error code: TABLET_NOT_FOUND (6). Status: Not found: Tablet not found: e7fc7c6d2be54c8389daeb9b42ab1d68. This is attempt 1: this message will repeat every 5th retry.
I20260630 12:21:52.952816  5198 raft_consensus.cc:2955] T e7fc7c6d2be54c8389daeb9b42ab1d68 P a83319338c764c2c82d280f8832d242e [term 1 LEADER]: Committing config change with OpId 1.26: config changed from index -1 to 26, NON_VOTER d5fbe991275f468e880146f797f99cf2 (127.31.190.132) added. New config: { opid_index: 26 OBSOLETE_local: false peers { permanent_uuid: "a83319338c764c2c82d280f8832d242e" member_type: VOTER last_known_addr { host: "127.31.190.129" port: 35199 } } peers { permanent_uuid: "c73bb9703baf432ab192f3b75ed50d2d" member_type: VOTER last_known_addr { host: "127.31.190.130" port: 40205 } } peers { permanent_uuid: "0e0e05851c1642c3b4859f88ddc9a403" member_type: VOTER last_known_addr { host: "127.31.190.131" port: 38853 } attrs { replace: true } } peers { permanent_uuid: "d5fbe991275f468e880146f797f99cf2" member_type: NON_VOTER last_known_addr { host: "127.31.190.132" port: 33345 } attrs { promote: true } } }
I20260630 12:21:52.954247  4725 raft_consensus.cc:2955] T e7fc7c6d2be54c8389daeb9b42ab1d68 P 0e0e05851c1642c3b4859f88ddc9a403 [term 1 FOLLOWER]: Committing config change with OpId 1.26: config changed from index -1 to 26, NON_VOTER d5fbe991275f468e880146f797f99cf2 (127.31.190.132) added. New config: { opid_index: 26 OBSOLETE_local: false peers { permanent_uuid: "a83319338c764c2c82d280f8832d242e" member_type: VOTER last_known_addr { host: "127.31.190.129" port: 35199 } } peers { permanent_uuid: "c73bb9703baf432ab192f3b75ed50d2d" member_type: VOTER last_known_addr { host: "127.31.190.130" port: 40205 } } peers { permanent_uuid: "0e0e05851c1642c3b4859f88ddc9a403" member_type: VOTER last_known_addr { host: "127.31.190.131" port: 38853 } attrs { replace: true } } peers { permanent_uuid: "d5fbe991275f468e880146f797f99cf2" member_type: NON_VOTER last_known_addr { host: "127.31.190.132" port: 33345 } attrs { promote: true } } }
I20260630 12:21:52.955720  4651 raft_consensus.cc:2955] T e7fc7c6d2be54c8389daeb9b42ab1d68 P c73bb9703baf432ab192f3b75ed50d2d [term 1 FOLLOWER]: Committing config change with OpId 1.26: config changed from index -1 to 26, NON_VOTER d5fbe991275f468e880146f797f99cf2 (127.31.190.132) added. New config: { opid_index: 26 OBSOLETE_local: false peers { permanent_uuid: "a83319338c764c2c82d280f8832d242e" member_type: VOTER last_known_addr { host: "127.31.190.129" port: 35199 } } peers { permanent_uuid: "c73bb9703baf432ab192f3b75ed50d2d" member_type: VOTER last_known_addr { host: "127.31.190.130" port: 40205 } } peers { permanent_uuid: "0e0e05851c1642c3b4859f88ddc9a403" member_type: VOTER last_known_addr { host: "127.31.190.131" port: 38853 } attrs { replace: true } } peers { permanent_uuid: "d5fbe991275f468e880146f797f99cf2" member_type: NON_VOTER last_known_addr { host: "127.31.190.132" port: 33345 } attrs { promote: true } } }
I20260630 12:21:52.966431  4474 catalog_manager.cc:5697] T e7fc7c6d2be54c8389daeb9b42ab1d68 P 0e0e05851c1642c3b4859f88ddc9a403 reported cstate change: config changed from index -1 to 26, NON_VOTER d5fbe991275f468e880146f797f99cf2 (127.31.190.132) added. New cstate: current_term: 1 leader_uuid: "a83319338c764c2c82d280f8832d242e" committed_config { opid_index: 26 OBSOLETE_local: false peers { permanent_uuid: "a83319338c764c2c82d280f8832d242e" member_type: VOTER last_known_addr { host: "127.31.190.129" port: 35199 } } peers { permanent_uuid: "c73bb9703baf432ab192f3b75ed50d2d" member_type: VOTER last_known_addr { host: "127.31.190.130" port: 40205 } } peers { permanent_uuid: "0e0e05851c1642c3b4859f88ddc9a403" member_type: VOTER last_known_addr { host: "127.31.190.131" port: 38853 } attrs { replace: true } } peers { permanent_uuid: "d5fbe991275f468e880146f797f99cf2" member_type: NON_VOTER last_known_addr { host: "127.31.190.132" port: 33345 } attrs { promote: true } } }
I20260630 12:21:52.968284  4725 consensus_queue.cc:237] T 28c504e481e44fb5851d219808047a72 P 0e0e05851c1642c3b4859f88ddc9a403 [LEADER]: Queue going to LEADER mode. State: All replicated index: 0, Majority replicated index: 25, Committed index: 25, Last appended: 1.25, Last appended by leader: 0, Current term: 1, Majority size: 2, State: 0, Mode: LEADER, active raft config: opid_index: 26 OBSOLETE_local: false peers { permanent_uuid: "a83319338c764c2c82d280f8832d242e" member_type: VOTER last_known_addr { host: "127.31.190.129" port: 35199 } } peers { permanent_uuid: "c73bb9703baf432ab192f3b75ed50d2d" member_type: VOTER last_known_addr { host: "127.31.190.130" port: 40205 } attrs { replace: true } } peers { permanent_uuid: "0e0e05851c1642c3b4859f88ddc9a403" member_type: VOTER last_known_addr { host: "127.31.190.131" port: 38853 } } peers { permanent_uuid: "9402c9d6de12450f980f065dad8cc942" member_type: NON_VOTER last_known_addr { host: "127.31.190.134" port: 32931 } attrs { promote: true } }
I20260630 12:21:52.981383  4579 raft_consensus.cc:1275] T 28c504e481e44fb5851d219808047a72 P a83319338c764c2c82d280f8832d242e [term 1 FOLLOWER]: Refusing update from remote peer 0e0e05851c1642c3b4859f88ddc9a403: Log matching property violated. Preceding OpId in replica: term: 1 index: 25. Preceding OpId from leader: term: 1 index: 26. (index mismatch)
I20260630 12:21:52.982553  5204 consensus_queue.cc:1048] T 28c504e481e44fb5851d219808047a72 P 0e0e05851c1642c3b4859f88ddc9a403 [LEADER]: Connected to new peer: Peer: permanent_uuid: "a83319338c764c2c82d280f8832d242e" member_type: VOTER last_known_addr { host: "127.31.190.129" port: 35199 }, Status: LMP_MISMATCH, Last received: 0.0, Next index: 26, Last known committed idx: 25, Time since last communication: 0.000s
I20260630 12:21:52.985813  4651 raft_consensus.cc:1275] T 28c504e481e44fb5851d219808047a72 P c73bb9703baf432ab192f3b75ed50d2d [term 1 FOLLOWER]: Refusing update from remote peer 0e0e05851c1642c3b4859f88ddc9a403: Log matching property violated. Preceding OpId in replica: term: 1 index: 25. Preceding OpId from leader: term: 1 index: 26. (index mismatch)
I20260630 12:21:52.987010  5203 consensus_queue.cc:1048] T 28c504e481e44fb5851d219808047a72 P 0e0e05851c1642c3b4859f88ddc9a403 [LEADER]: Connected to new peer: Peer: permanent_uuid: "c73bb9703baf432ab192f3b75ed50d2d" member_type: VOTER last_known_addr { host: "127.31.190.130" port: 40205 } attrs { replace: true }, Status: LMP_MISMATCH, Last received: 0.0, Next index: 26, Last known committed idx: 25, Time since last communication: 0.000s
I20260630 12:21:52.993556  5204 raft_consensus.cc:2955] T 28c504e481e44fb5851d219808047a72 P 0e0e05851c1642c3b4859f88ddc9a403 [term 1 LEADER]: Committing config change with OpId 1.26: config changed from index -1 to 26, NON_VOTER 9402c9d6de12450f980f065dad8cc942 (127.31.190.134) added. New config: { opid_index: 26 OBSOLETE_local: false peers { permanent_uuid: "a83319338c764c2c82d280f8832d242e" member_type: VOTER last_known_addr { host: "127.31.190.129" port: 35199 } } peers { permanent_uuid: "c73bb9703baf432ab192f3b75ed50d2d" member_type: VOTER last_known_addr { host: "127.31.190.130" port: 40205 } attrs { replace: true } } peers { permanent_uuid: "0e0e05851c1642c3b4859f88ddc9a403" member_type: VOTER last_known_addr { host: "127.31.190.131" port: 38853 } } peers { permanent_uuid: "9402c9d6de12450f980f065dad8cc942" member_type: NON_VOTER last_known_addr { host: "127.31.190.134" port: 32931 } attrs { promote: true } } }
W20260630 12:21:52.995791  4695 consensus_peers.cc:597] T 28c504e481e44fb5851d219808047a72 P 0e0e05851c1642c3b4859f88ddc9a403 -> Peer 9402c9d6de12450f980f065dad8cc942 (127.31.190.134:32931): Couldn't send request to peer 9402c9d6de12450f980f065dad8cc942. Error code: TABLET_NOT_FOUND (6). Status: Not found: Tablet not found: 28c504e481e44fb5851d219808047a72. This is attempt 1: this message will repeat every 5th retry.
I20260630 12:21:53.000773  4651 raft_consensus.cc:2955] T 28c504e481e44fb5851d219808047a72 P c73bb9703baf432ab192f3b75ed50d2d [term 1 FOLLOWER]: Committing config change with OpId 1.26: config changed from index -1 to 26, NON_VOTER 9402c9d6de12450f980f065dad8cc942 (127.31.190.134) added. New config: { opid_index: 26 OBSOLETE_local: false peers { permanent_uuid: "a83319338c764c2c82d280f8832d242e" member_type: VOTER last_known_addr { host: "127.31.190.129" port: 35199 } } peers { permanent_uuid: "c73bb9703baf432ab192f3b75ed50d2d" member_type: VOTER last_known_addr { host: "127.31.190.130" port: 40205 } attrs { replace: true } } peers { permanent_uuid: "0e0e05851c1642c3b4859f88ddc9a403" member_type: VOTER last_known_addr { host: "127.31.190.131" port: 38853 } } peers { permanent_uuid: "9402c9d6de12450f980f065dad8cc942" member_type: NON_VOTER last_known_addr { host: "127.31.190.134" port: 32931 } attrs { promote: true } } }
I20260630 12:21:53.005990  4579 raft_consensus.cc:2955] T 28c504e481e44fb5851d219808047a72 P a83319338c764c2c82d280f8832d242e [term 1 FOLLOWER]: Committing config change with OpId 1.26: config changed from index -1 to 26, NON_VOTER 9402c9d6de12450f980f065dad8cc942 (127.31.190.134) added. New config: { opid_index: 26 OBSOLETE_local: false peers { permanent_uuid: "a83319338c764c2c82d280f8832d242e" member_type: VOTER last_known_addr { host: "127.31.190.129" port: 35199 } } peers { permanent_uuid: "c73bb9703baf432ab192f3b75ed50d2d" member_type: VOTER last_known_addr { host: "127.31.190.130" port: 40205 } attrs { replace: true } } peers { permanent_uuid: "0e0e05851c1642c3b4859f88ddc9a403" member_type: VOTER last_known_addr { host: "127.31.190.131" port: 38853 } } peers { permanent_uuid: "9402c9d6de12450f980f065dad8cc942" member_type: NON_VOTER last_known_addr { host: "127.31.190.134" port: 32931 } attrs { promote: true } } }
I20260630 12:21:53.006574  4728 consensus_queue.cc:237] T 57427919a119438fbc3a3c34e3f7ea9e P 0e0e05851c1642c3b4859f88ddc9a403 [LEADER]: Queue going to LEADER mode. State: All replicated index: 0, Majority replicated index: 24, Committed index: 24, Last appended: 1.24, Last appended by leader: 0, Current term: 1, Majority size: 2, State: 0, Mode: LEADER, active raft config: opid_index: 25 OBSOLETE_local: false peers { permanent_uuid: "a83319338c764c2c82d280f8832d242e" member_type: VOTER last_known_addr { host: "127.31.190.129" port: 35199 } attrs { replace: true } } peers { permanent_uuid: "c73bb9703baf432ab192f3b75ed50d2d" member_type: VOTER last_known_addr { host: "127.31.190.130" port: 40205 } } peers { permanent_uuid: "0e0e05851c1642c3b4859f88ddc9a403" member_type: VOTER last_known_addr { host: "127.31.190.131" port: 38853 } } peers { permanent_uuid: "8d0293a247bd413f9c469de137812183" member_type: NON_VOTER last_known_addr { host: "127.31.190.133" port: 33613 } attrs { promote: true } }
I20260630 12:21:53.012878  4473 catalog_manager.cc:5697] T 28c504e481e44fb5851d219808047a72 P 0e0e05851c1642c3b4859f88ddc9a403 reported cstate change: config changed from index -1 to 26, NON_VOTER 9402c9d6de12450f980f065dad8cc942 (127.31.190.134) added. New cstate: current_term: 1 leader_uuid: "0e0e05851c1642c3b4859f88ddc9a403" committed_config { opid_index: 26 OBSOLETE_local: false peers { permanent_uuid: "a83319338c764c2c82d280f8832d242e" member_type: VOTER last_known_addr { host: "127.31.190.129" port: 35199 } health_report { overall_health: HEALTHY } } peers { permanent_uuid: "c73bb9703baf432ab192f3b75ed50d2d" member_type: VOTER last_known_addr { host: "127.31.190.130" port: 40205 } attrs { replace: true } health_report { overall_health: HEALTHY } } peers { permanent_uuid: "0e0e05851c1642c3b4859f88ddc9a403" member_type: VOTER last_known_addr { host: "127.31.190.131" port: 38853 } health_report { overall_health: HEALTHY } } peers { permanent_uuid: "9402c9d6de12450f980f065dad8cc942" member_type: NON_VOTER last_known_addr { host: "127.31.190.134" port: 32931 } attrs { promote: true } health_report { overall_health: UNKNOWN } } }
I20260630 12:21:53.016826  4651 raft_consensus.cc:1275] T 57427919a119438fbc3a3c34e3f7ea9e P c73bb9703baf432ab192f3b75ed50d2d [term 1 FOLLOWER]: Refusing update from remote peer 0e0e05851c1642c3b4859f88ddc9a403: Log matching property violated. Preceding OpId in replica: term: 1 index: 24. Preceding OpId from leader: term: 1 index: 25. (index mismatch)
I20260630 12:21:53.018015  4579 raft_consensus.cc:1275] T 57427919a119438fbc3a3c34e3f7ea9e P a83319338c764c2c82d280f8832d242e [term 1 FOLLOWER]: Refusing update from remote peer 0e0e05851c1642c3b4859f88ddc9a403: Log matching property violated. Preceding OpId in replica: term: 1 index: 24. Preceding OpId from leader: term: 1 index: 25. (index mismatch)
I20260630 12:21:53.018854  5204 consensus_queue.cc:1048] T 57427919a119438fbc3a3c34e3f7ea9e P 0e0e05851c1642c3b4859f88ddc9a403 [LEADER]: Connected to new peer: Peer: permanent_uuid: "c73bb9703baf432ab192f3b75ed50d2d" member_type: VOTER last_known_addr { host: "127.31.190.130" port: 40205 }, Status: LMP_MISMATCH, Last received: 0.0, Next index: 25, Last known committed idx: 24, Time since last communication: 0.000s
I20260630 12:21:53.021114  5204 consensus_queue.cc:1048] T 57427919a119438fbc3a3c34e3f7ea9e P 0e0e05851c1642c3b4859f88ddc9a403 [LEADER]: Connected to new peer: Peer: permanent_uuid: "a83319338c764c2c82d280f8832d242e" member_type: VOTER last_known_addr { host: "127.31.190.129" port: 35199 } attrs { replace: true }, Status: LMP_MISMATCH, Last received: 0.0, Next index: 25, Last known committed idx: 24, Time since last communication: 0.000s
W20260630 12:21:53.026000  4696 consensus_peers.cc:597] T 57427919a119438fbc3a3c34e3f7ea9e P 0e0e05851c1642c3b4859f88ddc9a403 -> Peer 8d0293a247bd413f9c469de137812183 (127.31.190.133:33613): Couldn't send request to peer 8d0293a247bd413f9c469de137812183. Error code: TABLET_NOT_FOUND (6). Status: Not found: Tablet not found: 57427919a119438fbc3a3c34e3f7ea9e. This is attempt 1: this message will repeat every 5th retry.
I20260630 12:21:53.031435  4945 raft_consensus.cc:2955] T 57427919a119438fbc3a3c34e3f7ea9e P 0e0e05851c1642c3b4859f88ddc9a403 [term 1 LEADER]: Committing config change with OpId 1.25: config changed from index -1 to 25, NON_VOTER 8d0293a247bd413f9c469de137812183 (127.31.190.133) added. New config: { opid_index: 25 OBSOLETE_local: false peers { permanent_uuid: "a83319338c764c2c82d280f8832d242e" member_type: VOTER last_known_addr { host: "127.31.190.129" port: 35199 } attrs { replace: true } } peers { permanent_uuid: "c73bb9703baf432ab192f3b75ed50d2d" member_type: VOTER last_known_addr { host: "127.31.190.130" port: 40205 } } peers { permanent_uuid: "0e0e05851c1642c3b4859f88ddc9a403" member_type: VOTER last_known_addr { host: "127.31.190.131" port: 38853 } } peers { permanent_uuid: "8d0293a247bd413f9c469de137812183" member_type: NON_VOTER last_known_addr { host: "127.31.190.133" port: 33613 } attrs { promote: true } } }
I20260630 12:21:53.032783  4579 raft_consensus.cc:2955] T 57427919a119438fbc3a3c34e3f7ea9e P a83319338c764c2c82d280f8832d242e [term 1 FOLLOWER]: Committing config change with OpId 1.25: config changed from index -1 to 25, NON_VOTER 8d0293a247bd413f9c469de137812183 (127.31.190.133) added. New config: { opid_index: 25 OBSOLETE_local: false peers { permanent_uuid: "a83319338c764c2c82d280f8832d242e" member_type: VOTER last_known_addr { host: "127.31.190.129" port: 35199 } attrs { replace: true } } peers { permanent_uuid: "c73bb9703baf432ab192f3b75ed50d2d" member_type: VOTER last_known_addr { host: "127.31.190.130" port: 40205 } } peers { permanent_uuid: "0e0e05851c1642c3b4859f88ddc9a403" member_type: VOTER last_known_addr { host: "127.31.190.131" port: 38853 } } peers { permanent_uuid: "8d0293a247bd413f9c469de137812183" member_type: NON_VOTER last_known_addr { host: "127.31.190.133" port: 33613 } attrs { promote: true } } }
I20260630 12:21:53.043375  4651 raft_consensus.cc:2955] T 57427919a119438fbc3a3c34e3f7ea9e P c73bb9703baf432ab192f3b75ed50d2d [term 1 FOLLOWER]: Committing config change with OpId 1.25: config changed from index -1 to 25, NON_VOTER 8d0293a247bd413f9c469de137812183 (127.31.190.133) added. New config: { opid_index: 25 OBSOLETE_local: false peers { permanent_uuid: "a83319338c764c2c82d280f8832d242e" member_type: VOTER last_known_addr { host: "127.31.190.129" port: 35199 } attrs { replace: true } } peers { permanent_uuid: "c73bb9703baf432ab192f3b75ed50d2d" member_type: VOTER last_known_addr { host: "127.31.190.130" port: 40205 } } peers { permanent_uuid: "0e0e05851c1642c3b4859f88ddc9a403" member_type: VOTER last_known_addr { host: "127.31.190.131" port: 38853 } } peers { permanent_uuid: "8d0293a247bd413f9c469de137812183" member_type: NON_VOTER last_known_addr { host: "127.31.190.133" port: 33613 } attrs { promote: true } } }
I20260630 12:21:53.043632  4474 catalog_manager.cc:5697] T 57427919a119438fbc3a3c34e3f7ea9e P 0e0e05851c1642c3b4859f88ddc9a403 reported cstate change: config changed from index -1 to 25, NON_VOTER 8d0293a247bd413f9c469de137812183 (127.31.190.133) added. New cstate: current_term: 1 leader_uuid: "0e0e05851c1642c3b4859f88ddc9a403" committed_config { opid_index: 25 OBSOLETE_local: false peers { permanent_uuid: "a83319338c764c2c82d280f8832d242e" member_type: VOTER last_known_addr { host: "127.31.190.129" port: 35199 } attrs { replace: true } health_report { overall_health: HEALTHY } } peers { permanent_uuid: "c73bb9703baf432ab192f3b75ed50d2d" member_type: VOTER last_known_addr { host: "127.31.190.130" port: 40205 } health_report { overall_health: UNKNOWN } } peers { permanent_uuid: "0e0e05851c1642c3b4859f88ddc9a403" member_type: VOTER last_known_addr { host: "127.31.190.131" port: 38853 } health_report { overall_health: HEALTHY } } peers { permanent_uuid: "8d0293a247bd413f9c469de137812183" member_type: NON_VOTER last_known_addr { host: "127.31.190.133" port: 33613 } attrs { promote: true } health_report { overall_health: UNKNOWN } } }
I20260630 12:21:53.293802  5236 ts_tablet_manager.cc:933] T 4fd99d2fbffd43e1bdc131d31f9fbccd P 8d0293a247bd413f9c469de137812183: Initiating tablet copy from peer c73bb9703baf432ab192f3b75ed50d2d (127.31.190.130:40205)
I20260630 12:21:53.295563  5236 tablet_copy_client.cc:323] T 4fd99d2fbffd43e1bdc131d31f9fbccd P 8d0293a247bd413f9c469de137812183: tablet copy: Beginning tablet copy session from remote peer at address 127.31.190.130:40205
I20260630 12:21:53.306319  4666 tablet_copy_service.cc:140] P c73bb9703baf432ab192f3b75ed50d2d: Received BeginTabletCopySession request for tablet 4fd99d2fbffd43e1bdc131d31f9fbccd from peer 8d0293a247bd413f9c469de137812183 ({username='slave'} at 127.0.0.1:50800)
I20260630 12:21:53.306866  4666 tablet_copy_service.cc:161] P c73bb9703baf432ab192f3b75ed50d2d: Beginning new tablet copy session on tablet 4fd99d2fbffd43e1bdc131d31f9fbccd from peer 8d0293a247bd413f9c469de137812183 at {username='slave'} at 127.0.0.1:50800: session id = 8d0293a247bd413f9c469de137812183-4fd99d2fbffd43e1bdc131d31f9fbccd
I20260630 12:21:53.313925  4666 tablet_copy_source_session.cc:215] T 4fd99d2fbffd43e1bdc131d31f9fbccd P c73bb9703baf432ab192f3b75ed50d2d: Tablet Copy: opened 0 blocks and 1 log segments
I20260630 12:21:53.316365  5236 data_dirs.cc:400] Could only allocate 1 dirs of requested 3 for tablet 4fd99d2fbffd43e1bdc131d31f9fbccd. 1 dirs total, 0 dirs full, 0 dirs failed
I20260630 12:21:53.325573  5236 tablet_copy_client.cc:806] T 4fd99d2fbffd43e1bdc131d31f9fbccd P 8d0293a247bd413f9c469de137812183: tablet copy: Starting download of 0 data blocks...
I20260630 12:21:53.326083  5236 tablet_copy_client.cc:670] T 4fd99d2fbffd43e1bdc131d31f9fbccd P 8d0293a247bd413f9c469de137812183: tablet copy: Starting download of 1 WAL segments...
I20260630 12:21:53.329924  5237 tablet_copy_client.cc:1025] T 4fd99d2fbffd43e1bdc131d31f9fbccd P 8d0293a247bd413f9c469de137812183: tablet copy: Injecting latency into file download: 2000
I20260630 12:21:53.339254  5239 ts_tablet_manager.cc:933] T 972325b4d45842179d6f6d98d287e2d6 P d5fbe991275f468e880146f797f99cf2: Initiating tablet copy from peer 0e0e05851c1642c3b4859f88ddc9a403 (127.31.190.131:38853)
I20260630 12:21:53.340672  5239 tablet_copy_client.cc:323] T 972325b4d45842179d6f6d98d287e2d6 P d5fbe991275f468e880146f797f99cf2: tablet copy: Beginning tablet copy session from remote peer at address 127.31.190.131:38853
I20260630 12:21:53.351361  4740 tablet_copy_service.cc:140] P 0e0e05851c1642c3b4859f88ddc9a403: Received BeginTabletCopySession request for tablet 972325b4d45842179d6f6d98d287e2d6 from peer d5fbe991275f468e880146f797f99cf2 ({username='slave'} at 127.0.0.1:43486)
I20260630 12:21:53.351835  4740 tablet_copy_service.cc:161] P 0e0e05851c1642c3b4859f88ddc9a403: Beginning new tablet copy session on tablet 972325b4d45842179d6f6d98d287e2d6 from peer d5fbe991275f468e880146f797f99cf2 at {username='slave'} at 127.0.0.1:43486: session id = d5fbe991275f468e880146f797f99cf2-972325b4d45842179d6f6d98d287e2d6
I20260630 12:21:53.358354  4740 tablet_copy_source_session.cc:215] T 972325b4d45842179d6f6d98d287e2d6 P 0e0e05851c1642c3b4859f88ddc9a403: Tablet Copy: opened 0 blocks and 1 log segments
I20260630 12:21:53.361099  5239 data_dirs.cc:400] Could only allocate 1 dirs of requested 3 for tablet 972325b4d45842179d6f6d98d287e2d6. 1 dirs total, 0 dirs full, 0 dirs failed
I20260630 12:21:53.372092  5239 tablet_copy_client.cc:806] T 972325b4d45842179d6f6d98d287e2d6 P d5fbe991275f468e880146f797f99cf2: tablet copy: Starting download of 0 data blocks...
I20260630 12:21:53.372608  5239 tablet_copy_client.cc:670] T 972325b4d45842179d6f6d98d287e2d6 P d5fbe991275f468e880146f797f99cf2: tablet copy: Starting download of 1 WAL segments...
I20260630 12:21:53.376317  5240 tablet_copy_client.cc:1025] T 972325b4d45842179d6f6d98d287e2d6 P d5fbe991275f468e880146f797f99cf2: tablet copy: Injecting latency into file download: 2000
I20260630 12:21:53.455994  5243 ts_tablet_manager.cc:933] T e7fc7c6d2be54c8389daeb9b42ab1d68 P d5fbe991275f468e880146f797f99cf2: Initiating tablet copy from peer a83319338c764c2c82d280f8832d242e (127.31.190.129:35199)
I20260630 12:21:53.457422  5243 tablet_copy_client.cc:323] T e7fc7c6d2be54c8389daeb9b42ab1d68 P d5fbe991275f468e880146f797f99cf2: tablet copy: Beginning tablet copy session from remote peer at address 127.31.190.129:35199
I20260630 12:21:53.466621  4591 tablet_copy_service.cc:140] P a83319338c764c2c82d280f8832d242e: Received BeginTabletCopySession request for tablet e7fc7c6d2be54c8389daeb9b42ab1d68 from peer d5fbe991275f468e880146f797f99cf2 ({username='slave'} at 127.0.0.1:56186)
I20260630 12:21:53.467087  4591 tablet_copy_service.cc:161] P a83319338c764c2c82d280f8832d242e: Beginning new tablet copy session on tablet e7fc7c6d2be54c8389daeb9b42ab1d68 from peer d5fbe991275f468e880146f797f99cf2 at {username='slave'} at 127.0.0.1:56186: session id = d5fbe991275f468e880146f797f99cf2-e7fc7c6d2be54c8389daeb9b42ab1d68
I20260630 12:21:53.471535  4591 tablet_copy_source_session.cc:215] T e7fc7c6d2be54c8389daeb9b42ab1d68 P a83319338c764c2c82d280f8832d242e: Tablet Copy: opened 0 blocks and 1 log segments
I20260630 12:21:53.473814  5243 data_dirs.cc:400] Could only allocate 1 dirs of requested 3 for tablet e7fc7c6d2be54c8389daeb9b42ab1d68. 1 dirs total, 0 dirs full, 0 dirs failed
I20260630 12:21:53.475834  5246 ts_tablet_manager.cc:933] T 57427919a119438fbc3a3c34e3f7ea9e P 8d0293a247bd413f9c469de137812183: Initiating tablet copy from peer 0e0e05851c1642c3b4859f88ddc9a403 (127.31.190.131:38853)
I20260630 12:21:53.491940  5248 ts_tablet_manager.cc:933] T 215ca2e249a6425d914e9fe16bb29ae4 P 9402c9d6de12450f980f065dad8cc942: Initiating tablet copy from peer c73bb9703baf432ab192f3b75ed50d2d (127.31.190.130:40205)
I20260630 12:21:53.494448  5246 tablet_copy_client.cc:323] T 57427919a119438fbc3a3c34e3f7ea9e P 8d0293a247bd413f9c469de137812183: tablet copy: Beginning tablet copy session from remote peer at address 127.31.190.131:38853
I20260630 12:21:53.499261  5248 tablet_copy_client.cc:323] T 215ca2e249a6425d914e9fe16bb29ae4 P 9402c9d6de12450f980f065dad8cc942: tablet copy: Beginning tablet copy session from remote peer at address 127.31.190.130:40205
I20260630 12:21:53.508481  4740 tablet_copy_service.cc:140] P 0e0e05851c1642c3b4859f88ddc9a403: Received BeginTabletCopySession request for tablet 57427919a119438fbc3a3c34e3f7ea9e from peer 8d0293a247bd413f9c469de137812183 ({username='slave'} at 127.0.0.1:43502)
I20260630 12:21:53.509085  4740 tablet_copy_service.cc:161] P 0e0e05851c1642c3b4859f88ddc9a403: Beginning new tablet copy session on tablet 57427919a119438fbc3a3c34e3f7ea9e from peer 8d0293a247bd413f9c469de137812183 at {username='slave'} at 127.0.0.1:43502: session id = 8d0293a247bd413f9c469de137812183-57427919a119438fbc3a3c34e3f7ea9e
I20260630 12:21:53.512974  5243 tablet_copy_client.cc:806] T e7fc7c6d2be54c8389daeb9b42ab1d68 P d5fbe991275f468e880146f797f99cf2: tablet copy: Starting download of 0 data blocks...
I20260630 12:21:53.513505  5243 tablet_copy_client.cc:670] T e7fc7c6d2be54c8389daeb9b42ab1d68 P d5fbe991275f468e880146f797f99cf2: tablet copy: Starting download of 1 WAL segments...
I20260630 12:21:53.516448  4740 tablet_copy_source_session.cc:215] T 57427919a119438fbc3a3c34e3f7ea9e P 0e0e05851c1642c3b4859f88ddc9a403: Tablet Copy: opened 0 blocks and 1 log segments
I20260630 12:21:53.517792  5244 tablet_copy_client.cc:1025] T e7fc7c6d2be54c8389daeb9b42ab1d68 P d5fbe991275f468e880146f797f99cf2: tablet copy: Injecting latency into file download: 2000
I20260630 12:21:53.518978  4666 tablet_copy_service.cc:140] P c73bb9703baf432ab192f3b75ed50d2d: Received BeginTabletCopySession request for tablet 215ca2e249a6425d914e9fe16bb29ae4 from peer 9402c9d6de12450f980f065dad8cc942 ({username='slave'} at 127.0.0.1:50812)
I20260630 12:21:53.519426  5246 data_dirs.cc:400] Could only allocate 1 dirs of requested 3 for tablet 57427919a119438fbc3a3c34e3f7ea9e. 1 dirs total, 0 dirs full, 0 dirs failed
I20260630 12:21:53.519407  4666 tablet_copy_service.cc:161] P c73bb9703baf432ab192f3b75ed50d2d: Beginning new tablet copy session on tablet 215ca2e249a6425d914e9fe16bb29ae4 from peer 9402c9d6de12450f980f065dad8cc942 at {username='slave'} at 127.0.0.1:50812: session id = 9402c9d6de12450f980f065dad8cc942-215ca2e249a6425d914e9fe16bb29ae4
I20260630 12:21:53.525875  4666 tablet_copy_source_session.cc:215] T 215ca2e249a6425d914e9fe16bb29ae4 P c73bb9703baf432ab192f3b75ed50d2d: Tablet Copy: opened 0 blocks and 1 log segments
I20260630 12:21:53.528795  5248 data_dirs.cc:400] Could only allocate 1 dirs of requested 3 for tablet 215ca2e249a6425d914e9fe16bb29ae4. 1 dirs total, 0 dirs full, 0 dirs failed
I20260630 12:21:53.535954  5246 tablet_copy_client.cc:806] T 57427919a119438fbc3a3c34e3f7ea9e P 8d0293a247bd413f9c469de137812183: tablet copy: Starting download of 0 data blocks...
I20260630 12:21:53.536511  5246 tablet_copy_client.cc:670] T 57427919a119438fbc3a3c34e3f7ea9e P 8d0293a247bd413f9c469de137812183: tablet copy: Starting download of 1 WAL segments...
I20260630 12:21:53.539732  5247 tablet_copy_client.cc:1025] T 57427919a119438fbc3a3c34e3f7ea9e P 8d0293a247bd413f9c469de137812183: tablet copy: Injecting latency into file download: 2000
I20260630 12:21:53.541392  5248 tablet_copy_client.cc:806] T 215ca2e249a6425d914e9fe16bb29ae4 P 9402c9d6de12450f980f065dad8cc942: tablet copy: Starting download of 0 data blocks...
I20260630 12:21:53.541908  5248 tablet_copy_client.cc:670] T 215ca2e249a6425d914e9fe16bb29ae4 P 9402c9d6de12450f980f065dad8cc942: tablet copy: Starting download of 1 WAL segments...
I20260630 12:21:53.545019  5249 tablet_copy_client.cc:1025] T 215ca2e249a6425d914e9fe16bb29ae4 P 9402c9d6de12450f980f065dad8cc942: tablet copy: Injecting latency into file download: 2000
I20260630 12:21:53.600042  5251 ts_tablet_manager.cc:933] T 28c504e481e44fb5851d219808047a72 P 9402c9d6de12450f980f065dad8cc942: Initiating tablet copy from peer 0e0e05851c1642c3b4859f88ddc9a403 (127.31.190.131:38853)
I20260630 12:21:53.601699  5251 tablet_copy_client.cc:323] T 28c504e481e44fb5851d219808047a72 P 9402c9d6de12450f980f065dad8cc942: tablet copy: Beginning tablet copy session from remote peer at address 127.31.190.131:38853
I20260630 12:21:53.610353  4740 tablet_copy_service.cc:140] P 0e0e05851c1642c3b4859f88ddc9a403: Received BeginTabletCopySession request for tablet 28c504e481e44fb5851d219808047a72 from peer 9402c9d6de12450f980f065dad8cc942 ({username='slave'} at 127.0.0.1:43514)
I20260630 12:21:53.610743  4740 tablet_copy_service.cc:161] P 0e0e05851c1642c3b4859f88ddc9a403: Beginning new tablet copy session on tablet 28c504e481e44fb5851d219808047a72 from peer 9402c9d6de12450f980f065dad8cc942 at {username='slave'} at 127.0.0.1:43514: session id = 9402c9d6de12450f980f065dad8cc942-28c504e481e44fb5851d219808047a72
I20260630 12:21:53.616196  4740 tablet_copy_source_session.cc:215] T 28c504e481e44fb5851d219808047a72 P 0e0e05851c1642c3b4859f88ddc9a403: Tablet Copy: opened 0 blocks and 1 log segments
I20260630 12:21:53.619043  5251 data_dirs.cc:400] Could only allocate 1 dirs of requested 3 for tablet 28c504e481e44fb5851d219808047a72. 1 dirs total, 0 dirs full, 0 dirs failed
I20260630 12:21:53.628912  5251 tablet_copy_client.cc:806] T 28c504e481e44fb5851d219808047a72 P 9402c9d6de12450f980f065dad8cc942: tablet copy: Starting download of 0 data blocks...
I20260630 12:21:53.629370  5251 tablet_copy_client.cc:670] T 28c504e481e44fb5851d219808047a72 P 9402c9d6de12450f980f065dad8cc942: tablet copy: Starting download of 1 WAL segments...
I20260630 12:21:53.632484  5252 tablet_copy_client.cc:1025] T 28c504e481e44fb5851d219808047a72 P 9402c9d6de12450f980f065dad8cc942: tablet copy: Injecting latency into file download: 2000
W20260630 12:21:53.790344  4602 debug-util.cc:398] Leaking SignalData structure 0x7b08001dacc0 after lost signal to thread 32509
W20260630 12:21:53.793241  4602 debug-util.cc:398] Leaking SignalData structure 0x7b080012ed60 after lost signal to thread 4513
I20260630 12:21:55.331327  5236 tablet_copy_client.cc:538] T 4fd99d2fbffd43e1bdc131d31f9fbccd P 8d0293a247bd413f9c469de137812183: tablet copy: Tablet Copy complete. Replacing tablet superblock.
I20260630 12:21:55.344025  5236 tablet_bootstrap.cc:492] T 4fd99d2fbffd43e1bdc131d31f9fbccd P 8d0293a247bd413f9c469de137812183: Bootstrap starting.
I20260630 12:21:55.377620  5239 tablet_copy_client.cc:538] T 972325b4d45842179d6f6d98d287e2d6 P d5fbe991275f468e880146f797f99cf2: tablet copy: Tablet Copy complete. Replacing tablet superblock.
I20260630 12:21:55.392647  5239 tablet_bootstrap.cc:492] T 972325b4d45842179d6f6d98d287e2d6 P d5fbe991275f468e880146f797f99cf2: Bootstrap starting.
I20260630 12:21:55.501101  5236 tablet_bootstrap.cc:492] T 4fd99d2fbffd43e1bdc131d31f9fbccd P 8d0293a247bd413f9c469de137812183: Bootstrap replayed 1/1 log segments. Stats: ops{read=25 overwritten=0 applied=25 ignored=0} inserts{seen=91 ignored=0} mutations{seen=0 ignored=0} orphaned_commits=0. Pending: 0 replicates
I20260630 12:21:55.506121  5236 tablet_bootstrap.cc:492] T 4fd99d2fbffd43e1bdc131d31f9fbccd P 8d0293a247bd413f9c469de137812183: Bootstrap complete.
I20260630 12:21:55.506847  5236 ts_tablet_manager.cc:1403] T 4fd99d2fbffd43e1bdc131d31f9fbccd P 8d0293a247bd413f9c469de137812183: Time spent bootstrapping tablet: real 0.163s	user 0.109s	sys 0.020s
I20260630 12:21:55.510311  5236 raft_consensus.cc:359] T 4fd99d2fbffd43e1bdc131d31f9fbccd P 8d0293a247bd413f9c469de137812183 [term 1 LEARNER]: Replica starting. Triggering 0 pending ops. Active config: opid_index: 25 OBSOLETE_local: false peers { permanent_uuid: "a83319338c764c2c82d280f8832d242e" member_type: VOTER last_known_addr { host: "127.31.190.129" port: 35199 } attrs { replace: true } } peers { permanent_uuid: "c73bb9703baf432ab192f3b75ed50d2d" member_type: VOTER last_known_addr { host: "127.31.190.130" port: 40205 } } peers { permanent_uuid: "0e0e05851c1642c3b4859f88ddc9a403" member_type: VOTER last_known_addr { host: "127.31.190.131" port: 38853 } } peers { permanent_uuid: "8d0293a247bd413f9c469de137812183" member_type: NON_VOTER last_known_addr { host: "127.31.190.133" port: 33613 } attrs { promote: true } }
I20260630 12:21:55.511651  5236 raft_consensus.cc:740] T 4fd99d2fbffd43e1bdc131d31f9fbccd P 8d0293a247bd413f9c469de137812183 [term 1 LEARNER]: Becoming Follower/Learner. State: Replica: 8d0293a247bd413f9c469de137812183, State: Initialized, Role: LEARNER
I20260630 12:21:55.512297  5236 consensus_queue.cc:260] T 4fd99d2fbffd43e1bdc131d31f9fbccd P 8d0293a247bd413f9c469de137812183 [NON_LEADER]: Queue going to NON_LEADER mode. State: All replicated index: 0, Majority replicated index: 0, Committed index: 25, Last appended: 1.25, Last appended by leader: 25, Current term: 0, Majority size: -1, State: 0, Mode: NON_LEADER, active raft config: opid_index: 25 OBSOLETE_local: false peers { permanent_uuid: "a83319338c764c2c82d280f8832d242e" member_type: VOTER last_known_addr { host: "127.31.190.129" port: 35199 } attrs { replace: true } } peers { permanent_uuid: "c73bb9703baf432ab192f3b75ed50d2d" member_type: VOTER last_known_addr { host: "127.31.190.130" port: 40205 } } peers { permanent_uuid: "0e0e05851c1642c3b4859f88ddc9a403" member_type: VOTER last_known_addr { host: "127.31.190.131" port: 38853 } } peers { permanent_uuid: "8d0293a247bd413f9c469de137812183" member_type: NON_VOTER last_known_addr { host: "127.31.190.133" port: 33613 } attrs { promote: true } }
I20260630 12:21:55.519032  5243 tablet_copy_client.cc:538] T e7fc7c6d2be54c8389daeb9b42ab1d68 P d5fbe991275f468e880146f797f99cf2: tablet copy: Tablet Copy complete. Replacing tablet superblock.
I20260630 12:21:55.532413  5236 ts_tablet_manager.cc:1434] T 4fd99d2fbffd43e1bdc131d31f9fbccd P 8d0293a247bd413f9c469de137812183: Time spent starting tablet: real 0.025s	user 0.004s	sys 0.003s
I20260630 12:21:55.535135  4666 tablet_copy_service.cc:342] P c73bb9703baf432ab192f3b75ed50d2d: Request end of tablet copy session 8d0293a247bd413f9c469de137812183-4fd99d2fbffd43e1bdc131d31f9fbccd received from {username='slave'} at 127.0.0.1:50800
I20260630 12:21:55.535689  4666 tablet_copy_service.cc:434] P c73bb9703baf432ab192f3b75ed50d2d: ending tablet copy session 8d0293a247bd413f9c469de137812183-4fd99d2fbffd43e1bdc131d31f9fbccd on tablet 4fd99d2fbffd43e1bdc131d31f9fbccd with peer 8d0293a247bd413f9c469de137812183
I20260630 12:21:55.533238  5243 tablet_bootstrap.cc:492] T e7fc7c6d2be54c8389daeb9b42ab1d68 P d5fbe991275f468e880146f797f99cf2: Bootstrap starting.
I20260630 12:21:55.540948  5246 tablet_copy_client.cc:538] T 57427919a119438fbc3a3c34e3f7ea9e P 8d0293a247bd413f9c469de137812183: tablet copy: Tablet Copy complete. Replacing tablet superblock.
I20260630 12:21:55.546113  5248 tablet_copy_client.cc:538] T 215ca2e249a6425d914e9fe16bb29ae4 P 9402c9d6de12450f980f065dad8cc942: tablet copy: Tablet Copy complete. Replacing tablet superblock.
I20260630 12:21:55.556339  5248 tablet_bootstrap.cc:492] T 215ca2e249a6425d914e9fe16bb29ae4 P 9402c9d6de12450f980f065dad8cc942: Bootstrap starting.
I20260630 12:21:55.559005  5092 raft_consensus.cc:1217] T 4fd99d2fbffd43e1bdc131d31f9fbccd P 8d0293a247bd413f9c469de137812183 [term 1 LEARNER]: Deduplicated request from leader. Original: 1.24->[1.25-1.25]   Dedup: 1.25->[]
I20260630 12:21:55.555348  5246 tablet_bootstrap.cc:492] T 57427919a119438fbc3a3c34e3f7ea9e P 8d0293a247bd413f9c469de137812183: Bootstrap starting.
I20260630 12:21:55.587062  5239 tablet_bootstrap.cc:492] T 972325b4d45842179d6f6d98d287e2d6 P d5fbe991275f468e880146f797f99cf2: Bootstrap replayed 1/1 log segments. Stats: ops{read=26 overwritten=0 applied=26 ignored=0} inserts{seen=91 ignored=0} mutations{seen=0 ignored=0} orphaned_commits=0. Pending: 0 replicates
I20260630 12:21:55.588249  5239 tablet_bootstrap.cc:492] T 972325b4d45842179d6f6d98d287e2d6 P d5fbe991275f468e880146f797f99cf2: Bootstrap complete.
I20260630 12:21:55.589048  5239 ts_tablet_manager.cc:1403] T 972325b4d45842179d6f6d98d287e2d6 P d5fbe991275f468e880146f797f99cf2: Time spent bootstrapping tablet: real 0.197s	user 0.134s	sys 0.014s
I20260630 12:21:55.592551  5239 raft_consensus.cc:359] T 972325b4d45842179d6f6d98d287e2d6 P d5fbe991275f468e880146f797f99cf2 [term 1 LEARNER]: Replica starting. Triggering 0 pending ops. Active config: opid_index: 26 OBSOLETE_local: false peers { permanent_uuid: "a83319338c764c2c82d280f8832d242e" member_type: VOTER last_known_addr { host: "127.31.190.129" port: 35199 } } peers { permanent_uuid: "c73bb9703baf432ab192f3b75ed50d2d" member_type: VOTER last_known_addr { host: "127.31.190.130" port: 40205 } attrs { replace: true } } peers { permanent_uuid: "0e0e05851c1642c3b4859f88ddc9a403" member_type: VOTER last_known_addr { host: "127.31.190.131" port: 38853 } } peers { permanent_uuid: "d5fbe991275f468e880146f797f99cf2" member_type: NON_VOTER last_known_addr { host: "127.31.190.132" port: 33345 } attrs { promote: true } }
I20260630 12:21:55.603571  5239 raft_consensus.cc:740] T 972325b4d45842179d6f6d98d287e2d6 P d5fbe991275f468e880146f797f99cf2 [term 1 LEARNER]: Becoming Follower/Learner. State: Replica: d5fbe991275f468e880146f797f99cf2, State: Initialized, Role: LEARNER
I20260630 12:21:55.604266  5239 consensus_queue.cc:260] T 972325b4d45842179d6f6d98d287e2d6 P d5fbe991275f468e880146f797f99cf2 [NON_LEADER]: Queue going to NON_LEADER mode. State: All replicated index: 0, Majority replicated index: 0, Committed index: 26, Last appended: 1.26, Last appended by leader: 26, Current term: 0, Majority size: -1, State: 0, Mode: NON_LEADER, active raft config: opid_index: 26 OBSOLETE_local: false peers { permanent_uuid: "a83319338c764c2c82d280f8832d242e" member_type: VOTER last_known_addr { host: "127.31.190.129" port: 35199 } } peers { permanent_uuid: "c73bb9703baf432ab192f3b75ed50d2d" member_type: VOTER last_known_addr { host: "127.31.190.130" port: 40205 } attrs { replace: true } } peers { permanent_uuid: "0e0e05851c1642c3b4859f88ddc9a403" member_type: VOTER last_known_addr { host: "127.31.190.131" port: 38853 } } peers { permanent_uuid: "d5fbe991275f468e880146f797f99cf2" member_type: NON_VOTER last_known_addr { host: "127.31.190.132" port: 33345 } attrs { promote: true } }
I20260630 12:21:55.630084  5239 ts_tablet_manager.cc:1434] T 972325b4d45842179d6f6d98d287e2d6 P d5fbe991275f468e880146f797f99cf2: Time spent starting tablet: real 0.041s	user 0.011s	sys 0.008s
I20260630 12:21:55.632531  4740 tablet_copy_service.cc:342] P 0e0e05851c1642c3b4859f88ddc9a403: Request end of tablet copy session d5fbe991275f468e880146f797f99cf2-972325b4d45842179d6f6d98d287e2d6 received from {username='slave'} at 127.0.0.1:43486
I20260630 12:21:55.633149  4740 tablet_copy_service.cc:434] P 0e0e05851c1642c3b4859f88ddc9a403: ending tablet copy session d5fbe991275f468e880146f797f99cf2-972325b4d45842179d6f6d98d287e2d6 on tablet 972325b4d45842179d6f6d98d287e2d6 with peer d5fbe991275f468e880146f797f99cf2
I20260630 12:21:55.633807  5251 tablet_copy_client.cc:538] T 28c504e481e44fb5851d219808047a72 P 9402c9d6de12450f980f065dad8cc942: tablet copy: Tablet Copy complete. Replacing tablet superblock.
I20260630 12:21:55.656819  5251 tablet_bootstrap.cc:492] T 28c504e481e44fb5851d219808047a72 P 9402c9d6de12450f980f065dad8cc942: Bootstrap starting.
W20260630 12:21:55.734989  4695 consensus_peers.cc:597] T 28c504e481e44fb5851d219808047a72 P 0e0e05851c1642c3b4859f88ddc9a403 -> Peer 9402c9d6de12450f980f065dad8cc942 (127.31.190.134:32931): Couldn't send request to peer 9402c9d6de12450f980f065dad8cc942. Error code: TABLET_NOT_RUNNING (12). Status: Illegal state: Tablet not RUNNING: BOOTSTRAPPING. This is attempt 6: this message will repeat every 5th retry.
I20260630 12:21:55.769491  5248 tablet_bootstrap.cc:492] T 215ca2e249a6425d914e9fe16bb29ae4 P 9402c9d6de12450f980f065dad8cc942: Bootstrap replayed 1/1 log segments. Stats: ops{read=26 overwritten=0 applied=26 ignored=0} inserts{seen=112 ignored=0} mutations{seen=0 ignored=0} orphaned_commits=0. Pending: 0 replicates
I20260630 12:21:55.770514  5248 tablet_bootstrap.cc:492] T 215ca2e249a6425d914e9fe16bb29ae4 P 9402c9d6de12450f980f065dad8cc942: Bootstrap complete.
I20260630 12:21:55.771224  5248 ts_tablet_manager.cc:1403] T 215ca2e249a6425d914e9fe16bb29ae4 P 9402c9d6de12450f980f065dad8cc942: Time spent bootstrapping tablet: real 0.215s	user 0.142s	sys 0.007s
I20260630 12:21:55.774125  5248 raft_consensus.cc:359] T 215ca2e249a6425d914e9fe16bb29ae4 P 9402c9d6de12450f980f065dad8cc942 [term 1 LEARNER]: Replica starting. Triggering 0 pending ops. Active config: opid_index: 26 OBSOLETE_local: false peers { permanent_uuid: "a83319338c764c2c82d280f8832d242e" member_type: VOTER last_known_addr { host: "127.31.190.129" port: 35199 } } peers { permanent_uuid: "c73bb9703baf432ab192f3b75ed50d2d" member_type: VOTER last_known_addr { host: "127.31.190.130" port: 40205 } } peers { permanent_uuid: "0e0e05851c1642c3b4859f88ddc9a403" member_type: VOTER last_known_addr { host: "127.31.190.131" port: 38853 } attrs { replace: true } } peers { permanent_uuid: "9402c9d6de12450f980f065dad8cc942" member_type: NON_VOTER last_known_addr { host: "127.31.190.134" port: 32931 } attrs { promote: true } }
I20260630 12:21:55.774982  5248 raft_consensus.cc:740] T 215ca2e249a6425d914e9fe16bb29ae4 P 9402c9d6de12450f980f065dad8cc942 [term 1 LEARNER]: Becoming Follower/Learner. State: Replica: 9402c9d6de12450f980f065dad8cc942, State: Initialized, Role: LEARNER
I20260630 12:21:55.775601  5248 consensus_queue.cc:260] T 215ca2e249a6425d914e9fe16bb29ae4 P 9402c9d6de12450f980f065dad8cc942 [NON_LEADER]: Queue going to NON_LEADER mode. State: All replicated index: 0, Majority replicated index: 0, Committed index: 26, Last appended: 1.26, Last appended by leader: 26, Current term: 0, Majority size: -1, State: 0, Mode: NON_LEADER, active raft config: opid_index: 26 OBSOLETE_local: false peers { permanent_uuid: "a83319338c764c2c82d280f8832d242e" member_type: VOTER last_known_addr { host: "127.31.190.129" port: 35199 } } peers { permanent_uuid: "c73bb9703baf432ab192f3b75ed50d2d" member_type: VOTER last_known_addr { host: "127.31.190.130" port: 40205 } } peers { permanent_uuid: "0e0e05851c1642c3b4859f88ddc9a403" member_type: VOTER last_known_addr { host: "127.31.190.131" port: 38853 } attrs { replace: true } } peers { permanent_uuid: "9402c9d6de12450f980f065dad8cc942" member_type: NON_VOTER last_known_addr { host: "127.31.190.134" port: 32931 } attrs { promote: true } }
I20260630 12:21:55.788383  5248 ts_tablet_manager.cc:1434] T 215ca2e249a6425d914e9fe16bb29ae4 P 9402c9d6de12450f980f065dad8cc942: Time spent starting tablet: real 0.017s	user 0.005s	sys 0.007s
I20260630 12:21:55.790514  4666 tablet_copy_service.cc:342] P c73bb9703baf432ab192f3b75ed50d2d: Request end of tablet copy session 9402c9d6de12450f980f065dad8cc942-215ca2e249a6425d914e9fe16bb29ae4 received from {username='slave'} at 127.0.0.1:50812
I20260630 12:21:55.790936  4666 tablet_copy_service.cc:434] P c73bb9703baf432ab192f3b75ed50d2d: ending tablet copy session 9402c9d6de12450f980f065dad8cc942-215ca2e249a6425d914e9fe16bb29ae4 on tablet 215ca2e249a6425d914e9fe16bb29ae4 with peer 9402c9d6de12450f980f065dad8cc942
I20260630 12:21:55.840396  5251 tablet_bootstrap.cc:492] T 28c504e481e44fb5851d219808047a72 P 9402c9d6de12450f980f065dad8cc942: Bootstrap replayed 1/1 log segments. Stats: ops{read=26 overwritten=0 applied=26 ignored=0} inserts{seen=97 ignored=0} mutations{seen=0 ignored=0} orphaned_commits=0. Pending: 0 replicates
I20260630 12:21:55.841295  5251 tablet_bootstrap.cc:492] T 28c504e481e44fb5851d219808047a72 P 9402c9d6de12450f980f065dad8cc942: Bootstrap complete.
I20260630 12:21:55.841882  5251 ts_tablet_manager.cc:1403] T 28c504e481e44fb5851d219808047a72 P 9402c9d6de12450f980f065dad8cc942: Time spent bootstrapping tablet: real 0.185s	user 0.124s	sys 0.012s
I20260630 12:21:55.844344  5251 raft_consensus.cc:359] T 28c504e481e44fb5851d219808047a72 P 9402c9d6de12450f980f065dad8cc942 [term 1 LEARNER]: Replica starting. Triggering 0 pending ops. Active config: opid_index: 26 OBSOLETE_local: false peers { permanent_uuid: "a83319338c764c2c82d280f8832d242e" member_type: VOTER last_known_addr { host: "127.31.190.129" port: 35199 } } peers { permanent_uuid: "c73bb9703baf432ab192f3b75ed50d2d" member_type: VOTER last_known_addr { host: "127.31.190.130" port: 40205 } attrs { replace: true } } peers { permanent_uuid: "0e0e05851c1642c3b4859f88ddc9a403" member_type: VOTER last_known_addr { host: "127.31.190.131" port: 38853 } } peers { permanent_uuid: "9402c9d6de12450f980f065dad8cc942" member_type: NON_VOTER last_known_addr { host: "127.31.190.134" port: 32931 } attrs { promote: true } }
I20260630 12:21:55.847051  5251 raft_consensus.cc:740] T 28c504e481e44fb5851d219808047a72 P 9402c9d6de12450f980f065dad8cc942 [term 1 LEARNER]: Becoming Follower/Learner. State: Replica: 9402c9d6de12450f980f065dad8cc942, State: Initialized, Role: LEARNER
