I20260630 12:19:51.626498   903 consensus_queue.cc:260] T 7b6ae9c243084711809c819fe73b281d P c17393d080e741699991a3bbdcb8a19d [NON_LEADER]: Queue going to NON_LEADER mode. State: All replicated index: 0, Majority replicated index: 0, Committed index: 0, Last appended: 0.0, Last appended by leader: 0, Current term: 0, Majority size: -1, State: 0, Mode: NON_LEADER, active raft config: opid_index: -1 OBSOLETE_local: false peers { permanent_uuid: "c17393d080e741699991a3bbdcb8a19d" member_type: VOTER last_known_addr { host: "127.31.190.129" port: 39049 } } peers { permanent_uuid: "3449330e423c4e13a4dd3f09f0e226bb" member_type: VOTER last_known_addr { host: "127.31.190.130" port: 34893 } } peers { permanent_uuid: "54f2b985aac2431f94150c445846ae29" member_type: VOTER last_known_addr { host: "127.31.190.131" port: 37781 } }
I20260630 12:19:51.627400   901 consensus_queue.cc:260] T 750e1be34c174b74b1c9c96d4c6fbcb3 P 54f2b985aac2431f94150c445846ae29 [NON_LEADER]: Queue going to NON_LEADER mode. State: All replicated index: 0, Majority replicated index: 0, Committed index: 0, Last appended: 0.0, Last appended by leader: 0, Current term: 0, Majority size: -1, State: 0, Mode: NON_LEADER, active raft config: opid_index: -1 OBSOLETE_local: false peers { permanent_uuid: "c17393d080e741699991a3bbdcb8a19d" member_type: VOTER last_known_addr { host: "127.31.190.129" port: 39049 } } peers { permanent_uuid: "3449330e423c4e13a4dd3f09f0e226bb" member_type: VOTER last_known_addr { host: "127.31.190.130" port: 34893 } } peers { permanent_uuid: "54f2b985aac2431f94150c445846ae29" member_type: VOTER last_known_addr { host: "127.31.190.131" port: 37781 } }
I20260630 12:19:51.628932   901 ts_tablet_manager.cc:1434] T 750e1be34c174b74b1c9c96d4c6fbcb3 P 54f2b985aac2431f94150c445846ae29: Time spent starting tablet: real 0.005s	user 0.000s	sys 0.004s
I20260630 12:19:51.629720   901 tablet_bootstrap.cc:492] T c8a8081d09454289bab7a8f68dfeadbb P 54f2b985aac2431f94150c445846ae29: Bootstrap starting.
I20260630 12:19:51.630177   900 ts_tablet_manager.cc:1434] T ef7d1f3cd71c425487ee7ab40f4c840b P 3449330e423c4e13a4dd3f09f0e226bb: Time spent starting tablet: real 0.013s	user 0.003s	sys 0.003s
I20260630 12:19:51.632002   900 tablet_bootstrap.cc:492] T 511443064373442ba78fa53165cfd96d P 3449330e423c4e13a4dd3f09f0e226bb: Bootstrap starting.
I20260630 12:19:51.635135   901 tablet_bootstrap.cc:654] T c8a8081d09454289bab7a8f68dfeadbb P 54f2b985aac2431f94150c445846ae29: Neither blocks nor log segments found. Creating new log.
I20260630 12:19:51.638087   900 tablet_bootstrap.cc:654] T 511443064373442ba78fa53165cfd96d P 3449330e423c4e13a4dd3f09f0e226bb: Neither blocks nor log segments found. Creating new log.
I20260630 12:19:51.642550   903 ts_tablet_manager.cc:1434] T 7b6ae9c243084711809c819fe73b281d P c17393d080e741699991a3bbdcb8a19d: Time spent starting tablet: real 0.020s	user 0.016s	sys 0.004s
I20260630 12:19:51.644901   903 tablet_bootstrap.cc:492] T 750e1be34c174b74b1c9c96d4c6fbcb3 P c17393d080e741699991a3bbdcb8a19d: Bootstrap starting.
I20260630 12:19:51.649755   903 tablet_bootstrap.cc:654] T 750e1be34c174b74b1c9c96d4c6fbcb3 P c17393d080e741699991a3bbdcb8a19d: Neither blocks nor log segments found. Creating new log.
I20260630 12:19:51.656498   900 tablet_bootstrap.cc:492] T 511443064373442ba78fa53165cfd96d P 3449330e423c4e13a4dd3f09f0e226bb: No bootstrap required, opened a new log
I20260630 12:19:51.656883   900 ts_tablet_manager.cc:1403] T 511443064373442ba78fa53165cfd96d P 3449330e423c4e13a4dd3f09f0e226bb: Time spent bootstrapping tablet: real 0.025s	user 0.013s	sys 0.008s
I20260630 12:19:51.657012   901 tablet_bootstrap.cc:492] T c8a8081d09454289bab7a8f68dfeadbb P 54f2b985aac2431f94150c445846ae29: No bootstrap required, opened a new log
I20260630 12:19:51.657459   901 ts_tablet_manager.cc:1403] T c8a8081d09454289bab7a8f68dfeadbb P 54f2b985aac2431f94150c445846ae29: Time spent bootstrapping tablet: real 0.028s	user 0.003s	sys 0.021s
I20260630 12:19:51.659570   903 tablet_bootstrap.cc:492] T 750e1be34c174b74b1c9c96d4c6fbcb3 P c17393d080e741699991a3bbdcb8a19d: No bootstrap required, opened a new log
I20260630 12:19:51.659242   900 raft_consensus.cc:359] T 511443064373442ba78fa53165cfd96d P 3449330e423c4e13a4dd3f09f0e226bb [term 0 FOLLOWER]: Replica starting. Triggering 0 pending ops. Active config: opid_index: -1 OBSOLETE_local: false peers { permanent_uuid: "c17393d080e741699991a3bbdcb8a19d" member_type: VOTER last_known_addr { host: "127.31.190.129" port: 39049 } } peers { permanent_uuid: "3449330e423c4e13a4dd3f09f0e226bb" member_type: VOTER last_known_addr { host: "127.31.190.130" port: 34893 } } peers { permanent_uuid: "54f2b985aac2431f94150c445846ae29" member_type: VOTER last_known_addr { host: "127.31.190.131" port: 37781 } }
I20260630 12:19:51.659600   901 raft_consensus.cc:359] T c8a8081d09454289bab7a8f68dfeadbb P 54f2b985aac2431f94150c445846ae29 [term 0 FOLLOWER]: Replica starting. Triggering 0 pending ops. Active config: opid_index: -1 OBSOLETE_local: false peers { permanent_uuid: "54f2b985aac2431f94150c445846ae29" member_type: VOTER last_known_addr { host: "127.31.190.131" port: 37781 } } peers { permanent_uuid: "3449330e423c4e13a4dd3f09f0e226bb" member_type: VOTER last_known_addr { host: "127.31.190.130" port: 34893 } } peers { permanent_uuid: "c17393d080e741699991a3bbdcb8a19d" member_type: VOTER last_known_addr { host: "127.31.190.129" port: 39049 } }
I20260630 12:19:51.660111   903 ts_tablet_manager.cc:1403] T 750e1be34c174b74b1c9c96d4c6fbcb3 P c17393d080e741699991a3bbdcb8a19d: Time spent bootstrapping tablet: real 0.015s	user 0.008s	sys 0.000s
I20260630 12:19:51.660046   900 raft_consensus.cc:385] T 511443064373442ba78fa53165cfd96d P 3449330e423c4e13a4dd3f09f0e226bb [term 0 FOLLOWER]: Consensus starting up: Expiring failure detector timer to make a prompt election more likely
I20260630 12:19:51.660378   901 raft_consensus.cc:385] T c8a8081d09454289bab7a8f68dfeadbb P 54f2b985aac2431f94150c445846ae29 [term 0 FOLLOWER]: Consensus starting up: Expiring failure detector timer to make a prompt election more likely
I20260630 12:19:51.660466   900 raft_consensus.cc:740] T 511443064373442ba78fa53165cfd96d P 3449330e423c4e13a4dd3f09f0e226bb [term 0 FOLLOWER]: Becoming Follower/Learner. State: Replica: 3449330e423c4e13a4dd3f09f0e226bb, State: Initialized, Role: FOLLOWER
I20260630 12:19:51.660717   901 raft_consensus.cc:740] T c8a8081d09454289bab7a8f68dfeadbb P 54f2b985aac2431f94150c445846ae29 [term 0 FOLLOWER]: Becoming Follower/Learner. State: Replica: 54f2b985aac2431f94150c445846ae29, State: Initialized, Role: FOLLOWER
I20260630 12:19:51.661406   900 consensus_queue.cc:260] T 511443064373442ba78fa53165cfd96d P 3449330e423c4e13a4dd3f09f0e226bb [NON_LEADER]: Queue going to NON_LEADER mode. State: All replicated index: 0, Majority replicated index: 0, Committed index: 0, Last appended: 0.0, Last appended by leader: 0, Current term: 0, Majority size: -1, State: 0, Mode: NON_LEADER, active raft config: opid_index: -1 OBSOLETE_local: false peers { permanent_uuid: "c17393d080e741699991a3bbdcb8a19d" member_type: VOTER last_known_addr { host: "127.31.190.129" port: 39049 } } peers { permanent_uuid: "3449330e423c4e13a4dd3f09f0e226bb" member_type: VOTER last_known_addr { host: "127.31.190.130" port: 34893 } } peers { permanent_uuid: "54f2b985aac2431f94150c445846ae29" member_type: VOTER last_known_addr { host: "127.31.190.131" port: 37781 } }
I20260630 12:19:51.661406   901 consensus_queue.cc:260] T c8a8081d09454289bab7a8f68dfeadbb P 54f2b985aac2431f94150c445846ae29 [NON_LEADER]: Queue going to NON_LEADER mode. State: All replicated index: 0, Majority replicated index: 0, Committed index: 0, Last appended: 0.0, Last appended by leader: 0, Current term: 0, Majority size: -1, State: 0, Mode: NON_LEADER, active raft config: opid_index: -1 OBSOLETE_local: false peers { permanent_uuid: "54f2b985aac2431f94150c445846ae29" member_type: VOTER last_known_addr { host: "127.31.190.131" port: 37781 } } peers { permanent_uuid: "3449330e423c4e13a4dd3f09f0e226bb" member_type: VOTER last_known_addr { host: "127.31.190.130" port: 34893 } } peers { permanent_uuid: "c17393d080e741699991a3bbdcb8a19d" member_type: VOTER last_known_addr { host: "127.31.190.129" port: 39049 } }
I20260630 12:19:51.662177   903 raft_consensus.cc:359] T 750e1be34c174b74b1c9c96d4c6fbcb3 P c17393d080e741699991a3bbdcb8a19d [term 0 FOLLOWER]: Replica starting. Triggering 0 pending ops. Active config: opid_index: -1 OBSOLETE_local: false peers { permanent_uuid: "c17393d080e741699991a3bbdcb8a19d" member_type: VOTER last_known_addr { host: "127.31.190.129" port: 39049 } } peers { permanent_uuid: "3449330e423c4e13a4dd3f09f0e226bb" member_type: VOTER last_known_addr { host: "127.31.190.130" port: 34893 } } peers { permanent_uuid: "54f2b985aac2431f94150c445846ae29" member_type: VOTER last_known_addr { host: "127.31.190.131" port: 37781 } }
I20260630 12:19:51.662933   903 raft_consensus.cc:385] T 750e1be34c174b74b1c9c96d4c6fbcb3 P c17393d080e741699991a3bbdcb8a19d [term 0 FOLLOWER]: Consensus starting up: Expiring failure detector timer to make a prompt election more likely
I20260630 12:19:51.663213   903 raft_consensus.cc:740] T 750e1be34c174b74b1c9c96d4c6fbcb3 P c17393d080e741699991a3bbdcb8a19d [term 0 FOLLOWER]: Becoming Follower/Learner. State: Replica: c17393d080e741699991a3bbdcb8a19d, State: Initialized, Role: FOLLOWER
I20260630 12:19:51.663820   900 ts_tablet_manager.cc:1434] T 511443064373442ba78fa53165cfd96d P 3449330e423c4e13a4dd3f09f0e226bb: Time spent starting tablet: real 0.007s	user 0.007s	sys 0.001s
I20260630 12:19:51.664682   900 tablet_bootstrap.cc:492] T 68e142b6ef1642d6bf9ef14e8d9a455c P 3449330e423c4e13a4dd3f09f0e226bb: Bootstrap starting.
I20260630 12:19:51.664043   903 consensus_queue.cc:260] T 750e1be34c174b74b1c9c96d4c6fbcb3 P c17393d080e741699991a3bbdcb8a19d [NON_LEADER]: Queue going to NON_LEADER mode. State: All replicated index: 0, Majority replicated index: 0, Committed index: 0, Last appended: 0.0, Last appended by leader: 0, Current term: 0, Majority size: -1, State: 0, Mode: NON_LEADER, active raft config: opid_index: -1 OBSOLETE_local: false peers { permanent_uuid: "c17393d080e741699991a3bbdcb8a19d" member_type: VOTER last_known_addr { host: "127.31.190.129" port: 39049 } } peers { permanent_uuid: "3449330e423c4e13a4dd3f09f0e226bb" member_type: VOTER last_known_addr { host: "127.31.190.130" port: 34893 } } peers { permanent_uuid: "54f2b985aac2431f94150c445846ae29" member_type: VOTER last_known_addr { host: "127.31.190.131" port: 37781 } }
I20260630 12:19:51.665495   901 ts_tablet_manager.cc:1434] T c8a8081d09454289bab7a8f68dfeadbb P 54f2b985aac2431f94150c445846ae29: Time spent starting tablet: real 0.008s	user 0.004s	sys 0.002s
I20260630 12:19:51.666438   901 tablet_bootstrap.cc:492] T 68e142b6ef1642d6bf9ef14e8d9a455c P 54f2b985aac2431f94150c445846ae29: Bootstrap starting.
I20260630 12:19:51.669026   903 ts_tablet_manager.cc:1434] T 750e1be34c174b74b1c9c96d4c6fbcb3 P c17393d080e741699991a3bbdcb8a19d: Time spent starting tablet: real 0.009s	user 0.006s	sys 0.000s
I20260630 12:19:51.669862   903 tablet_bootstrap.cc:492] T bc2dcc2b2e384f138b3cefaf7bf2bc92 P c17393d080e741699991a3bbdcb8a19d: Bootstrap starting.
I20260630 12:19:51.671038   900 tablet_bootstrap.cc:654] T 68e142b6ef1642d6bf9ef14e8d9a455c P 3449330e423c4e13a4dd3f09f0e226bb: Neither blocks nor log segments found. Creating new log.
I20260630 12:19:51.671792   901 tablet_bootstrap.cc:654] T 68e142b6ef1642d6bf9ef14e8d9a455c P 54f2b985aac2431f94150c445846ae29: Neither blocks nor log segments found. Creating new log.
I20260630 12:19:51.674808   903 tablet_bootstrap.cc:654] T bc2dcc2b2e384f138b3cefaf7bf2bc92 P c17393d080e741699991a3bbdcb8a19d: Neither blocks nor log segments found. Creating new log.
I20260630 12:19:51.680923   903 tablet_bootstrap.cc:492] T bc2dcc2b2e384f138b3cefaf7bf2bc92 P c17393d080e741699991a3bbdcb8a19d: No bootstrap required, opened a new log
I20260630 12:19:51.681306   903 ts_tablet_manager.cc:1403] T bc2dcc2b2e384f138b3cefaf7bf2bc92 P c17393d080e741699991a3bbdcb8a19d: Time spent bootstrapping tablet: real 0.012s	user 0.008s	sys 0.001s
I20260630 12:19:51.683701   903 raft_consensus.cc:359] T bc2dcc2b2e384f138b3cefaf7bf2bc92 P c17393d080e741699991a3bbdcb8a19d [term 0 FOLLOWER]: Replica starting. Triggering 0 pending ops. Active config: opid_index: -1 OBSOLETE_local: false peers { permanent_uuid: "c17393d080e741699991a3bbdcb8a19d" member_type: VOTER last_known_addr { host: "127.31.190.129" port: 39049 } } peers { permanent_uuid: "3449330e423c4e13a4dd3f09f0e226bb" member_type: VOTER last_known_addr { host: "127.31.190.130" port: 34893 } } peers { permanent_uuid: "54f2b985aac2431f94150c445846ae29" member_type: VOTER last_known_addr { host: "127.31.190.131" port: 37781 } }
I20260630 12:19:51.684376   903 raft_consensus.cc:385] T bc2dcc2b2e384f138b3cefaf7bf2bc92 P c17393d080e741699991a3bbdcb8a19d [term 0 FOLLOWER]: Consensus starting up: Expiring failure detector timer to make a prompt election more likely
I20260630 12:19:51.684624   903 raft_consensus.cc:740] T bc2dcc2b2e384f138b3cefaf7bf2bc92 P c17393d080e741699991a3bbdcb8a19d [term 0 FOLLOWER]: Becoming Follower/Learner. State: Replica: c17393d080e741699991a3bbdcb8a19d, State: Initialized, Role: FOLLOWER
I20260630 12:19:51.688344   900 tablet_bootstrap.cc:492] T 68e142b6ef1642d6bf9ef14e8d9a455c P 3449330e423c4e13a4dd3f09f0e226bb: No bootstrap required, opened a new log
I20260630 12:19:51.688364   901 tablet_bootstrap.cc:492] T 68e142b6ef1642d6bf9ef14e8d9a455c P 54f2b985aac2431f94150c445846ae29: No bootstrap required, opened a new log
I20260630 12:19:51.688994   909 raft_consensus.cc:493] T 7b6ae9c243084711809c819fe73b281d P c17393d080e741699991a3bbdcb8a19d [term 0 FOLLOWER]: Starting pre-election (no leader contacted us within the election timeout)
I20260630 12:19:51.689193   901 ts_tablet_manager.cc:1403] T 68e142b6ef1642d6bf9ef14e8d9a455c P 54f2b985aac2431f94150c445846ae29: Time spent bootstrapping tablet: real 0.023s	user 0.017s	sys 0.005s
I20260630 12:19:51.689215   900 ts_tablet_manager.cc:1403] T 68e142b6ef1642d6bf9ef14e8d9a455c P 3449330e423c4e13a4dd3f09f0e226bb: Time spent bootstrapping tablet: real 0.025s	user 0.023s	sys 0.000s
I20260630 12:19:51.689493   909 raft_consensus.cc:515] T 7b6ae9c243084711809c819fe73b281d P c17393d080e741699991a3bbdcb8a19d [term 0 FOLLOWER]: Starting pre-election with config: opid_index: -1 OBSOLETE_local: false peers { permanent_uuid: "c17393d080e741699991a3bbdcb8a19d" member_type: VOTER last_known_addr { host: "127.31.190.129" port: 39049 } } peers { permanent_uuid: "3449330e423c4e13a4dd3f09f0e226bb" member_type: VOTER last_known_addr { host: "127.31.190.130" port: 34893 } } peers { permanent_uuid: "54f2b985aac2431f94150c445846ae29" member_type: VOTER last_known_addr { host: "127.31.190.131" port: 37781 } }
I20260630 12:19:51.691799   909 leader_election.cc:290] T 7b6ae9c243084711809c819fe73b281d P c17393d080e741699991a3bbdcb8a19d [CANDIDATE]: Term 1 pre-election: Requested pre-vote from peers 3449330e423c4e13a4dd3f09f0e226bb (127.31.190.130:34893), 54f2b985aac2431f94150c445846ae29 (127.31.190.131:37781)
I20260630 12:19:51.692116   901 raft_consensus.cc:359] T 68e142b6ef1642d6bf9ef14e8d9a455c P 54f2b985aac2431f94150c445846ae29 [term 0 FOLLOWER]: Replica starting. Triggering 0 pending ops. Active config: opid_index: -1 OBSOLETE_local: false peers { permanent_uuid: "c17393d080e741699991a3bbdcb8a19d" member_type: VOTER last_known_addr { host: "127.31.190.129" port: 39049 } } peers { permanent_uuid: "3449330e423c4e13a4dd3f09f0e226bb" member_type: VOTER last_known_addr { host: "127.31.190.130" port: 34893 } } peers { permanent_uuid: "54f2b985aac2431f94150c445846ae29" member_type: VOTER last_known_addr { host: "127.31.190.131" port: 37781 } }
I20260630 12:19:51.692901   901 raft_consensus.cc:385] T 68e142b6ef1642d6bf9ef14e8d9a455c P 54f2b985aac2431f94150c445846ae29 [term 0 FOLLOWER]: Consensus starting up: Expiring failure detector timer to make a prompt election more likely
I20260630 12:19:51.689000   903 consensus_queue.cc:260] T bc2dcc2b2e384f138b3cefaf7bf2bc92 P c17393d080e741699991a3bbdcb8a19d [NON_LEADER]: Queue going to NON_LEADER mode. State: All replicated index: 0, Majority replicated index: 0, Committed index: 0, Last appended: 0.0, Last appended by leader: 0, Current term: 0, Majority size: -1, State: 0, Mode: NON_LEADER, active raft config: opid_index: -1 OBSOLETE_local: false peers { permanent_uuid: "c17393d080e741699991a3bbdcb8a19d" member_type: VOTER last_known_addr { host: "127.31.190.129" port: 39049 } } peers { permanent_uuid: "3449330e423c4e13a4dd3f09f0e226bb" member_type: VOTER last_known_addr { host: "127.31.190.130" port: 34893 } } peers { permanent_uuid: "54f2b985aac2431f94150c445846ae29" member_type: VOTER last_known_addr { host: "127.31.190.131" port: 37781 } }
I20260630 12:19:51.693317   901 raft_consensus.cc:740] T 68e142b6ef1642d6bf9ef14e8d9a455c P 54f2b985aac2431f94150c445846ae29 [term 0 FOLLOWER]: Becoming Follower/Learner. State: Replica: 54f2b985aac2431f94150c445846ae29, State: Initialized, Role: FOLLOWER
I20260630 12:19:51.694271   901 consensus_queue.cc:260] T 68e142b6ef1642d6bf9ef14e8d9a455c P 54f2b985aac2431f94150c445846ae29 [NON_LEADER]: Queue going to NON_LEADER mode. State: All replicated index: 0, Majority replicated index: 0, Committed index: 0, Last appended: 0.0, Last appended by leader: 0, Current term: 0, Majority size: -1, State: 0, Mode: NON_LEADER, active raft config: opid_index: -1 OBSOLETE_local: false peers { permanent_uuid: "c17393d080e741699991a3bbdcb8a19d" member_type: VOTER last_known_addr { host: "127.31.190.129" port: 39049 } } peers { permanent_uuid: "3449330e423c4e13a4dd3f09f0e226bb" member_type: VOTER last_known_addr { host: "127.31.190.130" port: 34893 } } peers { permanent_uuid: "54f2b985aac2431f94150c445846ae29" member_type: VOTER last_known_addr { host: "127.31.190.131" port: 37781 } }
I20260630 12:19:51.695173   903 ts_tablet_manager.cc:1434] T bc2dcc2b2e384f138b3cefaf7bf2bc92 P c17393d080e741699991a3bbdcb8a19d: Time spent starting tablet: real 0.014s	user 0.007s	sys 0.000s
I20260630 12:19:51.696282   903 tablet_bootstrap.cc:492] T 68e142b6ef1642d6bf9ef14e8d9a455c P c17393d080e741699991a3bbdcb8a19d: Bootstrap starting.
I20260630 12:19:51.696527   901 ts_tablet_manager.cc:1434] T 68e142b6ef1642d6bf9ef14e8d9a455c P 54f2b985aac2431f94150c445846ae29: Time spent starting tablet: real 0.007s	user 0.006s	sys 0.000s
I20260630 12:19:51.697403   901 tablet_bootstrap.cc:492] T 511443064373442ba78fa53165cfd96d P 54f2b985aac2431f94150c445846ae29: Bootstrap starting.
I20260630 12:19:51.701424   903 tablet_bootstrap.cc:654] T 68e142b6ef1642d6bf9ef14e8d9a455c P c17393d080e741699991a3bbdcb8a19d: Neither blocks nor log segments found. Creating new log.
I20260630 12:19:51.702893   901 tablet_bootstrap.cc:654] T 511443064373442ba78fa53165cfd96d P 54f2b985aac2431f94150c445846ae29: Neither blocks nor log segments found. Creating new log.
I20260630 12:19:51.691864   900 raft_consensus.cc:359] T 68e142b6ef1642d6bf9ef14e8d9a455c P 3449330e423c4e13a4dd3f09f0e226bb [term 0 FOLLOWER]: Replica starting. Triggering 0 pending ops. Active config: opid_index: -1 OBSOLETE_local: false peers { permanent_uuid: "c17393d080e741699991a3bbdcb8a19d" member_type: VOTER last_known_addr { host: "127.31.190.129" port: 39049 } } peers { permanent_uuid: "3449330e423c4e13a4dd3f09f0e226bb" member_type: VOTER last_known_addr { host: "127.31.190.130" port: 34893 } } peers { permanent_uuid: "54f2b985aac2431f94150c445846ae29" member_type: VOTER last_known_addr { host: "127.31.190.131" port: 37781 } }
I20260630 12:19:51.704761   900 raft_consensus.cc:385] T 68e142b6ef1642d6bf9ef14e8d9a455c P 3449330e423c4e13a4dd3f09f0e226bb [term 0 FOLLOWER]: Consensus starting up: Expiring failure detector timer to make a prompt election more likely
I20260630 12:19:51.705050   900 raft_consensus.cc:740] T 68e142b6ef1642d6bf9ef14e8d9a455c P 3449330e423c4e13a4dd3f09f0e226bb [term 0 FOLLOWER]: Becoming Follower/Learner. State: Replica: 3449330e423c4e13a4dd3f09f0e226bb, State: Initialized, Role: FOLLOWER
I20260630 12:19:51.705984   900 consensus_queue.cc:260] T 68e142b6ef1642d6bf9ef14e8d9a455c P 3449330e423c4e13a4dd3f09f0e226bb [NON_LEADER]: Queue going to NON_LEADER mode. State: All replicated index: 0, Majority replicated index: 0, Committed index: 0, Last appended: 0.0, Last appended by leader: 0, Current term: 0, Majority size: -1, State: 0, Mode: NON_LEADER, active raft config: opid_index: -1 OBSOLETE_local: false peers { permanent_uuid: "c17393d080e741699991a3bbdcb8a19d" member_type: VOTER last_known_addr { host: "127.31.190.129" port: 39049 } } peers { permanent_uuid: "3449330e423c4e13a4dd3f09f0e226bb" member_type: VOTER last_known_addr { host: "127.31.190.130" port: 34893 } } peers { permanent_uuid: "54f2b985aac2431f94150c445846ae29" member_type: VOTER last_known_addr { host: "127.31.190.131" port: 37781 } }
I20260630 12:19:51.708774   900 ts_tablet_manager.cc:1434] T 68e142b6ef1642d6bf9ef14e8d9a455c P 3449330e423c4e13a4dd3f09f0e226bb: Time spent starting tablet: real 0.019s	user 0.002s	sys 0.003s
I20260630 12:19:51.709933   900 tablet_bootstrap.cc:492] T 7b6ae9c243084711809c819fe73b281d P 3449330e423c4e13a4dd3f09f0e226bb: Bootstrap starting.
I20260630 12:19:51.717315   900 tablet_bootstrap.cc:654] T 7b6ae9c243084711809c819fe73b281d P 3449330e423c4e13a4dd3f09f0e226bb: Neither blocks nor log segments found. Creating new log.
I20260630 12:19:51.723346   901 tablet_bootstrap.cc:492] T 511443064373442ba78fa53165cfd96d P 54f2b985aac2431f94150c445846ae29: No bootstrap required, opened a new log
I20260630 12:19:51.723817   901 ts_tablet_manager.cc:1403] T 511443064373442ba78fa53165cfd96d P 54f2b985aac2431f94150c445846ae29: Time spent bootstrapping tablet: real 0.027s	user 0.011s	sys 0.013s
I20260630 12:19:51.724382   900 tablet_bootstrap.cc:492] T 7b6ae9c243084711809c819fe73b281d P 3449330e423c4e13a4dd3f09f0e226bb: No bootstrap required, opened a new log
I20260630 12:19:51.724800   900 ts_tablet_manager.cc:1403] T 7b6ae9c243084711809c819fe73b281d P 3449330e423c4e13a4dd3f09f0e226bb: Time spent bootstrapping tablet: real 0.015s	user 0.011s	sys 0.000s
I20260630 12:19:51.726425   901 raft_consensus.cc:359] T 511443064373442ba78fa53165cfd96d P 54f2b985aac2431f94150c445846ae29 [term 0 FOLLOWER]: Replica starting. Triggering 0 pending ops. Active config: opid_index: -1 OBSOLETE_local: false peers { permanent_uuid: "c17393d080e741699991a3bbdcb8a19d" member_type: VOTER last_known_addr { host: "127.31.190.129" port: 39049 } } peers { permanent_uuid: "3449330e423c4e13a4dd3f09f0e226bb" member_type: VOTER last_known_addr { host: "127.31.190.130" port: 34893 } } peers { permanent_uuid: "54f2b985aac2431f94150c445846ae29" member_type: VOTER last_known_addr { host: "127.31.190.131" port: 37781 } }
I20260630 12:19:51.727187   901 raft_consensus.cc:385] T 511443064373442ba78fa53165cfd96d P 54f2b985aac2431f94150c445846ae29 [term 0 FOLLOWER]: Consensus starting up: Expiring failure detector timer to make a prompt election more likely
I20260630 12:19:51.727483   901 raft_consensus.cc:740] T 511443064373442ba78fa53165cfd96d P 54f2b985aac2431f94150c445846ae29 [term 0 FOLLOWER]: Becoming Follower/Learner. State: Replica: 54f2b985aac2431f94150c445846ae29, State: Initialized, Role: FOLLOWER
I20260630 12:19:51.727329   900 raft_consensus.cc:359] T 7b6ae9c243084711809c819fe73b281d P 3449330e423c4e13a4dd3f09f0e226bb [term 0 FOLLOWER]: Replica starting. Triggering 0 pending ops. Active config: opid_index: -1 OBSOLETE_local: false peers { permanent_uuid: "c17393d080e741699991a3bbdcb8a19d" member_type: VOTER last_known_addr { host: "127.31.190.129" port: 39049 } } peers { permanent_uuid: "3449330e423c4e13a4dd3f09f0e226bb" member_type: VOTER last_known_addr { host: "127.31.190.130" port: 34893 } } peers { permanent_uuid: "54f2b985aac2431f94150c445846ae29" member_type: VOTER last_known_addr { host: "127.31.190.131" port: 37781 } }
I20260630 12:19:51.728010   900 raft_consensus.cc:385] T 7b6ae9c243084711809c819fe73b281d P 3449330e423c4e13a4dd3f09f0e226bb [term 0 FOLLOWER]: Consensus starting up: Expiring failure detector timer to make a prompt election more likely
I20260630 12:19:51.728459   900 raft_consensus.cc:740] T 7b6ae9c243084711809c819fe73b281d P 3449330e423c4e13a4dd3f09f0e226bb [term 0 FOLLOWER]: Becoming Follower/Learner. State: Replica: 3449330e423c4e13a4dd3f09f0e226bb, State: Initialized, Role: FOLLOWER
I20260630 12:19:51.728561   909 raft_consensus.cc:493] T 750e1be34c174b74b1c9c96d4c6fbcb3 P c17393d080e741699991a3bbdcb8a19d [term 0 FOLLOWER]: Starting pre-election (no leader contacted us within the election timeout)
I20260630 12:19:51.728255   901 consensus_queue.cc:260] T 511443064373442ba78fa53165cfd96d P 54f2b985aac2431f94150c445846ae29 [NON_LEADER]: Queue going to NON_LEADER mode. State: All replicated index: 0, Majority replicated index: 0, Committed index: 0, Last appended: 0.0, Last appended by leader: 0, Current term: 0, Majority size: -1, State: 0, Mode: NON_LEADER, active raft config: opid_index: -1 OBSOLETE_local: false peers { permanent_uuid: "c17393d080e741699991a3bbdcb8a19d" member_type: VOTER last_known_addr { host: "127.31.190.129" port: 39049 } } peers { permanent_uuid: "3449330e423c4e13a4dd3f09f0e226bb" member_type: VOTER last_known_addr { host: "127.31.190.130" port: 34893 } } peers { permanent_uuid: "54f2b985aac2431f94150c445846ae29" member_type: VOTER last_known_addr { host: "127.31.190.131" port: 37781 } }
I20260630 12:19:51.729121   909 raft_consensus.cc:515] T 750e1be34c174b74b1c9c96d4c6fbcb3 P c17393d080e741699991a3bbdcb8a19d [term 0 FOLLOWER]: Starting pre-election with config: opid_index: -1 OBSOLETE_local: false peers { permanent_uuid: "c17393d080e741699991a3bbdcb8a19d" member_type: VOTER last_known_addr { host: "127.31.190.129" port: 39049 } } peers { permanent_uuid: "3449330e423c4e13a4dd3f09f0e226bb" member_type: VOTER last_known_addr { host: "127.31.190.130" port: 34893 } } peers { permanent_uuid: "54f2b985aac2431f94150c445846ae29" member_type: VOTER last_known_addr { host: "127.31.190.131" port: 37781 } }
I20260630 12:19:51.729646   900 consensus_queue.cc:260] T 7b6ae9c243084711809c819fe73b281d P 3449330e423c4e13a4dd3f09f0e226bb [NON_LEADER]: Queue going to NON_LEADER mode. State: All replicated index: 0, Majority replicated index: 0, Committed index: 0, Last appended: 0.0, Last appended by leader: 0, Current term: 0, Majority size: -1, State: 0, Mode: NON_LEADER, active raft config: opid_index: -1 OBSOLETE_local: false peers { permanent_uuid: "c17393d080e741699991a3bbdcb8a19d" member_type: VOTER last_known_addr { host: "127.31.190.129" port: 39049 } } peers { permanent_uuid: "3449330e423c4e13a4dd3f09f0e226bb" member_type: VOTER last_known_addr { host: "127.31.190.130" port: 34893 } } peers { permanent_uuid: "54f2b985aac2431f94150c445846ae29" member_type: VOTER last_known_addr { host: "127.31.190.131" port: 37781 } }
I20260630 12:19:51.730587   901 ts_tablet_manager.cc:1434] T 511443064373442ba78fa53165cfd96d P 54f2b985aac2431f94150c445846ae29: Time spent starting tablet: real 0.006s	user 0.002s	sys 0.004s
I20260630 12:19:51.731082   909 leader_election.cc:290] T 750e1be34c174b74b1c9c96d4c6fbcb3 P c17393d080e741699991a3bbdcb8a19d [CANDIDATE]: Term 1 pre-election: Requested pre-vote from peers 3449330e423c4e13a4dd3f09f0e226bb (127.31.190.130:34893), 54f2b985aac2431f94150c445846ae29 (127.31.190.131:37781)
I20260630 12:19:51.731556   901 tablet_bootstrap.cc:492] T 7b6ae9c243084711809c819fe73b281d P 54f2b985aac2431f94150c445846ae29: Bootstrap starting.
I20260630 12:19:51.732103   900 ts_tablet_manager.cc:1434] T 7b6ae9c243084711809c819fe73b281d P 3449330e423c4e13a4dd3f09f0e226bb: Time spent starting tablet: real 0.007s	user 0.004s	sys 0.003s
I20260630 12:19:51.733181   900 tablet_bootstrap.cc:492] T 66428a7ae025430abda7816150563537 P 3449330e423c4e13a4dd3f09f0e226bb: Bootstrap starting.
I20260630 12:19:51.737802   901 tablet_bootstrap.cc:654] T 7b6ae9c243084711809c819fe73b281d P 54f2b985aac2431f94150c445846ae29: Neither blocks nor log segments found. Creating new log.
I20260630 12:19:51.738703   900 tablet_bootstrap.cc:654] T 66428a7ae025430abda7816150563537 P 3449330e423c4e13a4dd3f09f0e226bb: Neither blocks nor log segments found. Creating new log.
I20260630 12:19:51.747766   900 tablet_bootstrap.cc:492] T 66428a7ae025430abda7816150563537 P 3449330e423c4e13a4dd3f09f0e226bb: No bootstrap required, opened a new log
I20260630 12:19:51.748314   900 ts_tablet_manager.cc:1403] T 66428a7ae025430abda7816150563537 P 3449330e423c4e13a4dd3f09f0e226bb: Time spent bootstrapping tablet: real 0.015s	user 0.013s	sys 0.000s
I20260630 12:19:51.752882   900 raft_consensus.cc:359] T 66428a7ae025430abda7816150563537 P 3449330e423c4e13a4dd3f09f0e226bb [term 0 FOLLOWER]: Replica starting. Triggering 0 pending ops. Active config: opid_index: -1 OBSOLETE_local: false peers { permanent_uuid: "c17393d080e741699991a3bbdcb8a19d" member_type: VOTER last_known_addr { host: "127.31.190.129" port: 39049 } } peers { permanent_uuid: "3449330e423c4e13a4dd3f09f0e226bb" member_type: VOTER last_known_addr { host: "127.31.190.130" port: 34893 } } peers { permanent_uuid: "54f2b985aac2431f94150c445846ae29" member_type: VOTER last_known_addr { host: "127.31.190.131" port: 37781 } }
I20260630 12:19:51.753530   901 tablet_bootstrap.cc:492] T 7b6ae9c243084711809c819fe73b281d P 54f2b985aac2431f94150c445846ae29: No bootstrap required, opened a new log
I20260630 12:19:51.753599   900 raft_consensus.cc:385] T 66428a7ae025430abda7816150563537 P 3449330e423c4e13a4dd3f09f0e226bb [term 0 FOLLOWER]: Consensus starting up: Expiring failure detector timer to make a prompt election more likely
I20260630 12:19:51.754107   901 ts_tablet_manager.cc:1403] T 7b6ae9c243084711809c819fe73b281d P 54f2b985aac2431f94150c445846ae29: Time spent bootstrapping tablet: real 0.023s	user 0.009s	sys 0.011s
I20260630 12:19:51.754032   900 raft_consensus.cc:740] T 66428a7ae025430abda7816150563537 P 3449330e423c4e13a4dd3f09f0e226bb [term 0 FOLLOWER]: Becoming Follower/Learner. State: Replica: 3449330e423c4e13a4dd3f09f0e226bb, State: Initialized, Role: FOLLOWER
I20260630 12:19:51.755033   900 consensus_queue.cc:260] T 66428a7ae025430abda7816150563537 P 3449330e423c4e13a4dd3f09f0e226bb [NON_LEADER]: Queue going to NON_LEADER mode. State: All replicated index: 0, Majority replicated index: 0, Committed index: 0, Last appended: 0.0, Last appended by leader: 0, Current term: 0, Majority size: -1, State: 0, Mode: NON_LEADER, active raft config: opid_index: -1 OBSOLETE_local: false peers { permanent_uuid: "c17393d080e741699991a3bbdcb8a19d" member_type: VOTER last_known_addr { host: "127.31.190.129" port: 39049 } } peers { permanent_uuid: "3449330e423c4e13a4dd3f09f0e226bb" member_type: VOTER last_known_addr { host: "127.31.190.130" port: 34893 } } peers { permanent_uuid: "54f2b985aac2431f94150c445846ae29" member_type: VOTER last_known_addr { host: "127.31.190.131" port: 37781 } }
I20260630 12:19:51.756914   901 raft_consensus.cc:359] T 7b6ae9c243084711809c819fe73b281d P 54f2b985aac2431f94150c445846ae29 [term 0 FOLLOWER]: Replica starting. Triggering 0 pending ops. Active config: opid_index: -1 OBSOLETE_local: false peers { permanent_uuid: "c17393d080e741699991a3bbdcb8a19d" member_type: VOTER last_known_addr { host: "127.31.190.129" port: 39049 } } peers { permanent_uuid: "3449330e423c4e13a4dd3f09f0e226bb" member_type: VOTER last_known_addr { host: "127.31.190.130" port: 34893 } } peers { permanent_uuid: "54f2b985aac2431f94150c445846ae29" member_type: VOTER last_known_addr { host: "127.31.190.131" port: 37781 } }
I20260630 12:19:51.757556   901 raft_consensus.cc:385] T 7b6ae9c243084711809c819fe73b281d P 54f2b985aac2431f94150c445846ae29 [term 0 FOLLOWER]: Consensus starting up: Expiring failure detector timer to make a prompt election more likely
I20260630 12:19:51.757849   901 raft_consensus.cc:740] T 7b6ae9c243084711809c819fe73b281d P 54f2b985aac2431f94150c445846ae29 [term 0 FOLLOWER]: Becoming Follower/Learner. State: Replica: 54f2b985aac2431f94150c445846ae29, State: Initialized, Role: FOLLOWER
I20260630 12:19:51.758687   901 consensus_queue.cc:260] T 7b6ae9c243084711809c819fe73b281d P 54f2b985aac2431f94150c445846ae29 [NON_LEADER]: Queue going to NON_LEADER mode. State: All replicated index: 0, Majority replicated index: 0, Committed index: 0, Last appended: 0.0, Last appended by leader: 0, Current term: 0, Majority size: -1, State: 0, Mode: NON_LEADER, active raft config: opid_index: -1 OBSOLETE_local: false peers { permanent_uuid: "c17393d080e741699991a3bbdcb8a19d" member_type: VOTER last_known_addr { host: "127.31.190.129" port: 39049 } } peers { permanent_uuid: "3449330e423c4e13a4dd3f09f0e226bb" member_type: VOTER last_known_addr { host: "127.31.190.130" port: 34893 } } peers { permanent_uuid: "54f2b985aac2431f94150c445846ae29" member_type: VOTER last_known_addr { host: "127.31.190.131" port: 37781 } }
I20260630 12:19:51.759533   900 ts_tablet_manager.cc:1434] T 66428a7ae025430abda7816150563537 P 3449330e423c4e13a4dd3f09f0e226bb: Time spent starting tablet: real 0.011s	user 0.009s	sys 0.000s
I20260630 12:19:51.760596   900 tablet_bootstrap.cc:492] T bc2dcc2b2e384f138b3cefaf7bf2bc92 P 3449330e423c4e13a4dd3f09f0e226bb: Bootstrap starting.
I20260630 12:19:51.761111   901 ts_tablet_manager.cc:1434] T 7b6ae9c243084711809c819fe73b281d P 54f2b985aac2431f94150c445846ae29: Time spent starting tablet: real 0.007s	user 0.008s	sys 0.000s
I20260630 12:19:51.762020   901 tablet_bootstrap.cc:492] T ef7d1f3cd71c425487ee7ab40f4c840b P 54f2b985aac2431f94150c445846ae29: Bootstrap starting.
I20260630 12:19:51.766671   900 tablet_bootstrap.cc:654] T bc2dcc2b2e384f138b3cefaf7bf2bc92 P 3449330e423c4e13a4dd3f09f0e226bb: Neither blocks nor log segments found. Creating new log.
I20260630 12:19:51.768185   901 tablet_bootstrap.cc:654] T ef7d1f3cd71c425487ee7ab40f4c840b P 54f2b985aac2431f94150c445846ae29: Neither blocks nor log segments found. Creating new log.
I20260630 12:19:51.778528   900 tablet_bootstrap.cc:492] T bc2dcc2b2e384f138b3cefaf7bf2bc92 P 3449330e423c4e13a4dd3f09f0e226bb: No bootstrap required, opened a new log
I20260630 12:19:51.778983   900 ts_tablet_manager.cc:1403] T bc2dcc2b2e384f138b3cefaf7bf2bc92 P 3449330e423c4e13a4dd3f09f0e226bb: Time spent bootstrapping tablet: real 0.019s	user 0.012s	sys 0.006s
I20260630 12:19:51.780056   901 tablet_bootstrap.cc:492] T ef7d1f3cd71c425487ee7ab40f4c840b P 54f2b985aac2431f94150c445846ae29: No bootstrap required, opened a new log
I20260630 12:19:51.780500   901 ts_tablet_manager.cc:1403] T ef7d1f3cd71c425487ee7ab40f4c840b P 54f2b985aac2431f94150c445846ae29: Time spent bootstrapping tablet: real 0.019s	user 0.008s	sys 0.008s
I20260630 12:19:51.781481   900 raft_consensus.cc:359] T bc2dcc2b2e384f138b3cefaf7bf2bc92 P 3449330e423c4e13a4dd3f09f0e226bb [term 0 FOLLOWER]: Replica starting. Triggering 0 pending ops. Active config: opid_index: -1 OBSOLETE_local: false peers { permanent_uuid: "c17393d080e741699991a3bbdcb8a19d" member_type: VOTER last_known_addr { host: "127.31.190.129" port: 39049 } } peers { permanent_uuid: "3449330e423c4e13a4dd3f09f0e226bb" member_type: VOTER last_known_addr { host: "127.31.190.130" port: 34893 } } peers { permanent_uuid: "54f2b985aac2431f94150c445846ae29" member_type: VOTER last_known_addr { host: "127.31.190.131" port: 37781 } }
I20260630 12:19:51.782145   900 raft_consensus.cc:385] T bc2dcc2b2e384f138b3cefaf7bf2bc92 P 3449330e423c4e13a4dd3f09f0e226bb [term 0 FOLLOWER]: Consensus starting up: Expiring failure detector timer to make a prompt election more likely
I20260630 12:19:51.782434   900 raft_consensus.cc:740] T bc2dcc2b2e384f138b3cefaf7bf2bc92 P 3449330e423c4e13a4dd3f09f0e226bb [term 0 FOLLOWER]: Becoming Follower/Learner. State: Replica: 3449330e423c4e13a4dd3f09f0e226bb, State: Initialized, Role: FOLLOWER
I20260630 12:19:51.783133   901 raft_consensus.cc:359] T ef7d1f3cd71c425487ee7ab40f4c840b P 54f2b985aac2431f94150c445846ae29 [term 0 FOLLOWER]: Replica starting. Triggering 0 pending ops. Active config: opid_index: -1 OBSOLETE_local: false peers { permanent_uuid: "c17393d080e741699991a3bbdcb8a19d" member_type: VOTER last_known_addr { host: "127.31.190.129" port: 39049 } } peers { permanent_uuid: "3449330e423c4e13a4dd3f09f0e226bb" member_type: VOTER last_known_addr { host: "127.31.190.130" port: 34893 } } peers { permanent_uuid: "54f2b985aac2431f94150c445846ae29" member_type: VOTER last_known_addr { host: "127.31.190.131" port: 37781 } }
I20260630 12:19:51.783416   900 consensus_queue.cc:260] T bc2dcc2b2e384f138b3cefaf7bf2bc92 P 3449330e423c4e13a4dd3f09f0e226bb [NON_LEADER]: Queue going to NON_LEADER mode. State: All replicated index: 0, Majority replicated index: 0, Committed index: 0, Last appended: 0.0, Last appended by leader: 0, Current term: 0, Majority size: -1, State: 0, Mode: NON_LEADER, active raft config: opid_index: -1 OBSOLETE_local: false peers { permanent_uuid: "c17393d080e741699991a3bbdcb8a19d" member_type: VOTER last_known_addr { host: "127.31.190.129" port: 39049 } } peers { permanent_uuid: "3449330e423c4e13a4dd3f09f0e226bb" member_type: VOTER last_known_addr { host: "127.31.190.130" port: 34893 } } peers { permanent_uuid: "54f2b985aac2431f94150c445846ae29" member_type: VOTER last_known_addr { host: "127.31.190.131" port: 37781 } }
I20260630 12:19:51.783870   901 raft_consensus.cc:385] T ef7d1f3cd71c425487ee7ab40f4c840b P 54f2b985aac2431f94150c445846ae29 [term 0 FOLLOWER]: Consensus starting up: Expiring failure detector timer to make a prompt election more likely
I20260630 12:19:51.784175   901 raft_consensus.cc:740] T ef7d1f3cd71c425487ee7ab40f4c840b P 54f2b985aac2431f94150c445846ae29 [term 0 FOLLOWER]: Becoming Follower/Learner. State: Replica: 54f2b985aac2431f94150c445846ae29, State: Initialized, Role: FOLLOWER
I20260630 12:19:51.785018   901 consensus_queue.cc:260] T ef7d1f3cd71c425487ee7ab40f4c840b P 54f2b985aac2431f94150c445846ae29 [NON_LEADER]: Queue going to NON_LEADER mode. State: All replicated index: 0, Majority replicated index: 0, Committed index: 0, Last appended: 0.0, Last appended by leader: 0, Current term: 0, Majority size: -1, State: 0, Mode: NON_LEADER, active raft config: opid_index: -1 OBSOLETE_local: false peers { permanent_uuid: "c17393d080e741699991a3bbdcb8a19d" member_type: VOTER last_known_addr { host: "127.31.190.129" port: 39049 } } peers { permanent_uuid: "3449330e423c4e13a4dd3f09f0e226bb" member_type: VOTER last_known_addr { host: "127.31.190.130" port: 34893 } } peers { permanent_uuid: "54f2b985aac2431f94150c445846ae29" member_type: VOTER last_known_addr { host: "127.31.190.131" port: 37781 } }
I20260630 12:19:51.785777   900 ts_tablet_manager.cc:1434] T bc2dcc2b2e384f138b3cefaf7bf2bc92 P 3449330e423c4e13a4dd3f09f0e226bb: Time spent starting tablet: real 0.007s	user 0.001s	sys 0.004s
I20260630 12:19:51.786656   900 tablet_bootstrap.cc:492] T 750e1be34c174b74b1c9c96d4c6fbcb3 P 3449330e423c4e13a4dd3f09f0e226bb: Bootstrap starting.
I20260630 12:19:51.787256   901 ts_tablet_manager.cc:1434] T ef7d1f3cd71c425487ee7ab40f4c840b P 54f2b985aac2431f94150c445846ae29: Time spent starting tablet: real 0.006s	user 0.004s	sys 0.003s
I20260630 12:19:51.788242   901 tablet_bootstrap.cc:492] T bc2dcc2b2e384f138b3cefaf7bf2bc92 P 54f2b985aac2431f94150c445846ae29: Bootstrap starting.
I20260630 12:19:51.796375   905 raft_consensus.cc:493] T ef7d1f3cd71c425487ee7ab40f4c840b P 54f2b985aac2431f94150c445846ae29 [term 0 FOLLOWER]: Starting pre-election (no leader contacted us within the election timeout)
I20260630 12:19:51.798223   905 raft_consensus.cc:515] T ef7d1f3cd71c425487ee7ab40f4c840b P 54f2b985aac2431f94150c445846ae29 [term 0 FOLLOWER]: Starting pre-election with config: opid_index: -1 OBSOLETE_local: false peers { permanent_uuid: "c17393d080e741699991a3bbdcb8a19d" member_type: VOTER last_known_addr { host: "127.31.190.129" port: 39049 } } peers { permanent_uuid: "3449330e423c4e13a4dd3f09f0e226bb" member_type: VOTER last_known_addr { host: "127.31.190.130" port: 34893 } } peers { permanent_uuid: "54f2b985aac2431f94150c445846ae29" member_type: VOTER last_known_addr { host: "127.31.190.131" port: 37781 } }
I20260630 12:19:51.800544   900 tablet_bootstrap.cc:654] T 750e1be34c174b74b1c9c96d4c6fbcb3 P 3449330e423c4e13a4dd3f09f0e226bb: Neither blocks nor log segments found. Creating new log.
I20260630 12:19:51.803853   925 raft_consensus.cc:493] T 68e142b6ef1642d6bf9ef14e8d9a455c P 54f2b985aac2431f94150c445846ae29 [term 0 FOLLOWER]: Starting pre-election (no leader contacted us within the election timeout)
I20260630 12:19:51.804284   925 raft_consensus.cc:515] T 68e142b6ef1642d6bf9ef14e8d9a455c P 54f2b985aac2431f94150c445846ae29 [term 0 FOLLOWER]: Starting pre-election with config: opid_index: -1 OBSOLETE_local: false peers { permanent_uuid: "c17393d080e741699991a3bbdcb8a19d" member_type: VOTER last_known_addr { host: "127.31.190.129" port: 39049 } } peers { permanent_uuid: "3449330e423c4e13a4dd3f09f0e226bb" member_type: VOTER last_known_addr { host: "127.31.190.130" port: 34893 } } peers { permanent_uuid: "54f2b985aac2431f94150c445846ae29" member_type: VOTER last_known_addr { host: "127.31.190.131" port: 37781 } }
I20260630 12:19:51.805511   903 tablet_bootstrap.cc:492] T 68e142b6ef1642d6bf9ef14e8d9a455c P c17393d080e741699991a3bbdcb8a19d: No bootstrap required, opened a new log
I20260630 12:19:51.806166   903 ts_tablet_manager.cc:1403] T 68e142b6ef1642d6bf9ef14e8d9a455c P c17393d080e741699991a3bbdcb8a19d: Time spent bootstrapping tablet: real 0.110s	user 0.033s	sys 0.063s
I20260630 12:19:51.807806   901 tablet_bootstrap.cc:654] T bc2dcc2b2e384f138b3cefaf7bf2bc92 P 54f2b985aac2431f94150c445846ae29: Neither blocks nor log segments found. Creating new log.
I20260630 12:19:51.809849   905 leader_election.cc:290] T ef7d1f3cd71c425487ee7ab40f4c840b P 54f2b985aac2431f94150c445846ae29 [CANDIDATE]: Term 1 pre-election: Requested pre-vote from peers c17393d080e741699991a3bbdcb8a19d (127.31.190.129:39049), 3449330e423c4e13a4dd3f09f0e226bb (127.31.190.130:34893)
I20260630 12:19:51.820716   908 raft_consensus.cc:493] T 68e142b6ef1642d6bf9ef14e8d9a455c P 3449330e423c4e13a4dd3f09f0e226bb [term 0 FOLLOWER]: Starting pre-election (no leader contacted us within the election timeout)
I20260630 12:19:51.821095   908 raft_consensus.cc:515] T 68e142b6ef1642d6bf9ef14e8d9a455c P 3449330e423c4e13a4dd3f09f0e226bb [term 0 FOLLOWER]: Starting pre-election with config: opid_index: -1 OBSOLETE_local: false peers { permanent_uuid: "c17393d080e741699991a3bbdcb8a19d" member_type: VOTER last_known_addr { host: "127.31.190.129" port: 39049 } } peers { permanent_uuid: "3449330e423c4e13a4dd3f09f0e226bb" member_type: VOTER last_known_addr { host: "127.31.190.130" port: 34893 } } peers { permanent_uuid: "54f2b985aac2431f94150c445846ae29" member_type: VOTER last_known_addr { host: "127.31.190.131" port: 37781 } }
I20260630 12:19:51.821206   903 raft_consensus.cc:359] T 68e142b6ef1642d6bf9ef14e8d9a455c P c17393d080e741699991a3bbdcb8a19d [term 0 FOLLOWER]: Replica starting. Triggering 0 pending ops. Active config: opid_index: -1 OBSOLETE_local: false peers { permanent_uuid: "c17393d080e741699991a3bbdcb8a19d" member_type: VOTER last_known_addr { host: "127.31.190.129" port: 39049 } } peers { permanent_uuid: "3449330e423c4e13a4dd3f09f0e226bb" member_type: VOTER last_known_addr { host: "127.31.190.130" port: 34893 } } peers { permanent_uuid: "54f2b985aac2431f94150c445846ae29" member_type: VOTER last_known_addr { host: "127.31.190.131" port: 37781 } }
I20260630 12:19:51.821755   903 raft_consensus.cc:385] T 68e142b6ef1642d6bf9ef14e8d9a455c P c17393d080e741699991a3bbdcb8a19d [term 0 FOLLOWER]: Consensus starting up: Expiring failure detector timer to make a prompt election more likely
I20260630 12:19:51.823053   903 raft_consensus.cc:740] T 68e142b6ef1642d6bf9ef14e8d9a455c P c17393d080e741699991a3bbdcb8a19d [term 0 FOLLOWER]: Becoming Follower/Learner. State: Replica: c17393d080e741699991a3bbdcb8a19d, State: Initialized, Role: FOLLOWER
I20260630 12:19:51.823904   903 consensus_queue.cc:260] T 68e142b6ef1642d6bf9ef14e8d9a455c P c17393d080e741699991a3bbdcb8a19d [NON_LEADER]: Queue going to NON_LEADER mode. State: All replicated index: 0, Majority replicated index: 0, Committed index: 0, Last appended: 0.0, Last appended by leader: 0, Current term: 0, Majority size: -1, State: 0, Mode: NON_LEADER, active raft config: opid_index: -1 OBSOLETE_local: false peers { permanent_uuid: "c17393d080e741699991a3bbdcb8a19d" member_type: VOTER last_known_addr { host: "127.31.190.129" port: 39049 } } peers { permanent_uuid: "3449330e423c4e13a4dd3f09f0e226bb" member_type: VOTER last_known_addr { host: "127.31.190.130" port: 34893 } } peers { permanent_uuid: "54f2b985aac2431f94150c445846ae29" member_type: VOTER last_known_addr { host: "127.31.190.131" port: 37781 } }
I20260630 12:19:51.824596   908 leader_election.cc:290] T 68e142b6ef1642d6bf9ef14e8d9a455c P 3449330e423c4e13a4dd3f09f0e226bb [CANDIDATE]: Term 1 pre-election: Requested pre-vote from peers c17393d080e741699991a3bbdcb8a19d (127.31.190.129:39049), 54f2b985aac2431f94150c445846ae29 (127.31.190.131:37781)
I20260630 12:19:51.831102   903 ts_tablet_manager.cc:1434] T 68e142b6ef1642d6bf9ef14e8d9a455c P c17393d080e741699991a3bbdcb8a19d: Time spent starting tablet: real 0.025s	user 0.004s	sys 0.003s
I20260630 12:19:51.833154   782 tablet_service.cc:1917] Received RequestConsensusVote() RPC: tablet_id: "7b6ae9c243084711809c819fe73b281d" candidate_uuid: "c17393d080e741699991a3bbdcb8a19d" candidate_term: 1 candidate_status { last_received { term: 0 index: 0 } } ignore_live_leader: false dest_uuid: "3449330e423c4e13a4dd3f09f0e226bb" is_pre_election: true
I20260630 12:19:51.833793   782 raft_consensus.cc:2468] T 7b6ae9c243084711809c819fe73b281d P 3449330e423c4e13a4dd3f09f0e226bb [term 0 FOLLOWER]: Leader pre-election vote request: Granting yes vote for candidate c17393d080e741699991a3bbdcb8a19d in term 0.
I20260630 12:19:51.843329   670 leader_election.cc:304] T 7b6ae9c243084711809c819fe73b281d P c17393d080e741699991a3bbdcb8a19d [CANDIDATE]: Term 1 pre-election: Election decided. Result: candidate won. Election summary: received 2 responses out of 3 voters: 2 yes votes; 0 no votes. yes voters: 3449330e423c4e13a4dd3f09f0e226bb, c17393d080e741699991a3bbdcb8a19d; no voters: 
I20260630 12:19:51.844583   909 raft_consensus.cc:2804] T 7b6ae9c243084711809c819fe73b281d P c17393d080e741699991a3bbdcb8a19d [term 0 FOLLOWER]: Leader pre-election won for term 1
I20260630 12:19:51.845346   909 raft_consensus.cc:493] T 7b6ae9c243084711809c819fe73b281d P c17393d080e741699991a3bbdcb8a19d [term 0 FOLLOWER]: Starting leader election (no leader contacted us within the election timeout)
I20260630 12:19:51.838910   781 tablet_service.cc:1917] Received RequestConsensusVote() RPC: tablet_id: "750e1be34c174b74b1c9c96d4c6fbcb3" candidate_uuid: "c17393d080e741699991a3bbdcb8a19d" candidate_term: 1 candidate_status { last_received { term: 0 index: 0 } } ignore_live_leader: false dest_uuid: "3449330e423c4e13a4dd3f09f0e226bb" is_pre_election: true
I20260630 12:19:51.843931   925 leader_election.cc:290] T 68e142b6ef1642d6bf9ef14e8d9a455c P 54f2b985aac2431f94150c445846ae29 [CANDIDATE]: Term 1 pre-election: Requested pre-vote from peers c17393d080e741699991a3bbdcb8a19d (127.31.190.129:39049), 3449330e423c4e13a4dd3f09f0e226bb (127.31.190.130:34893)
I20260630 12:19:51.845700   909 raft_consensus.cc:3060] T 7b6ae9c243084711809c819fe73b281d P c17393d080e741699991a3bbdcb8a19d [term 0 FOLLOWER]: Advancing to term 1
I20260630 12:19:51.852890   908 raft_consensus.cc:493] T 511443064373442ba78fa53165cfd96d P 3449330e423c4e13a4dd3f09f0e226bb [term 0 FOLLOWER]: Starting pre-election (no leader contacted us within the election timeout)
I20260630 12:19:51.853893   908 raft_consensus.cc:515] T 511443064373442ba78fa53165cfd96d P 3449330e423c4e13a4dd3f09f0e226bb [term 0 FOLLOWER]: Starting pre-election with config: opid_index: -1 OBSOLETE_local: false peers { permanent_uuid: "c17393d080e741699991a3bbdcb8a19d" member_type: VOTER last_known_addr { host: "127.31.190.129" port: 39049 } } peers { permanent_uuid: "3449330e423c4e13a4dd3f09f0e226bb" member_type: VOTER last_known_addr { host: "127.31.190.130" port: 34893 } } peers { permanent_uuid: "54f2b985aac2431f94150c445846ae29" member_type: VOTER last_known_addr { host: "127.31.190.131" port: 37781 } }
I20260630 12:19:51.856734   908 leader_election.cc:290] T 511443064373442ba78fa53165cfd96d P 3449330e423c4e13a4dd3f09f0e226bb [CANDIDATE]: Term 1 pre-election: Requested pre-vote from peers c17393d080e741699991a3bbdcb8a19d (127.31.190.129:39049), 54f2b985aac2431f94150c445846ae29 (127.31.190.131:37781)
W20260630 12:19:51.860849   670 leader_election.cc:343] T 750e1be34c174b74b1c9c96d4c6fbcb3 P c17393d080e741699991a3bbdcb8a19d [CANDIDATE]: Term 1 pre-election: Tablet error from VoteRequest() call to peer 3449330e423c4e13a4dd3f09f0e226bb (127.31.190.130:34893): Illegal state: must be running to vote when last-logged opid is not known
I20260630 12:19:51.868408   925 raft_consensus.cc:493] T 7b6ae9c243084711809c819fe73b281d P 54f2b985aac2431f94150c445846ae29 [term 0 FOLLOWER]: Starting pre-election (no leader contacted us within the election timeout)
