metadata directory: /tmp/dist-test-taskefxvca/test-tmp/auto_rebalancer-test.0.AutoRebalancerTest.TestMaxMovesPerServer.1782821974641788-27600-0/minicluster-data/ts-2-root
1 data directories: /tmp/dist-test-taskefxvca/test-tmp/auto_rebalancer-test.0.AutoRebalancerTest.TestMaxMovesPerServer.1782821974641788-27600-0/minicluster-data/ts-2-root/data
Total live blocks: 0
Total live bytes: 0
Total live bytes (after alignment): 0
Total number of LBM containers: 0 (0 full)
Did not check for missing blocks
Did not check for orphaned blocks
Total full LBM containers with extra space: 0 (0 repaired)
Total full LBM container extra space in bytes: 0 (0 repaired)
Total incomplete LBM containers: 0 (0 repaired)
Total LBM partial records: 0 (0 repaired)
Total corrupted LBM metadata records in RocksDB: 0 (0 repaired)
I20260630 12:21:36.491575 27600 rpc_server.cc:225] running with OpenSSL 1.1.1  11 Sep 2018
I20260630 12:21:36.492610 27600 kserver.cc:163] Server-wide thread pool size limit: 3276
I20260630 12:21:36.493959 27600 txn_system_client.cc:432] TxnSystemClient initialization is disabled...
I20260630 12:21:36.495983 27600 ts_tablet_manager.cc:585] Loaded tablet metadata (0 total tablets, 0 live tablets)
I20260630 12:21:36.496163 27600 ts_tablet_manager.cc:531] Time spent load tablet metadata: real 0.000s	user 0.000s	sys 0.000s
I20260630 12:21:36.496380 27600 ts_tablet_manager.cc:616] Registered 0 tablets
I20260630 12:21:36.496520 27600 ts_tablet_manager.cc:595] Time spent register tablets: real 0.000s	user 0.000s	sys 0.000s
I20260630 12:21:36.533373 27600 rpc_server.cc:307] RPC server started. Bound to: 127.26.244.3:46193
I20260630 12:21:36.533455 32239 acceptor_pool.cc:272] collecting diagnostics on the listening RPC socket 127.26.244.3:46193 every 8 connection(s)
I20260630 12:21:36.545948 32240 heartbeater.cc:344] Connected to a master server at 127.26.244.62:39857
I20260630 12:21:36.546273 32240 heartbeater.cc:461] Registering TS with master...
I20260630 12:21:36.546890 32240 heartbeater.cc:507] Master 127.26.244.62:39857 requested a full tablet report, sending...
I20260630 12:21:36.548563 31964 ts_manager.cc:194] Registered new tserver with Master: db9c794343554c11a2bf37cf5a473fa6 (127.26.244.3:46193)
I20260630 12:21:36.549602 27600 internal_mini_cluster.cc:371] 3 TS(s) registered with all masters after 0.013271242s
I20260630 12:21:36.549780 31964 master_service.cc:502] Signed X509 certificate for tserver {username='slave'} at 127.0.0.1:55314
I20260630 12:21:37.385605 32091 heartbeater.cc:499] Master 127.26.244.62:39857 was elected leader, sending a full tablet report...
I20260630 12:21:37.470661 32166 heartbeater.cc:499] Master 127.26.244.62:39857 was elected leader, sending a full tablet report...
I20260630 12:21:37.552284 32240 heartbeater.cc:499] Master 127.26.244.62:39857 was elected leader, sending a full tablet report...
I20260630 12:21:37.606160 31964 catalog_manager.cc:2283] Servicing CreateTable request from {username='slave'} at 127.0.0.1:55318:
name: "test-workload"
schema {
  columns {
    name: "key"
    type: INT32
    is_key: true
    is_nullable: false
    encoding: AUTO_ENCODING
    compression: DEFAULT_COMPRESSION
    cfile_block_size: 0
    immutable: false
  }
  columns {
    name: "int_val"
    type: INT32
    is_key: false
    is_nullable: false
    encoding: AUTO_ENCODING
    compression: DEFAULT_COMPRESSION
    cfile_block_size: 0
    immutable: false
  }
  columns {
    name: "string_val"
    type: STRING
    is_key: false
    is_nullable: true
    encoding: AUTO_ENCODING
    compression: DEFAULT_COMPRESSION
    cfile_block_size: 0
    immutable: false
  }
}
num_replicas: 3
split_rows_range_bounds {
  rows: "\004\001\000\252\252\252\n\004\001\000TUU\025\004\001\000\376\377\377\037\004\001\000\250\252\252*\004\001\000RUU5\004\001\000\374\377\377?\004\001\000\246\252\252J\004\001\000PUUU\004\001\000\372\377\377_\004\001\000\244\252\252j\004\001\000NUUu""\004\001\000\252\252\252\n\004\001\000TUU\025\004\001\000\376\377\377\037\004\001\000\250\252\252*\004\001\000RUU5\004\001\000\374\377\377?\004\001\000\246\252\252J\004\001\000PUUU\004\001\000\372\377\377_\004\001\000\244\252\252j\004\001\000NUUu"
  indirect_data: """"
}
partition_schema {
  range_schema {
    columns {
      name: "key"
    }
  }
}
W20260630 12:21:37.609344 31964 catalog_manager.cc:7077] The number of live tablet servers is not enough to re-replicate a tablet replica of the newly created table test-workload in case of a server failure: 4 tablet servers would be needed, 3 are available. Consider bringing up more tablet servers.
I20260630 12:21:37.683523 32056 tablet_service.cc:1511] Processing CreateTablet for tablet 71c3712a8d4c4e38b031c7376bb3a9e7 (DEFAULT_TABLE table=test-workload [id=d4adde7f2c594ca2a9cfb78deac56e4e]), partition=RANGE (key) PARTITION VALUES < 178956970
I20260630 12:21:37.685603 32056 data_dirs.cc:400] Could only allocate 1 dirs of requested 3 for tablet 71c3712a8d4c4e38b031c7376bb3a9e7. 1 dirs total, 0 dirs full, 0 dirs failed
I20260630 12:21:37.685379 32054 tablet_service.cc:1511] Processing CreateTablet for tablet 1cbef103f1764716908f66f1682910df (DEFAULT_TABLE table=test-workload [id=d4adde7f2c594ca2a9cfb78deac56e4e]), partition=RANGE (key) PARTITION 357913940 <= VALUES < 536870910
I20260630 12:21:37.687016 32054 data_dirs.cc:400] Could only allocate 1 dirs of requested 3 for tablet 1cbef103f1764716908f66f1682910df. 1 dirs total, 0 dirs full, 0 dirs failed
I20260630 12:21:37.687812 32055 tablet_service.cc:1511] Processing CreateTablet for tablet 3603578576e845a0bbe9eb5749a6a26e (DEFAULT_TABLE table=test-workload [id=d4adde7f2c594ca2a9cfb78deac56e4e]), partition=RANGE (key) PARTITION 178956970 <= VALUES < 357913940
I20260630 12:21:37.689369 32055 data_dirs.cc:400] Could only allocate 1 dirs of requested 3 for tablet 3603578576e845a0bbe9eb5749a6a26e. 1 dirs total, 0 dirs full, 0 dirs failed
I20260630 12:21:37.700696 32131 tablet_service.cc:1511] Processing CreateTablet for tablet 71c3712a8d4c4e38b031c7376bb3a9e7 (DEFAULT_TABLE table=test-workload [id=d4adde7f2c594ca2a9cfb78deac56e4e]), partition=RANGE (key) PARTITION VALUES < 178956970
I20260630 12:21:37.702174 32131 data_dirs.cc:400] Could only allocate 1 dirs of requested 3 for tablet 71c3712a8d4c4e38b031c7376bb3a9e7. 1 dirs total, 0 dirs full, 0 dirs failed
I20260630 12:21:37.702978 32053 tablet_service.cc:1511] Processing CreateTablet for tablet 8a5ec2baa5684553a39d76aa9d204f39 (DEFAULT_TABLE table=test-workload [id=d4adde7f2c594ca2a9cfb78deac56e4e]), partition=RANGE (key) PARTITION 536870910 <= VALUES < 715827880
I20260630 12:21:37.704299 32053 data_dirs.cc:400] Could only allocate 1 dirs of requested 3 for tablet 8a5ec2baa5684553a39d76aa9d204f39. 1 dirs total, 0 dirs full, 0 dirs failed
I20260630 12:21:37.712451 32052 tablet_service.cc:1511] Processing CreateTablet for tablet 7496786cc40b477489f27026a730d5e6 (DEFAULT_TABLE table=test-workload [id=d4adde7f2c594ca2a9cfb78deac56e4e]), partition=RANGE (key) PARTITION 715827880 <= VALUES < 894784850
I20260630 12:21:37.713799 32052 data_dirs.cc:400] Could only allocate 1 dirs of requested 3 for tablet 7496786cc40b477489f27026a730d5e6. 1 dirs total, 0 dirs full, 0 dirs failed
I20260630 12:21:37.714828 32130 tablet_service.cc:1511] Processing CreateTablet for tablet 3603578576e845a0bbe9eb5749a6a26e (DEFAULT_TABLE table=test-workload [id=d4adde7f2c594ca2a9cfb78deac56e4e]), partition=RANGE (key) PARTITION 178956970 <= VALUES < 357913940
I20260630 12:21:37.716094 32130 data_dirs.cc:400] Could only allocate 1 dirs of requested 3 for tablet 3603578576e845a0bbe9eb5749a6a26e. 1 dirs total, 0 dirs full, 0 dirs failed
I20260630 12:21:37.718245 32129 tablet_service.cc:1511] Processing CreateTablet for tablet 1cbef103f1764716908f66f1682910df (DEFAULT_TABLE table=test-workload [id=d4adde7f2c594ca2a9cfb78deac56e4e]), partition=RANGE (key) PARTITION 357913940 <= VALUES < 536870910
I20260630 12:21:37.719514 32129 data_dirs.cc:400] Could only allocate 1 dirs of requested 3 for tablet 1cbef103f1764716908f66f1682910df. 1 dirs total, 0 dirs full, 0 dirs failed
I20260630 12:21:37.720248 32261 tablet_bootstrap.cc:492] T 71c3712a8d4c4e38b031c7376bb3a9e7 P 673f10d441f94e4083098b4582dbb1c8: Bootstrap starting.
I20260630 12:21:37.722307 32128 tablet_service.cc:1511] Processing CreateTablet for tablet 8a5ec2baa5684553a39d76aa9d204f39 (DEFAULT_TABLE table=test-workload [id=d4adde7f2c594ca2a9cfb78deac56e4e]), partition=RANGE (key) PARTITION 536870910 <= VALUES < 715827880
I20260630 12:21:37.723590 32128 data_dirs.cc:400] Could only allocate 1 dirs of requested 3 for tablet 8a5ec2baa5684553a39d76aa9d204f39. 1 dirs total, 0 dirs full, 0 dirs failed
I20260630 12:21:37.726851 32261 tablet_bootstrap.cc:654] T 71c3712a8d4c4e38b031c7376bb3a9e7 P 673f10d441f94e4083098b4582dbb1c8: Neither blocks nor log segments found. Creating new log.
I20260630 12:21:37.736666 32205 tablet_service.cc:1511] Processing CreateTablet for tablet 71c3712a8d4c4e38b031c7376bb3a9e7 (DEFAULT_TABLE table=test-workload [id=d4adde7f2c594ca2a9cfb78deac56e4e]), partition=RANGE (key) PARTITION VALUES < 178956970
I20260630 12:21:37.738131 32205 data_dirs.cc:400] Could only allocate 1 dirs of requested 3 for tablet 71c3712a8d4c4e38b031c7376bb3a9e7. 1 dirs total, 0 dirs full, 0 dirs failed
I20260630 12:21:37.738673 32261 tablet_bootstrap.cc:492] T 71c3712a8d4c4e38b031c7376bb3a9e7 P 673f10d441f94e4083098b4582dbb1c8: No bootstrap required, opened a new log
I20260630 12:21:37.739176 32261 ts_tablet_manager.cc:1403] T 71c3712a8d4c4e38b031c7376bb3a9e7 P 673f10d441f94e4083098b4582dbb1c8: Time spent bootstrapping tablet: real 0.019s	user 0.004s	sys 0.013s
I20260630 12:21:37.739898 32052 tablet_service.cc:1511] Processing CreateTablet for tablet 7297ce55cffd4020a6be3380f534a626 (DEFAULT_TABLE table=test-workload [id=d4adde7f2c594ca2a9cfb78deac56e4e]), partition=RANGE (key) PARTITION 894784850 <= VALUES < 1073741820
I20260630 12:21:37.741178 32052 data_dirs.cc:400] Could only allocate 1 dirs of requested 3 for tablet 7297ce55cffd4020a6be3380f534a626. 1 dirs total, 0 dirs full, 0 dirs failed
I20260630 12:21:37.742241 32261 raft_consensus.cc:359] T 71c3712a8d4c4e38b031c7376bb3a9e7 P 673f10d441f94e4083098b4582dbb1c8 [term 0 FOLLOWER]: Replica starting. Triggering 0 pending ops. Active config: opid_index: -1 OBSOLETE_local: false peers { permanent_uuid: "673f10d441f94e4083098b4582dbb1c8" member_type: VOTER last_known_addr { host: "127.26.244.1" port: 34881 } } peers { permanent_uuid: "5d68ab641a244caf9d928adae37bf586" member_type: VOTER last_known_addr { host: "127.26.244.2" port: 43613 } } peers { permanent_uuid: "db9c794343554c11a2bf37cf5a473fa6" member_type: VOTER last_known_addr { host: "127.26.244.3" port: 46193 } }
I20260630 12:21:37.743255 32261 raft_consensus.cc:385] T 71c3712a8d4c4e38b031c7376bb3a9e7 P 673f10d441f94e4083098b4582dbb1c8 [term 0 FOLLOWER]: Consensus starting up: Expiring failure detector timer to make a prompt election more likely
I20260630 12:21:37.743553 32261 raft_consensus.cc:740] T 71c3712a8d4c4e38b031c7376bb3a9e7 P 673f10d441f94e4083098b4582dbb1c8 [term 0 FOLLOWER]: Becoming Follower/Learner. State: Replica: 673f10d441f94e4083098b4582dbb1c8, State: Initialized, Role: FOLLOWER
I20260630 12:21:37.745776 32202 tablet_service.cc:1511] Processing CreateTablet for tablet 8a5ec2baa5684553a39d76aa9d204f39 (DEFAULT_TABLE table=test-workload [id=d4adde7f2c594ca2a9cfb78deac56e4e]), partition=RANGE (key) PARTITION 536870910 <= VALUES < 715827880
I20260630 12:21:37.745911 32127 tablet_service.cc:1511] Processing CreateTablet for tablet 7496786cc40b477489f27026a730d5e6 (DEFAULT_TABLE table=test-workload [id=d4adde7f2c594ca2a9cfb78deac56e4e]), partition=RANGE (key) PARTITION 715827880 <= VALUES < 894784850
I20260630 12:21:37.747092 32202 data_dirs.cc:400] Could only allocate 1 dirs of requested 3 for tablet 8a5ec2baa5684553a39d76aa9d204f39. 1 dirs total, 0 dirs full, 0 dirs failed
I20260630 12:21:37.774313 32198 tablet_service.cc:1511] Processing CreateTablet for tablet 332e6087749048f0b6c81d899f5b0c28 (DEFAULT_TABLE table=test-workload [id=d4adde7f2c594ca2a9cfb78deac56e4e]), partition=RANGE (key) PARTITION 1252698790 <= VALUES < 1431655760
I20260630 12:21:37.775645 32198 data_dirs.cc:400] Could only allocate 1 dirs of requested 3 for tablet 332e6087749048f0b6c81d899f5b0c28. 1 dirs total, 0 dirs full, 0 dirs failed
I20260630 12:21:37.776547 32131 tablet_service.cc:1511] Processing CreateTablet for tablet 00e074ddce6b4dc5a1ce0bd9647e20bc (DEFAULT_TABLE table=test-workload [id=d4adde7f2c594ca2a9cfb78deac56e4e]), partition=RANGE (key) PARTITION 1431655760 <= VALUES < 1610612730
I20260630 12:21:37.747197 32127 data_dirs.cc:400] Could only allocate 1 dirs of requested 3 for tablet 7496786cc40b477489f27026a730d5e6. 1 dirs total, 0 dirs full, 0 dirs failed
I20260630 12:21:37.759511 32055 tablet_service.cc:1511] Processing CreateTablet for tablet 394239e093e641f38cde83611fe8741d (DEFAULT_TABLE table=test-workload [id=d4adde7f2c594ca2a9cfb78deac56e4e]), partition=RANGE (key) PARTITION 1073741820 <= VALUES < 1252698790
I20260630 12:21:37.781700 32055 data_dirs.cc:400] Could only allocate 1 dirs of requested 3 for tablet 394239e093e641f38cde83611fe8741d. 1 dirs total, 0 dirs full, 0 dirs failed
I20260630 12:21:37.789813 32131 data_dirs.cc:400] Could only allocate 1 dirs of requested 3 for tablet 00e074ddce6b4dc5a1ce0bd9647e20bc. 1 dirs total, 0 dirs full, 0 dirs failed
I20260630 12:21:37.750957 32261 consensus_queue.cc:260] T 71c3712a8d4c4e38b031c7376bb3a9e7 P 673f10d441f94e4083098b4582dbb1c8 [NON_LEADER]: Queue going to NON_LEADER mode. State: All replicated index: 0, Majority replicated index: 0, Committed index: 0, Last appended: 0.0, Last appended by leader: 0, Current term: 0, Majority size: -1, State: 0, Mode: NON_LEADER, active raft config: opid_index: -1 OBSOLETE_local: false peers { permanent_uuid: "673f10d441f94e4083098b4582dbb1c8" member_type: VOTER last_known_addr { host: "127.26.244.1" port: 34881 } } peers { permanent_uuid: "5d68ab641a244caf9d928adae37bf586" member_type: VOTER last_known_addr { host: "127.26.244.2" port: 43613 } } peers { permanent_uuid: "db9c794343554c11a2bf37cf5a473fa6" member_type: VOTER last_known_addr { host: "127.26.244.3" port: 46193 } }
I20260630 12:21:37.756937 32126 tablet_service.cc:1511] Processing CreateTablet for tablet 7297ce55cffd4020a6be3380f534a626 (DEFAULT_TABLE table=test-workload [id=d4adde7f2c594ca2a9cfb78deac56e4e]), partition=RANGE (key) PARTITION 894784850 <= VALUES < 1073741820
I20260630 12:21:37.742318 32204 tablet_service.cc:1511] Processing CreateTablet for tablet 3603578576e845a0bbe9eb5749a6a26e (DEFAULT_TABLE table=test-workload [id=d4adde7f2c594ca2a9cfb78deac56e4e]), partition=RANGE (key) PARTITION 178956970 <= VALUES < 357913940
I20260630 12:21:37.750064 32201 tablet_service.cc:1511] Processing CreateTablet for tablet 7496786cc40b477489f27026a730d5e6 (DEFAULT_TABLE table=test-workload [id=d4adde7f2c594ca2a9cfb78deac56e4e]), partition=RANGE (key) PARTITION 715827880 <= VALUES < 894784850
I20260630 12:21:37.759903 32200 tablet_service.cc:1511] Processing CreateTablet for tablet 7297ce55cffd4020a6be3380f534a626 (DEFAULT_TABLE table=test-workload [id=d4adde7f2c594ca2a9cfb78deac56e4e]), partition=RANGE (key) PARTITION 894784850 <= VALUES < 1073741820
I20260630 12:21:37.793823 32204 data_dirs.cc:400] Could only allocate 1 dirs of requested 3 for tablet 3603578576e845a0bbe9eb5749a6a26e. 1 dirs total, 0 dirs full, 0 dirs failed
I20260630 12:21:37.743716 32203 tablet_service.cc:1511] Processing CreateTablet for tablet 1cbef103f1764716908f66f1682910df (DEFAULT_TABLE table=test-workload [id=d4adde7f2c594ca2a9cfb78deac56e4e]), partition=RANGE (key) PARTITION 357913940 <= VALUES < 536870910
I20260630 12:21:37.794926 32203 data_dirs.cc:400] Could only allocate 1 dirs of requested 3 for tablet 1cbef103f1764716908f66f1682910df. 1 dirs total, 0 dirs full, 0 dirs failed
I20260630 12:21:37.762686 32125 tablet_service.cc:1511] Processing CreateTablet for tablet 394239e093e641f38cde83611fe8741d (DEFAULT_TABLE table=test-workload [id=d4adde7f2c594ca2a9cfb78deac56e4e]), partition=RANGE (key) PARTITION 1073741820 <= VALUES < 1252698790
I20260630 12:21:37.768761 32199 tablet_service.cc:1511] Processing CreateTablet for tablet 394239e093e641f38cde83611fe8741d (DEFAULT_TABLE table=test-workload [id=d4adde7f2c594ca2a9cfb78deac56e4e]), partition=RANGE (key) PARTITION 1073741820 <= VALUES < 1252698790
I20260630 12:21:37.796649 32199 data_dirs.cc:400] Could only allocate 1 dirs of requested 3 for tablet 394239e093e641f38cde83611fe8741d. 1 dirs total, 0 dirs full, 0 dirs failed
I20260630 12:21:37.769577 32124 tablet_service.cc:1511] Processing CreateTablet for tablet 332e6087749048f0b6c81d899f5b0c28 (DEFAULT_TABLE table=test-workload [id=d4adde7f2c594ca2a9cfb78deac56e4e]), partition=RANGE (key) PARTITION 1252698790 <= VALUES < 1431655760
I20260630 12:21:37.796774 32054 tablet_service.cc:1511] Processing CreateTablet for tablet 00e074ddce6b4dc5a1ce0bd9647e20bc (DEFAULT_TABLE table=test-workload [id=d4adde7f2c594ca2a9cfb78deac56e4e]), partition=RANGE (key) PARTITION 1431655760 <= VALUES < 1610612730
I20260630 12:21:37.797739 32126 data_dirs.cc:400] Could only allocate 1 dirs of requested 3 for tablet 7297ce55cffd4020a6be3380f534a626. 1 dirs total, 0 dirs full, 0 dirs failed
I20260630 12:21:37.797986 32054 data_dirs.cc:400] Could only allocate 1 dirs of requested 3 for tablet 00e074ddce6b4dc5a1ce0bd9647e20bc. 1 dirs total, 0 dirs full, 0 dirs failed
I20260630 12:21:37.801374 32053 tablet_service.cc:1511] Processing CreateTablet for tablet 8ab396d590e6489fae46986788c503a3 (DEFAULT_TABLE table=test-workload [id=d4adde7f2c594ca2a9cfb78deac56e4e]), partition=RANGE (key) PARTITION 1610612730 <= VALUES < 1789569700
I20260630 12:21:37.802805 32053 data_dirs.cc:400] Could only allocate 1 dirs of requested 3 for tablet 8ab396d590e6489fae46986788c503a3. 1 dirs total, 0 dirs full, 0 dirs failed
I20260630 12:21:37.804968 32196 tablet_service.cc:1511] Processing CreateTablet for tablet 8ab396d590e6489fae46986788c503a3 (DEFAULT_TABLE table=test-workload [id=d4adde7f2c594ca2a9cfb78deac56e4e]), partition=RANGE (key) PARTITION 1610612730 <= VALUES < 1789569700
I20260630 12:21:37.763233 32056 tablet_service.cc:1511] Processing CreateTablet for tablet 332e6087749048f0b6c81d899f5b0c28 (DEFAULT_TABLE table=test-workload [id=d4adde7f2c594ca2a9cfb78deac56e4e]), partition=RANGE (key) PARTITION 1252698790 <= VALUES < 1431655760
I20260630 12:21:37.806808 32056 data_dirs.cc:400] Could only allocate 1 dirs of requested 3 for tablet 332e6087749048f0b6c81d899f5b0c28. 1 dirs total, 0 dirs full, 0 dirs failed
I20260630 12:21:37.779105 32197 tablet_service.cc:1511] Processing CreateTablet for tablet 00e074ddce6b4dc5a1ce0bd9647e20bc (DEFAULT_TABLE table=test-workload [id=d4adde7f2c594ca2a9cfb78deac56e4e]), partition=RANGE (key) PARTITION 1431655760 <= VALUES < 1610612730
I20260630 12:21:37.808598 32051 tablet_service.cc:1511] Processing CreateTablet for tablet f871bed6a0544682bea9f7e5284a9863 (DEFAULT_TABLE table=test-workload [id=d4adde7f2c594ca2a9cfb78deac56e4e]), partition=RANGE (key) PARTITION 1789569700 <= VALUES < 1968526670
I20260630 12:21:37.809870 32051 data_dirs.cc:400] Could only allocate 1 dirs of requested 3 for tablet f871bed6a0544682bea9f7e5284a9863. 1 dirs total, 0 dirs full, 0 dirs failed
I20260630 12:21:37.810057 32129 tablet_service.cc:1511] Processing CreateTablet for tablet f871bed6a0544682bea9f7e5284a9863 (DEFAULT_TABLE table=test-workload [id=d4adde7f2c594ca2a9cfb78deac56e4e]), partition=RANGE (key) PARTITION 1789569700 <= VALUES < 1968526670
I20260630 12:21:37.814117 32197 data_dirs.cc:400] Could only allocate 1 dirs of requested 3 for tablet 00e074ddce6b4dc5a1ce0bd9647e20bc. 1 dirs total, 0 dirs full, 0 dirs failed
I20260630 12:21:37.814736 32200 data_dirs.cc:400] Could only allocate 1 dirs of requested 3 for tablet 7297ce55cffd4020a6be3380f534a626. 1 dirs total, 0 dirs full, 0 dirs failed
I20260630 12:21:37.815325 32196 data_dirs.cc:400] Could only allocate 1 dirs of requested 3 for tablet 8ab396d590e6489fae46986788c503a3. 1 dirs total, 0 dirs full, 0 dirs failed
I20260630 12:21:37.806149 32130 tablet_service.cc:1511] Processing CreateTablet for tablet 8ab396d590e6489fae46986788c503a3 (DEFAULT_TABLE table=test-workload [id=d4adde7f2c594ca2a9cfb78deac56e4e]), partition=RANGE (key) PARTITION 1610612730 <= VALUES < 1789569700
I20260630 12:21:37.817226 32050 tablet_service.cc:1511] Processing CreateTablet for tablet 863a77e5a7504f209adda6b5704a77ff (DEFAULT_TABLE table=test-workload [id=d4adde7f2c594ca2a9cfb78deac56e4e]), partition=RANGE (key) PARTITION 1968526670 <= VALUES
I20260630 12:21:37.818490 32050 data_dirs.cc:400] Could only allocate 1 dirs of requested 3 for tablet 863a77e5a7504f209adda6b5704a77ff. 1 dirs total, 0 dirs full, 0 dirs failed
I20260630 12:21:37.819586 32201 data_dirs.cc:400] Could only allocate 1 dirs of requested 3 for tablet 7496786cc40b477489f27026a730d5e6. 1 dirs total, 0 dirs full, 0 dirs failed
I20260630 12:21:37.771150 32263 tablet_bootstrap.cc:492] T 71c3712a8d4c4e38b031c7376bb3a9e7 P 5d68ab641a244caf9d928adae37bf586: Bootstrap starting.
I20260630 12:21:37.805457 32125 data_dirs.cc:400] Could only allocate 1 dirs of requested 3 for tablet 394239e093e641f38cde83611fe8741d. 1 dirs total, 0 dirs full, 0 dirs failed
I20260630 12:21:37.850414 32124 data_dirs.cc:400] Could only allocate 1 dirs of requested 3 for tablet 332e6087749048f0b6c81d899f5b0c28. 1 dirs total, 0 dirs full, 0 dirs failed
I20260630 12:21:37.861126 32123 tablet_service.cc:1511] Processing CreateTablet for tablet 863a77e5a7504f209adda6b5704a77ff (DEFAULT_TABLE table=test-workload [id=d4adde7f2c594ca2a9cfb78deac56e4e]), partition=RANGE (key) PARTITION 1968526670 <= VALUES
I20260630 12:21:37.862457 32123 data_dirs.cc:400] Could only allocate 1 dirs of requested 3 for tablet 863a77e5a7504f209adda6b5704a77ff. 1 dirs total, 0 dirs full, 0 dirs failed
I20260630 12:21:37.864766 32265 tablet_bootstrap.cc:492] T 8a5ec2baa5684553a39d76aa9d204f39 P db9c794343554c11a2bf37cf5a473fa6: Bootstrap starting.
I20260630 12:21:37.882314 32263 tablet_bootstrap.cc:654] T 71c3712a8d4c4e38b031c7376bb3a9e7 P 5d68ab641a244caf9d928adae37bf586: Neither blocks nor log segments found. Creating new log.
I20260630 12:21:37.882515 32202 tablet_service.cc:1511] Processing CreateTablet for tablet f871bed6a0544682bea9f7e5284a9863 (DEFAULT_TABLE table=test-workload [id=d4adde7f2c594ca2a9cfb78deac56e4e]), partition=RANGE (key) PARTITION 1789569700 <= VALUES < 1968526670
I20260630 12:21:37.889425 32130 data_dirs.cc:400] Could only allocate 1 dirs of requested 3 for tablet 8ab396d590e6489fae46986788c503a3. 1 dirs total, 0 dirs full, 0 dirs failed
I20260630 12:21:37.933336 32129 data_dirs.cc:400] Could only allocate 1 dirs of requested 3 for tablet f871bed6a0544682bea9f7e5284a9863. 1 dirs total, 0 dirs full, 0 dirs failed
I20260630 12:21:37.898940 32198 tablet_service.cc:1511] Processing CreateTablet for tablet 863a77e5a7504f209adda6b5704a77ff (DEFAULT_TABLE table=test-workload [id=d4adde7f2c594ca2a9cfb78deac56e4e]), partition=RANGE (key) PARTITION 1968526670 <= VALUES
I20260630 12:21:37.937392 32261 ts_tablet_manager.cc:1434] T 71c3712a8d4c4e38b031c7376bb3a9e7 P 673f10d441f94e4083098b4582dbb1c8: Time spent starting tablet: real 0.198s	user 0.041s	sys 0.036s
I20260630 12:21:37.944090 32261 tablet_bootstrap.cc:492] T 3603578576e845a0bbe9eb5749a6a26e P 673f10d441f94e4083098b4582dbb1c8: Bootstrap starting.
I20260630 12:21:37.905109 32265 tablet_bootstrap.cc:654] T 8a5ec2baa5684553a39d76aa9d204f39 P db9c794343554c11a2bf37cf5a473fa6: Neither blocks nor log segments found. Creating new log.
I20260630 12:21:37.950150 32261 tablet_bootstrap.cc:654] T 3603578576e845a0bbe9eb5749a6a26e P 673f10d441f94e4083098b4582dbb1c8: Neither blocks nor log segments found. Creating new log.
I20260630 12:21:37.963073 32261 tablet_bootstrap.cc:492] T 3603578576e845a0bbe9eb5749a6a26e P 673f10d441f94e4083098b4582dbb1c8: No bootstrap required, opened a new log
I20260630 12:21:37.963521 32261 ts_tablet_manager.cc:1403] T 3603578576e845a0bbe9eb5749a6a26e P 673f10d441f94e4083098b4582dbb1c8: Time spent bootstrapping tablet: real 0.020s	user 0.013s	sys 0.002s
I20260630 12:21:37.966202 32261 raft_consensus.cc:359] T 3603578576e845a0bbe9eb5749a6a26e P 673f10d441f94e4083098b4582dbb1c8 [term 0 FOLLOWER]: Replica starting. Triggering 0 pending ops. Active config: opid_index: -1 OBSOLETE_local: false peers { permanent_uuid: "673f10d441f94e4083098b4582dbb1c8" member_type: VOTER last_known_addr { host: "127.26.244.1" port: 34881 } } peers { permanent_uuid: "5d68ab641a244caf9d928adae37bf586" member_type: VOTER last_known_addr { host: "127.26.244.2" port: 43613 } } peers { permanent_uuid: "db9c794343554c11a2bf37cf5a473fa6" member_type: VOTER last_known_addr { host: "127.26.244.3" port: 46193 } }
I20260630 12:21:37.966840 32261 raft_consensus.cc:385] T 3603578576e845a0bbe9eb5749a6a26e P 673f10d441f94e4083098b4582dbb1c8 [term 0 FOLLOWER]: Consensus starting up: Expiring failure detector timer to make a prompt election more likely
I20260630 12:21:37.967120 32261 raft_consensus.cc:740] T 3603578576e845a0bbe9eb5749a6a26e P 673f10d441f94e4083098b4582dbb1c8 [term 0 FOLLOWER]: Becoming Follower/Learner. State: Replica: 673f10d441f94e4083098b4582dbb1c8, State: Initialized, Role: FOLLOWER
I20260630 12:21:37.968102 32261 consensus_queue.cc:260] T 3603578576e845a0bbe9eb5749a6a26e P 673f10d441f94e4083098b4582dbb1c8 [NON_LEADER]: Queue going to NON_LEADER mode. State: All replicated index: 0, Majority replicated index: 0, Committed index: 0, Last appended: 0.0, Last appended by leader: 0, Current term: 0, Majority size: -1, State: 0, Mode: NON_LEADER, active raft config: opid_index: -1 OBSOLETE_local: false peers { permanent_uuid: "673f10d441f94e4083098b4582dbb1c8" member_type: VOTER last_known_addr { host: "127.26.244.1" port: 34881 } } peers { permanent_uuid: "5d68ab641a244caf9d928adae37bf586" member_type: VOTER last_known_addr { host: "127.26.244.2" port: 43613 } } peers { permanent_uuid: "db9c794343554c11a2bf37cf5a473fa6" member_type: VOTER last_known_addr { host: "127.26.244.3" port: 46193 } }
I20260630 12:21:37.970189 32261 ts_tablet_manager.cc:1434] T 3603578576e845a0bbe9eb5749a6a26e P 673f10d441f94e4083098b4582dbb1c8: Time spent starting tablet: real 0.006s	user 0.006s	sys 0.001s
I20260630 12:21:37.976866 32263 tablet_bootstrap.cc:492] T 71c3712a8d4c4e38b031c7376bb3a9e7 P 5d68ab641a244caf9d928adae37bf586: No bootstrap required, opened a new log
I20260630 12:21:37.977372 32263 ts_tablet_manager.cc:1403] T 71c3712a8d4c4e38b031c7376bb3a9e7 P 5d68ab641a244caf9d928adae37bf586: Time spent bootstrapping tablet: real 0.207s	user 0.016s	sys 0.000s
I20260630 12:21:37.980393 32263 raft_consensus.cc:359] T 71c3712a8d4c4e38b031c7376bb3a9e7 P 5d68ab641a244caf9d928adae37bf586 [term 0 FOLLOWER]: Replica starting. Triggering 0 pending ops. Active config: opid_index: -1 OBSOLETE_local: false peers { permanent_uuid: "673f10d441f94e4083098b4582dbb1c8" member_type: VOTER last_known_addr { host: "127.26.244.1" port: 34881 } } peers { permanent_uuid: "5d68ab641a244caf9d928adae37bf586" member_type: VOTER last_known_addr { host: "127.26.244.2" port: 43613 } } peers { permanent_uuid: "db9c794343554c11a2bf37cf5a473fa6" member_type: VOTER last_known_addr { host: "127.26.244.3" port: 46193 } }
I20260630 12:21:37.981081 32263 raft_consensus.cc:385] T 71c3712a8d4c4e38b031c7376bb3a9e7 P 5d68ab641a244caf9d928adae37bf586 [term 0 FOLLOWER]: Consensus starting up: Expiring failure detector timer to make a prompt election more likely
I20260630 12:21:37.981386 32263 raft_consensus.cc:740] T 71c3712a8d4c4e38b031c7376bb3a9e7 P 5d68ab641a244caf9d928adae37bf586 [term 0 FOLLOWER]: Becoming Follower/Learner. State: Replica: 5d68ab641a244caf9d928adae37bf586, State: Initialized, Role: FOLLOWER
I20260630 12:21:37.982235 32261 tablet_bootstrap.cc:492] T 7496786cc40b477489f27026a730d5e6 P 673f10d441f94e4083098b4582dbb1c8: Bootstrap starting.
I20260630 12:21:37.984769 32265 tablet_bootstrap.cc:492] T 8a5ec2baa5684553a39d76aa9d204f39 P db9c794343554c11a2bf37cf5a473fa6: No bootstrap required, opened a new log
I20260630 12:21:37.985262 32265 ts_tablet_manager.cc:1403] T 8a5ec2baa5684553a39d76aa9d204f39 P db9c794343554c11a2bf37cf5a473fa6: Time spent bootstrapping tablet: real 0.121s	user 0.013s	sys 0.000s
I20260630 12:21:37.988071 32265 raft_consensus.cc:359] T 8a5ec2baa5684553a39d76aa9d204f39 P db9c794343554c11a2bf37cf5a473fa6 [term 0 FOLLOWER]: Replica starting. Triggering 0 pending ops. Active config: opid_index: -1 OBSOLETE_local: false peers { permanent_uuid: "673f10d441f94e4083098b4582dbb1c8" member_type: VOTER last_known_addr { host: "127.26.244.1" port: 34881 } } peers { permanent_uuid: "5d68ab641a244caf9d928adae37bf586" member_type: VOTER last_known_addr { host: "127.26.244.2" port: 43613 } } peers { permanent_uuid: "db9c794343554c11a2bf37cf5a473fa6" member_type: VOTER last_known_addr { host: "127.26.244.3" port: 46193 } }
I20260630 12:21:37.988744 32265 raft_consensus.cc:385] T 8a5ec2baa5684553a39d76aa9d204f39 P db9c794343554c11a2bf37cf5a473fa6 [term 0 FOLLOWER]: Consensus starting up: Expiring failure detector timer to make a prompt election more likely
I20260630 12:21:37.988833 32261 tablet_bootstrap.cc:654] T 7496786cc40b477489f27026a730d5e6 P 673f10d441f94e4083098b4582dbb1c8: Neither blocks nor log segments found. Creating new log.
I20260630 12:21:37.999392 32263 consensus_queue.cc:260] T 71c3712a8d4c4e38b031c7376bb3a9e7 P 5d68ab641a244caf9d928adae37bf586 [NON_LEADER]: Queue going to NON_LEADER mode. State: All replicated index: 0, Majority replicated index: 0, Committed index: 0, Last appended: 0.0, Last appended by leader: 0, Current term: 0, Majority size: -1, State: 0, Mode: NON_LEADER, active raft config: opid_index: -1 OBSOLETE_local: false peers { permanent_uuid: "673f10d441f94e4083098b4582dbb1c8" member_type: VOTER last_known_addr { host: "127.26.244.1" port: 34881 } } peers { permanent_uuid: "5d68ab641a244caf9d928adae37bf586" member_type: VOTER last_known_addr { host: "127.26.244.2" port: 43613 } } peers { permanent_uuid: "db9c794343554c11a2bf37cf5a473fa6" member_type: VOTER last_known_addr { host: "127.26.244.3" port: 46193 } }
I20260630 12:21:38.000634 32261 tablet_bootstrap.cc:492] T 7496786cc40b477489f27026a730d5e6 P 673f10d441f94e4083098b4582dbb1c8: No bootstrap required, opened a new log
I20260630 12:21:38.000808 32265 raft_consensus.cc:740] T 8a5ec2baa5684553a39d76aa9d204f39 P db9c794343554c11a2bf37cf5a473fa6 [term 0 FOLLOWER]: Becoming Follower/Learner. State: Replica: db9c794343554c11a2bf37cf5a473fa6, State: Initialized, Role: FOLLOWER
I20260630 12:21:38.001153 32261 ts_tablet_manager.cc:1403] T 7496786cc40b477489f27026a730d5e6 P 673f10d441f94e4083098b4582dbb1c8: Time spent bootstrapping tablet: real 0.019s	user 0.015s	sys 0.003s
I20260630 12:21:38.001550 32202 data_dirs.cc:400] Could only allocate 1 dirs of requested 3 for tablet f871bed6a0544682bea9f7e5284a9863. 1 dirs total, 0 dirs full, 0 dirs failed
I20260630 12:21:38.001787 32265 consensus_queue.cc:260] T 8a5ec2baa5684553a39d76aa9d204f39 P db9c794343554c11a2bf37cf5a473fa6 [NON_LEADER]: Queue going to NON_LEADER mode. State: All replicated index: 0, Majority replicated index: 0, Committed index: 0, Last appended: 0.0, Last appended by leader: 0, Current term: 0, Majority size: -1, State: 0, Mode: NON_LEADER, active raft config: opid_index: -1 OBSOLETE_local: false peers { permanent_uuid: "673f10d441f94e4083098b4582dbb1c8" member_type: VOTER last_known_addr { host: "127.26.244.1" port: 34881 } } peers { permanent_uuid: "5d68ab641a244caf9d928adae37bf586" member_type: VOTER last_known_addr { host: "127.26.244.2" port: 43613 } } peers { permanent_uuid: "db9c794343554c11a2bf37cf5a473fa6" member_type: VOTER last_known_addr { host: "127.26.244.3" port: 46193 } }
I20260630 12:21:38.004755 32261 raft_consensus.cc:359] T 7496786cc40b477489f27026a730d5e6 P 673f10d441f94e4083098b4582dbb1c8 [term 0 FOLLOWER]: Replica starting. Triggering 0 pending ops. Active config: opid_index: -1 OBSOLETE_local: false peers { permanent_uuid: "673f10d441f94e4083098b4582dbb1c8" member_type: VOTER last_known_addr { host: "127.26.244.1" port: 34881 } } peers { permanent_uuid: "5d68ab641a244caf9d928adae37bf586" member_type: VOTER last_known_addr { host: "127.26.244.2" port: 43613 } } peers { permanent_uuid: "db9c794343554c11a2bf37cf5a473fa6" member_type: VOTER last_known_addr { host: "127.26.244.3" port: 46193 } }
I20260630 12:21:38.005460 32261 raft_consensus.cc:385] T 7496786cc40b477489f27026a730d5e6 P 673f10d441f94e4083098b4582dbb1c8 [term 0 FOLLOWER]: Consensus starting up: Expiring failure detector timer to make a prompt election more likely
I20260630 12:21:38.005715 32261 raft_consensus.cc:740] T 7496786cc40b477489f27026a730d5e6 P 673f10d441f94e4083098b4582dbb1c8 [term 0 FOLLOWER]: Becoming Follower/Learner. State: Replica: 673f10d441f94e4083098b4582dbb1c8, State: Initialized, Role: FOLLOWER
I20260630 12:21:38.006645 32198 data_dirs.cc:400] Could only allocate 1 dirs of requested 3 for tablet 863a77e5a7504f209adda6b5704a77ff. 1 dirs total, 0 dirs full, 0 dirs failed
I20260630 12:21:38.006407 32261 consensus_queue.cc:260] T 7496786cc40b477489f27026a730d5e6 P 673f10d441f94e4083098b4582dbb1c8 [NON_LEADER]: Queue going to NON_LEADER mode. State: All replicated index: 0, Majority replicated index: 0, Committed index: 0, Last appended: 0.0, Last appended by leader: 0, Current term: 0, Majority size: -1, State: 0, Mode: NON_LEADER, active raft config: opid_index: -1 OBSOLETE_local: false peers { permanent_uuid: "673f10d441f94e4083098b4582dbb1c8" member_type: VOTER last_known_addr { host: "127.26.244.1" port: 34881 } } peers { permanent_uuid: "5d68ab641a244caf9d928adae37bf586" member_type: VOTER last_known_addr { host: "127.26.244.2" port: 43613 } } peers { permanent_uuid: "db9c794343554c11a2bf37cf5a473fa6" member_type: VOTER last_known_addr { host: "127.26.244.3" port: 46193 } }
I20260630 12:21:38.008596 32261 ts_tablet_manager.cc:1434] T 7496786cc40b477489f27026a730d5e6 P 673f10d441f94e4083098b4582dbb1c8: Time spent starting tablet: real 0.007s	user 0.003s	sys 0.000s
I20260630 12:21:38.009549 32261 tablet_bootstrap.cc:492] T 1cbef103f1764716908f66f1682910df P 673f10d441f94e4083098b4582dbb1c8: Bootstrap starting.
I20260630 12:21:38.020880 32264 raft_consensus.cc:493] T 71c3712a8d4c4e38b031c7376bb3a9e7 P 673f10d441f94e4083098b4582dbb1c8 [term 0 FOLLOWER]: Starting pre-election (no leader contacted us within the election timeout)
I20260630 12:21:38.021564 32264 raft_consensus.cc:515] T 71c3712a8d4c4e38b031c7376bb3a9e7 P 673f10d441f94e4083098b4582dbb1c8 [term 0 FOLLOWER]: Starting pre-election with config: opid_index: -1 OBSOLETE_local: false peers { permanent_uuid: "673f10d441f94e4083098b4582dbb1c8" member_type: VOTER last_known_addr { host: "127.26.244.1" port: 34881 } } peers { permanent_uuid: "5d68ab641a244caf9d928adae37bf586" member_type: VOTER last_known_addr { host: "127.26.244.2" port: 43613 } } peers { permanent_uuid: "db9c794343554c11a2bf37cf5a473fa6" member_type: VOTER last_known_addr { host: "127.26.244.3" port: 46193 } }
I20260630 12:21:38.023837 32261 tablet_bootstrap.cc:654] T 1cbef103f1764716908f66f1682910df P 673f10d441f94e4083098b4582dbb1c8: Neither blocks nor log segments found. Creating new log.
I20260630 12:21:38.030535 32263 ts_tablet_manager.cc:1434] T 71c3712a8d4c4e38b031c7376bb3a9e7 P 5d68ab641a244caf9d928adae37bf586: Time spent starting tablet: real 0.053s	user 0.011s	sys 0.008s
I20260630 12:21:38.031087 32264 leader_election.cc:290] T 71c3712a8d4c4e38b031c7376bb3a9e7 P 673f10d441f94e4083098b4582dbb1c8 [CANDIDATE]: Term 1 pre-election: Requested pre-vote from peers 5d68ab641a244caf9d928adae37bf586 (127.26.244.2:43613), db9c794343554c11a2bf37cf5a473fa6 (127.26.244.3:46193)
I20260630 12:21:38.031525 32263 tablet_bootstrap.cc:492] T 1cbef103f1764716908f66f1682910df P 5d68ab641a244caf9d928adae37bf586: Bootstrap starting.
I20260630 12:21:38.038179 32263 tablet_bootstrap.cc:654] T 1cbef103f1764716908f66f1682910df P 5d68ab641a244caf9d928adae37bf586: Neither blocks nor log segments found. Creating new log.
I20260630 12:21:38.050738 32265 ts_tablet_manager.cc:1434] T 8a5ec2baa5684553a39d76aa9d204f39 P db9c794343554c11a2bf37cf5a473fa6: Time spent starting tablet: real 0.065s	user 0.022s	sys 0.003s
I20260630 12:21:38.056077 32261 tablet_bootstrap.cc:492] T 1cbef103f1764716908f66f1682910df P 673f10d441f94e4083098b4582dbb1c8: No bootstrap required, opened a new log
I20260630 12:21:38.056581 32261 ts_tablet_manager.cc:1403] T 1cbef103f1764716908f66f1682910df P 673f10d441f94e4083098b4582dbb1c8: Time spent bootstrapping tablet: real 0.047s	user 0.018s	sys 0.007s
I20260630 12:21:38.057521 32265 tablet_bootstrap.cc:492] T 332e6087749048f0b6c81d899f5b0c28 P db9c794343554c11a2bf37cf5a473fa6: Bootstrap starting.
I20260630 12:21:38.059345 32261 raft_consensus.cc:359] T 1cbef103f1764716908f66f1682910df P 673f10d441f94e4083098b4582dbb1c8 [term 0 FOLLOWER]: Replica starting. Triggering 0 pending ops. Active config: opid_index: -1 OBSOLETE_local: false peers { permanent_uuid: "673f10d441f94e4083098b4582dbb1c8" member_type: VOTER last_known_addr { host: "127.26.244.1" port: 34881 } } peers { permanent_uuid: "5d68ab641a244caf9d928adae37bf586" member_type: VOTER last_known_addr { host: "127.26.244.2" port: 43613 } } peers { permanent_uuid: "db9c794343554c11a2bf37cf5a473fa6" member_type: VOTER last_known_addr { host: "127.26.244.3" port: 46193 } }
I20260630 12:21:38.059659 32141 tablet_service.cc:1917] Received RequestConsensusVote() RPC: tablet_id: "71c3712a8d4c4e38b031c7376bb3a9e7" candidate_uuid: "673f10d441f94e4083098b4582dbb1c8" candidate_term: 1 candidate_status { last_received { term: 0 index: 0 } } ignore_live_leader: false dest_uuid: "5d68ab641a244caf9d928adae37bf586" is_pre_election: true
I20260630 12:21:38.060585 32141 raft_consensus.cc:2468] T 71c3712a8d4c4e38b031c7376bb3a9e7 P 5d68ab641a244caf9d928adae37bf586 [term 0 FOLLOWER]: Leader pre-election vote request: Granting yes vote for candidate 673f10d441f94e4083098b4582dbb1c8 in term 0.
I20260630 12:21:38.062076 32031 leader_election.cc:304] T 71c3712a8d4c4e38b031c7376bb3a9e7 P 673f10d441f94e4083098b4582dbb1c8 [CANDIDATE]: Term 1 pre-election: Election decided. Result: candidate won. Election summary: received 2 responses out of 3 voters: 2 yes votes; 0 no votes. yes voters: 5d68ab641a244caf9d928adae37bf586, 673f10d441f94e4083098b4582dbb1c8; no voters: 
I20260630 12:21:38.062961 32264 raft_consensus.cc:2804] T 71c3712a8d4c4e38b031c7376bb3a9e7 P 673f10d441f94e4083098b4582dbb1c8 [term 0 FOLLOWER]: Leader pre-election won for term 1
I20260630 12:21:38.063295 32264 raft_consensus.cc:493] T 71c3712a8d4c4e38b031c7376bb3a9e7 P 673f10d441f94e4083098b4582dbb1c8 [term 0 FOLLOWER]: Starting leader election (no leader contacted us within the election timeout)
I20260630 12:21:38.063359 32263 tablet_bootstrap.cc:492] T 1cbef103f1764716908f66f1682910df P 5d68ab641a244caf9d928adae37bf586: No bootstrap required, opened a new log
I20260630 12:21:38.063705 32264 raft_consensus.cc:3060] T 71c3712a8d4c4e38b031c7376bb3a9e7 P 673f10d441f94e4083098b4582dbb1c8 [term 0 FOLLOWER]: Advancing to term 1
I20260630 12:21:38.063983 32263 ts_tablet_manager.cc:1403] T 1cbef103f1764716908f66f1682910df P 5d68ab641a244caf9d928adae37bf586: Time spent bootstrapping tablet: real 0.033s	user 0.009s	sys 0.023s
I20260630 12:21:38.064885 32265 tablet_bootstrap.cc:654] T 332e6087749048f0b6c81d899f5b0c28 P db9c794343554c11a2bf37cf5a473fa6: Neither blocks nor log segments found. Creating new log.
I20260630 12:21:38.066756 32263 raft_consensus.cc:359] T 1cbef103f1764716908f66f1682910df P 5d68ab641a244caf9d928adae37bf586 [term 0 FOLLOWER]: Replica starting. Triggering 0 pending ops. Active config: opid_index: -1 OBSOLETE_local: false peers { permanent_uuid: "673f10d441f94e4083098b4582dbb1c8" member_type: VOTER last_known_addr { host: "127.26.244.1" port: 34881 } } peers { permanent_uuid: "5d68ab641a244caf9d928adae37bf586" member_type: VOTER last_known_addr { host: "127.26.244.2" port: 43613 } } peers { permanent_uuid: "db9c794343554c11a2bf37cf5a473fa6" member_type: VOTER last_known_addr { host: "127.26.244.3" port: 46193 } }
I20260630 12:21:38.067445 32263 raft_consensus.cc:385] T 1cbef103f1764716908f66f1682910df P 5d68ab641a244caf9d928adae37bf586 [term 0 FOLLOWER]: Consensus starting up: Expiring failure detector timer to make a prompt election more likely
I20260630 12:21:38.067728 32263 raft_consensus.cc:740] T 1cbef103f1764716908f66f1682910df P 5d68ab641a244caf9d928adae37bf586 [term 0 FOLLOWER]: Becoming Follower/Learner. State: Replica: 5d68ab641a244caf9d928adae37bf586, State: Initialized, Role: FOLLOWER
I20260630 12:21:38.060082 32261 raft_consensus.cc:385] T 1cbef103f1764716908f66f1682910df P 673f10d441f94e4083098b4582dbb1c8 [term 0 FOLLOWER]: Consensus starting up: Expiring failure detector timer to make a prompt election more likely
I20260630 12:21:38.068864 32261 raft_consensus.cc:740] T 1cbef103f1764716908f66f1682910df P 673f10d441f94e4083098b4582dbb1c8 [term 0 FOLLOWER]: Becoming Follower/Learner. State: Replica: 673f10d441f94e4083098b4582dbb1c8, State: Initialized, Role: FOLLOWER
I20260630 12:21:38.068499 32263 consensus_queue.cc:260] T 1cbef103f1764716908f66f1682910df P 5d68ab641a244caf9d928adae37bf586 [NON_LEADER]: Queue going to NON_LEADER mode. State: All replicated index: 0, Majority replicated index: 0, Committed index: 0, Last appended: 0.0, Last appended by leader: 0, Current term: 0, Majority size: -1, State: 0, Mode: NON_LEADER, active raft config: opid_index: -1 OBSOLETE_local: false peers { permanent_uuid: "673f10d441f94e4083098b4582dbb1c8" member_type: VOTER last_known_addr { host: "127.26.244.1" port: 34881 } } peers { permanent_uuid: "5d68ab641a244caf9d928adae37bf586" member_type: VOTER last_known_addr { host: "127.26.244.2" port: 43613 } } peers { permanent_uuid: "db9c794343554c11a2bf37cf5a473fa6" member_type: VOTER last_known_addr { host: "127.26.244.3" port: 46193 } }
I20260630 12:21:38.069383 32215 tablet_service.cc:1917] Received RequestConsensusVote() RPC: tablet_id: "71c3712a8d4c4e38b031c7376bb3a9e7" candidate_uuid: "673f10d441f94e4083098b4582dbb1c8" candidate_term: 1 candidate_status { last_received { term: 0 index: 0 } } ignore_live_leader: false dest_uuid: "db9c794343554c11a2bf37cf5a473fa6" is_pre_election: true
I20260630 12:21:38.069748 32261 consensus_queue.cc:260] T 1cbef103f1764716908f66f1682910df P 673f10d441f94e4083098b4582dbb1c8 [NON_LEADER]: Queue going to NON_LEADER mode. State: All replicated index: 0, Majority replicated index: 0, Committed index: 0, Last appended: 0.0, Last appended by leader: 0, Current term: 0, Majority size: -1, State: 0, Mode: NON_LEADER, active raft config: opid_index: -1 OBSOLETE_local: false peers { permanent_uuid: "673f10d441f94e4083098b4582dbb1c8" member_type: VOTER last_known_addr { host: "127.26.244.1" port: 34881 } } peers { permanent_uuid: "5d68ab641a244caf9d928adae37bf586" member_type: VOTER last_known_addr { host: "127.26.244.2" port: 43613 } } peers { permanent_uuid: "db9c794343554c11a2bf37cf5a473fa6" member_type: VOTER last_known_addr { host: "127.26.244.3" port: 46193 } }
I20260630 12:21:38.070766 32265 tablet_bootstrap.cc:492] T 332e6087749048f0b6c81d899f5b0c28 P db9c794343554c11a2bf37cf5a473fa6: No bootstrap required, opened a new log
W20260630 12:21:38.070997 32031 leader_election.cc:343] T 71c3712a8d4c4e38b031c7376bb3a9e7 P 673f10d441f94e4083098b4582dbb1c8 [CANDIDATE]: Term 1 pre-election: Tablet error from VoteRequest() call to peer db9c794343554c11a2bf37cf5a473fa6 (127.26.244.3:46193): Illegal state: must be running to vote when last-logged opid is not known
I20260630 12:21:38.071230 32265 ts_tablet_manager.cc:1403] T 332e6087749048f0b6c81d899f5b0c28 P db9c794343554c11a2bf37cf5a473fa6: Time spent bootstrapping tablet: real 0.014s	user 0.008s	sys 0.004s
I20260630 12:21:38.072535 32263 ts_tablet_manager.cc:1434] T 1cbef103f1764716908f66f1682910df P 5d68ab641a244caf9d928adae37bf586: Time spent starting tablet: real 0.008s	user 0.006s	sys 0.000s
I20260630 12:21:38.073544 32263 tablet_bootstrap.cc:492] T 3603578576e845a0bbe9eb5749a6a26e P 5d68ab641a244caf9d928adae37bf586: Bootstrap starting.
I20260630 12:21:38.073994 32265 raft_consensus.cc:359] T 332e6087749048f0b6c81d899f5b0c28 P db9c794343554c11a2bf37cf5a473fa6 [term 0 FOLLOWER]: Replica starting. Triggering 0 pending ops. Active config: opid_index: -1 OBSOLETE_local: false peers { permanent_uuid: "673f10d441f94e4083098b4582dbb1c8" member_type: VOTER last_known_addr { host: "127.26.244.1" port: 34881 } } peers { permanent_uuid: "5d68ab641a244caf9d928adae37bf586" member_type: VOTER last_known_addr { host: "127.26.244.2" port: 43613 } } peers { permanent_uuid: "db9c794343554c11a2bf37cf5a473fa6" member_type: VOTER last_known_addr { host: "127.26.244.3" port: 46193 } }
I20260630 12:21:38.074641 32265 raft_consensus.cc:385] T 332e6087749048f0b6c81d899f5b0c28 P db9c794343554c11a2bf37cf5a473fa6 [term 0 FOLLOWER]: Consensus starting up: Expiring failure detector timer to make a prompt election more likely
I20260630 12:21:38.078835 32261 ts_tablet_manager.cc:1434] T 1cbef103f1764716908f66f1682910df P 673f10d441f94e4083098b4582dbb1c8: Time spent starting tablet: real 0.022s	user 0.004s	sys 0.008s
I20260630 12:21:38.080085 32263 tablet_bootstrap.cc:654] T 3603578576e845a0bbe9eb5749a6a26e P 5d68ab641a244caf9d928adae37bf586: Neither blocks nor log segments found. Creating new log.
I20260630 12:21:38.074896 32265 raft_consensus.cc:740] T 332e6087749048f0b6c81d899f5b0c28 P db9c794343554c11a2bf37cf5a473fa6 [term 0 FOLLOWER]: Becoming Follower/Learner. State: Replica: db9c794343554c11a2bf37cf5a473fa6, State: Initialized, Role: FOLLOWER
I20260630 12:21:38.074927 32264 raft_consensus.cc:515] T 71c3712a8d4c4e38b031c7376bb3a9e7 P 673f10d441f94e4083098b4582dbb1c8 [term 1 FOLLOWER]: Starting leader election with config: opid_index: -1 OBSOLETE_local: false peers { permanent_uuid: "673f10d441f94e4083098b4582dbb1c8" member_type: VOTER last_known_addr { host: "127.26.244.1" port: 34881 } } peers { permanent_uuid: "5d68ab641a244caf9d928adae37bf586" member_type: VOTER last_known_addr { host: "127.26.244.2" port: 43613 } } peers { permanent_uuid: "db9c794343554c11a2bf37cf5a473fa6" member_type: VOTER last_known_addr { host: "127.26.244.3" port: 46193 } }
I20260630 12:21:38.092214 32265 consensus_queue.cc:260] T 332e6087749048f0b6c81d899f5b0c28 P db9c794343554c11a2bf37cf5a473fa6 [NON_LEADER]: Queue going to NON_LEADER mode. State: All replicated index: 0, Majority replicated index: 0, Committed index: 0, Last appended: 0.0, Last appended by leader: 0, Current term: 0, Majority size: -1, State: 0, Mode: NON_LEADER, active raft config: opid_index: -1 OBSOLETE_local: false peers { permanent_uuid: "673f10d441f94e4083098b4582dbb1c8" member_type: VOTER last_known_addr { host: "127.26.244.1" port: 34881 } } peers { permanent_uuid: "5d68ab641a244caf9d928adae37bf586" member_type: VOTER last_known_addr { host: "127.26.244.2" port: 43613 } } peers { permanent_uuid: "db9c794343554c11a2bf37cf5a473fa6" member_type: VOTER last_known_addr { host: "127.26.244.3" port: 46193 } }
I20260630 12:21:38.094110 32141 tablet_service.cc:1917] Received RequestConsensusVote() RPC: tablet_id: "71c3712a8d4c4e38b031c7376bb3a9e7" candidate_uuid: "673f10d441f94e4083098b4582dbb1c8" candidate_term: 1 candidate_status { last_received { term: 0 index: 0 } } ignore_live_leader: false dest_uuid: "5d68ab641a244caf9d928adae37bf586"
I20260630 12:21:38.094590 32265 ts_tablet_manager.cc:1434] T 332e6087749048f0b6c81d899f5b0c28 P db9c794343554c11a2bf37cf5a473fa6: Time spent starting tablet: real 0.023s	user 0.014s	sys 0.007s
I20260630 12:21:38.094708 32141 raft_consensus.cc:3060] T 71c3712a8d4c4e38b031c7376bb3a9e7 P 5d68ab641a244caf9d928adae37bf586 [term 0 FOLLOWER]: Advancing to term 1
I20260630 12:21:38.095605 32265 tablet_bootstrap.cc:492] T 00e074ddce6b4dc5a1ce0bd9647e20bc P db9c794343554c11a2bf37cf5a473fa6: Bootstrap starting.
I20260630 12:21:38.096261 32261 tablet_bootstrap.cc:492] T 8a5ec2baa5684553a39d76aa9d204f39 P 673f10d441f94e4083098b4582dbb1c8: Bootstrap starting.
I20260630 12:21:38.103484 32261 tablet_bootstrap.cc:654] T 8a5ec2baa5684553a39d76aa9d204f39 P 673f10d441f94e4083098b4582dbb1c8: Neither blocks nor log segments found. Creating new log.
I20260630 12:21:38.103485 32265 tablet_bootstrap.cc:654] T 00e074ddce6b4dc5a1ce0bd9647e20bc P db9c794343554c11a2bf37cf5a473fa6: Neither blocks nor log segments found. Creating new log.
I20260630 12:21:38.109228 32141 raft_consensus.cc:2468] T 71c3712a8d4c4e38b031c7376bb3a9e7 P 5d68ab641a244caf9d928adae37bf586 [term 1 FOLLOWER]: Leader election vote request: Granting yes vote for candidate 673f10d441f94e4083098b4582dbb1c8 in term 1.
I20260630 12:21:38.110416 32031 leader_election.cc:304] T 71c3712a8d4c4e38b031c7376bb3a9e7 P 673f10d441f94e4083098b4582dbb1c8 [CANDIDATE]: Term 1 election: Election decided. Result: candidate won. Election summary: received 2 responses out of 3 voters: 2 yes votes; 0 no votes. yes voters: 5d68ab641a244caf9d928adae37bf586, 673f10d441f94e4083098b4582dbb1c8; no voters: 
I20260630 12:21:38.110845 32263 tablet_bootstrap.cc:492] T 3603578576e845a0bbe9eb5749a6a26e P 5d68ab641a244caf9d928adae37bf586: No bootstrap required, opened a new log
I20260630 12:21:38.111292 32263 ts_tablet_manager.cc:1403] T 3603578576e845a0bbe9eb5749a6a26e P 5d68ab641a244caf9d928adae37bf586: Time spent bootstrapping tablet: real 0.038s	user 0.023s	sys 0.012s
I20260630 12:21:38.111248 32277 raft_consensus.cc:2804] T 71c3712a8d4c4e38b031c7376bb3a9e7 P 673f10d441f94e4083098b4582dbb1c8 [term 1 FOLLOWER]: Leader election won for term 1
