I20260630 12:20:54.616477  3665 catalog_manager.cc:5697] T 32e7cd31c9924168a347e328f5463bd5 P 1f1bcfd1f0ba4d868df306c5f8f6d1e9 reported cstate change: term changed from 0 to 1, leader changed from <none> to 1f1bcfd1f0ba4d868df306c5f8f6d1e9 (127.0.199.193). New cstate: current_term: 1 leader_uuid: "1f1bcfd1f0ba4d868df306c5f8f6d1e9" committed_config { opid_index: -1 OBSOLETE_local: false peers { permanent_uuid: "1f1bcfd1f0ba4d868df306c5f8f6d1e9" member_type: VOTER last_known_addr { host: "127.0.199.193" port: 34061 } health_report { overall_health: HEALTHY } } peers { permanent_uuid: "84c354459398431a86cc912fb54455f1" member_type: VOTER last_known_addr { host: "127.0.199.196" port: 42077 } health_report { overall_health: UNKNOWN } } peers { permanent_uuid: "3282e126fa244aa8965fb6fc6344004d" member_type: VOTER last_known_addr { host: "127.0.199.194" port: 36343 } health_report { overall_health: UNKNOWN } } }
W20260630 12:20:54.625237  3735 leader_election.cc:343] T 32e7cd31c9924168a347e328f5463bd5 P 1f1bcfd1f0ba4d868df306c5f8f6d1e9 [CANDIDATE]: Term 1 election: Tablet error from VoteRequest() call to peer 84c354459398431a86cc912fb54455f1 (127.0.199.196:42077): Illegal state: must be running to vote when last-logged opid is not known
I20260630 12:20:54.629529  4106 ts_tablet_manager.cc:1434] T 884056cb74bc473ebf59c36c81fae87a P 1f1bcfd1f0ba4d868df306c5f8f6d1e9: Time spent starting tablet: real 0.051s	user 0.010s	sys 0.014s
I20260630 12:20:54.630478  4133 raft_consensus.cc:493] T 884056cb74bc473ebf59c36c81fae87a P 1f1bcfd1f0ba4d868df306c5f8f6d1e9 [term 0 FOLLOWER]: Starting pre-election (no leader contacted us within the election timeout)
I20260630 12:20:54.632458  4133 raft_consensus.cc:515] T 884056cb74bc473ebf59c36c81fae87a P 1f1bcfd1f0ba4d868df306c5f8f6d1e9 [term 0 FOLLOWER]: Starting pre-election with config: opid_index: -1 OBSOLETE_local: false peers { permanent_uuid: "79f3a88bf3e64b0fbb9a62d77ed5b1e8" member_type: VOTER last_known_addr { host: "127.0.199.195" port: 34135 } } peers { permanent_uuid: "1f1bcfd1f0ba4d868df306c5f8f6d1e9" member_type: VOTER last_known_addr { host: "127.0.199.193" port: 34061 } } peers { permanent_uuid: "84c354459398431a86cc912fb54455f1" member_type: VOTER last_known_addr { host: "127.0.199.196" port: 42077 } }
I20260630 12:20:54.646101  4133 leader_election.cc:290] T 884056cb74bc473ebf59c36c81fae87a P 1f1bcfd1f0ba4d868df306c5f8f6d1e9 [CANDIDATE]: Term 1 pre-election: Requested pre-vote from peers 79f3a88bf3e64b0fbb9a62d77ed5b1e8 (127.0.199.195:34135), 84c354459398431a86cc912fb54455f1 (127.0.199.196:42077)
I20260630 12:20:54.646989  4110 tablet_bootstrap.cc:654] T 4caf2b3dd61441fda749b1032fc20260 P 79f3a88bf3e64b0fbb9a62d77ed5b1e8: Neither blocks nor log segments found. Creating new log.
I20260630 12:20:54.646376  4109 tablet_bootstrap.cc:654] T cf95d2561492450b82861f25d70b89b8 P 3282e126fa244aa8965fb6fc6344004d: Neither blocks nor log segments found. Creating new log.
I20260630 12:20:54.646792  3917 tablet_service.cc:1917] Received RequestConsensusVote() RPC: tablet_id: "884056cb74bc473ebf59c36c81fae87a" candidate_uuid: "1f1bcfd1f0ba4d868df306c5f8f6d1e9" candidate_term: 1 candidate_status { last_received { term: 0 index: 0 } } ignore_live_leader: false dest_uuid: "79f3a88bf3e64b0fbb9a62d77ed5b1e8" is_pre_election: true
I20260630 12:20:54.653477  4072 tablet_service.cc:1917] Received RequestConsensusVote() RPC: tablet_id: "884056cb74bc473ebf59c36c81fae87a" candidate_uuid: "1f1bcfd1f0ba4d868df306c5f8f6d1e9" candidate_term: 1 candidate_status { last_received { term: 0 index: 0 } } ignore_live_leader: false dest_uuid: "84c354459398431a86cc912fb54455f1" is_pre_election: true
I20260630 12:20:54.654119  4072 raft_consensus.cc:2468] T 884056cb74bc473ebf59c36c81fae87a P 84c354459398431a86cc912fb54455f1 [term 0 FOLLOWER]: Leader pre-election vote request: Granting yes vote for candidate 1f1bcfd1f0ba4d868df306c5f8f6d1e9 in term 0.
W20260630 12:20:54.655557  3735 leader_election.cc:343] T 884056cb74bc473ebf59c36c81fae87a P 1f1bcfd1f0ba4d868df306c5f8f6d1e9 [CANDIDATE]: Term 1 pre-election: Tablet error from VoteRequest() call to peer 79f3a88bf3e64b0fbb9a62d77ed5b1e8 (127.0.199.195:34135): Illegal state: must be running to vote when last-logged opid is not known
I20260630 12:20:54.656389  3735 leader_election.cc:304] T 884056cb74bc473ebf59c36c81fae87a P 1f1bcfd1f0ba4d868df306c5f8f6d1e9 [CANDIDATE]: Term 1 pre-election: Election decided. Result: candidate won. Election summary: received 3 responses out of 3 voters: 2 yes votes; 1 no votes. yes voters: 1f1bcfd1f0ba4d868df306c5f8f6d1e9, 84c354459398431a86cc912fb54455f1; no voters: 79f3a88bf3e64b0fbb9a62d77ed5b1e8
I20260630 12:20:54.659461  4109 tablet_bootstrap.cc:492] T cf95d2561492450b82861f25d70b89b8 P 3282e126fa244aa8965fb6fc6344004d: No bootstrap required, opened a new log
I20260630 12:20:54.659472  4110 tablet_bootstrap.cc:492] T 4caf2b3dd61441fda749b1032fc20260 P 79f3a88bf3e64b0fbb9a62d77ed5b1e8: No bootstrap required, opened a new log
I20260630 12:20:54.660189  4109 ts_tablet_manager.cc:1403] T cf95d2561492450b82861f25d70b89b8 P 3282e126fa244aa8965fb6fc6344004d: Time spent bootstrapping tablet: real 0.054s	user 0.014s	sys 0.000s
I20260630 12:20:54.660251  4110 ts_tablet_manager.cc:1403] T 4caf2b3dd61441fda749b1032fc20260 P 79f3a88bf3e64b0fbb9a62d77ed5b1e8: Time spent bootstrapping tablet: real 0.091s	user 0.015s	sys 0.021s
I20260630 12:20:54.660981  4133 raft_consensus.cc:2804] T 884056cb74bc473ebf59c36c81fae87a P 1f1bcfd1f0ba4d868df306c5f8f6d1e9 [term 0 FOLLOWER]: Leader pre-election won for term 1
I20260630 12:20:54.661362  4133 raft_consensus.cc:493] T 884056cb74bc473ebf59c36c81fae87a P 1f1bcfd1f0ba4d868df306c5f8f6d1e9 [term 0 FOLLOWER]: Starting leader election (no leader contacted us within the election timeout)
I20260630 12:20:54.661687  4133 raft_consensus.cc:3060] T 884056cb74bc473ebf59c36c81fae87a P 1f1bcfd1f0ba4d868df306c5f8f6d1e9 [term 0 FOLLOWER]: Advancing to term 1
I20260630 12:20:54.663705  4109 raft_consensus.cc:359] T cf95d2561492450b82861f25d70b89b8 P 3282e126fa244aa8965fb6fc6344004d [term 0 FOLLOWER]: Replica starting. Triggering 0 pending ops. Active config: opid_index: -1 OBSOLETE_local: false peers { permanent_uuid: "3282e126fa244aa8965fb6fc6344004d" member_type: VOTER last_known_addr { host: "127.0.199.194" port: 36343 } } peers { permanent_uuid: "84c354459398431a86cc912fb54455f1" member_type: VOTER last_known_addr { host: "127.0.199.196" port: 42077 } } peers { permanent_uuid: "79f3a88bf3e64b0fbb9a62d77ed5b1e8" member_type: VOTER last_known_addr { host: "127.0.199.195" port: 34135 } }
I20260630 12:20:54.663976  4110 raft_consensus.cc:359] T 4caf2b3dd61441fda749b1032fc20260 P 79f3a88bf3e64b0fbb9a62d77ed5b1e8 [term 0 FOLLOWER]: Replica starting. Triggering 0 pending ops. Active config: opid_index: -1 OBSOLETE_local: false peers { permanent_uuid: "84c354459398431a86cc912fb54455f1" member_type: VOTER last_known_addr { host: "127.0.199.196" port: 42077 } } peers { permanent_uuid: "1f1bcfd1f0ba4d868df306c5f8f6d1e9" member_type: VOTER last_known_addr { host: "127.0.199.193" port: 34061 } } peers { permanent_uuid: "79f3a88bf3e64b0fbb9a62d77ed5b1e8" member_type: VOTER last_known_addr { host: "127.0.199.195" port: 34135 } }
I20260630 12:20:54.664480  4109 raft_consensus.cc:385] T cf95d2561492450b82861f25d70b89b8 P 3282e126fa244aa8965fb6fc6344004d [term 0 FOLLOWER]: Consensus starting up: Expiring failure detector timer to make a prompt election more likely
I20260630 12:20:54.664677  4110 raft_consensus.cc:385] T 4caf2b3dd61441fda749b1032fc20260 P 79f3a88bf3e64b0fbb9a62d77ed5b1e8 [term 0 FOLLOWER]: Consensus starting up: Expiring failure detector timer to make a prompt election more likely
I20260630 12:20:54.664860  4109 raft_consensus.cc:740] T cf95d2561492450b82861f25d70b89b8 P 3282e126fa244aa8965fb6fc6344004d [term 0 FOLLOWER]: Becoming Follower/Learner. State: Replica: 3282e126fa244aa8965fb6fc6344004d, State: Initialized, Role: FOLLOWER
I20260630 12:20:54.665052  4110 raft_consensus.cc:740] T 4caf2b3dd61441fda749b1032fc20260 P 79f3a88bf3e64b0fbb9a62d77ed5b1e8 [term 0 FOLLOWER]: Becoming Follower/Learner. State: Replica: 79f3a88bf3e64b0fbb9a62d77ed5b1e8, State: Initialized, Role: FOLLOWER
I20260630 12:20:54.665699  4109 consensus_queue.cc:260] T cf95d2561492450b82861f25d70b89b8 P 3282e126fa244aa8965fb6fc6344004d [NON_LEADER]: Queue going to NON_LEADER mode. State: All replicated index: 0, Majority replicated index: 0, Committed index: 0, Last appended: 0.0, Last appended by leader: 0, Current term: 0, Majority size: -1, State: 0, Mode: NON_LEADER, active raft config: opid_index: -1 OBSOLETE_local: false peers { permanent_uuid: "3282e126fa244aa8965fb6fc6344004d" member_type: VOTER last_known_addr { host: "127.0.199.194" port: 36343 } } peers { permanent_uuid: "84c354459398431a86cc912fb54455f1" member_type: VOTER last_known_addr { host: "127.0.199.196" port: 42077 } } peers { permanent_uuid: "79f3a88bf3e64b0fbb9a62d77ed5b1e8" member_type: VOTER last_known_addr { host: "127.0.199.195" port: 34135 } }
I20260630 12:20:54.665901  4110 consensus_queue.cc:260] T 4caf2b3dd61441fda749b1032fc20260 P 79f3a88bf3e64b0fbb9a62d77ed5b1e8 [NON_LEADER]: Queue going to NON_LEADER mode. State: All replicated index: 0, Majority replicated index: 0, Committed index: 0, Last appended: 0.0, Last appended by leader: 0, Current term: 0, Majority size: -1, State: 0, Mode: NON_LEADER, active raft config: opid_index: -1 OBSOLETE_local: false peers { permanent_uuid: "84c354459398431a86cc912fb54455f1" member_type: VOTER last_known_addr { host: "127.0.199.196" port: 42077 } } peers { permanent_uuid: "1f1bcfd1f0ba4d868df306c5f8f6d1e9" member_type: VOTER last_known_addr { host: "127.0.199.193" port: 34061 } } peers { permanent_uuid: "79f3a88bf3e64b0fbb9a62d77ed5b1e8" member_type: VOTER last_known_addr { host: "127.0.199.195" port: 34135 } }
I20260630 12:20:54.668699  4133 raft_consensus.cc:515] T 884056cb74bc473ebf59c36c81fae87a P 1f1bcfd1f0ba4d868df306c5f8f6d1e9 [term 1 FOLLOWER]: Starting leader election with config: opid_index: -1 OBSOLETE_local: false peers { permanent_uuid: "79f3a88bf3e64b0fbb9a62d77ed5b1e8" member_type: VOTER last_known_addr { host: "127.0.199.195" port: 34135 } } peers { permanent_uuid: "1f1bcfd1f0ba4d868df306c5f8f6d1e9" member_type: VOTER last_known_addr { host: "127.0.199.193" port: 34061 } } peers { permanent_uuid: "84c354459398431a86cc912fb54455f1" member_type: VOTER last_known_addr { host: "127.0.199.196" port: 42077 } }
I20260630 12:20:54.670698  4133 leader_election.cc:290] T 884056cb74bc473ebf59c36c81fae87a P 1f1bcfd1f0ba4d868df306c5f8f6d1e9 [CANDIDATE]: Term 1 election: Requested vote from peers 79f3a88bf3e64b0fbb9a62d77ed5b1e8 (127.0.199.195:34135), 84c354459398431a86cc912fb54455f1 (127.0.199.196:42077)
I20260630 12:20:54.672464  3917 tablet_service.cc:1917] Received RequestConsensusVote() RPC: tablet_id: "884056cb74bc473ebf59c36c81fae87a" candidate_uuid: "1f1bcfd1f0ba4d868df306c5f8f6d1e9" candidate_term: 1 candidate_status { last_received { term: 0 index: 0 } } ignore_live_leader: false dest_uuid: "79f3a88bf3e64b0fbb9a62d77ed5b1e8"
I20260630 12:20:54.673852  4072 tablet_service.cc:1917] Received RequestConsensusVote() RPC: tablet_id: "884056cb74bc473ebf59c36c81fae87a" candidate_uuid: "1f1bcfd1f0ba4d868df306c5f8f6d1e9" candidate_term: 1 candidate_status { last_received { term: 0 index: 0 } } ignore_live_leader: false dest_uuid: "84c354459398431a86cc912fb54455f1"
I20260630 12:20:54.674320  4109 ts_tablet_manager.cc:1434] T cf95d2561492450b82861f25d70b89b8 P 3282e126fa244aa8965fb6fc6344004d: Time spent starting tablet: real 0.014s	user 0.006s	sys 0.000s
W20260630 12:20:54.674480  3735 leader_election.cc:343] T 884056cb74bc473ebf59c36c81fae87a P 1f1bcfd1f0ba4d868df306c5f8f6d1e9 [CANDIDATE]: Term 1 election: Tablet error from VoteRequest() call to peer 79f3a88bf3e64b0fbb9a62d77ed5b1e8 (127.0.199.195:34135): Illegal state: must be running to vote when last-logged opid is not known
I20260630 12:20:54.674883  3769 tablet_service.cc:1917] Received RequestConsensusVote() RPC: tablet_id: "4caf2b3dd61441fda749b1032fc20260" candidate_uuid: "84c354459398431a86cc912fb54455f1" candidate_term: 1 candidate_status { last_received { term: 0 index: 0 } } ignore_live_leader: false dest_uuid: "1f1bcfd1f0ba4d868df306c5f8f6d1e9" is_pre_election: true
I20260630 12:20:54.675518  3769 raft_consensus.cc:2468] T 4caf2b3dd61441fda749b1032fc20260 P 1f1bcfd1f0ba4d868df306c5f8f6d1e9 [term 0 FOLLOWER]: Leader pre-election vote request: Granting yes vote for candidate 84c354459398431a86cc912fb54455f1 in term 0.
I20260630 12:20:54.676144  4109 tablet_bootstrap.cc:492] T dd729bec3f4847919fcb9c96e5702b16 P 3282e126fa244aa8965fb6fc6344004d: Bootstrap starting.
I20260630 12:20:54.676843  4027 leader_election.cc:304] T 4caf2b3dd61441fda749b1032fc20260 P 84c354459398431a86cc912fb54455f1 [CANDIDATE]: Term 1 pre-election: Election decided. Result: candidate won. Election summary: received 2 responses out of 3 voters: 2 yes votes; 0 no votes. yes voters: 1f1bcfd1f0ba4d868df306c5f8f6d1e9, 84c354459398431a86cc912fb54455f1; no voters: 
I20260630 12:20:54.677783  4118 raft_consensus.cc:2804] T 4caf2b3dd61441fda749b1032fc20260 P 84c354459398431a86cc912fb54455f1 [term 0 FOLLOWER]: Leader pre-election won for term 1
I20260630 12:20:54.678138  4118 raft_consensus.cc:493] T 4caf2b3dd61441fda749b1032fc20260 P 84c354459398431a86cc912fb54455f1 [term 0 FOLLOWER]: Starting leader election (no leader contacted us within the election timeout)
I20260630 12:20:54.678475  4118 raft_consensus.cc:3060] T 4caf2b3dd61441fda749b1032fc20260 P 84c354459398431a86cc912fb54455f1 [term 0 FOLLOWER]: Advancing to term 1
I20260630 12:20:54.681622  4007 raft_consensus.cc:493] T 4caf2b3dd61441fda749b1032fc20260 P 79f3a88bf3e64b0fbb9a62d77ed5b1e8 [term 0 FOLLOWER]: Starting pre-election (no leader contacted us within the election timeout)
I20260630 12:20:54.682077  4007 raft_consensus.cc:515] T 4caf2b3dd61441fda749b1032fc20260 P 79f3a88bf3e64b0fbb9a62d77ed5b1e8 [term 0 FOLLOWER]: Starting pre-election with config: opid_index: -1 OBSOLETE_local: false peers { permanent_uuid: "84c354459398431a86cc912fb54455f1" member_type: VOTER last_known_addr { host: "127.0.199.196" port: 42077 } } peers { permanent_uuid: "1f1bcfd1f0ba4d868df306c5f8f6d1e9" member_type: VOTER last_known_addr { host: "127.0.199.193" port: 34061 } } peers { permanent_uuid: "79f3a88bf3e64b0fbb9a62d77ed5b1e8" member_type: VOTER last_known_addr { host: "127.0.199.195" port: 34135 } }
I20260630 12:20:54.683365  4109 tablet_bootstrap.cc:654] T dd729bec3f4847919fcb9c96e5702b16 P 3282e126fa244aa8965fb6fc6344004d: Neither blocks nor log segments found. Creating new log.
I20260630 12:20:54.684106  4007 leader_election.cc:290] T 4caf2b3dd61441fda749b1032fc20260 P 79f3a88bf3e64b0fbb9a62d77ed5b1e8 [CANDIDATE]: Term 1 pre-election: Requested pre-vote from peers 84c354459398431a86cc912fb54455f1 (127.0.199.196:42077), 1f1bcfd1f0ba4d868df306c5f8f6d1e9 (127.0.199.193:34061)
I20260630 12:20:54.684818  3917 tablet_service.cc:1917] Received RequestConsensusVote() RPC: tablet_id: "4caf2b3dd61441fda749b1032fc20260" candidate_uuid: "84c354459398431a86cc912fb54455f1" candidate_term: 1 candidate_status { last_received { term: 0 index: 0 } } ignore_live_leader: false dest_uuid: "79f3a88bf3e64b0fbb9a62d77ed5b1e8" is_pre_election: true
I20260630 12:20:54.685392  3917 raft_consensus.cc:2468] T 4caf2b3dd61441fda749b1032fc20260 P 79f3a88bf3e64b0fbb9a62d77ed5b1e8 [term 0 FOLLOWER]: Leader pre-election vote request: Granting yes vote for candidate 84c354459398431a86cc912fb54455f1 in term 0.
I20260630 12:20:54.686898  4071 tablet_service.cc:1917] Received RequestConsensusVote() RPC: tablet_id: "4caf2b3dd61441fda749b1032fc20260" candidate_uuid: "79f3a88bf3e64b0fbb9a62d77ed5b1e8" candidate_term: 1 candidate_status { last_received { term: 0 index: 0 } } ignore_live_leader: false dest_uuid: "84c354459398431a86cc912fb54455f1" is_pre_election: true
I20260630 12:20:54.688956  4109 tablet_bootstrap.cc:492] T dd729bec3f4847919fcb9c96e5702b16 P 3282e126fa244aa8965fb6fc6344004d: No bootstrap required, opened a new log
I20260630 12:20:54.689432  4109 ts_tablet_manager.cc:1403] T dd729bec3f4847919fcb9c96e5702b16 P 3282e126fa244aa8965fb6fc6344004d: Time spent bootstrapping tablet: real 0.014s	user 0.010s	sys 0.000s
I20260630 12:20:54.674403  4072 raft_consensus.cc:3060] T 884056cb74bc473ebf59c36c81fae87a P 84c354459398431a86cc912fb54455f1 [term 0 FOLLOWER]: Advancing to term 1
I20260630 12:20:54.690359  3769 tablet_service.cc:1917] Received RequestConsensusVote() RPC: tablet_id: "4caf2b3dd61441fda749b1032fc20260" candidate_uuid: "79f3a88bf3e64b0fbb9a62d77ed5b1e8" candidate_term: 1 candidate_status { last_received { term: 0 index: 0 } } ignore_live_leader: false dest_uuid: "1f1bcfd1f0ba4d868df306c5f8f6d1e9" is_pre_election: true
I20260630 12:20:54.691001  3769 raft_consensus.cc:2468] T 4caf2b3dd61441fda749b1032fc20260 P 1f1bcfd1f0ba4d868df306c5f8f6d1e9 [term 0 FOLLOWER]: Leader pre-election vote request: Granting yes vote for candidate 79f3a88bf3e64b0fbb9a62d77ed5b1e8 in term 0.
I20260630 12:20:54.692351  3882 leader_election.cc:304] T 4caf2b3dd61441fda749b1032fc20260 P 79f3a88bf3e64b0fbb9a62d77ed5b1e8 [CANDIDATE]: Term 1 pre-election: Election decided. Result: candidate won. Election summary: received 2 responses out of 3 voters: 2 yes votes; 0 no votes. yes voters: 1f1bcfd1f0ba4d868df306c5f8f6d1e9, 79f3a88bf3e64b0fbb9a62d77ed5b1e8; no voters: 
I20260630 12:20:54.692546  4109 raft_consensus.cc:359] T dd729bec3f4847919fcb9c96e5702b16 P 3282e126fa244aa8965fb6fc6344004d [term 0 FOLLOWER]: Replica starting. Triggering 0 pending ops. Active config: opid_index: -1 OBSOLETE_local: false peers { permanent_uuid: "3282e126fa244aa8965fb6fc6344004d" member_type: VOTER last_known_addr { host: "127.0.199.194" port: 36343 } } peers { permanent_uuid: "1f1bcfd1f0ba4d868df306c5f8f6d1e9" member_type: VOTER last_known_addr { host: "127.0.199.193" port: 34061 } } peers { permanent_uuid: "84c354459398431a86cc912fb54455f1" member_type: VOTER last_known_addr { host: "127.0.199.196" port: 42077 } }
I20260630 12:20:54.692867  4118 raft_consensus.cc:515] T 4caf2b3dd61441fda749b1032fc20260 P 84c354459398431a86cc912fb54455f1 [term 1 FOLLOWER]: Starting leader election with config: opid_index: -1 OBSOLETE_local: false peers { permanent_uuid: "84c354459398431a86cc912fb54455f1" member_type: VOTER last_known_addr { host: "127.0.199.196" port: 42077 } } peers { permanent_uuid: "1f1bcfd1f0ba4d868df306c5f8f6d1e9" member_type: VOTER last_known_addr { host: "127.0.199.193" port: 34061 } } peers { permanent_uuid: "79f3a88bf3e64b0fbb9a62d77ed5b1e8" member_type: VOTER last_known_addr { host: "127.0.199.195" port: 34135 } }
I20260630 12:20:54.693329  4007 raft_consensus.cc:2804] T 4caf2b3dd61441fda749b1032fc20260 P 79f3a88bf3e64b0fbb9a62d77ed5b1e8 [term 0 FOLLOWER]: Leader pre-election won for term 1
I20260630 12:20:54.693351  4109 raft_consensus.cc:385] T dd729bec3f4847919fcb9c96e5702b16 P 3282e126fa244aa8965fb6fc6344004d [term 0 FOLLOWER]: Consensus starting up: Expiring failure detector timer to make a prompt election more likely
I20260630 12:20:54.693848  4007 raft_consensus.cc:493] T 4caf2b3dd61441fda749b1032fc20260 P 79f3a88bf3e64b0fbb9a62d77ed5b1e8 [term 0 FOLLOWER]: Starting leader election (no leader contacted us within the election timeout)
I20260630 12:20:54.694084  4071 raft_consensus.cc:2393] T 4caf2b3dd61441fda749b1032fc20260 P 84c354459398431a86cc912fb54455f1 [term 1 FOLLOWER]: Leader pre-election vote request: Denying vote to candidate 79f3a88bf3e64b0fbb9a62d77ed5b1e8 in current term 1: Already voted for candidate 84c354459398431a86cc912fb54455f1 in this term.
I20260630 12:20:54.693989  4109 raft_consensus.cc:740] T dd729bec3f4847919fcb9c96e5702b16 P 3282e126fa244aa8965fb6fc6344004d [term 0 FOLLOWER]: Becoming Follower/Learner. State: Replica: 3282e126fa244aa8965fb6fc6344004d, State: Initialized, Role: FOLLOWER
I20260630 12:20:54.694289  4007 raft_consensus.cc:3060] T 4caf2b3dd61441fda749b1032fc20260 P 79f3a88bf3e64b0fbb9a62d77ed5b1e8 [term 0 FOLLOWER]: Advancing to term 1
I20260630 12:20:54.695204  4109 consensus_queue.cc:260] T dd729bec3f4847919fcb9c96e5702b16 P 3282e126fa244aa8965fb6fc6344004d [NON_LEADER]: Queue going to NON_LEADER mode. State: All replicated index: 0, Majority replicated index: 0, Committed index: 0, Last appended: 0.0, Last appended by leader: 0, Current term: 0, Majority size: -1, State: 0, Mode: NON_LEADER, active raft config: opid_index: -1 OBSOLETE_local: false peers { permanent_uuid: "3282e126fa244aa8965fb6fc6344004d" member_type: VOTER last_known_addr { host: "127.0.199.194" port: 36343 } } peers { permanent_uuid: "1f1bcfd1f0ba4d868df306c5f8f6d1e9" member_type: VOTER last_known_addr { host: "127.0.199.193" port: 34061 } } peers { permanent_uuid: "84c354459398431a86cc912fb54455f1" member_type: VOTER last_known_addr { host: "127.0.199.196" port: 42077 } }
I20260630 12:20:54.696776  4072 raft_consensus.cc:2468] T 884056cb74bc473ebf59c36c81fae87a P 84c354459398431a86cc912fb54455f1 [term 1 FOLLOWER]: Leader election vote request: Granting yes vote for candidate 1f1bcfd1f0ba4d868df306c5f8f6d1e9 in term 1.
I20260630 12:20:54.672842  4110 ts_tablet_manager.cc:1434] T 4caf2b3dd61441fda749b1032fc20260 P 79f3a88bf3e64b0fbb9a62d77ed5b1e8: Time spent starting tablet: real 0.012s	user 0.004s	sys 0.002s
I20260630 12:20:54.697800  3735 leader_election.cc:304] T 884056cb74bc473ebf59c36c81fae87a P 1f1bcfd1f0ba4d868df306c5f8f6d1e9 [CANDIDATE]: Term 1 election: Election decided. Result: candidate won. Election summary: received 3 responses out of 3 voters: 2 yes votes; 1 no votes. yes voters: 1f1bcfd1f0ba4d868df306c5f8f6d1e9, 84c354459398431a86cc912fb54455f1; no voters: 79f3a88bf3e64b0fbb9a62d77ed5b1e8
I20260630 12:20:54.659999  4112 raft_consensus.cc:359] T 80190118fdca48c7bc73bfaeed864ccf P 84c354459398431a86cc912fb54455f1 [term 0 FOLLOWER]: Replica starting. Triggering 0 pending ops. Active config: opid_index: -1 OBSOLETE_local: false peers { permanent_uuid: "84c354459398431a86cc912fb54455f1" member_type: VOTER last_known_addr { host: "127.0.199.196" port: 42077 } } peers { permanent_uuid: "79f3a88bf3e64b0fbb9a62d77ed5b1e8" member_type: VOTER last_known_addr { host: "127.0.199.195" port: 34135 } } peers { permanent_uuid: "1f1bcfd1f0ba4d868df306c5f8f6d1e9" member_type: VOTER last_known_addr { host: "127.0.199.193" port: 34061 } }
I20260630 12:20:54.699121  4110 tablet_bootstrap.cc:492] T 80190118fdca48c7bc73bfaeed864ccf P 79f3a88bf3e64b0fbb9a62d77ed5b1e8: Bootstrap starting.
I20260630 12:20:54.699508  4133 raft_consensus.cc:2804] T 884056cb74bc473ebf59c36c81fae87a P 1f1bcfd1f0ba4d868df306c5f8f6d1e9 [term 1 FOLLOWER]: Leader election won for term 1
I20260630 12:20:54.699986  4133 raft_consensus.cc:697] T 884056cb74bc473ebf59c36c81fae87a P 1f1bcfd1f0ba4d868df306c5f8f6d1e9 [term 1 LEADER]: Becoming Leader. State: Replica: 1f1bcfd1f0ba4d868df306c5f8f6d1e9, State: Running, Role: LEADER
I20260630 12:20:54.700110  3769 tablet_service.cc:1917] Received RequestConsensusVote() RPC: tablet_id: "4caf2b3dd61441fda749b1032fc20260" candidate_uuid: "84c354459398431a86cc912fb54455f1" candidate_term: 1 candidate_status { last_received { term: 0 index: 0 } } ignore_live_leader: false dest_uuid: "1f1bcfd1f0ba4d868df306c5f8f6d1e9"
I20260630 12:20:54.700672  3769 raft_consensus.cc:3060] T 4caf2b3dd61441fda749b1032fc20260 P 1f1bcfd1f0ba4d868df306c5f8f6d1e9 [term 0 FOLLOWER]: Advancing to term 1
I20260630 12:20:54.700801  4133 consensus_queue.cc:237] T 884056cb74bc473ebf59c36c81fae87a P 1f1bcfd1f0ba4d868df306c5f8f6d1e9 [LEADER]: Queue going to LEADER mode. State: All replicated index: 0, Majority replicated index: 0, Committed index: 0, Last appended: 0.0, Last appended by leader: 0, Current term: 1, Majority size: 2, State: 0, Mode: LEADER, active raft config: opid_index: -1 OBSOLETE_local: false peers { permanent_uuid: "79f3a88bf3e64b0fbb9a62d77ed5b1e8" member_type: VOTER last_known_addr { host: "127.0.199.195" port: 34135 } } peers { permanent_uuid: "1f1bcfd1f0ba4d868df306c5f8f6d1e9" member_type: VOTER last_known_addr { host: "127.0.199.193" port: 34061 } } peers { permanent_uuid: "84c354459398431a86cc912fb54455f1" member_type: VOTER last_known_addr { host: "127.0.199.196" port: 42077 } }
I20260630 12:20:54.702114  4007 raft_consensus.cc:515] T 4caf2b3dd61441fda749b1032fc20260 P 79f3a88bf3e64b0fbb9a62d77ed5b1e8 [term 1 FOLLOWER]: Starting leader election with config: opid_index: -1 OBSOLETE_local: false peers { permanent_uuid: "84c354459398431a86cc912fb54455f1" member_type: VOTER last_known_addr { host: "127.0.199.196" port: 42077 } } peers { permanent_uuid: "1f1bcfd1f0ba4d868df306c5f8f6d1e9" member_type: VOTER last_known_addr { host: "127.0.199.193" port: 34061 } } peers { permanent_uuid: "79f3a88bf3e64b0fbb9a62d77ed5b1e8" member_type: VOTER last_known_addr { host: "127.0.199.195" port: 34135 } }
I20260630 12:20:54.699076  4112 raft_consensus.cc:385] T 80190118fdca48c7bc73bfaeed864ccf P 84c354459398431a86cc912fb54455f1 [term 0 FOLLOWER]: Consensus starting up: Expiring failure detector timer to make a prompt election more likely
I20260630 12:20:54.704599  4112 raft_consensus.cc:740] T 80190118fdca48c7bc73bfaeed864ccf P 84c354459398431a86cc912fb54455f1 [term 0 FOLLOWER]: Becoming Follower/Learner. State: Replica: 84c354459398431a86cc912fb54455f1, State: Initialized, Role: FOLLOWER
I20260630 12:20:54.705294  4112 consensus_queue.cc:260] T 80190118fdca48c7bc73bfaeed864ccf P 84c354459398431a86cc912fb54455f1 [NON_LEADER]: Queue going to NON_LEADER mode. State: All replicated index: 0, Majority replicated index: 0, Committed index: 0, Last appended: 0.0, Last appended by leader: 0, Current term: 0, Majority size: -1, State: 0, Mode: NON_LEADER, active raft config: opid_index: -1 OBSOLETE_local: false peers { permanent_uuid: "84c354459398431a86cc912fb54455f1" member_type: VOTER last_known_addr { host: "127.0.199.196" port: 42077 } } peers { permanent_uuid: "79f3a88bf3e64b0fbb9a62d77ed5b1e8" member_type: VOTER last_known_addr { host: "127.0.199.195" port: 34135 } } peers { permanent_uuid: "1f1bcfd1f0ba4d868df306c5f8f6d1e9" member_type: VOTER last_known_addr { host: "127.0.199.193" port: 34061 } }
I20260630 12:20:54.707717  3917 tablet_service.cc:1917] Received RequestConsensusVote() RPC: tablet_id: "4caf2b3dd61441fda749b1032fc20260" candidate_uuid: "84c354459398431a86cc912fb54455f1" candidate_term: 1 candidate_status { last_received { term: 0 index: 0 } } ignore_live_leader: false dest_uuid: "79f3a88bf3e64b0fbb9a62d77ed5b1e8"
I20260630 12:20:54.708549  3917 raft_consensus.cc:2393] T 4caf2b3dd61441fda749b1032fc20260 P 79f3a88bf3e64b0fbb9a62d77ed5b1e8 [term 1 FOLLOWER]: Leader election vote request: Denying vote to candidate 84c354459398431a86cc912fb54455f1 in current term 1: Already voted for candidate 79f3a88bf3e64b0fbb9a62d77ed5b1e8 in this term.
I20260630 12:20:54.709769  4118 leader_election.cc:290] T 4caf2b3dd61441fda749b1032fc20260 P 84c354459398431a86cc912fb54455f1 [CANDIDATE]: Term 1 election: Requested vote from peers 1f1bcfd1f0ba4d868df306c5f8f6d1e9 (127.0.199.193:34061), 79f3a88bf3e64b0fbb9a62d77ed5b1e8 (127.0.199.195:34135)
I20260630 12:20:54.710686  4110 tablet_bootstrap.cc:654] T 80190118fdca48c7bc73bfaeed864ccf P 79f3a88bf3e64b0fbb9a62d77ed5b1e8: Neither blocks nor log segments found. Creating new log.
I20260630 12:20:54.716089  4007 leader_election.cc:290] T 4caf2b3dd61441fda749b1032fc20260 P 79f3a88bf3e64b0fbb9a62d77ed5b1e8 [CANDIDATE]: Term 1 election: Requested vote from peers 84c354459398431a86cc912fb54455f1 (127.0.199.196:42077), 1f1bcfd1f0ba4d868df306c5f8f6d1e9 (127.0.199.193:34061)
I20260630 12:20:54.716650  3770 tablet_service.cc:1917] Received RequestConsensusVote() RPC: tablet_id: "4caf2b3dd61441fda749b1032fc20260" candidate_uuid: "79f3a88bf3e64b0fbb9a62d77ed5b1e8" candidate_term: 1 candidate_status { last_received { term: 0 index: 0 } } ignore_live_leader: false dest_uuid: "1f1bcfd1f0ba4d868df306c5f8f6d1e9"
I20260630 12:20:54.718525  4072 tablet_service.cc:1917] Received RequestConsensusVote() RPC: tablet_id: "4caf2b3dd61441fda749b1032fc20260" candidate_uuid: "79f3a88bf3e64b0fbb9a62d77ed5b1e8" candidate_term: 1 candidate_status { last_received { term: 0 index: 0 } } ignore_live_leader: false dest_uuid: "84c354459398431a86cc912fb54455f1"
I20260630 12:20:54.721271  4109 ts_tablet_manager.cc:1434] T dd729bec3f4847919fcb9c96e5702b16 P 3282e126fa244aa8965fb6fc6344004d: Time spent starting tablet: real 0.031s	user 0.008s	sys 0.000s
I20260630 12:20:54.721700  4072 raft_consensus.cc:2393] T 4caf2b3dd61441fda749b1032fc20260 P 84c354459398431a86cc912fb54455f1 [term 1 FOLLOWER]: Leader election vote request: Denying vote to candidate 79f3a88bf3e64b0fbb9a62d77ed5b1e8 in current term 1: Already voted for candidate 84c354459398431a86cc912fb54455f1 in this term.
I20260630 12:20:54.721468  3668 catalog_manager.cc:5697] T 884056cb74bc473ebf59c36c81fae87a P 1f1bcfd1f0ba4d868df306c5f8f6d1e9 reported cstate change: term changed from 0 to 1, leader changed from <none> to 1f1bcfd1f0ba4d868df306c5f8f6d1e9 (127.0.199.193). New cstate: current_term: 1 leader_uuid: "1f1bcfd1f0ba4d868df306c5f8f6d1e9" committed_config { opid_index: -1 OBSOLETE_local: false peers { permanent_uuid: "79f3a88bf3e64b0fbb9a62d77ed5b1e8" member_type: VOTER last_known_addr { host: "127.0.199.195" port: 34135 } health_report { overall_health: UNKNOWN } } peers { permanent_uuid: "1f1bcfd1f0ba4d868df306c5f8f6d1e9" member_type: VOTER last_known_addr { host: "127.0.199.193" port: 34061 } health_report { overall_health: HEALTHY } } peers { permanent_uuid: "84c354459398431a86cc912fb54455f1" member_type: VOTER last_known_addr { host: "127.0.199.196" port: 42077 } health_report { overall_health: UNKNOWN } } }
I20260630 12:20:54.739279  3884 leader_election.cc:304] T 4caf2b3dd61441fda749b1032fc20260 P 79f3a88bf3e64b0fbb9a62d77ed5b1e8 [CANDIDATE]: Term 1 election: Election decided. Result: candidate lost. Election summary: received 3 responses out of 3 voters: 1 yes votes; 2 no votes. yes voters: 79f3a88bf3e64b0fbb9a62d77ed5b1e8; no voters: 1f1bcfd1f0ba4d868df306c5f8f6d1e9, 84c354459398431a86cc912fb54455f1
I20260630 12:20:54.742630  3769 raft_consensus.cc:2468] T 4caf2b3dd61441fda749b1032fc20260 P 1f1bcfd1f0ba4d868df306c5f8f6d1e9 [term 1 FOLLOWER]: Leader election vote request: Granting yes vote for candidate 84c354459398431a86cc912fb54455f1 in term 1.
I20260630 12:20:54.745189  4027 leader_election.cc:304] T 4caf2b3dd61441fda749b1032fc20260 P 84c354459398431a86cc912fb54455f1 [CANDIDATE]: Term 1 election: Election decided. Result: candidate won. Election summary: received 3 responses out of 3 voters: 2 yes votes; 1 no votes. yes voters: 1f1bcfd1f0ba4d868df306c5f8f6d1e9, 84c354459398431a86cc912fb54455f1; no voters: 79f3a88bf3e64b0fbb9a62d77ed5b1e8
I20260630 12:20:54.746593  4118 raft_consensus.cc:2804] T 4caf2b3dd61441fda749b1032fc20260 P 84c354459398431a86cc912fb54455f1 [term 1 FOLLOWER]: Leader election won for term 1
I20260630 12:20:54.753474  4118 raft_consensus.cc:697] T 4caf2b3dd61441fda749b1032fc20260 P 84c354459398431a86cc912fb54455f1 [term 1 LEADER]: Becoming Leader. State: Replica: 84c354459398431a86cc912fb54455f1, State: Running, Role: LEADER
I20260630 12:20:54.753836  3999 raft_consensus.cc:493] T cf95d2561492450b82861f25d70b89b8 P 3282e126fa244aa8965fb6fc6344004d [term 0 FOLLOWER]: Starting pre-election (no leader contacted us within the election timeout)
I20260630 12:20:54.754273  3999 raft_consensus.cc:515] T cf95d2561492450b82861f25d70b89b8 P 3282e126fa244aa8965fb6fc6344004d [term 0 FOLLOWER]: Starting pre-election with config: opid_index: -1 OBSOLETE_local: false peers { permanent_uuid: "3282e126fa244aa8965fb6fc6344004d" member_type: VOTER last_known_addr { host: "127.0.199.194" port: 36343 } } peers { permanent_uuid: "84c354459398431a86cc912fb54455f1" member_type: VOTER last_known_addr { host: "127.0.199.196" port: 42077 } } peers { permanent_uuid: "79f3a88bf3e64b0fbb9a62d77ed5b1e8" member_type: VOTER last_known_addr { host: "127.0.199.195" port: 34135 } }
I20260630 12:20:54.765038  4143 raft_consensus.cc:493] T da07ff58da134640b9ecc3eca9f670ba P 84c354459398431a86cc912fb54455f1 [term 0 FOLLOWER]: Starting pre-election (no leader contacted us within the election timeout)
I20260630 12:20:54.765722  4143 raft_consensus.cc:515] T da07ff58da134640b9ecc3eca9f670ba P 84c354459398431a86cc912fb54455f1 [term 0 FOLLOWER]: Starting pre-election with config: opid_index: -1 OBSOLETE_local: false peers { permanent_uuid: "1f1bcfd1f0ba4d868df306c5f8f6d1e9" member_type: VOTER last_known_addr { host: "127.0.199.193" port: 34061 } } peers { permanent_uuid: "84c354459398431a86cc912fb54455f1" member_type: VOTER last_known_addr { host: "127.0.199.196" port: 42077 } } peers { permanent_uuid: "3282e126fa244aa8965fb6fc6344004d" member_type: VOTER last_known_addr { host: "127.0.199.194" port: 36343 } }
I20260630 12:20:54.754372  4118 consensus_queue.cc:237] T 4caf2b3dd61441fda749b1032fc20260 P 84c354459398431a86cc912fb54455f1 [LEADER]: Queue going to LEADER mode. State: All replicated index: 0, Majority replicated index: 0, Committed index: 0, Last appended: 0.0, Last appended by leader: 0, Current term: 1, Majority size: 2, State: 0, Mode: LEADER, active raft config: opid_index: -1 OBSOLETE_local: false peers { permanent_uuid: "84c354459398431a86cc912fb54455f1" member_type: VOTER last_known_addr { host: "127.0.199.196" port: 42077 } } peers { permanent_uuid: "1f1bcfd1f0ba4d868df306c5f8f6d1e9" member_type: VOTER last_known_addr { host: "127.0.199.193" port: 34061 } } peers { permanent_uuid: "79f3a88bf3e64b0fbb9a62d77ed5b1e8" member_type: VOTER last_known_addr { host: "127.0.199.195" port: 34135 } }
I20260630 12:20:54.765769  3999 leader_election.cc:290] T cf95d2561492450b82861f25d70b89b8 P 3282e126fa244aa8965fb6fc6344004d [CANDIDATE]: Term 1 pre-election: Requested pre-vote from peers 84c354459398431a86cc912fb54455f1 (127.0.199.196:42077), 79f3a88bf3e64b0fbb9a62d77ed5b1e8 (127.0.199.195:34135)
I20260630 12:20:54.765799  4007 raft_consensus.cc:2749] T 4caf2b3dd61441fda749b1032fc20260 P 79f3a88bf3e64b0fbb9a62d77ed5b1e8 [term 1 FOLLOWER]: Leader election lost for term 1. Reason: could not achieve majority
I20260630 12:20:54.781334  4112 ts_tablet_manager.cc:1434] T 80190118fdca48c7bc73bfaeed864ccf P 84c354459398431a86cc912fb54455f1: Time spent starting tablet: real 0.155s	user 0.042s	sys 0.036s
I20260630 12:20:54.782078  3917 tablet_service.cc:1917] Received RequestConsensusVote() RPC: tablet_id: "cf95d2561492450b82861f25d70b89b8" candidate_uuid: "3282e126fa244aa8965fb6fc6344004d" candidate_term: 1 candidate_status { last_received { term: 0 index: 0 } } ignore_live_leader: false dest_uuid: "79f3a88bf3e64b0fbb9a62d77ed5b1e8" is_pre_election: true
I20260630 12:20:54.782455  4112 tablet_bootstrap.cc:492] T cf95d2561492450b82861f25d70b89b8 P 84c354459398431a86cc912fb54455f1: Bootstrap starting.
I20260630 12:20:54.782929  3769 tablet_service.cc:1917] Received RequestConsensusVote() RPC: tablet_id: "da07ff58da134640b9ecc3eca9f670ba" candidate_uuid: "84c354459398431a86cc912fb54455f1" candidate_term: 1 candidate_status { last_received { term: 0 index: 0 } } ignore_live_leader: false dest_uuid: "1f1bcfd1f0ba4d868df306c5f8f6d1e9" is_pre_election: true
I20260630 12:20:54.783615  3769 raft_consensus.cc:2468] T da07ff58da134640b9ecc3eca9f670ba P 1f1bcfd1f0ba4d868df306c5f8f6d1e9 [term 0 FOLLOWER]: Leader pre-election vote request: Granting yes vote for candidate 84c354459398431a86cc912fb54455f1 in term 0.
I20260630 12:20:54.784835  4027 leader_election.cc:304] T da07ff58da134640b9ecc3eca9f670ba P 84c354459398431a86cc912fb54455f1 [CANDIDATE]: Term 1 pre-election: Election decided. Result: candidate won. Election summary: received 2 responses out of 3 voters: 2 yes votes; 0 no votes. yes voters: 1f1bcfd1f0ba4d868df306c5f8f6d1e9, 84c354459398431a86cc912fb54455f1; no voters: 
I20260630 12:20:54.785737  3917 raft_consensus.cc:2468] T cf95d2561492450b82861f25d70b89b8 P 79f3a88bf3e64b0fbb9a62d77ed5b1e8 [term 0 FOLLOWER]: Leader pre-election vote request: Granting yes vote for candidate 3282e126fa244aa8965fb6fc6344004d in term 0.
I20260630 12:20:54.788689  4143 leader_election.cc:290] T da07ff58da134640b9ecc3eca9f670ba P 84c354459398431a86cc912fb54455f1 [CANDIDATE]: Term 1 pre-election: Requested pre-vote from peers 1f1bcfd1f0ba4d868df306c5f8f6d1e9 (127.0.199.193:34061), 3282e126fa244aa8965fb6fc6344004d (127.0.199.194:36343)
I20260630 12:20:54.790282  3665 catalog_manager.cc:5697] T 4caf2b3dd61441fda749b1032fc20260 P 84c354459398431a86cc912fb54455f1 reported cstate change: term changed from 0 to 1, leader changed from <none> to 84c354459398431a86cc912fb54455f1 (127.0.199.196). New cstate: current_term: 1 leader_uuid: "84c354459398431a86cc912fb54455f1" committed_config { opid_index: -1 OBSOLETE_local: false peers { permanent_uuid: "84c354459398431a86cc912fb54455f1" member_type: VOTER last_known_addr { host: "127.0.199.196" port: 42077 } health_report { overall_health: HEALTHY } } peers { permanent_uuid: "1f1bcfd1f0ba4d868df306c5f8f6d1e9" member_type: VOTER last_known_addr { host: "127.0.199.193" port: 34061 } health_report { overall_health: UNKNOWN } } peers { permanent_uuid: "79f3a88bf3e64b0fbb9a62d77ed5b1e8" member_type: VOTER last_known_addr { host: "127.0.199.195" port: 34135 } health_report { overall_health: UNKNOWN } } }
I20260630 12:20:54.792121  4141 raft_consensus.cc:2804] T da07ff58da134640b9ecc3eca9f670ba P 84c354459398431a86cc912fb54455f1 [term 0 FOLLOWER]: Leader pre-election won for term 1
I20260630 12:20:54.792632  4141 raft_consensus.cc:493] T da07ff58da134640b9ecc3eca9f670ba P 84c354459398431a86cc912fb54455f1 [term 0 FOLLOWER]: Starting leader election (no leader contacted us within the election timeout)
I20260630 12:20:54.792948  4141 raft_consensus.cc:3060] T da07ff58da134640b9ecc3eca9f670ba P 84c354459398431a86cc912fb54455f1 [term 0 FOLLOWER]: Advancing to term 1
I20260630 12:20:54.792114  3810 leader_election.cc:304] T cf95d2561492450b82861f25d70b89b8 P 3282e126fa244aa8965fb6fc6344004d [CANDIDATE]: Term 1 pre-election: Election decided. Result: candidate won. Election summary: received 2 responses out of 3 voters: 2 yes votes; 0 no votes. yes voters: 3282e126fa244aa8965fb6fc6344004d, 79f3a88bf3e64b0fbb9a62d77ed5b1e8; no voters: 
I20260630 12:20:54.796932  4112 tablet_bootstrap.cc:654] T cf95d2561492450b82861f25d70b89b8 P 84c354459398431a86cc912fb54455f1: Neither blocks nor log segments found. Creating new log.
I20260630 12:20:54.797837  3999 raft_consensus.cc:2804] T cf95d2561492450b82861f25d70b89b8 P 3282e126fa244aa8965fb6fc6344004d [term 0 FOLLOWER]: Leader pre-election won for term 1
I20260630 12:20:54.798251  3999 raft_consensus.cc:493] T cf95d2561492450b82861f25d70b89b8 P 3282e126fa244aa8965fb6fc6344004d [term 0 FOLLOWER]: Starting leader election (no leader contacted us within the election timeout)
I20260630 12:20:54.798579  3999 raft_consensus.cc:3060] T cf95d2561492450b82861f25d70b89b8 P 3282e126fa244aa8965fb6fc6344004d [term 0 FOLLOWER]: Advancing to term 1
I20260630 12:20:54.801656  4112 tablet_bootstrap.cc:492] T cf95d2561492450b82861f25d70b89b8 P 84c354459398431a86cc912fb54455f1: No bootstrap required, opened a new log
I20260630 12:20:54.802076  4112 ts_tablet_manager.cc:1403] T cf95d2561492450b82861f25d70b89b8 P 84c354459398431a86cc912fb54455f1: Time spent bootstrapping tablet: real 0.020s	user 0.012s	sys 0.000s
I20260630 12:20:54.804441  4112 raft_consensus.cc:359] T cf95d2561492450b82861f25d70b89b8 P 84c354459398431a86cc912fb54455f1 [term 0 FOLLOWER]: Replica starting. Triggering 0 pending ops. Active config: opid_index: -1 OBSOLETE_local: false peers { permanent_uuid: "3282e126fa244aa8965fb6fc6344004d" member_type: VOTER last_known_addr { host: "127.0.199.194" port: 36343 } } peers { permanent_uuid: "84c354459398431a86cc912fb54455f1" member_type: VOTER last_known_addr { host: "127.0.199.196" port: 42077 } } peers { permanent_uuid: "79f3a88bf3e64b0fbb9a62d77ed5b1e8" member_type: VOTER last_known_addr { host: "127.0.199.195" port: 34135 } }
I20260630 12:20:54.805094  4112 raft_consensus.cc:385] T cf95d2561492450b82861f25d70b89b8 P 84c354459398431a86cc912fb54455f1 [term 0 FOLLOWER]: Consensus starting up: Expiring failure detector timer to make a prompt election more likely
I20260630 12:20:54.805424  4112 raft_consensus.cc:740] T cf95d2561492450b82861f25d70b89b8 P 84c354459398431a86cc912fb54455f1 [term 0 FOLLOWER]: Becoming Follower/Learner. State: Replica: 84c354459398431a86cc912fb54455f1, State: Initialized, Role: FOLLOWER
I20260630 12:20:54.805171  3999 raft_consensus.cc:515] T cf95d2561492450b82861f25d70b89b8 P 3282e126fa244aa8965fb6fc6344004d [term 1 FOLLOWER]: Starting leader election with config: opid_index: -1 OBSOLETE_local: false peers { permanent_uuid: "3282e126fa244aa8965fb6fc6344004d" member_type: VOTER last_known_addr { host: "127.0.199.194" port: 36343 } } peers { permanent_uuid: "84c354459398431a86cc912fb54455f1" member_type: VOTER last_known_addr { host: "127.0.199.196" port: 42077 } } peers { permanent_uuid: "79f3a88bf3e64b0fbb9a62d77ed5b1e8" member_type: VOTER last_known_addr { host: "127.0.199.195" port: 34135 } }
I20260630 12:20:54.806164  4112 consensus_queue.cc:260] T cf95d2561492450b82861f25d70b89b8 P 84c354459398431a86cc912fb54455f1 [NON_LEADER]: Queue going to NON_LEADER mode. State: All replicated index: 0, Majority replicated index: 0, Committed index: 0, Last appended: 0.0, Last appended by leader: 0, Current term: 0, Majority size: -1, State: 0, Mode: NON_LEADER, active raft config: opid_index: -1 OBSOLETE_local: false peers { permanent_uuid: "3282e126fa244aa8965fb6fc6344004d" member_type: VOTER last_known_addr { host: "127.0.199.194" port: 36343 } } peers { permanent_uuid: "84c354459398431a86cc912fb54455f1" member_type: VOTER last_known_addr { host: "127.0.199.196" port: 42077 } } peers { permanent_uuid: "79f3a88bf3e64b0fbb9a62d77ed5b1e8" member_type: VOTER last_known_addr { host: "127.0.199.195" port: 34135 } }
I20260630 12:20:54.808655  3999 leader_election.cc:290] T cf95d2561492450b82861f25d70b89b8 P 3282e126fa244aa8965fb6fc6344004d [CANDIDATE]: Term 1 election: Requested vote from peers 84c354459398431a86cc912fb54455f1 (127.0.199.196:42077), 79f3a88bf3e64b0fbb9a62d77ed5b1e8 (127.0.199.195:34135)
I20260630 12:20:54.810765  4112 ts_tablet_manager.cc:1434] T cf95d2561492450b82861f25d70b89b8 P 84c354459398431a86cc912fb54455f1: Time spent starting tablet: real 0.008s	user 0.006s	sys 0.001s
I20260630 12:20:54.811749  4112 tablet_bootstrap.cc:492] T 32e7cd31c9924168a347e328f5463bd5 P 84c354459398431a86cc912fb54455f1: Bootstrap starting.
I20260630 12:20:54.812224  3917 tablet_service.cc:1917] Received RequestConsensusVote() RPC: tablet_id: "cf95d2561492450b82861f25d70b89b8" candidate_uuid: "3282e126fa244aa8965fb6fc6344004d" candidate_term: 1 candidate_status { last_received { term: 0 index: 0 } } ignore_live_leader: false dest_uuid: "79f3a88bf3e64b0fbb9a62d77ed5b1e8"
I20260630 12:20:54.814774  4141 raft_consensus.cc:515] T da07ff58da134640b9ecc3eca9f670ba P 84c354459398431a86cc912fb54455f1 [term 1 FOLLOWER]: Starting leader election with config: opid_index: -1 OBSOLETE_local: false peers { permanent_uuid: "1f1bcfd1f0ba4d868df306c5f8f6d1e9" member_type: VOTER last_known_addr { host: "127.0.199.193" port: 34061 } } peers { permanent_uuid: "84c354459398431a86cc912fb54455f1" member_type: VOTER last_known_addr { host: "127.0.199.196" port: 42077 } } peers { permanent_uuid: "3282e126fa244aa8965fb6fc6344004d" member_type: VOTER last_known_addr { host: "127.0.199.194" port: 36343 } }
I20260630 12:20:54.815765  3917 raft_consensus.cc:3060] T cf95d2561492450b82861f25d70b89b8 P 79f3a88bf3e64b0fbb9a62d77ed5b1e8 [term 0 FOLLOWER]: Advancing to term 1
I20260630 12:20:54.819342  3769 tablet_service.cc:1917] Received RequestConsensusVote() RPC: tablet_id: "da07ff58da134640b9ecc3eca9f670ba" candidate_uuid: "84c354459398431a86cc912fb54455f1" candidate_term: 1 candidate_status { last_received { term: 0 index: 0 } } ignore_live_leader: false dest_uuid: "1f1bcfd1f0ba4d868df306c5f8f6d1e9"
I20260630 12:20:54.819903  3769 raft_consensus.cc:3060] T da07ff58da134640b9ecc3eca9f670ba P 1f1bcfd1f0ba4d868df306c5f8f6d1e9 [term 0 FOLLOWER]: Advancing to term 1
I20260630 12:20:54.821053  4112 tablet_bootstrap.cc:654] T 32e7cd31c9924168a347e328f5463bd5 P 84c354459398431a86cc912fb54455f1: Neither blocks nor log segments found. Creating new log.
I20260630 12:20:54.818943  4141 leader_election.cc:290] T da07ff58da134640b9ecc3eca9f670ba P 84c354459398431a86cc912fb54455f1 [CANDIDATE]: Term 1 election: Requested vote from peers 1f1bcfd1f0ba4d868df306c5f8f6d1e9 (127.0.199.193:34061), 3282e126fa244aa8965fb6fc6344004d (127.0.199.194:36343)
I20260630 12:20:54.824775  3917 raft_consensus.cc:2468] T cf95d2561492450b82861f25d70b89b8 P 79f3a88bf3e64b0fbb9a62d77ed5b1e8 [term 1 FOLLOWER]: Leader election vote request: Granting yes vote for candidate 3282e126fa244aa8965fb6fc6344004d in term 1.
I20260630 12:20:54.826114  3810 leader_election.cc:304] T cf95d2561492450b82861f25d70b89b8 P 3282e126fa244aa8965fb6fc6344004d [CANDIDATE]: Term 1 election: Election decided. Result: candidate won. Election summary: received 2 responses out of 3 voters: 2 yes votes; 0 no votes. yes voters: 3282e126fa244aa8965fb6fc6344004d, 79f3a88bf3e64b0fbb9a62d77ed5b1e8; no voters: 
I20260630 12:20:54.826656  3769 raft_consensus.cc:2468] T da07ff58da134640b9ecc3eca9f670ba P 1f1bcfd1f0ba4d868df306c5f8f6d1e9 [term 1 FOLLOWER]: Leader election vote request: Granting yes vote for candidate 84c354459398431a86cc912fb54455f1 in term 1.
I20260630 12:20:54.826817  3999 raft_consensus.cc:2804] T cf95d2561492450b82861f25d70b89b8 P 3282e126fa244aa8965fb6fc6344004d [term 1 FOLLOWER]: Leader election won for term 1
I20260630 12:20:54.828091  4133 raft_consensus.cc:493] T 80190118fdca48c7bc73bfaeed864ccf P 1f1bcfd1f0ba4d868df306c5f8f6d1e9 [term 0 FOLLOWER]: Starting pre-election (no leader contacted us within the election timeout)
I20260630 12:20:54.828184  4072 tablet_service.cc:1917] Received RequestConsensusVote() RPC: tablet_id: "cf95d2561492450b82861f25d70b89b8" candidate_uuid: "3282e126fa244aa8965fb6fc6344004d" candidate_term: 1 candidate_status { last_received { term: 0 index: 0 } } ignore_live_leader: false dest_uuid: "84c354459398431a86cc912fb54455f1" is_pre_election: true
I20260630 12:20:54.828649  4071 tablet_service.cc:1917] Received RequestConsensusVote() RPC: tablet_id: "cf95d2561492450b82861f25d70b89b8" candidate_uuid: "3282e126fa244aa8965fb6fc6344004d" candidate_term: 1 candidate_status { last_received { term: 0 index: 0 } } ignore_live_leader: false dest_uuid: "84c354459398431a86cc912fb54455f1"
I20260630 12:20:54.828787  4072 raft_consensus.cc:2468] T cf95d2561492450b82861f25d70b89b8 P 84c354459398431a86cc912fb54455f1 [term 0 FOLLOWER]: Leader pre-election vote request: Granting yes vote for candidate 3282e126fa244aa8965fb6fc6344004d in term 0.
I20260630 12:20:54.829756  4027 leader_election.cc:304] T da07ff58da134640b9ecc3eca9f670ba P 84c354459398431a86cc912fb54455f1 [CANDIDATE]: Term 1 election: Election decided. Result: candidate won. Election summary: received 2 responses out of 3 voters: 2 yes votes; 0 no votes. yes voters: 1f1bcfd1f0ba4d868df306c5f8f6d1e9, 84c354459398431a86cc912fb54455f1; no voters: 
I20260630 12:20:54.828598  4133 raft_consensus.cc:515] T 80190118fdca48c7bc73bfaeed864ccf P 1f1bcfd1f0ba4d868df306c5f8f6d1e9 [term 0 FOLLOWER]: Starting pre-election with config: opid_index: -1 OBSOLETE_local: false peers { permanent_uuid: "84c354459398431a86cc912fb54455f1" member_type: VOTER last_known_addr { host: "127.0.199.196" port: 42077 } } peers { permanent_uuid: "79f3a88bf3e64b0fbb9a62d77ed5b1e8" member_type: VOTER last_known_addr { host: "127.0.199.195" port: 34135 } } peers { permanent_uuid: "1f1bcfd1f0ba4d868df306c5f8f6d1e9" member_type: VOTER last_known_addr { host: "127.0.199.193" port: 34061 } }
I20260630 12:20:54.830893  3999 raft_consensus.cc:697] T cf95d2561492450b82861f25d70b89b8 P 3282e126fa244aa8965fb6fc6344004d [term 1 LEADER]: Becoming Leader. State: Replica: 3282e126fa244aa8965fb6fc6344004d, State: Running, Role: LEADER
I20260630 12:20:54.831681  3999 consensus_queue.cc:237] T cf95d2561492450b82861f25d70b89b8 P 3282e126fa244aa8965fb6fc6344004d [LEADER]: Queue going to LEADER mode. State: All replicated index: 0, Majority replicated index: 0, Committed index: 0, Last appended: 0.0, Last appended by leader: 0, Current term: 1, Majority size: 2, State: 0, Mode: LEADER, active raft config: opid_index: -1 OBSOLETE_local: false peers { permanent_uuid: "3282e126fa244aa8965fb6fc6344004d" member_type: VOTER last_known_addr { host: "127.0.199.194" port: 36343 } } peers { permanent_uuid: "84c354459398431a86cc912fb54455f1" member_type: VOTER last_known_addr { host: "127.0.199.196" port: 42077 } } peers { permanent_uuid: "79f3a88bf3e64b0fbb9a62d77ed5b1e8" member_type: VOTER last_known_addr { host: "127.0.199.195" port: 34135 } }
I20260630 12:20:54.832463  4133 leader_election.cc:290] T 80190118fdca48c7bc73bfaeed864ccf P 1f1bcfd1f0ba4d868df306c5f8f6d1e9 [CANDIDATE]: Term 1 pre-election: Requested pre-vote from peers 84c354459398431a86cc912fb54455f1 (127.0.199.196:42077), 79f3a88bf3e64b0fbb9a62d77ed5b1e8 (127.0.199.195:34135)
I20260630 12:20:54.834880  4071 tablet_service.cc:1917] Received RequestConsensusVote() RPC: tablet_id: "80190118fdca48c7bc73bfaeed864ccf" candidate_uuid: "1f1bcfd1f0ba4d868df306c5f8f6d1e9" candidate_term: 1 candidate_status { last_received { term: 0 index: 0 } } ignore_live_leader: false dest_uuid: "84c354459398431a86cc912fb54455f1" is_pre_election: true
