W20260630 12:19:48.527000 31645 system_unsync_time.cc:38] NTP support is disabled. Clock error bounds will not be accurate. This configuration is not suitable for distributed clusters.
I20260630 12:19:48.527163 31645 hybrid_clock.cc:648] HybridClock initialized: now 1782821988527145 us; error 0 us; skew 500 ppm
I20260630 12:19:48.527604 31645 server_base.cc:861] Flag tcmalloc_max_total_thread_cache_bytes is not working since tcmalloc is not enabled.
I20260630 12:19:48.530661 31645 webserver.cc:533] Webserver started at http://127.30.231.66:34407/ using document root <none> and password file <none>
I20260630 12:19:48.531231 31645 fs_manager.cc:362] Metadata directory not provided
I20260630 12:19:48.531396 31645 fs_manager.cc:368] Using write-ahead log directory (fs_wal_dir) as metadata directory
I20260630 12:19:48.531644 31645 server_base.cc:909] This appears to be a new deployment of Kudu; creating new FS layout
I20260630 12:19:48.532142   971 heartbeater.cc:344] Connected to a master server at 127.30.231.126:44859
I20260630 12:19:48.532466   971 heartbeater.cc:461] Registering TS with master...
I20260630 12:19:48.532716 31645 fs_manager.cc:1068] Generated new instance metadata in path /tmp/dist-test-task1rYA1n/test-tmp/auto_rebalancer-test.0.AutoRebalancerTest.MovesScheduledIfAddTserver.1782821963645367-31645-0/minicluster-data/ts-1-root/instance:
uuid: "2f8162fbd47f4635b61404247f823400"
format_stamp: "Formatted at 2026-06-30 12:19:48 on dist-test-slave-zqjq"
I20260630 12:19:48.533100   971 heartbeater.cc:507] Master 127.30.231.126:44859 requested a full tablet report, sending...
I20260630 12:19:48.535243   844 ts_manager.cc:194] Registered new tserver with Master: 816ebf904afd4dfcafdd2e3763aab966 (127.30.231.65:42545)
I20260630 12:19:48.537372   844 master_service.cc:502] Signed X509 certificate for tserver {username='slave'} at 127.0.0.1:47922
I20260630 12:19:48.537621 31645 fs_manager.cc:696] Time spent creating directory manager: real 0.004s	user 0.006s	sys 0.001s
I20260630 12:19:48.540748   983 log_block_manager.cc:4031] Time spent loading block containers with low live blocks: real 0.000s	user 0.000s	sys 0.000s
I20260630 12:19:48.541379 31645 fs_manager.cc:730] Time spent opening block manager: real 0.002s	user 0.002s	sys 0.000s
I20260630 12:19:48.541599 31645 fs_manager.cc:647] Opened local filesystem: /tmp/dist-test-task1rYA1n/test-tmp/auto_rebalancer-test.0.AutoRebalancerTest.MovesScheduledIfAddTserver.1782821963645367-31645-0/minicluster-data/ts-1-root
uuid: "2f8162fbd47f4635b61404247f823400"
format_stamp: "Formatted at 2026-06-30 12:19:48 on dist-test-slave-zqjq"
I20260630 12:19:48.541814 31645 fs_report.cc:389] FS layout report
--------------------
wal directory: /tmp/dist-test-task1rYA1n/test-tmp/auto_rebalancer-test.0.AutoRebalancerTest.MovesScheduledIfAddTserver.1782821963645367-31645-0/minicluster-data/ts-1-root
metadata directory: /tmp/dist-test-task1rYA1n/test-tmp/auto_rebalancer-test.0.AutoRebalancerTest.MovesScheduledIfAddTserver.1782821963645367-31645-0/minicluster-data/ts-1-root
1 data directories: /tmp/dist-test-task1rYA1n/test-tmp/auto_rebalancer-test.0.AutoRebalancerTest.MovesScheduledIfAddTserver.1782821963645367-31645-0/minicluster-data/ts-1-root/data
Total live blocks: 0
Total live bytes: 0
Total live bytes (after alignment): 0
Total number of LBM containers: 0 (0 full)
Did not check for missing blocks
Did not check for orphaned blocks
Total full LBM containers with extra space: 0 (0 repaired)
Total full LBM container extra space in bytes: 0 (0 repaired)
Total incomplete LBM containers: 0 (0 repaired)
Total LBM partial records: 0 (0 repaired)
Total corrupted LBM metadata records in RocksDB: 0 (0 repaired)
I20260630 12:19:48.556341 31645 rpc_server.cc:225] running with OpenSSL 1.1.1  11 Sep 2018
I20260630 12:19:48.557303 31645 kserver.cc:163] Server-wide thread pool size limit: 3276
I20260630 12:19:48.558632 31645 txn_system_client.cc:432] TxnSystemClient initialization is disabled...
I20260630 12:19:48.560542 31645 ts_tablet_manager.cc:585] Loaded tablet metadata (0 total tablets, 0 live tablets)
I20260630 12:19:48.560706 31645 ts_tablet_manager.cc:531] Time spent load tablet metadata: real 0.000s	user 0.000s	sys 0.000s
I20260630 12:19:48.560927 31645 ts_tablet_manager.cc:616] Registered 0 tablets
I20260630 12:19:48.561064 31645 ts_tablet_manager.cc:595] Time spent register tablets: real 0.000s	user 0.000s	sys 0.000s
I20260630 12:19:48.595624 31645 rpc_server.cc:307] RPC server started. Bound to: 127.30.231.66:40187
I20260630 12:19:48.595708  1045 acceptor_pool.cc:272] collecting diagnostics on the listening RPC socket 127.30.231.66:40187 every 8 connection(s)
I20260630 12:19:48.599908 31645 file_cache.cc:492] Constructed file cache file cache with capacity 419430
W20260630 12:19:48.607033  1049 instance_detector.cc:116] could not retrieve AWS instance metadata: Network error: curl error: HTTP response code said error: The requested URL returned error: 404
W20260630 12:19:48.609688  1050 instance_detector.cc:116] could not retrieve Azure instance metadata: Network error: curl error: HTTP response code said error: The requested URL returned error: 404
I20260630 12:19:48.611430  1046 heartbeater.cc:344] Connected to a master server at 127.30.231.126:44859
I20260630 12:19:48.611763  1046 heartbeater.cc:461] Registering TS with master...
W20260630 12:19:48.611994  1052 instance_detector.cc:116] could not retrieve OpenStack instance metadata: Network error: curl error: HTTP response code said error: The requested URL returned error: 404
I20260630 12:19:48.612466 31645 server_base.cc:1061] running on GCE node
I20260630 12:19:48.612537  1046 heartbeater.cc:507] Master 127.30.231.126:44859 requested a full tablet report, sending...
I20260630 12:19:48.613219 31645 hybrid_clock.cc:584] initializing the hybrid clock with 'system_unsync' time source
W20260630 12:19:48.613420 31645 system_unsync_time.cc:38] NTP support is disabled. Clock error bounds will not be accurate. This configuration is not suitable for distributed clusters.
I20260630 12:19:48.613590 31645 hybrid_clock.cc:648] HybridClock initialized: now 1782821988613571 us; error 0 us; skew 500 ppm
I20260630 12:19:48.614161 31645 server_base.cc:861] Flag tcmalloc_max_total_thread_cache_bytes is not working since tcmalloc is not enabled.
I20260630 12:19:48.614624   844 ts_manager.cc:194] Registered new tserver with Master: 2f8162fbd47f4635b61404247f823400 (127.30.231.66:40187)
I20260630 12:19:48.616360   844 master_service.cc:502] Signed X509 certificate for tserver {username='slave'} at 127.0.0.1:47924
I20260630 12:19:48.616616 31645 webserver.cc:533] Webserver started at http://127.30.231.67:39485/ using document root <none> and password file <none>
I20260630 12:19:48.617194 31645 fs_manager.cc:362] Metadata directory not provided
I20260630 12:19:48.617383 31645 fs_manager.cc:368] Using write-ahead log directory (fs_wal_dir) as metadata directory
I20260630 12:19:48.617674 31645 server_base.cc:909] This appears to be a new deployment of Kudu; creating new FS layout
I20260630 12:19:48.618970 31645 fs_manager.cc:1068] Generated new instance metadata in path /tmp/dist-test-task1rYA1n/test-tmp/auto_rebalancer-test.0.AutoRebalancerTest.MovesScheduledIfAddTserver.1782821963645367-31645-0/minicluster-data/ts-2-root/instance:
uuid: "71f6083dd43a4f84b92f549d3f0dd911"
format_stamp: "Formatted at 2026-06-30 12:19:48 on dist-test-slave-zqjq"
I20260630 12:19:48.622831 31645 fs_manager.cc:696] Time spent creating directory manager: real 0.003s	user 0.003s	sys 0.001s
I20260630 12:19:48.625540  1057 log_block_manager.cc:4031] Time spent loading block containers with low live blocks: real 0.000s	user 0.000s	sys 0.000s
I20260630 12:19:48.626185 31645 fs_manager.cc:730] Time spent opening block manager: real 0.002s	user 0.002s	sys 0.001s
I20260630 12:19:48.626479 31645 fs_manager.cc:647] Opened local filesystem: /tmp/dist-test-task1rYA1n/test-tmp/auto_rebalancer-test.0.AutoRebalancerTest.MovesScheduledIfAddTserver.1782821963645367-31645-0/minicluster-data/ts-2-root
uuid: "71f6083dd43a4f84b92f549d3f0dd911"
format_stamp: "Formatted at 2026-06-30 12:19:48 on dist-test-slave-zqjq"
I20260630 12:19:48.626713 31645 fs_report.cc:389] FS layout report
--------------------
wal directory: /tmp/dist-test-task1rYA1n/test-tmp/auto_rebalancer-test.0.AutoRebalancerTest.MovesScheduledIfAddTserver.1782821963645367-31645-0/minicluster-data/ts-2-root
metadata directory: /tmp/dist-test-task1rYA1n/test-tmp/auto_rebalancer-test.0.AutoRebalancerTest.MovesScheduledIfAddTserver.1782821963645367-31645-0/minicluster-data/ts-2-root
1 data directories: /tmp/dist-test-task1rYA1n/test-tmp/auto_rebalancer-test.0.AutoRebalancerTest.MovesScheduledIfAddTserver.1782821963645367-31645-0/minicluster-data/ts-2-root/data
Total live blocks: 0
Total live bytes: 0
Total live bytes (after alignment): 0
Total number of LBM containers: 0 (0 full)
Did not check for missing blocks
Did not check for orphaned blocks
Total full LBM containers with extra space: 0 (0 repaired)
Total full LBM container extra space in bytes: 0 (0 repaired)
Total incomplete LBM containers: 0 (0 repaired)
Total LBM partial records: 0 (0 repaired)
Total corrupted LBM metadata records in RocksDB: 0 (0 repaired)
I20260630 12:19:48.643687 31645 rpc_server.cc:225] running with OpenSSL 1.1.1  11 Sep 2018
I20260630 12:19:48.644647 31645 kserver.cc:163] Server-wide thread pool size limit: 3276
I20260630 12:19:48.645947 31645 txn_system_client.cc:432] TxnSystemClient initialization is disabled...
I20260630 12:19:48.647935 31645 ts_tablet_manager.cc:585] Loaded tablet metadata (0 total tablets, 0 live tablets)
I20260630 12:19:48.648113 31645 ts_tablet_manager.cc:531] Time spent load tablet metadata: real 0.000s	user 0.000s	sys 0.000s
I20260630 12:19:48.648309 31645 ts_tablet_manager.cc:616] Registered 0 tablets
I20260630 12:19:48.648452 31645 ts_tablet_manager.cc:595] Time spent register tablets: real 0.000s	user 0.000s	sys 0.000s
I20260630 12:19:48.683466 31645 rpc_server.cc:307] RPC server started. Bound to: 127.30.231.67:38115
I20260630 12:19:48.683545  1119 acceptor_pool.cc:272] collecting diagnostics on the listening RPC socket 127.30.231.67:38115 every 8 connection(s)
I20260630 12:19:48.695552  1120 heartbeater.cc:344] Connected to a master server at 127.30.231.126:44859
I20260630 12:19:48.695886  1120 heartbeater.cc:461] Registering TS with master...
I20260630 12:19:48.696492  1120 heartbeater.cc:507] Master 127.30.231.126:44859 requested a full tablet report, sending...
I20260630 12:19:48.698151   844 ts_manager.cc:194] Registered new tserver with Master: 71f6083dd43a4f84b92f549d3f0dd911 (127.30.231.67:38115)
I20260630 12:19:48.698282 31645 internal_mini_cluster.cc:371] 3 TS(s) registered with all masters after 0.011907744s
I20260630 12:19:48.699409   844 master_service.cc:502] Signed X509 certificate for tserver {username='slave'} at 127.0.0.1:47930
I20260630 12:19:49.539729   971 heartbeater.cc:499] Master 127.30.231.126:44859 was elected leader, sending a full tablet report...
I20260630 12:19:49.618844  1046 heartbeater.cc:499] Master 127.30.231.126:44859 was elected leader, sending a full tablet report...
I20260630 12:19:49.701696  1120 heartbeater.cc:499] Master 127.30.231.126:44859 was elected leader, sending a full tablet report...
I20260630 12:19:49.748900   844 catalog_manager.cc:2283] Servicing CreateTable request from {username='slave'} at 127.0.0.1:47934:
name: "test-workload"
schema {
  columns {
    name: "key"
    type: INT32
    is_key: true
    is_nullable: false
    encoding: AUTO_ENCODING
    compression: DEFAULT_COMPRESSION
    cfile_block_size: 0
    immutable: false
  }
  columns {
    name: "int_val"
    type: INT32
    is_key: false
    is_nullable: false
    encoding: AUTO_ENCODING
    compression: DEFAULT_COMPRESSION
    cfile_block_size: 0
    immutable: false
  }
  columns {
    name: "string_val"
    type: STRING
    is_key: false
    is_nullable: true
    encoding: AUTO_ENCODING
    compression: DEFAULT_COMPRESSION
    cfile_block_size: 0
    immutable: false
  }
}
num_replicas: 3
split_rows_range_bounds {
  rows: "\004\001\000\377\377\377?""\004\001\000\377\377\377?"
  indirect_data: """"
}
partition_schema {
  range_schema {
    columns {
      name: "key"
    }
  }
}
W20260630 12:19:49.750972   844 catalog_manager.cc:7077] The number of live tablet servers is not enough to re-replicate a tablet replica of the newly created table test-workload in case of a server failure: 4 tablet servers would be needed, 3 are available. Consider bringing up more tablet servers.
I20260630 12:19:49.786734  1085 tablet_service.cc:1511] Processing CreateTablet for tablet d5929071e7eb428ea700302329d8b3a7 (DEFAULT_TABLE table=test-workload [id=41483431379b45c8ad514b8957313981]), partition=RANGE (key) PARTITION VALUES < 1073741823
I20260630 12:19:49.788076  1085 data_dirs.cc:400] Could only allocate 1 dirs of requested 3 for tablet d5929071e7eb428ea700302329d8b3a7. 1 dirs total, 0 dirs full, 0 dirs failed
I20260630 12:19:49.789737  1084 tablet_service.cc:1511] Processing CreateTablet for tablet 921a1db8e4374c3aa4d71729ade37215 (DEFAULT_TABLE table=test-workload [id=41483431379b45c8ad514b8957313981]), partition=RANGE (key) PARTITION 1073741823 <= VALUES
I20260630 12:19:49.790508  1011 tablet_service.cc:1511] Processing CreateTablet for tablet d5929071e7eb428ea700302329d8b3a7 (DEFAULT_TABLE table=test-workload [id=41483431379b45c8ad514b8957313981]), partition=RANGE (key) PARTITION VALUES < 1073741823
I20260630 12:19:49.790972  1084 data_dirs.cc:400] Could only allocate 1 dirs of requested 3 for tablet 921a1db8e4374c3aa4d71729ade37215. 1 dirs total, 0 dirs full, 0 dirs failed
I20260630 12:19:49.792037  1010 tablet_service.cc:1511] Processing CreateTablet for tablet 921a1db8e4374c3aa4d71729ade37215 (DEFAULT_TABLE table=test-workload [id=41483431379b45c8ad514b8957313981]), partition=RANGE (key) PARTITION 1073741823 <= VALUES
I20260630 12:19:49.793183  1010 data_dirs.cc:400] Could only allocate 1 dirs of requested 3 for tablet 921a1db8e4374c3aa4d71729ade37215. 1 dirs total, 0 dirs full, 0 dirs failed
I20260630 12:19:49.797720  1011 data_dirs.cc:400] Could only allocate 1 dirs of requested 3 for tablet d5929071e7eb428ea700302329d8b3a7. 1 dirs total, 0 dirs full, 0 dirs failed
I20260630 12:19:49.799218   936 tablet_service.cc:1511] Processing CreateTablet for tablet d5929071e7eb428ea700302329d8b3a7 (DEFAULT_TABLE table=test-workload [id=41483431379b45c8ad514b8957313981]), partition=RANGE (key) PARTITION VALUES < 1073741823
I20260630 12:19:49.799392   935 tablet_service.cc:1511] Processing CreateTablet for tablet 921a1db8e4374c3aa4d71729ade37215 (DEFAULT_TABLE table=test-workload [id=41483431379b45c8ad514b8957313981]), partition=RANGE (key) PARTITION 1073741823 <= VALUES
I20260630 12:19:49.800534   936 data_dirs.cc:400] Could only allocate 1 dirs of requested 3 for tablet d5929071e7eb428ea700302329d8b3a7. 1 dirs total, 0 dirs full, 0 dirs failed
I20260630 12:19:49.801055   935 data_dirs.cc:400] Could only allocate 1 dirs of requested 3 for tablet 921a1db8e4374c3aa4d71729ade37215. 1 dirs total, 0 dirs full, 0 dirs failed
I20260630 12:19:49.817148  1140 tablet_bootstrap.cc:492] T 921a1db8e4374c3aa4d71729ade37215 P 71f6083dd43a4f84b92f549d3f0dd911: Bootstrap starting.
I20260630 12:19:49.826018  1141 tablet_bootstrap.cc:492] T 921a1db8e4374c3aa4d71729ade37215 P 2f8162fbd47f4635b61404247f823400: Bootstrap starting.
I20260630 12:19:49.827505  1142 tablet_bootstrap.cc:492] T d5929071e7eb428ea700302329d8b3a7 P 816ebf904afd4dfcafdd2e3763aab966: Bootstrap starting.
I20260630 12:19:49.830760  1140 tablet_bootstrap.cc:654] T 921a1db8e4374c3aa4d71729ade37215 P 71f6083dd43a4f84b92f549d3f0dd911: Neither blocks nor log segments found. Creating new log.
I20260630 12:19:49.833607  1142 tablet_bootstrap.cc:654] T d5929071e7eb428ea700302329d8b3a7 P 816ebf904afd4dfcafdd2e3763aab966: Neither blocks nor log segments found. Creating new log.
I20260630 12:19:49.833884  1141 tablet_bootstrap.cc:654] T 921a1db8e4374c3aa4d71729ade37215 P 2f8162fbd47f4635b61404247f823400: Neither blocks nor log segments found. Creating new log.
I20260630 12:19:49.835098  1140 tablet_bootstrap.cc:492] T 921a1db8e4374c3aa4d71729ade37215 P 71f6083dd43a4f84b92f549d3f0dd911: No bootstrap required, opened a new log
I20260630 12:19:49.835459  1140 ts_tablet_manager.cc:1403] T 921a1db8e4374c3aa4d71729ade37215 P 71f6083dd43a4f84b92f549d3f0dd911: Time spent bootstrapping tablet: real 0.019s	user 0.009s	sys 0.000s
I20260630 12:19:49.837741  1140 raft_consensus.cc:359] T 921a1db8e4374c3aa4d71729ade37215 P 71f6083dd43a4f84b92f549d3f0dd911 [term 0 FOLLOWER]: Replica starting. Triggering 0 pending ops. Active config: opid_index: -1 OBSOLETE_local: false peers { permanent_uuid: "816ebf904afd4dfcafdd2e3763aab966" member_type: VOTER last_known_addr { host: "127.30.231.65" port: 42545 } } peers { permanent_uuid: "2f8162fbd47f4635b61404247f823400" member_type: VOTER last_known_addr { host: "127.30.231.66" port: 40187 } } peers { permanent_uuid: "71f6083dd43a4f84b92f549d3f0dd911" member_type: VOTER last_known_addr { host: "127.30.231.67" port: 38115 } }
I20260630 12:19:49.838253  1140 raft_consensus.cc:385] T 921a1db8e4374c3aa4d71729ade37215 P 71f6083dd43a4f84b92f549d3f0dd911 [term 0 FOLLOWER]: Consensus starting up: Expiring failure detector timer to make a prompt election more likely
I20260630 12:19:49.838464  1140 raft_consensus.cc:740] T 921a1db8e4374c3aa4d71729ade37215 P 71f6083dd43a4f84b92f549d3f0dd911 [term 0 FOLLOWER]: Becoming Follower/Learner. State: Replica: 71f6083dd43a4f84b92f549d3f0dd911, State: Initialized, Role: FOLLOWER
I20260630 12:19:49.838707  1142 tablet_bootstrap.cc:492] T d5929071e7eb428ea700302329d8b3a7 P 816ebf904afd4dfcafdd2e3763aab966: No bootstrap required, opened a new log
I20260630 12:19:49.839216  1142 ts_tablet_manager.cc:1403] T d5929071e7eb428ea700302329d8b3a7 P 816ebf904afd4dfcafdd2e3763aab966: Time spent bootstrapping tablet: real 0.012s	user 0.000s	sys 0.011s
I20260630 12:19:49.839039  1140 consensus_queue.cc:260] T 921a1db8e4374c3aa4d71729ade37215 P 71f6083dd43a4f84b92f549d3f0dd911 [NON_LEADER]: Queue going to NON_LEADER mode. State: All replicated index: 0, Majority replicated index: 0, Committed index: 0, Last appended: 0.0, Last appended by leader: 0, Current term: 0, Majority size: -1, State: 0, Mode: NON_LEADER, active raft config: opid_index: -1 OBSOLETE_local: false peers { permanent_uuid: "816ebf904afd4dfcafdd2e3763aab966" member_type: VOTER last_known_addr { host: "127.30.231.65" port: 42545 } } peers { permanent_uuid: "2f8162fbd47f4635b61404247f823400" member_type: VOTER last_known_addr { host: "127.30.231.66" port: 40187 } } peers { permanent_uuid: "71f6083dd43a4f84b92f549d3f0dd911" member_type: VOTER last_known_addr { host: "127.30.231.67" port: 38115 } }
I20260630 12:19:49.842000  1142 raft_consensus.cc:359] T d5929071e7eb428ea700302329d8b3a7 P 816ebf904afd4dfcafdd2e3763aab966 [term 0 FOLLOWER]: Replica starting. Triggering 0 pending ops. Active config: opid_index: -1 OBSOLETE_local: false peers { permanent_uuid: "71f6083dd43a4f84b92f549d3f0dd911" member_type: VOTER last_known_addr { host: "127.30.231.67" port: 38115 } } peers { permanent_uuid: "2f8162fbd47f4635b61404247f823400" member_type: VOTER last_known_addr { host: "127.30.231.66" port: 40187 } } peers { permanent_uuid: "816ebf904afd4dfcafdd2e3763aab966" member_type: VOTER last_known_addr { host: "127.30.231.65" port: 42545 } }
I20260630 12:19:49.842753  1142 raft_consensus.cc:385] T d5929071e7eb428ea700302329d8b3a7 P 816ebf904afd4dfcafdd2e3763aab966 [term 0 FOLLOWER]: Consensus starting up: Expiring failure detector timer to make a prompt election more likely
I20260630 12:19:49.843144  1142 raft_consensus.cc:740] T d5929071e7eb428ea700302329d8b3a7 P 816ebf904afd4dfcafdd2e3763aab966 [term 0 FOLLOWER]: Becoming Follower/Learner. State: Replica: 816ebf904afd4dfcafdd2e3763aab966, State: Initialized, Role: FOLLOWER
I20260630 12:19:49.843916  1142 consensus_queue.cc:260] T d5929071e7eb428ea700302329d8b3a7 P 816ebf904afd4dfcafdd2e3763aab966 [NON_LEADER]: Queue going to NON_LEADER mode. State: All replicated index: 0, Majority replicated index: 0, Committed index: 0, Last appended: 0.0, Last appended by leader: 0, Current term: 0, Majority size: -1, State: 0, Mode: NON_LEADER, active raft config: opid_index: -1 OBSOLETE_local: false peers { permanent_uuid: "71f6083dd43a4f84b92f549d3f0dd911" member_type: VOTER last_known_addr { host: "127.30.231.67" port: 38115 } } peers { permanent_uuid: "2f8162fbd47f4635b61404247f823400" member_type: VOTER last_known_addr { host: "127.30.231.66" port: 40187 } } peers { permanent_uuid: "816ebf904afd4dfcafdd2e3763aab966" member_type: VOTER last_known_addr { host: "127.30.231.65" port: 42545 } }
I20260630 12:19:49.846853  1141 tablet_bootstrap.cc:492] T 921a1db8e4374c3aa4d71729ade37215 P 2f8162fbd47f4635b61404247f823400: No bootstrap required, opened a new log
I20260630 12:19:49.847462  1141 ts_tablet_manager.cc:1403] T 921a1db8e4374c3aa4d71729ade37215 P 2f8162fbd47f4635b61404247f823400: Time spent bootstrapping tablet: real 0.022s	user 0.005s	sys 0.013s
I20260630 12:19:49.847690  1140 ts_tablet_manager.cc:1434] T 921a1db8e4374c3aa4d71729ade37215 P 71f6083dd43a4f84b92f549d3f0dd911: Time spent starting tablet: real 0.012s	user 0.007s	sys 0.000s
I20260630 12:19:49.848579  1140 tablet_bootstrap.cc:492] T d5929071e7eb428ea700302329d8b3a7 P 71f6083dd43a4f84b92f549d3f0dd911: Bootstrap starting.
I20260630 12:19:49.850345  1141 raft_consensus.cc:359] T 921a1db8e4374c3aa4d71729ade37215 P 2f8162fbd47f4635b61404247f823400 [term 0 FOLLOWER]: Replica starting. Triggering 0 pending ops. Active config: opid_index: -1 OBSOLETE_local: false peers { permanent_uuid: "816ebf904afd4dfcafdd2e3763aab966" member_type: VOTER last_known_addr { host: "127.30.231.65" port: 42545 } } peers { permanent_uuid: "2f8162fbd47f4635b61404247f823400" member_type: VOTER last_known_addr { host: "127.30.231.66" port: 40187 } } peers { permanent_uuid: "71f6083dd43a4f84b92f549d3f0dd911" member_type: VOTER last_known_addr { host: "127.30.231.67" port: 38115 } }
I20260630 12:19:49.851099  1141 raft_consensus.cc:385] T 921a1db8e4374c3aa4d71729ade37215 P 2f8162fbd47f4635b61404247f823400 [term 0 FOLLOWER]: Consensus starting up: Expiring failure detector timer to make a prompt election more likely
I20260630 12:19:49.851379  1141 raft_consensus.cc:740] T 921a1db8e4374c3aa4d71729ade37215 P 2f8162fbd47f4635b61404247f823400 [term 0 FOLLOWER]: Becoming Follower/Learner. State: Replica: 2f8162fbd47f4635b61404247f823400, State: Initialized, Role: FOLLOWER
I20260630 12:19:49.852095  1141 consensus_queue.cc:260] T 921a1db8e4374c3aa4d71729ade37215 P 2f8162fbd47f4635b61404247f823400 [NON_LEADER]: Queue going to NON_LEADER mode. State: All replicated index: 0, Majority replicated index: 0, Committed index: 0, Last appended: 0.0, Last appended by leader: 0, Current term: 0, Majority size: -1, State: 0, Mode: NON_LEADER, active raft config: opid_index: -1 OBSOLETE_local: false peers { permanent_uuid: "816ebf904afd4dfcafdd2e3763aab966" member_type: VOTER last_known_addr { host: "127.30.231.65" port: 42545 } } peers { permanent_uuid: "2f8162fbd47f4635b61404247f823400" member_type: VOTER last_known_addr { host: "127.30.231.66" port: 40187 } } peers { permanent_uuid: "71f6083dd43a4f84b92f549d3f0dd911" member_type: VOTER last_known_addr { host: "127.30.231.67" port: 38115 } }
I20260630 12:19:49.854864  1141 ts_tablet_manager.cc:1434] T 921a1db8e4374c3aa4d71729ade37215 P 2f8162fbd47f4635b61404247f823400: Time spent starting tablet: real 0.007s	user 0.003s	sys 0.004s
I20260630 12:19:49.855793  1141 tablet_bootstrap.cc:492] T d5929071e7eb428ea700302329d8b3a7 P 2f8162fbd47f4635b61404247f823400: Bootstrap starting.
I20260630 12:19:49.858620  1140 tablet_bootstrap.cc:654] T d5929071e7eb428ea700302329d8b3a7 P 71f6083dd43a4f84b92f549d3f0dd911: Neither blocks nor log segments found. Creating new log.
I20260630 12:19:49.861549  1141 tablet_bootstrap.cc:654] T d5929071e7eb428ea700302329d8b3a7 P 2f8162fbd47f4635b61404247f823400: Neither blocks nor log segments found. Creating new log.
I20260630 12:19:49.863294  1142 ts_tablet_manager.cc:1434] T d5929071e7eb428ea700302329d8b3a7 P 816ebf904afd4dfcafdd2e3763aab966: Time spent starting tablet: real 0.024s	user 0.009s	sys 0.011s
I20260630 12:19:49.865372  1142 tablet_bootstrap.cc:492] T 921a1db8e4374c3aa4d71729ade37215 P 816ebf904afd4dfcafdd2e3763aab966: Bootstrap starting.
I20260630 12:19:49.869765  1141 tablet_bootstrap.cc:492] T d5929071e7eb428ea700302329d8b3a7 P 2f8162fbd47f4635b61404247f823400: No bootstrap required, opened a new log
I20260630 12:19:49.870179  1140 tablet_bootstrap.cc:492] T d5929071e7eb428ea700302329d8b3a7 P 71f6083dd43a4f84b92f549d3f0dd911: No bootstrap required, opened a new log
I20260630 12:19:49.870247  1141 ts_tablet_manager.cc:1403] T d5929071e7eb428ea700302329d8b3a7 P 2f8162fbd47f4635b61404247f823400: Time spent bootstrapping tablet: real 0.015s	user 0.007s	sys 0.005s
I20260630 12:19:49.870784  1140 ts_tablet_manager.cc:1403] T d5929071e7eb428ea700302329d8b3a7 P 71f6083dd43a4f84b92f549d3f0dd911: Time spent bootstrapping tablet: real 0.022s	user 0.012s	sys 0.004s
I20260630 12:19:49.872440  1142 tablet_bootstrap.cc:654] T 921a1db8e4374c3aa4d71729ade37215 P 816ebf904afd4dfcafdd2e3763aab966: Neither blocks nor log segments found. Creating new log.
I20260630 12:19:49.872942  1141 raft_consensus.cc:359] T d5929071e7eb428ea700302329d8b3a7 P 2f8162fbd47f4635b61404247f823400 [term 0 FOLLOWER]: Replica starting. Triggering 0 pending ops. Active config: opid_index: -1 OBSOLETE_local: false peers { permanent_uuid: "71f6083dd43a4f84b92f549d3f0dd911" member_type: VOTER last_known_addr { host: "127.30.231.67" port: 38115 } } peers { permanent_uuid: "2f8162fbd47f4635b61404247f823400" member_type: VOTER last_known_addr { host: "127.30.231.66" port: 40187 } } peers { permanent_uuid: "816ebf904afd4dfcafdd2e3763aab966" member_type: VOTER last_known_addr { host: "127.30.231.65" port: 42545 } }
I20260630 12:19:49.873266  1140 raft_consensus.cc:359] T d5929071e7eb428ea700302329d8b3a7 P 71f6083dd43a4f84b92f549d3f0dd911 [term 0 FOLLOWER]: Replica starting. Triggering 0 pending ops. Active config: opid_index: -1 OBSOLETE_local: false peers { permanent_uuid: "71f6083dd43a4f84b92f549d3f0dd911" member_type: VOTER last_known_addr { host: "127.30.231.67" port: 38115 } } peers { permanent_uuid: "2f8162fbd47f4635b61404247f823400" member_type: VOTER last_known_addr { host: "127.30.231.66" port: 40187 } } peers { permanent_uuid: "816ebf904afd4dfcafdd2e3763aab966" member_type: VOTER last_known_addr { host: "127.30.231.65" port: 42545 } }
I20260630 12:19:49.873656  1141 raft_consensus.cc:385] T d5929071e7eb428ea700302329d8b3a7 P 2f8162fbd47f4635b61404247f823400 [term 0 FOLLOWER]: Consensus starting up: Expiring failure detector timer to make a prompt election more likely
I20260630 12:19:49.873912  1140 raft_consensus.cc:385] T d5929071e7eb428ea700302329d8b3a7 P 71f6083dd43a4f84b92f549d3f0dd911 [term 0 FOLLOWER]: Consensus starting up: Expiring failure detector timer to make a prompt election more likely
I20260630 12:19:49.873994  1141 raft_consensus.cc:740] T d5929071e7eb428ea700302329d8b3a7 P 2f8162fbd47f4635b61404247f823400 [term 0 FOLLOWER]: Becoming Follower/Learner. State: Replica: 2f8162fbd47f4635b61404247f823400, State: Initialized, Role: FOLLOWER
I20260630 12:19:49.874284  1140 raft_consensus.cc:740] T d5929071e7eb428ea700302329d8b3a7 P 71f6083dd43a4f84b92f549d3f0dd911 [term 0 FOLLOWER]: Becoming Follower/Learner. State: Replica: 71f6083dd43a4f84b92f549d3f0dd911, State: Initialized, Role: FOLLOWER
I20260630 12:19:49.874804  1141 consensus_queue.cc:260] T d5929071e7eb428ea700302329d8b3a7 P 2f8162fbd47f4635b61404247f823400 [NON_LEADER]: Queue going to NON_LEADER mode. State: All replicated index: 0, Majority replicated index: 0, Committed index: 0, Last appended: 0.0, Last appended by leader: 0, Current term: 0, Majority size: -1, State: 0, Mode: NON_LEADER, active raft config: opid_index: -1 OBSOLETE_local: false peers { permanent_uuid: "71f6083dd43a4f84b92f549d3f0dd911" member_type: VOTER last_known_addr { host: "127.30.231.67" port: 38115 } } peers { permanent_uuid: "2f8162fbd47f4635b61404247f823400" member_type: VOTER last_known_addr { host: "127.30.231.66" port: 40187 } } peers { permanent_uuid: "816ebf904afd4dfcafdd2e3763aab966" member_type: VOTER last_known_addr { host: "127.30.231.65" port: 42545 } }
I20260630 12:19:49.874961  1140 consensus_queue.cc:260] T d5929071e7eb428ea700302329d8b3a7 P 71f6083dd43a4f84b92f549d3f0dd911 [NON_LEADER]: Queue going to NON_LEADER mode. State: All replicated index: 0, Majority replicated index: 0, Committed index: 0, Last appended: 0.0, Last appended by leader: 0, Current term: 0, Majority size: -1, State: 0, Mode: NON_LEADER, active raft config: opid_index: -1 OBSOLETE_local: false peers { permanent_uuid: "71f6083dd43a4f84b92f549d3f0dd911" member_type: VOTER last_known_addr { host: "127.30.231.67" port: 38115 } } peers { permanent_uuid: "2f8162fbd47f4635b61404247f823400" member_type: VOTER last_known_addr { host: "127.30.231.66" port: 40187 } } peers { permanent_uuid: "816ebf904afd4dfcafdd2e3763aab966" member_type: VOTER last_known_addr { host: "127.30.231.65" port: 42545 } }
I20260630 12:19:49.876927  1140 ts_tablet_manager.cc:1434] T d5929071e7eb428ea700302329d8b3a7 P 71f6083dd43a4f84b92f549d3f0dd911: Time spent starting tablet: real 0.006s	user 0.001s	sys 0.004s
I20260630 12:19:49.877763  1141 ts_tablet_manager.cc:1434] T d5929071e7eb428ea700302329d8b3a7 P 2f8162fbd47f4635b61404247f823400: Time spent starting tablet: real 0.007s	user 0.005s	sys 0.000s
I20260630 12:19:49.879314  1142 tablet_bootstrap.cc:492] T 921a1db8e4374c3aa4d71729ade37215 P 816ebf904afd4dfcafdd2e3763aab966: No bootstrap required, opened a new log
I20260630 12:19:49.879686  1142 ts_tablet_manager.cc:1403] T 921a1db8e4374c3aa4d71729ade37215 P 816ebf904afd4dfcafdd2e3763aab966: Time spent bootstrapping tablet: real 0.015s	user 0.009s	sys 0.000s
I20260630 12:19:49.881415  1142 raft_consensus.cc:359] T 921a1db8e4374c3aa4d71729ade37215 P 816ebf904afd4dfcafdd2e3763aab966 [term 0 FOLLOWER]: Replica starting. Triggering 0 pending ops. Active config: opid_index: -1 OBSOLETE_local: false peers { permanent_uuid: "816ebf904afd4dfcafdd2e3763aab966" member_type: VOTER last_known_addr { host: "127.30.231.65" port: 42545 } } peers { permanent_uuid: "2f8162fbd47f4635b61404247f823400" member_type: VOTER last_known_addr { host: "127.30.231.66" port: 40187 } } peers { permanent_uuid: "71f6083dd43a4f84b92f549d3f0dd911" member_type: VOTER last_known_addr { host: "127.30.231.67" port: 38115 } }
I20260630 12:19:49.881940  1142 raft_consensus.cc:385] T 921a1db8e4374c3aa4d71729ade37215 P 816ebf904afd4dfcafdd2e3763aab966 [term 0 FOLLOWER]: Consensus starting up: Expiring failure detector timer to make a prompt election more likely
I20260630 12:19:49.882232  1142 raft_consensus.cc:740] T 921a1db8e4374c3aa4d71729ade37215 P 816ebf904afd4dfcafdd2e3763aab966 [term 0 FOLLOWER]: Becoming Follower/Learner. State: Replica: 816ebf904afd4dfcafdd2e3763aab966, State: Initialized, Role: FOLLOWER
I20260630 12:19:49.882906  1142 consensus_queue.cc:260] T 921a1db8e4374c3aa4d71729ade37215 P 816ebf904afd4dfcafdd2e3763aab966 [NON_LEADER]: Queue going to NON_LEADER mode. State: All replicated index: 0, Majority replicated index: 0, Committed index: 0, Last appended: 0.0, Last appended by leader: 0, Current term: 0, Majority size: -1, State: 0, Mode: NON_LEADER, active raft config: opid_index: -1 OBSOLETE_local: false peers { permanent_uuid: "816ebf904afd4dfcafdd2e3763aab966" member_type: VOTER last_known_addr { host: "127.30.231.65" port: 42545 } } peers { permanent_uuid: "2f8162fbd47f4635b61404247f823400" member_type: VOTER last_known_addr { host: "127.30.231.66" port: 40187 } } peers { permanent_uuid: "71f6083dd43a4f84b92f549d3f0dd911" member_type: VOTER last_known_addr { host: "127.30.231.67" port: 38115 } }
I20260630 12:19:49.884788  1142 ts_tablet_manager.cc:1434] T 921a1db8e4374c3aa4d71729ade37215 P 816ebf904afd4dfcafdd2e3763aab966: Time spent starting tablet: real 0.005s	user 0.004s	sys 0.000s
I20260630 12:19:50.013568  1146 raft_consensus.cc:493] T d5929071e7eb428ea700302329d8b3a7 P 71f6083dd43a4f84b92f549d3f0dd911 [term 0 FOLLOWER]: Starting pre-election (no leader contacted us within the election timeout)
I20260630 12:19:50.013986  1146 raft_consensus.cc:515] T d5929071e7eb428ea700302329d8b3a7 P 71f6083dd43a4f84b92f549d3f0dd911 [term 0 FOLLOWER]: Starting pre-election with config: opid_index: -1 OBSOLETE_local: false peers { permanent_uuid: "71f6083dd43a4f84b92f549d3f0dd911" member_type: VOTER last_known_addr { host: "127.30.231.67" port: 38115 } } peers { permanent_uuid: "2f8162fbd47f4635b61404247f823400" member_type: VOTER last_known_addr { host: "127.30.231.66" port: 40187 } } peers { permanent_uuid: "816ebf904afd4dfcafdd2e3763aab966" member_type: VOTER last_known_addr { host: "127.30.231.65" port: 42545 } }
I20260630 12:19:50.015969  1146 leader_election.cc:290] T d5929071e7eb428ea700302329d8b3a7 P 71f6083dd43a4f84b92f549d3f0dd911 [CANDIDATE]: Term 1 pre-election: Requested pre-vote from peers 2f8162fbd47f4635b61404247f823400 (127.30.231.66:40187), 816ebf904afd4dfcafdd2e3763aab966 (127.30.231.65:42545)
I20260630 12:19:50.026194  1021 tablet_service.cc:1917] Received RequestConsensusVote() RPC: tablet_id: "d5929071e7eb428ea700302329d8b3a7" candidate_uuid: "71f6083dd43a4f84b92f549d3f0dd911" candidate_term: 1 candidate_status { last_received { term: 0 index: 0 } } ignore_live_leader: false dest_uuid: "2f8162fbd47f4635b61404247f823400" is_pre_election: true
I20260630 12:19:50.026314   946 tablet_service.cc:1917] Received RequestConsensusVote() RPC: tablet_id: "d5929071e7eb428ea700302329d8b3a7" candidate_uuid: "71f6083dd43a4f84b92f549d3f0dd911" candidate_term: 1 candidate_status { last_received { term: 0 index: 0 } } ignore_live_leader: false dest_uuid: "816ebf904afd4dfcafdd2e3763aab966" is_pre_election: true
I20260630 12:19:50.026811  1021 raft_consensus.cc:2468] T d5929071e7eb428ea700302329d8b3a7 P 2f8162fbd47f4635b61404247f823400 [term 0 FOLLOWER]: Leader pre-election vote request: Granting yes vote for candidate 71f6083dd43a4f84b92f549d3f0dd911 in term 0.
I20260630 12:19:50.026859   946 raft_consensus.cc:2468] T d5929071e7eb428ea700302329d8b3a7 P 816ebf904afd4dfcafdd2e3763aab966 [term 0 FOLLOWER]: Leader pre-election vote request: Granting yes vote for candidate 71f6083dd43a4f84b92f549d3f0dd911 in term 0.
I20260630 12:19:50.027828  1059 leader_election.cc:304] T d5929071e7eb428ea700302329d8b3a7 P 71f6083dd43a4f84b92f549d3f0dd911 [CANDIDATE]: Term 1 pre-election: Election decided. Result: candidate won. Election summary: received 2 responses out of 3 voters: 2 yes votes; 0 no votes. yes voters: 2f8162fbd47f4635b61404247f823400, 71f6083dd43a4f84b92f549d3f0dd911; no voters: 
I20260630 12:19:50.028450  1146 raft_consensus.cc:2804] T d5929071e7eb428ea700302329d8b3a7 P 71f6083dd43a4f84b92f549d3f0dd911 [term 0 FOLLOWER]: Leader pre-election won for term 1
I20260630 12:19:50.028779  1146 raft_consensus.cc:493] T d5929071e7eb428ea700302329d8b3a7 P 71f6083dd43a4f84b92f549d3f0dd911 [term 0 FOLLOWER]: Starting leader election (no leader contacted us within the election timeout)
I20260630 12:19:50.029032  1146 raft_consensus.cc:3060] T d5929071e7eb428ea700302329d8b3a7 P 71f6083dd43a4f84b92f549d3f0dd911 [term 0 FOLLOWER]: Advancing to term 1
I20260630 12:19:50.033349  1146 raft_consensus.cc:515] T d5929071e7eb428ea700302329d8b3a7 P 71f6083dd43a4f84b92f549d3f0dd911 [term 1 FOLLOWER]: Starting leader election with config: opid_index: -1 OBSOLETE_local: false peers { permanent_uuid: "71f6083dd43a4f84b92f549d3f0dd911" member_type: VOTER last_known_addr { host: "127.30.231.67" port: 38115 } } peers { permanent_uuid: "2f8162fbd47f4635b61404247f823400" member_type: VOTER last_known_addr { host: "127.30.231.66" port: 40187 } } peers { permanent_uuid: "816ebf904afd4dfcafdd2e3763aab966" member_type: VOTER last_known_addr { host: "127.30.231.65" port: 42545 } }
I20260630 12:19:50.034745  1146 leader_election.cc:290] T d5929071e7eb428ea700302329d8b3a7 P 71f6083dd43a4f84b92f549d3f0dd911 [CANDIDATE]: Term 1 election: Requested vote from peers 2f8162fbd47f4635b61404247f823400 (127.30.231.66:40187), 816ebf904afd4dfcafdd2e3763aab966 (127.30.231.65:42545)
I20260630 12:19:50.035351  1021 tablet_service.cc:1917] Received RequestConsensusVote() RPC: tablet_id: "d5929071e7eb428ea700302329d8b3a7" candidate_uuid: "71f6083dd43a4f84b92f549d3f0dd911" candidate_term: 1 candidate_status { last_received { term: 0 index: 0 } } ignore_live_leader: false dest_uuid: "2f8162fbd47f4635b61404247f823400"
I20260630 12:19:50.035604   946 tablet_service.cc:1917] Received RequestConsensusVote() RPC: tablet_id: "d5929071e7eb428ea700302329d8b3a7" candidate_uuid: "71f6083dd43a4f84b92f549d3f0dd911" candidate_term: 1 candidate_status { last_received { term: 0 index: 0 } } ignore_live_leader: false dest_uuid: "816ebf904afd4dfcafdd2e3763aab966"
I20260630 12:19:50.035727  1021 raft_consensus.cc:3060] T d5929071e7eb428ea700302329d8b3a7 P 2f8162fbd47f4635b61404247f823400 [term 0 FOLLOWER]: Advancing to term 1
I20260630 12:19:50.036029   946 raft_consensus.cc:3060] T d5929071e7eb428ea700302329d8b3a7 P 816ebf904afd4dfcafdd2e3763aab966 [term 0 FOLLOWER]: Advancing to term 1
I20260630 12:19:50.040580  1021 raft_consensus.cc:2468] T d5929071e7eb428ea700302329d8b3a7 P 2f8162fbd47f4635b61404247f823400 [term 1 FOLLOWER]: Leader election vote request: Granting yes vote for candidate 71f6083dd43a4f84b92f549d3f0dd911 in term 1.
I20260630 12:19:50.040726   946 raft_consensus.cc:2468] T d5929071e7eb428ea700302329d8b3a7 P 816ebf904afd4dfcafdd2e3763aab966 [term 1 FOLLOWER]: Leader election vote request: Granting yes vote for candidate 71f6083dd43a4f84b92f549d3f0dd911 in term 1.
I20260630 12:19:50.041412  1059 leader_election.cc:304] T d5929071e7eb428ea700302329d8b3a7 P 71f6083dd43a4f84b92f549d3f0dd911 [CANDIDATE]: Term 1 election: Election decided. Result: candidate won. Election summary: received 2 responses out of 3 voters: 2 yes votes; 0 no votes. yes voters: 2f8162fbd47f4635b61404247f823400, 71f6083dd43a4f84b92f549d3f0dd911; no voters: 
I20260630 12:19:50.042047  1146 raft_consensus.cc:2804] T d5929071e7eb428ea700302329d8b3a7 P 71f6083dd43a4f84b92f549d3f0dd911 [term 1 FOLLOWER]: Leader election won for term 1
I20260630 12:19:50.042956  1146 raft_consensus.cc:697] T d5929071e7eb428ea700302329d8b3a7 P 71f6083dd43a4f84b92f549d3f0dd911 [term 1 LEADER]: Becoming Leader. State: Replica: 71f6083dd43a4f84b92f549d3f0dd911, State: Running, Role: LEADER
I20260630 12:19:50.043560  1146 consensus_queue.cc:237] T d5929071e7eb428ea700302329d8b3a7 P 71f6083dd43a4f84b92f549d3f0dd911 [LEADER]: Queue going to LEADER mode. State: All replicated index: 0, Majority replicated index: 0, Committed index: 0, Last appended: 0.0, Last appended by leader: 0, Current term: 1, Majority size: 2, State: 0, Mode: LEADER, active raft config: opid_index: -1 OBSOLETE_local: false peers { permanent_uuid: "71f6083dd43a4f84b92f549d3f0dd911" member_type: VOTER last_known_addr { host: "127.30.231.67" port: 38115 } } peers { permanent_uuid: "2f8162fbd47f4635b61404247f823400" member_type: VOTER last_known_addr { host: "127.30.231.66" port: 40187 } } peers { permanent_uuid: "816ebf904afd4dfcafdd2e3763aab966" member_type: VOTER last_known_addr { host: "127.30.231.65" port: 42545 } }
I20260630 12:19:50.051159   844 catalog_manager.cc:5697] T d5929071e7eb428ea700302329d8b3a7 P 71f6083dd43a4f84b92f549d3f0dd911 reported cstate change: term changed from 0 to 1, leader changed from <none> to 71f6083dd43a4f84b92f549d3f0dd911 (127.30.231.67). New cstate: current_term: 1 leader_uuid: "71f6083dd43a4f84b92f549d3f0dd911" committed_config { opid_index: -1 OBSOLETE_local: false peers { permanent_uuid: "71f6083dd43a4f84b92f549d3f0dd911" member_type: VOTER last_known_addr { host: "127.30.231.67" port: 38115 } health_report { overall_health: HEALTHY } } peers { permanent_uuid: "2f8162fbd47f4635b61404247f823400" member_type: VOTER last_known_addr { host: "127.30.231.66" port: 40187 } health_report { overall_health: UNKNOWN } } peers { permanent_uuid: "816ebf904afd4dfcafdd2e3763aab966" member_type: VOTER last_known_addr { host: "127.30.231.65" port: 42545 } health_report { overall_health: UNKNOWN } } }
I20260630 12:19:50.232740  1147 raft_consensus.cc:493] T 921a1db8e4374c3aa4d71729ade37215 P 816ebf904afd4dfcafdd2e3763aab966 [term 0 FOLLOWER]: Starting pre-election (no leader contacted us within the election timeout)
I20260630 12:19:50.233196  1147 raft_consensus.cc:515] T 921a1db8e4374c3aa4d71729ade37215 P 816ebf904afd4dfcafdd2e3763aab966 [term 0 FOLLOWER]: Starting pre-election with config: opid_index: -1 OBSOLETE_local: false peers { permanent_uuid: "816ebf904afd4dfcafdd2e3763aab966" member_type: VOTER last_known_addr { host: "127.30.231.65" port: 42545 } } peers { permanent_uuid: "2f8162fbd47f4635b61404247f823400" member_type: VOTER last_known_addr { host: "127.30.231.66" port: 40187 } } peers { permanent_uuid: "71f6083dd43a4f84b92f549d3f0dd911" member_type: VOTER last_known_addr { host: "127.30.231.67" port: 38115 } }
I20260630 12:19:50.235188  1147 leader_election.cc:290] T 921a1db8e4374c3aa4d71729ade37215 P 816ebf904afd4dfcafdd2e3763aab966 [CANDIDATE]: Term 1 pre-election: Requested pre-vote from peers 2f8162fbd47f4635b61404247f823400 (127.30.231.66:40187), 71f6083dd43a4f84b92f549d3f0dd911 (127.30.231.67:38115)
I20260630 12:19:50.245380  1021 tablet_service.cc:1917] Received RequestConsensusVote() RPC: tablet_id: "921a1db8e4374c3aa4d71729ade37215" candidate_uuid: "816ebf904afd4dfcafdd2e3763aab966" candidate_term: 1 candidate_status { last_received { term: 0 index: 0 } } ignore_live_leader: false dest_uuid: "2f8162fbd47f4635b61404247f823400" is_pre_election: true
I20260630 12:19:50.246714  1021 raft_consensus.cc:2468] T 921a1db8e4374c3aa4d71729ade37215 P 2f8162fbd47f4635b61404247f823400 [term 0 FOLLOWER]: Leader pre-election vote request: Granting yes vote for candidate 816ebf904afd4dfcafdd2e3763aab966 in term 0.
I20260630 12:19:50.247174  1095 tablet_service.cc:1917] Received RequestConsensusVote() RPC: tablet_id: "921a1db8e4374c3aa4d71729ade37215" candidate_uuid: "816ebf904afd4dfcafdd2e3763aab966" candidate_term: 1 candidate_status { last_received { term: 0 index: 0 } } ignore_live_leader: false dest_uuid: "71f6083dd43a4f84b92f549d3f0dd911" is_pre_election: true
I20260630 12:19:50.247817  1095 raft_consensus.cc:2468] T 921a1db8e4374c3aa4d71729ade37215 P 71f6083dd43a4f84b92f549d3f0dd911 [term 0 FOLLOWER]: Leader pre-election vote request: Granting yes vote for candidate 816ebf904afd4dfcafdd2e3763aab966 in term 0.
I20260630 12:19:50.247905   910 leader_election.cc:304] T 921a1db8e4374c3aa4d71729ade37215 P 816ebf904afd4dfcafdd2e3763aab966 [CANDIDATE]: Term 1 pre-election: Election decided. Result: candidate won. Election summary: received 2 responses out of 3 voters: 2 yes votes; 0 no votes. yes voters: 2f8162fbd47f4635b61404247f823400, 816ebf904afd4dfcafdd2e3763aab966; no voters: 
I20260630 12:19:50.248641  1147 raft_consensus.cc:2804] T 921a1db8e4374c3aa4d71729ade37215 P 816ebf904afd4dfcafdd2e3763aab966 [term 0 FOLLOWER]: Leader pre-election won for term 1
I20260630 12:19:50.248967  1147 raft_consensus.cc:493] T 921a1db8e4374c3aa4d71729ade37215 P 816ebf904afd4dfcafdd2e3763aab966 [term 0 FOLLOWER]: Starting leader election (no leader contacted us within the election timeout)
I20260630 12:19:50.249259  1147 raft_consensus.cc:3060] T 921a1db8e4374c3aa4d71729ade37215 P 816ebf904afd4dfcafdd2e3763aab966 [term 0 FOLLOWER]: Advancing to term 1
I20260630 12:19:50.253654  1147 raft_consensus.cc:515] T 921a1db8e4374c3aa4d71729ade37215 P 816ebf904afd4dfcafdd2e3763aab966 [term 1 FOLLOWER]: Starting leader election with config: opid_index: -1 OBSOLETE_local: false peers { permanent_uuid: "816ebf904afd4dfcafdd2e3763aab966" member_type: VOTER last_known_addr { host: "127.30.231.65" port: 42545 } } peers { permanent_uuid: "2f8162fbd47f4635b61404247f823400" member_type: VOTER last_known_addr { host: "127.30.231.66" port: 40187 } } peers { permanent_uuid: "71f6083dd43a4f84b92f549d3f0dd911" member_type: VOTER last_known_addr { host: "127.30.231.67" port: 38115 } }
I20260630 12:19:50.255052  1147 leader_election.cc:290] T 921a1db8e4374c3aa4d71729ade37215 P 816ebf904afd4dfcafdd2e3763aab966 [CANDIDATE]: Term 1 election: Requested vote from peers 2f8162fbd47f4635b61404247f823400 (127.30.231.66:40187), 71f6083dd43a4f84b92f549d3f0dd911 (127.30.231.67:38115)
I20260630 12:19:50.255653  1021 tablet_service.cc:1917] Received RequestConsensusVote() RPC: tablet_id: "921a1db8e4374c3aa4d71729ade37215" candidate_uuid: "816ebf904afd4dfcafdd2e3763aab966" candidate_term: 1 candidate_status { last_received { term: 0 index: 0 } } ignore_live_leader: false dest_uuid: "2f8162fbd47f4635b61404247f823400"
I20260630 12:19:50.255955  1095 tablet_service.cc:1917] Received RequestConsensusVote() RPC: tablet_id: "921a1db8e4374c3aa4d71729ade37215" candidate_uuid: "816ebf904afd4dfcafdd2e3763aab966" candidate_term: 1 candidate_status { last_received { term: 0 index: 0 } } ignore_live_leader: false dest_uuid: "71f6083dd43a4f84b92f549d3f0dd911"
I20260630 12:19:50.256167  1021 raft_consensus.cc:3060] T 921a1db8e4374c3aa4d71729ade37215 P 2f8162fbd47f4635b61404247f823400 [term 0 FOLLOWER]: Advancing to term 1
I20260630 12:19:50.256466  1095 raft_consensus.cc:3060] T 921a1db8e4374c3aa4d71729ade37215 P 71f6083dd43a4f84b92f549d3f0dd911 [term 0 FOLLOWER]: Advancing to term 1
I20260630 12:19:50.262365  1021 raft_consensus.cc:2468] T 921a1db8e4374c3aa4d71729ade37215 P 2f8162fbd47f4635b61404247f823400 [term 1 FOLLOWER]: Leader election vote request: Granting yes vote for candidate 816ebf904afd4dfcafdd2e3763aab966 in term 1.
I20260630 12:19:50.262476  1095 raft_consensus.cc:2468] T 921a1db8e4374c3aa4d71729ade37215 P 71f6083dd43a4f84b92f549d3f0dd911 [term 1 FOLLOWER]: Leader election vote request: Granting yes vote for candidate 816ebf904afd4dfcafdd2e3763aab966 in term 1.
I20260630 12:19:50.263325   910 leader_election.cc:304] T 921a1db8e4374c3aa4d71729ade37215 P 816ebf904afd4dfcafdd2e3763aab966 [CANDIDATE]: Term 1 election: Election decided. Result: candidate won. Election summary: received 2 responses out of 3 voters: 2 yes votes; 0 no votes. yes voters: 2f8162fbd47f4635b61404247f823400, 816ebf904afd4dfcafdd2e3763aab966; no voters: 
I20260630 12:19:50.263883  1147 raft_consensus.cc:2804] T 921a1db8e4374c3aa4d71729ade37215 P 816ebf904afd4dfcafdd2e3763aab966 [term 1 FOLLOWER]: Leader election won for term 1
I20260630 12:19:50.264694  1147 raft_consensus.cc:697] T 921a1db8e4374c3aa4d71729ade37215 P 816ebf904afd4dfcafdd2e3763aab966 [term 1 LEADER]: Becoming Leader. State: Replica: 816ebf904afd4dfcafdd2e3763aab966, State: Running, Role: LEADER
I20260630 12:19:50.265265  1147 consensus_queue.cc:237] T 921a1db8e4374c3aa4d71729ade37215 P 816ebf904afd4dfcafdd2e3763aab966 [LEADER]: Queue going to LEADER mode. State: All replicated index: 0, Majority replicated index: 0, Committed index: 0, Last appended: 0.0, Last appended by leader: 0, Current term: 1, Majority size: 2, State: 0, Mode: LEADER, active raft config: opid_index: -1 OBSOLETE_local: false peers { permanent_uuid: "816ebf904afd4dfcafdd2e3763aab966" member_type: VOTER last_known_addr { host: "127.30.231.65" port: 42545 } } peers { permanent_uuid: "2f8162fbd47f4635b61404247f823400" member_type: VOTER last_known_addr { host: "127.30.231.66" port: 40187 } } peers { permanent_uuid: "71f6083dd43a4f84b92f549d3f0dd911" member_type: VOTER last_known_addr { host: "127.30.231.67" port: 38115 } }
I20260630 12:19:50.271329   844 catalog_manager.cc:5697] T 921a1db8e4374c3aa4d71729ade37215 P 816ebf904afd4dfcafdd2e3763aab966 reported cstate change: term changed from 0 to 1, leader changed from <none> to 816ebf904afd4dfcafdd2e3763aab966 (127.30.231.65). New cstate: current_term: 1 leader_uuid: "816ebf904afd4dfcafdd2e3763aab966" committed_config { opid_index: -1 OBSOLETE_local: false peers { permanent_uuid: "816ebf904afd4dfcafdd2e3763aab966" member_type: VOTER last_known_addr { host: "127.30.231.65" port: 42545 } health_report { overall_health: HEALTHY } } peers { permanent_uuid: "2f8162fbd47f4635b61404247f823400" member_type: VOTER last_known_addr { host: "127.30.231.66" port: 40187 } health_report { overall_health: UNKNOWN } } peers { permanent_uuid: "71f6083dd43a4f84b92f549d3f0dd911" member_type: VOTER last_known_addr { host: "127.30.231.67" port: 38115 } health_report { overall_health: UNKNOWN } } }
I20260630 12:19:50.361615   897 auto_leader_rebalancer.cc:141] leader rebalance for table test-workload
I20260630 12:19:50.363509   897 auto_leader_rebalancer.cc:440] table: test-workload, leader rebalance finish, leader transfer count: 0
I20260630 12:19:50.363811   897 auto_leader_rebalancer.cc:515] All tables' leader rebalancing finished this round
I20260630 12:19:50.478891  1146 consensus_queue.cc:1048] T d5929071e7eb428ea700302329d8b3a7 P 71f6083dd43a4f84b92f549d3f0dd911 [LEADER]: Connected to new peer: Peer: permanent_uuid: "816ebf904afd4dfcafdd2e3763aab966" member_type: VOTER last_known_addr { host: "127.30.231.65" port: 42545 }, Status: LMP_MISMATCH, Last received: 0.0, Next index: 1, Last known committed idx: 0, Time since last communication: 0.000s
I20260630 12:19:50.489205  1162 consensus_queue.cc:1048] T d5929071e7eb428ea700302329d8b3a7 P 71f6083dd43a4f84b92f549d3f0dd911 [LEADER]: Connected to new peer: Peer: permanent_uuid: "2f8162fbd47f4635b61404247f823400" member_type: VOTER last_known_addr { host: "127.30.231.66" port: 40187 }, Status: LMP_MISMATCH, Last received: 0.0, Next index: 1, Last known committed idx: 0, Time since last communication: 0.001s
