[==========] Running 26 tests from 2 test suites.
[----------] Global test environment set-up.
[----------] 24 tests from AutoRebalancerTest
[ RUN      ] AutoRebalancerTest.OnlyLeaderDoesAutoRebalancing
WARNING: Logging before InitGoogleLogging() is written to STDERR
I20260630 12:19:23.803974 31645 internal_mini_cluster.cc:156] Creating distributed mini masters. Addrs: 127.30.231.126:43143,127.30.231.125:38683,127.30.231.124:40961
I20260630 12:19:23.805625 31645 env_posix.cc:2267] Not raising this process' open files per process limit of 1048576; it is already as high as it can go
I20260630 12:19:23.806579 31645 file_cache.cc:492] Constructed file cache file cache with capacity 419430
W20260630 12:19:23.821823 31654 instance_detector.cc:116] could not retrieve OpenStack instance metadata: Network error: curl error: HTTP response code said error: The requested URL returned error: 404
W20260630 12:19:23.821851 31651 instance_detector.cc:116] could not retrieve AWS instance metadata: Network error: curl error: HTTP response code said error: The requested URL returned error: 404
I20260630 12:19:23.823781 31645 server_base.cc:1061] running on GCE node
W20260630 12:19:23.822135 31652 instance_detector.cc:116] could not retrieve Azure instance metadata: Network error: curl error: HTTP response code said error: The requested URL returned error: 404
I20260630 12:19:24.935902 31645 hybrid_clock.cc:584] initializing the hybrid clock with 'system_unsync' time source
W20260630 12:19:24.936129 31645 system_unsync_time.cc:38] NTP support is disabled. Clock error bounds will not be accurate. This configuration is not suitable for distributed clusters.
I20260630 12:19:24.936278 31645 hybrid_clock.cc:648] HybridClock initialized: now 1782821964936262 us; error 0 us; skew 500 ppm
I20260630 12:19:24.937018 31645 server_base.cc:861] Flag tcmalloc_max_total_thread_cache_bytes is not working since tcmalloc is not enabled.
I20260630 12:19:24.941924 31645 webserver.cc:533] Webserver started at http://127.30.231.126:40801/ using document root <none> and password file <none>
I20260630 12:19:24.942684 31645 fs_manager.cc:362] Metadata directory not provided
I20260630 12:19:24.942868 31645 fs_manager.cc:368] Using write-ahead log directory (fs_wal_dir) as metadata directory
I20260630 12:19:24.943320 31645 server_base.cc:909] This appears to be a new deployment of Kudu; creating new FS layout
I20260630 12:19:24.948760 31645 fs_manager.cc:1068] Generated new instance metadata in path /tmp/dist-test-task1rYA1n/test-tmp/auto_rebalancer-test.0.AutoRebalancerTest.OnlyLeaderDoesAutoRebalancing.1782821963645367-31645-0/minicluster-data/master-0-root/instance:
uuid: "69c34dbae58f417083d61a588198fc84"
format_stamp: "Formatted at 2026-06-30 12:19:24 on dist-test-slave-zqjq"
I20260630 12:19:24.955819 31645 fs_manager.cc:696] Time spent creating directory manager: real 0.006s	user 0.004s	sys 0.004s
I20260630 12:19:24.960448 31660 log_block_manager.cc:4031] Time spent loading block containers with low live blocks: real 0.000s	user 0.000s	sys 0.000s
I20260630 12:19:24.961447 31645 fs_manager.cc:730] Time spent opening block manager: real 0.003s	user 0.002s	sys 0.000s
I20260630 12:19:24.961740 31645 fs_manager.cc:647] Opened local filesystem: /tmp/dist-test-task1rYA1n/test-tmp/auto_rebalancer-test.0.AutoRebalancerTest.OnlyLeaderDoesAutoRebalancing.1782821963645367-31645-0/minicluster-data/master-0-root
uuid: "69c34dbae58f417083d61a588198fc84"
format_stamp: "Formatted at 2026-06-30 12:19:24 on dist-test-slave-zqjq"
I20260630 12:19:24.962037 31645 fs_report.cc:389] FS layout report
--------------------
wal directory: /tmp/dist-test-task1rYA1n/test-tmp/auto_rebalancer-test.0.AutoRebalancerTest.OnlyLeaderDoesAutoRebalancing.1782821963645367-31645-0/minicluster-data/master-0-root
metadata directory: /tmp/dist-test-task1rYA1n/test-tmp/auto_rebalancer-test.0.AutoRebalancerTest.OnlyLeaderDoesAutoRebalancing.1782821963645367-31645-0/minicluster-data/master-0-root
1 data directories: /tmp/dist-test-task1rYA1n/test-tmp/auto_rebalancer-test.0.AutoRebalancerTest.OnlyLeaderDoesAutoRebalancing.1782821963645367-31645-0/minicluster-data/master-0-root/data
Total live blocks: 0
Total live bytes: 0
Total live bytes (after alignment): 0
Total number of LBM containers: 0 (0 full)
Did not check for missing blocks
Did not check for orphaned blocks
Total full LBM containers with extra space: 0 (0 repaired)
Total full LBM container extra space in bytes: 0 (0 repaired)
Total incomplete LBM containers: 0 (0 repaired)
Total LBM partial records: 0 (0 repaired)
Total corrupted LBM metadata records in RocksDB: 0 (0 repaired)
I20260630 12:19:25.021782 31645 rpc_server.cc:225] running with OpenSSL 1.1.1  11 Sep 2018
I20260630 12:19:25.023227 31645 env_posix.cc:2267] Not raising this process' running threads per effective uid limit of 18446744073709551615; it is already as high as it can go
I20260630 12:19:25.023640 31645 kserver.cc:163] Server-wide thread pool size limit: 3276
I20260630 12:19:25.089040 31645 rpc_server.cc:307] RPC server started. Bound to: 127.30.231.126:43143
I20260630 12:19:25.089089 31711 acceptor_pool.cc:272] collecting diagnostics on the listening RPC socket 127.30.231.126:43143 every 8 connection(s)
I20260630 12:19:25.094651 31645 file_cache.cc:492] Constructed file cache file cache with capacity 419430
I20260630 12:19:25.096573 31712 data_dirs.cc:400] Could only allocate 1 dirs of requested 3 for tablet 00000000000000000000000000000000. 1 dirs total, 0 dirs full, 0 dirs failed
W20260630 12:19:25.100445 31714 instance_detector.cc:116] could not retrieve AWS instance metadata: Network error: curl error: HTTP response code said error: The requested URL returned error: 404
W20260630 12:19:25.101647 31715 instance_detector.cc:116] could not retrieve Azure instance metadata: Network error: curl error: HTTP response code said error: The requested URL returned error: 404
W20260630 12:19:25.104432 31717 instance_detector.cc:116] could not retrieve OpenStack instance metadata: Network error: curl error: HTTP response code said error: The requested URL returned error: 404
I20260630 12:19:25.108801 31645 server_base.cc:1061] running on GCE node
I20260630 12:19:25.109599 31645 hybrid_clock.cc:584] initializing the hybrid clock with 'system_unsync' time source
W20260630 12:19:25.109839 31645 system_unsync_time.cc:38] NTP support is disabled. Clock error bounds will not be accurate. This configuration is not suitable for distributed clusters.
I20260630 12:19:25.110025 31645 hybrid_clock.cc:648] HybridClock initialized: now 1782821965110005 us; error 0 us; skew 500 ppm
I20260630 12:19:25.110723 31645 server_base.cc:861] Flag tcmalloc_max_total_thread_cache_bytes is not working since tcmalloc is not enabled.
I20260630 12:19:25.114233 31645 webserver.cc:533] Webserver started at http://127.30.231.125:35431/ using document root <none> and password file <none>
I20260630 12:19:25.114737 31645 fs_manager.cc:362] Metadata directory not provided
I20260630 12:19:25.114917 31645 fs_manager.cc:368] Using write-ahead log directory (fs_wal_dir) as metadata directory
I20260630 12:19:25.115178 31645 server_base.cc:909] This appears to be a new deployment of Kudu; creating new FS layout
I20260630 12:19:25.116148 31645 fs_manager.cc:1068] Generated new instance metadata in path /tmp/dist-test-task1rYA1n/test-tmp/auto_rebalancer-test.0.AutoRebalancerTest.OnlyLeaderDoesAutoRebalancing.1782821963645367-31645-0/minicluster-data/master-1-root/instance:
uuid: "9e13fd3399c74232a1bb02728efeb7fe"
format_stamp: "Formatted at 2026-06-30 12:19:25 on dist-test-slave-zqjq"
I20260630 12:19:25.117475 31712 sys_catalog.cc:422] member_type: VOTER last_known_addr { host: "127.30.231.126" port: 43143 } has no permanent_uuid. Determining permanent_uuid...
I20260630 12:19:25.121071 31645 fs_manager.cc:696] Time spent creating directory manager: real 0.004s	user 0.006s	sys 0.000s
I20260630 12:19:25.126255 31724 log_block_manager.cc:4031] Time spent loading block containers with low live blocks: real 0.000s	user 0.000s	sys 0.000s
I20260630 12:19:25.127048 31645 fs_manager.cc:730] Time spent opening block manager: real 0.003s	user 0.001s	sys 0.003s
I20260630 12:19:25.127302 31645 fs_manager.cc:647] Opened local filesystem: /tmp/dist-test-task1rYA1n/test-tmp/auto_rebalancer-test.0.AutoRebalancerTest.OnlyLeaderDoesAutoRebalancing.1782821963645367-31645-0/minicluster-data/master-1-root
uuid: "9e13fd3399c74232a1bb02728efeb7fe"
format_stamp: "Formatted at 2026-06-30 12:19:25 on dist-test-slave-zqjq"
I20260630 12:19:25.127535 31645 fs_report.cc:389] FS layout report
--------------------
wal directory: /tmp/dist-test-task1rYA1n/test-tmp/auto_rebalancer-test.0.AutoRebalancerTest.OnlyLeaderDoesAutoRebalancing.1782821963645367-31645-0/minicluster-data/master-1-root
metadata directory: /tmp/dist-test-task1rYA1n/test-tmp/auto_rebalancer-test.0.AutoRebalancerTest.OnlyLeaderDoesAutoRebalancing.1782821963645367-31645-0/minicluster-data/master-1-root
1 data directories: /tmp/dist-test-task1rYA1n/test-tmp/auto_rebalancer-test.0.AutoRebalancerTest.OnlyLeaderDoesAutoRebalancing.1782821963645367-31645-0/minicluster-data/master-1-root/data
Total live blocks: 0
Total live bytes: 0
Total live bytes (after alignment): 0
Total number of LBM containers: 0 (0 full)
Did not check for missing blocks
Did not check for orphaned blocks
Total full LBM containers with extra space: 0 (0 repaired)
Total full LBM container extra space in bytes: 0 (0 repaired)
Total incomplete LBM containers: 0 (0 repaired)
Total LBM partial records: 0 (0 repaired)
Total corrupted LBM metadata records in RocksDB: 0 (0 repaired)
I20260630 12:19:25.144887 31712 sys_catalog.cc:422] member_type: VOTER last_known_addr { host: "127.30.231.125" port: 38683 } has no permanent_uuid. Determining permanent_uuid...
W20260630 12:19:25.147073 31664 proxy.cc:239] Call had error, refreshing address and retrying: Network error: Client connection negotiation failed: client connection to 127.30.231.125:38683: connect: Connection refused (error 111)
W20260630 12:19:25.151191 31712 consensus_peers.cc:760] Error getting permanent uuid from config peer 127.30.231.125:38683: Network error: Client connection negotiation failed: client connection to 127.30.231.125:38683: connect: Connection refused (error 111)
I20260630 12:19:25.154270 31645 rpc_server.cc:225] running with OpenSSL 1.1.1  11 Sep 2018
I20260630 12:19:25.155464 31645 kserver.cc:163] Server-wide thread pool size limit: 3276
I20260630 12:19:25.200696 31712 consensus_peers.cc:770] Retrying to get permanent uuid for remote peer: member_type: VOTER last_known_addr { host: "127.30.231.125" port: 38683 } attempt: 1
W20260630 12:19:25.205313 31712 consensus_peers.cc:760] Error getting permanent uuid from config peer 127.30.231.125:38683: Network error: Client connection negotiation failed: client connection to 127.30.231.125:38683: connect: Connection refused (error 111)
I20260630 12:19:25.218525 31645 rpc_server.cc:307] RPC server started. Bound to: 127.30.231.125:38683
I20260630 12:19:25.218703 31776 acceptor_pool.cc:272] collecting diagnostics on the listening RPC socket 127.30.231.125:38683 every 8 connection(s)
I20260630 12:19:25.223222 31777 data_dirs.cc:400] Could only allocate 1 dirs of requested 3 for tablet 00000000000000000000000000000000. 1 dirs total, 0 dirs full, 0 dirs failed
I20260630 12:19:25.223855 31645 file_cache.cc:492] Constructed file cache file cache with capacity 419430
W20260630 12:19:25.229220 31779 instance_detector.cc:116] could not retrieve AWS instance metadata: Network error: curl error: HTTP response code said error: The requested URL returned error: 404
I20260630 12:19:25.229856 31777 sys_catalog.cc:422] member_type: VOTER last_known_addr { host: "127.30.231.126" port: 43143 } has no permanent_uuid. Determining permanent_uuid...
W20260630 12:19:25.230569 31780 instance_detector.cc:116] could not retrieve Azure instance metadata: Network error: curl error: HTTP response code said error: The requested URL returned error: 404
W20260630 12:19:25.237291 31782 instance_detector.cc:116] could not retrieve OpenStack instance metadata: Network error: curl error: HTTP response code said error: The requested URL returned error: 404
I20260630 12:19:25.237437 31645 server_base.cc:1061] running on GCE node
I20260630 12:19:25.238420 31645 hybrid_clock.cc:584] initializing the hybrid clock with 'system_unsync' time source
W20260630 12:19:25.238699 31645 system_unsync_time.cc:38] NTP support is disabled. Clock error bounds will not be accurate. This configuration is not suitable for distributed clusters.
I20260630 12:19:25.238899 31645 hybrid_clock.cc:648] HybridClock initialized: now 1782821965238880 us; error 0 us; skew 500 ppm
I20260630 12:19:25.239602 31645 server_base.cc:861] Flag tcmalloc_max_total_thread_cache_bytes is not working since tcmalloc is not enabled.
I20260630 12:19:25.245167 31645 webserver.cc:533] Webserver started at http://127.30.231.124:43777/ using document root <none> and password file <none>
I20260630 12:19:25.245559 31777 sys_catalog.cc:422] member_type: VOTER last_known_addr { host: "127.30.231.125" port: 38683 } has no permanent_uuid. Determining permanent_uuid...
I20260630 12:19:25.245786 31645 fs_manager.cc:362] Metadata directory not provided
I20260630 12:19:25.246054 31645 fs_manager.cc:368] Using write-ahead log directory (fs_wal_dir) as metadata directory
I20260630 12:19:25.246348 31645 server_base.cc:909] This appears to be a new deployment of Kudu; creating new FS layout
I20260630 12:19:25.248047 31645 fs_manager.cc:1068] Generated new instance metadata in path /tmp/dist-test-task1rYA1n/test-tmp/auto_rebalancer-test.0.AutoRebalancerTest.OnlyLeaderDoesAutoRebalancing.1782821963645367-31645-0/minicluster-data/master-2-root/instance:
uuid: "61167b703ec74445a1c36b17b0719eb0"
format_stamp: "Formatted at 2026-06-30 12:19:25 on dist-test-slave-zqjq"
I20260630 12:19:25.254606 31645 fs_manager.cc:696] Time spent creating directory manager: real 0.006s	user 0.007s	sys 0.000s
I20260630 12:19:25.257893 31777 sys_catalog.cc:422] member_type: VOTER last_known_addr { host: "127.30.231.124" port: 40961 } has no permanent_uuid. Determining permanent_uuid...
I20260630 12:19:25.259471 31789 log_block_manager.cc:4031] Time spent loading block containers with low live blocks: real 0.000s	user 0.000s	sys 0.000s
I20260630 12:19:25.260289 31645 fs_manager.cc:730] Time spent opening block manager: real 0.003s	user 0.003s	sys 0.002s
I20260630 12:19:25.260560 31645 fs_manager.cc:647] Opened local filesystem: /tmp/dist-test-task1rYA1n/test-tmp/auto_rebalancer-test.0.AutoRebalancerTest.OnlyLeaderDoesAutoRebalancing.1782821963645367-31645-0/minicluster-data/master-2-root
uuid: "61167b703ec74445a1c36b17b0719eb0"
format_stamp: "Formatted at 2026-06-30 12:19:25 on dist-test-slave-zqjq"
I20260630 12:19:25.260828 31645 fs_report.cc:389] FS layout report
--------------------
wal directory: /tmp/dist-test-task1rYA1n/test-tmp/auto_rebalancer-test.0.AutoRebalancerTest.OnlyLeaderDoesAutoRebalancing.1782821963645367-31645-0/minicluster-data/master-2-root
metadata directory: /tmp/dist-test-task1rYA1n/test-tmp/auto_rebalancer-test.0.AutoRebalancerTest.OnlyLeaderDoesAutoRebalancing.1782821963645367-31645-0/minicluster-data/master-2-root
1 data directories: /tmp/dist-test-task1rYA1n/test-tmp/auto_rebalancer-test.0.AutoRebalancerTest.OnlyLeaderDoesAutoRebalancing.1782821963645367-31645-0/minicluster-data/master-2-root/data
Total live blocks: 0
Total live bytes: 0
Total live bytes (after alignment): 0
Total number of LBM containers: 0 (0 full)
Did not check for missing blocks
Did not check for orphaned blocks
Total full LBM containers with extra space: 0 (0 repaired)
Total full LBM container extra space in bytes: 0 (0 repaired)
Total incomplete LBM containers: 0 (0 repaired)
Total LBM partial records: 0 (0 repaired)
Total corrupted LBM metadata records in RocksDB: 0 (0 repaired)
W20260630 12:19:25.263150 31777 consensus_peers.cc:760] Error getting permanent uuid from config peer 127.30.231.124:40961: Network error: Client connection negotiation failed: client connection to 127.30.231.124:40961: connect: Connection refused (error 111)
I20260630 12:19:25.272945 31645 rpc_server.cc:225] running with OpenSSL 1.1.1  11 Sep 2018
I20260630 12:19:25.273713 31712 consensus_peers.cc:770] Retrying to get permanent uuid for remote peer: member_type: VOTER last_known_addr { host: "127.30.231.125" port: 38683 } attempt: 2
I20260630 12:19:25.274283 31645 kserver.cc:163] Server-wide thread pool size limit: 3276
I20260630 12:19:25.283540 31712 sys_catalog.cc:422] member_type: VOTER last_known_addr { host: "127.30.231.124" port: 40961 } has no permanent_uuid. Determining permanent_uuid...
W20260630 12:19:25.288129 31712 consensus_peers.cc:760] Error getting permanent uuid from config peer 127.30.231.124:40961: Network error: Client connection negotiation failed: client connection to 127.30.231.124:40961: connect: Connection refused (error 111)
I20260630 12:19:25.306823 31777 consensus_peers.cc:770] Retrying to get permanent uuid for remote peer: member_type: VOTER last_known_addr { host: "127.30.231.124" port: 40961 } attempt: 1
W20260630 12:19:25.311792 31777 consensus_peers.cc:760] Error getting permanent uuid from config peer 127.30.231.124:40961: Network error: Client connection negotiation failed: client connection to 127.30.231.124:40961: connect: Connection refused (error 111)
I20260630 12:19:25.319507 31712 consensus_peers.cc:770] Retrying to get permanent uuid for remote peer: member_type: VOTER last_known_addr { host: "127.30.231.124" port: 40961 } attempt: 1
W20260630 12:19:25.324689 31712 consensus_peers.cc:760] Error getting permanent uuid from config peer 127.30.231.124:40961: Network error: Client connection negotiation failed: client connection to 127.30.231.124:40961: connect: Connection refused (error 111)
I20260630 12:19:25.344765 31645 rpc_server.cc:307] RPC server started. Bound to: 127.30.231.124:40961
I20260630 12:19:25.344820 31841 acceptor_pool.cc:272] collecting diagnostics on the listening RPC socket 127.30.231.124:40961 every 8 connection(s)
I20260630 12:19:25.348801 31645 internal_mini_cluster.cc:184] Waiting to initialize catalog manager on master 0
I20260630 12:19:25.348906 31842 data_dirs.cc:400] Could only allocate 1 dirs of requested 3 for tablet 00000000000000000000000000000000. 1 dirs total, 0 dirs full, 0 dirs failed
I20260630 12:19:25.354071 31842 sys_catalog.cc:422] member_type: VOTER last_known_addr { host: "127.30.231.126" port: 43143 } has no permanent_uuid. Determining permanent_uuid...
I20260630 12:19:25.364600 31842 sys_catalog.cc:422] member_type: VOTER last_known_addr { host: "127.30.231.125" port: 38683 } has no permanent_uuid. Determining permanent_uuid...
I20260630 12:19:25.372061 31842 sys_catalog.cc:422] member_type: VOTER last_known_addr { host: "127.30.231.124" port: 40961 } has no permanent_uuid. Determining permanent_uuid...
I20260630 12:19:25.387231 31777 consensus_peers.cc:770] Retrying to get permanent uuid for remote peer: member_type: VOTER last_known_addr { host: "127.30.231.124" port: 40961 } attempt: 2
I20260630 12:19:25.387459 31842 tablet_bootstrap.cc:492] T 00000000000000000000000000000000 P 61167b703ec74445a1c36b17b0719eb0: Bootstrap starting.
I20260630 12:19:25.392053 31712 consensus_peers.cc:770] Retrying to get permanent uuid for remote peer: member_type: VOTER last_known_addr { host: "127.30.231.124" port: 40961 } attempt: 2
I20260630 12:19:25.395479 31842 tablet_bootstrap.cc:654] T 00000000000000000000000000000000 P 61167b703ec74445a1c36b17b0719eb0: Neither blocks nor log segments found. Creating new log.
I20260630 12:19:25.397678 31842 log.cc:826] T 00000000000000000000000000000000 P 61167b703ec74445a1c36b17b0719eb0: Log is configured to *not* fsync() on all Append() calls
I20260630 12:19:25.402601 31777 tablet_bootstrap.cc:492] T 00000000000000000000000000000000 P 9e13fd3399c74232a1bb02728efeb7fe: Bootstrap starting.
I20260630 12:19:25.403609 31842 tablet_bootstrap.cc:492] T 00000000000000000000000000000000 P 61167b703ec74445a1c36b17b0719eb0: No bootstrap required, opened a new log
I20260630 12:19:25.408229 31777 tablet_bootstrap.cc:654] T 00000000000000000000000000000000 P 9e13fd3399c74232a1bb02728efeb7fe: Neither blocks nor log segments found. Creating new log.
I20260630 12:19:25.410501 31712 tablet_bootstrap.cc:492] T 00000000000000000000000000000000 P 69c34dbae58f417083d61a588198fc84: Bootstrap starting.
I20260630 12:19:25.413923 31777 tablet_bootstrap.cc:492] T 00000000000000000000000000000000 P 9e13fd3399c74232a1bb02728efeb7fe: No bootstrap required, opened a new log
I20260630 12:19:25.416399 31712 tablet_bootstrap.cc:654] T 00000000000000000000000000000000 P 69c34dbae58f417083d61a588198fc84: Neither blocks nor log segments found. Creating new log.
I20260630 12:19:25.421124 31712 tablet_bootstrap.cc:492] T 00000000000000000000000000000000 P 69c34dbae58f417083d61a588198fc84: No bootstrap required, opened a new log
I20260630 12:19:25.422499 31842 raft_consensus.cc:359] T 00000000000000000000000000000000 P 61167b703ec74445a1c36b17b0719eb0 [term 0 FOLLOWER]: Replica starting. Triggering 0 pending ops. Active config: opid_index: -1 OBSOLETE_local: false peers { permanent_uuid: "69c34dbae58f417083d61a588198fc84" member_type: VOTER last_known_addr { host: "127.30.231.126" port: 43143 } } peers { permanent_uuid: "9e13fd3399c74232a1bb02728efeb7fe" member_type: VOTER last_known_addr { host: "127.30.231.125" port: 38683 } } peers { permanent_uuid: "61167b703ec74445a1c36b17b0719eb0" member_type: VOTER last_known_addr { host: "127.30.231.124" port: 40961 } }
I20260630 12:19:25.422516 31777 raft_consensus.cc:359] T 00000000000000000000000000000000 P 9e13fd3399c74232a1bb02728efeb7fe [term 0 FOLLOWER]: Replica starting. Triggering 0 pending ops. Active config: opid_index: -1 OBSOLETE_local: false peers { permanent_uuid: "69c34dbae58f417083d61a588198fc84" member_type: VOTER last_known_addr { host: "127.30.231.126" port: 43143 } } peers { permanent_uuid: "9e13fd3399c74232a1bb02728efeb7fe" member_type: VOTER last_known_addr { host: "127.30.231.125" port: 38683 } } peers { permanent_uuid: "61167b703ec74445a1c36b17b0719eb0" member_type: VOTER last_known_addr { host: "127.30.231.124" port: 40961 } }
I20260630 12:19:25.423179 31842 raft_consensus.cc:385] T 00000000000000000000000000000000 P 61167b703ec74445a1c36b17b0719eb0 [term 0 FOLLOWER]: Consensus starting up: Expiring failure detector timer to make a prompt election more likely
I20260630 12:19:25.423295 31777 raft_consensus.cc:385] T 00000000000000000000000000000000 P 9e13fd3399c74232a1bb02728efeb7fe [term 0 FOLLOWER]: Consensus starting up: Expiring failure detector timer to make a prompt election more likely
I20260630 12:19:25.423461 31842 raft_consensus.cc:740] T 00000000000000000000000000000000 P 61167b703ec74445a1c36b17b0719eb0 [term 0 FOLLOWER]: Becoming Follower/Learner. State: Replica: 61167b703ec74445a1c36b17b0719eb0, State: Initialized, Role: FOLLOWER
I20260630 12:19:25.423633 31777 raft_consensus.cc:740] T 00000000000000000000000000000000 P 9e13fd3399c74232a1bb02728efeb7fe [term 0 FOLLOWER]: Becoming Follower/Learner. State: Replica: 9e13fd3399c74232a1bb02728efeb7fe, State: Initialized, Role: FOLLOWER
I20260630 12:19:25.423408 31712 raft_consensus.cc:359] T 00000000000000000000000000000000 P 69c34dbae58f417083d61a588198fc84 [term 0 FOLLOWER]: Replica starting. Triggering 0 pending ops. Active config: opid_index: -1 OBSOLETE_local: false peers { permanent_uuid: "69c34dbae58f417083d61a588198fc84" member_type: VOTER last_known_addr { host: "127.30.231.126" port: 43143 } } peers { permanent_uuid: "9e13fd3399c74232a1bb02728efeb7fe" member_type: VOTER last_known_addr { host: "127.30.231.125" port: 38683 } } peers { permanent_uuid: "61167b703ec74445a1c36b17b0719eb0" member_type: VOTER last_known_addr { host: "127.30.231.124" port: 40961 } }
I20260630 12:19:25.424124 31712 raft_consensus.cc:385] T 00000000000000000000000000000000 P 69c34dbae58f417083d61a588198fc84 [term 0 FOLLOWER]: Consensus starting up: Expiring failure detector timer to make a prompt election more likely
I20260630 12:19:25.424388 31712 raft_consensus.cc:740] T 00000000000000000000000000000000 P 69c34dbae58f417083d61a588198fc84 [term 0 FOLLOWER]: Becoming Follower/Learner. State: Replica: 69c34dbae58f417083d61a588198fc84, State: Initialized, Role: FOLLOWER
I20260630 12:19:25.424477 31842 consensus_queue.cc:260] T 00000000000000000000000000000000 P 61167b703ec74445a1c36b17b0719eb0 [NON_LEADER]: Queue going to NON_LEADER mode. State: All replicated index: 0, Majority replicated index: 0, Committed index: 0, Last appended: 0.0, Last appended by leader: 0, Current term: 0, Majority size: -1, State: 0, Mode: NON_LEADER, active raft config: opid_index: -1 OBSOLETE_local: false peers { permanent_uuid: "69c34dbae58f417083d61a588198fc84" member_type: VOTER last_known_addr { host: "127.30.231.126" port: 43143 } } peers { permanent_uuid: "9e13fd3399c74232a1bb02728efeb7fe" member_type: VOTER last_known_addr { host: "127.30.231.125" port: 38683 } } peers { permanent_uuid: "61167b703ec74445a1c36b17b0719eb0" member_type: VOTER last_known_addr { host: "127.30.231.124" port: 40961 } }
I20260630 12:19:25.424481 31777 consensus_queue.cc:260] T 00000000000000000000000000000000 P 9e13fd3399c74232a1bb02728efeb7fe [NON_LEADER]: Queue going to NON_LEADER mode. State: All replicated index: 0, Majority replicated index: 0, Committed index: 0, Last appended: 0.0, Last appended by leader: 0, Current term: 0, Majority size: -1, State: 0, Mode: NON_LEADER, active raft config: opid_index: -1 OBSOLETE_local: false peers { permanent_uuid: "69c34dbae58f417083d61a588198fc84" member_type: VOTER last_known_addr { host: "127.30.231.126" port: 43143 } } peers { permanent_uuid: "9e13fd3399c74232a1bb02728efeb7fe" member_type: VOTER last_known_addr { host: "127.30.231.125" port: 38683 } } peers { permanent_uuid: "61167b703ec74445a1c36b17b0719eb0" member_type: VOTER last_known_addr { host: "127.30.231.124" port: 40961 } }
I20260630 12:19:25.425017 31712 consensus_queue.cc:260] T 00000000000000000000000000000000 P 69c34dbae58f417083d61a588198fc84 [NON_LEADER]: Queue going to NON_LEADER mode. State: All replicated index: 0, Majority replicated index: 0, Committed index: 0, Last appended: 0.0, Last appended by leader: 0, Current term: 0, Majority size: -1, State: 0, Mode: NON_LEADER, active raft config: opid_index: -1 OBSOLETE_local: false peers { permanent_uuid: "69c34dbae58f417083d61a588198fc84" member_type: VOTER last_known_addr { host: "127.30.231.126" port: 43143 } } peers { permanent_uuid: "9e13fd3399c74232a1bb02728efeb7fe" member_type: VOTER last_known_addr { host: "127.30.231.125" port: 38683 } } peers { permanent_uuid: "61167b703ec74445a1c36b17b0719eb0" member_type: VOTER last_known_addr { host: "127.30.231.124" port: 40961 } }
I20260630 12:19:25.428949 31852 sys_catalog.cc:455] T 00000000000000000000000000000000 P 69c34dbae58f417083d61a588198fc84 [sys.catalog]: SysCatalogTable state changed. Reason: RaftConsensus started. Latest consensus state: current_term: 0 committed_config { opid_index: -1 OBSOLETE_local: false peers { permanent_uuid: "69c34dbae58f417083d61a588198fc84" member_type: VOTER last_known_addr { host: "127.30.231.126" port: 43143 } } peers { permanent_uuid: "9e13fd3399c74232a1bb02728efeb7fe" member_type: VOTER last_known_addr { host: "127.30.231.125" port: 38683 } } peers { permanent_uuid: "61167b703ec74445a1c36b17b0719eb0" member_type: VOTER last_known_addr { host: "127.30.231.124" port: 40961 } } }
I20260630 12:19:25.430377 31851 sys_catalog.cc:455] T 00000000000000000000000000000000 P 61167b703ec74445a1c36b17b0719eb0 [sys.catalog]: SysCatalogTable state changed. Reason: RaftConsensus started. Latest consensus state: current_term: 0 committed_config { opid_index: -1 OBSOLETE_local: false peers { permanent_uuid: "69c34dbae58f417083d61a588198fc84" member_type: VOTER last_known_addr { host: "127.30.231.126" port: 43143 } } peers { permanent_uuid: "9e13fd3399c74232a1bb02728efeb7fe" member_type: VOTER last_known_addr { host: "127.30.231.125" port: 38683 } } peers { permanent_uuid: "61167b703ec74445a1c36b17b0719eb0" member_type: VOTER last_known_addr { host: "127.30.231.124" port: 40961 } } }
I20260630 12:19:25.431071 31852 sys_catalog.cc:458] T 00000000000000000000000000000000 P 69c34dbae58f417083d61a588198fc84 [sys.catalog]: This master's current role is: FOLLOWER
I20260630 12:19:25.431123 31851 sys_catalog.cc:458] T 00000000000000000000000000000000 P 61167b703ec74445a1c36b17b0719eb0 [sys.catalog]: This master's current role is: FOLLOWER
I20260630 12:19:25.431257 31712 sys_catalog.cc:565] T 00000000000000000000000000000000 P 69c34dbae58f417083d61a588198fc84 [sys.catalog]: configured and running, proceeding with master startup.
I20260630 12:19:25.430251 31850 sys_catalog.cc:455] T 00000000000000000000000000000000 P 9e13fd3399c74232a1bb02728efeb7fe [sys.catalog]: SysCatalogTable state changed. Reason: RaftConsensus started. Latest consensus state: current_term: 0 committed_config { opid_index: -1 OBSOLETE_local: false peers { permanent_uuid: "69c34dbae58f417083d61a588198fc84" member_type: VOTER last_known_addr { host: "127.30.231.126" port: 43143 } } peers { permanent_uuid: "9e13fd3399c74232a1bb02728efeb7fe" member_type: VOTER last_known_addr { host: "127.30.231.125" port: 38683 } } peers { permanent_uuid: "61167b703ec74445a1c36b17b0719eb0" member_type: VOTER last_known_addr { host: "127.30.231.124" port: 40961 } } }
I20260630 12:19:25.431774 31777 sys_catalog.cc:565] T 00000000000000000000000000000000 P 9e13fd3399c74232a1bb02728efeb7fe [sys.catalog]: configured and running, proceeding with master startup.
I20260630 12:19:25.431912 31850 sys_catalog.cc:458] T 00000000000000000000000000000000 P 9e13fd3399c74232a1bb02728efeb7fe [sys.catalog]: This master's current role is: FOLLOWER
I20260630 12:19:25.433339 31842 sys_catalog.cc:565] T 00000000000000000000000000000000 P 61167b703ec74445a1c36b17b0719eb0 [sys.catalog]: configured and running, proceeding with master startup.
I20260630 12:19:25.467505 31645 internal_mini_cluster.cc:184] Waiting to initialize catalog manager on master 1
W20260630 12:19:25.477278 31881 catalog_manager.cc:1594] T 00000000000000000000000000000000 P 69c34dbae58f417083d61a588198fc84: loading cluster ID for follower catalog manager: Not found: cluster ID entry not found
W20260630 12:19:25.477625 31881 catalog_manager.cc:883] Not found: cluster ID entry not found: failed to prepare follower catalog manager, will retry
W20260630 12:19:25.478036 31882 catalog_manager.cc:1594] T 00000000000000000000000000000000 P 61167b703ec74445a1c36b17b0719eb0: loading cluster ID for follower catalog manager: Not found: cluster ID entry not found
W20260630 12:19:25.478431 31882 catalog_manager.cc:883] Not found: cluster ID entry not found: failed to prepare follower catalog manager, will retry
I20260630 12:19:25.478461 31645 internal_mini_cluster.cc:184] Waiting to initialize catalog manager on master 2
I20260630 12:19:25.479954 31645 file_cache.cc:492] Constructed file cache file cache with capacity 419430
W20260630 12:19:25.483418 31886 catalog_manager.cc:1594] T 00000000000000000000000000000000 P 9e13fd3399c74232a1bb02728efeb7fe: loading cluster ID for follower catalog manager: Not found: cluster ID entry not found
W20260630 12:19:25.483711 31886 catalog_manager.cc:883] Not found: cluster ID entry not found: failed to prepare follower catalog manager, will retry
W20260630 12:19:25.487259 31887 instance_detector.cc:116] could not retrieve AWS instance metadata: Network error: curl error: HTTP response code said error: The requested URL returned error: 404
W20260630 12:19:25.488284 31888 instance_detector.cc:116] could not retrieve Azure instance metadata: Network error: curl error: HTTP response code said error: The requested URL returned error: 404
W20260630 12:19:25.492060 31890 instance_detector.cc:116] could not retrieve OpenStack instance metadata: Network error: curl error: HTTP response code said error: The requested URL returned error: 404
I20260630 12:19:25.492763 31645 server_base.cc:1061] running on GCE node
I20260630 12:19:25.493490 31645 hybrid_clock.cc:584] initializing the hybrid clock with 'system_unsync' time source
W20260630 12:19:25.493687 31645 system_unsync_time.cc:38] NTP support is disabled. Clock error bounds will not be accurate. This configuration is not suitable for distributed clusters.
I20260630 12:19:25.493835 31645 hybrid_clock.cc:648] HybridClock initialized: now 1782821965493818 us; error 0 us; skew 500 ppm
I20260630 12:19:25.494398 31645 server_base.cc:861] Flag tcmalloc_max_total_thread_cache_bytes is not working since tcmalloc is not enabled.
I20260630 12:19:25.496712 31645 webserver.cc:533] Webserver started at http://127.30.231.65:37877/ using document root <none> and password file <none>
I20260630 12:19:25.497144 31645 fs_manager.cc:362] Metadata directory not provided
I20260630 12:19:25.497328 31645 fs_manager.cc:368] Using write-ahead log directory (fs_wal_dir) as metadata directory
I20260630 12:19:25.497573 31645 server_base.cc:909] This appears to be a new deployment of Kudu; creating new FS layout
I20260630 12:19:25.498603 31645 fs_manager.cc:1068] Generated new instance metadata in path /tmp/dist-test-task1rYA1n/test-tmp/auto_rebalancer-test.0.AutoRebalancerTest.OnlyLeaderDoesAutoRebalancing.1782821963645367-31645-0/minicluster-data/ts-0-root/instance:
uuid: "3c8e70c334f04367a2df35f57f297cd5"
format_stamp: "Formatted at 2026-06-30 12:19:25 on dist-test-slave-zqjq"
I20260630 12:19:25.502900 31645 fs_manager.cc:696] Time spent creating directory manager: real 0.004s	user 0.004s	sys 0.000s
I20260630 12:19:25.506109 31895 log_block_manager.cc:4031] Time spent loading block containers with low live blocks: real 0.000s	user 0.000s	sys 0.000s
I20260630 12:19:25.506891 31645 fs_manager.cc:730] Time spent opening block manager: real 0.002s	user 0.002s	sys 0.001s
I20260630 12:19:25.507179 31645 fs_manager.cc:647] Opened local filesystem: /tmp/dist-test-task1rYA1n/test-tmp/auto_rebalancer-test.0.AutoRebalancerTest.OnlyLeaderDoesAutoRebalancing.1782821963645367-31645-0/minicluster-data/ts-0-root
uuid: "3c8e70c334f04367a2df35f57f297cd5"
format_stamp: "Formatted at 2026-06-30 12:19:25 on dist-test-slave-zqjq"
I20260630 12:19:25.507431 31645 fs_report.cc:389] FS layout report
--------------------
wal directory: /tmp/dist-test-task1rYA1n/test-tmp/auto_rebalancer-test.0.AutoRebalancerTest.OnlyLeaderDoesAutoRebalancing.1782821963645367-31645-0/minicluster-data/ts-0-root
metadata directory: /tmp/dist-test-task1rYA1n/test-tmp/auto_rebalancer-test.0.AutoRebalancerTest.OnlyLeaderDoesAutoRebalancing.1782821963645367-31645-0/minicluster-data/ts-0-root
1 data directories: /tmp/dist-test-task1rYA1n/test-tmp/auto_rebalancer-test.0.AutoRebalancerTest.OnlyLeaderDoesAutoRebalancing.1782821963645367-31645-0/minicluster-data/ts-0-root/data
Total live blocks: 0
Total live bytes: 0
Total live bytes (after alignment): 0
Total number of LBM containers: 0 (0 full)
Did not check for missing blocks
Did not check for orphaned blocks
Total full LBM containers with extra space: 0 (0 repaired)
Total full LBM container extra space in bytes: 0 (0 repaired)
Total incomplete LBM containers: 0 (0 repaired)
Total LBM partial records: 0 (0 repaired)
Total corrupted LBM metadata records in RocksDB: 0 (0 repaired)
W20260630 12:19:25.528707 31666 tablet.cc:2406] T 00000000000000000000000000000000 P 69c34dbae58f417083d61a588198fc84: Can't schedule compaction. Clean time has not been advanced past its initial value.
I20260630 12:19:25.537840 31645 rpc_server.cc:225] running with OpenSSL 1.1.1  11 Sep 2018
I20260630 12:19:25.539113 31645 kserver.cc:163] Server-wide thread pool size limit: 3276
I20260630 12:19:25.541170 31645 txn_system_client.cc:432] TxnSystemClient initialization is disabled...
I20260630 12:19:25.545003 31645 ts_tablet_manager.cc:585] Loaded tablet metadata (0 total tablets, 0 live tablets)
I20260630 12:19:25.545217 31645 ts_tablet_manager.cc:531] Time spent load tablet metadata: real 0.000s	user 0.000s	sys 0.000s
I20260630 12:19:25.545446 31645 ts_tablet_manager.cc:616] Registered 0 tablets
I20260630 12:19:25.545599 31645 ts_tablet_manager.cc:595] Time spent register tablets: real 0.000s	user 0.000s	sys 0.000s
I20260630 12:19:25.631405 31645 rpc_server.cc:307] RPC server started. Bound to: 127.30.231.65:42927
I20260630 12:19:25.631613 31957 acceptor_pool.cc:272] collecting diagnostics on the listening RPC socket 127.30.231.65:42927 every 8 connection(s)
I20260630 12:19:25.640292 31850 raft_consensus.cc:493] T 00000000000000000000000000000000 P 9e13fd3399c74232a1bb02728efeb7fe [term 0 FOLLOWER]: Starting pre-election (no leader contacted us within the election timeout)
I20260630 12:19:25.640884 31850 raft_consensus.cc:515] T 00000000000000000000000000000000 P 9e13fd3399c74232a1bb02728efeb7fe [term 0 FOLLOWER]: Starting pre-election with config: opid_index: -1 OBSOLETE_local: false peers { permanent_uuid: "69c34dbae58f417083d61a588198fc84" member_type: VOTER last_known_addr { host: "127.30.231.126" port: 43143 } } peers { permanent_uuid: "9e13fd3399c74232a1bb02728efeb7fe" member_type: VOTER last_known_addr { host: "127.30.231.125" port: 38683 } } peers { permanent_uuid: "61167b703ec74445a1c36b17b0719eb0" member_type: VOTER last_known_addr { host: "127.30.231.124" port: 40961 } }
I20260630 12:19:25.644917 31687 tablet_service.cc:1917] Received RequestConsensusVote() RPC: tablet_id: "00000000000000000000000000000000" candidate_uuid: "9e13fd3399c74232a1bb02728efeb7fe" candidate_term: 1 candidate_status { last_received { term: 0 index: 0 } } ignore_live_leader: false dest_uuid: "69c34dbae58f417083d61a588198fc84" is_pre_election: true
I20260630 12:19:25.645787 31687 raft_consensus.cc:2468] T 00000000000000000000000000000000 P 69c34dbae58f417083d61a588198fc84 [term 0 FOLLOWER]: Leader pre-election vote request: Granting yes vote for candidate 9e13fd3399c74232a1bb02728efeb7fe in term 0.
I20260630 12:19:25.647468 31728 leader_election.cc:304] T 00000000000000000000000000000000 P 9e13fd3399c74232a1bb02728efeb7fe [CANDIDATE]: Term 1 pre-election: Election decided. Result: candidate won. Election summary: received 2 responses out of 3 voters: 2 yes votes; 0 no votes. yes voters: 69c34dbae58f417083d61a588198fc84, 9e13fd3399c74232a1bb02728efeb7fe; no voters: 
I20260630 12:19:25.649286 31850 leader_election.cc:290] T 00000000000000000000000000000000 P 9e13fd3399c74232a1bb02728efeb7fe [CANDIDATE]: Term 1 pre-election: Requested pre-vote from peers 69c34dbae58f417083d61a588198fc84 (127.30.231.126:43143), 61167b703ec74445a1c36b17b0719eb0 (127.30.231.124:40961)
I20260630 12:19:25.649935 31850 raft_consensus.cc:2804] T 00000000000000000000000000000000 P 9e13fd3399c74232a1bb02728efeb7fe [term 0 FOLLOWER]: Leader pre-election won for term 1
I20260630 12:19:25.650388 31850 raft_consensus.cc:493] T 00000000000000000000000000000000 P 9e13fd3399c74232a1bb02728efeb7fe [term 0 FOLLOWER]: Starting leader election (no leader contacted us within the election timeout)
I20260630 12:19:25.650535 31817 tablet_service.cc:1917] Received RequestConsensusVote() RPC: tablet_id: "00000000000000000000000000000000" candidate_uuid: "9e13fd3399c74232a1bb02728efeb7fe" candidate_term: 1 candidate_status { last_received { term: 0 index: 0 } } ignore_live_leader: false dest_uuid: "61167b703ec74445a1c36b17b0719eb0" is_pre_election: true
I20260630 12:19:25.650904 31850 raft_consensus.cc:3060] T 00000000000000000000000000000000 P 9e13fd3399c74232a1bb02728efeb7fe [term 0 FOLLOWER]: Advancing to term 1
I20260630 12:19:25.651275 31817 raft_consensus.cc:2468] T 00000000000000000000000000000000 P 61167b703ec74445a1c36b17b0719eb0 [term 0 FOLLOWER]: Leader pre-election vote request: Granting yes vote for candidate 9e13fd3399c74232a1bb02728efeb7fe in term 0.
I20260630 12:19:25.668622 31645 file_cache.cc:492] Constructed file cache file cache with capacity 419430
I20260630 12:19:25.658164 31850 raft_consensus.cc:515] T 00000000000000000000000000000000 P 9e13fd3399c74232a1bb02728efeb7fe [term 1 FOLLOWER]: Starting leader election with config: opid_index: -1 OBSOLETE_local: false peers { permanent_uuid: "69c34dbae58f417083d61a588198fc84" member_type: VOTER last_known_addr { host: "127.30.231.126" port: 43143 } } peers { permanent_uuid: "9e13fd3399c74232a1bb02728efeb7fe" member_type: VOTER last_known_addr { host: "127.30.231.125" port: 38683 } } peers { permanent_uuid: "61167b703ec74445a1c36b17b0719eb0" member_type: VOTER last_known_addr { host: "127.30.231.124" port: 40961 } }
I20260630 12:19:25.671324 31850 leader_election.cc:290] T 00000000000000000000000000000000 P 9e13fd3399c74232a1bb02728efeb7fe [CANDIDATE]: Term 1 election: Requested vote from peers 69c34dbae58f417083d61a588198fc84 (127.30.231.126:43143), 61167b703ec74445a1c36b17b0719eb0 (127.30.231.124:40961)
I20260630 12:19:25.672276 31687 tablet_service.cc:1917] Received RequestConsensusVote() RPC: tablet_id: "00000000000000000000000000000000" candidate_uuid: "9e13fd3399c74232a1bb02728efeb7fe" candidate_term: 1 candidate_status { last_received { term: 0 index: 0 } } ignore_live_leader: false dest_uuid: "69c34dbae58f417083d61a588198fc84"
I20260630 12:19:25.672803 31687 raft_consensus.cc:3060] T 00000000000000000000000000000000 P 69c34dbae58f417083d61a588198fc84 [term 0 FOLLOWER]: Advancing to term 1
I20260630 12:19:25.674923 31959 heartbeater.cc:344] Connected to a master server at 127.30.231.124:40961
I20260630 12:19:25.675338 31959 heartbeater.cc:461] Registering TS with master...
I20260630 12:19:25.676872 31959 heartbeater.cc:507] Master 127.30.231.124:40961 requested a full tablet report, sending...
I20260630 12:19:25.678910 31817 tablet_service.cc:1917] Received RequestConsensusVote() RPC: tablet_id: "00000000000000000000000000000000" candidate_uuid: "9e13fd3399c74232a1bb02728efeb7fe" candidate_term: 1 candidate_status { last_received { term: 0 index: 0 } } ignore_live_leader: false dest_uuid: "61167b703ec74445a1c36b17b0719eb0"
I20260630 12:19:25.679427 31817 raft_consensus.cc:3060] T 00000000000000000000000000000000 P 61167b703ec74445a1c36b17b0719eb0 [term 0 FOLLOWER]: Advancing to term 1
I20260630 12:19:25.686054 31958 heartbeater.cc:344] Connected to a master server at 127.30.231.125:38683
I20260630 12:19:25.686456 31958 heartbeater.cc:461] Registering TS with master...
I20260630 12:19:25.687402 31958 heartbeater.cc:507] Master 127.30.231.125:38683 requested a full tablet report, sending...
I20260630 12:19:25.686005 31817 raft_consensus.cc:2468] T 00000000000000000000000000000000 P 61167b703ec74445a1c36b17b0719eb0 [term 1 FOLLOWER]: Leader election vote request: Granting yes vote for candidate 9e13fd3399c74232a1bb02728efeb7fe in term 1.
I20260630 12:19:25.691085 31742 ts_manager.cc:194] Registered new tserver with Master: 3c8e70c334f04367a2df35f57f297cd5 (127.30.231.65:42927)
I20260630 12:19:25.687335 31687 raft_consensus.cc:2468] T 00000000000000000000000000000000 P 69c34dbae58f417083d61a588198fc84 [term 1 FOLLOWER]: Leader election vote request: Granting yes vote for candidate 9e13fd3399c74232a1bb02728efeb7fe in term 1.
I20260630 12:19:25.695086 31728 leader_election.cc:304] T 00000000000000000000000000000000 P 9e13fd3399c74232a1bb02728efeb7fe [CANDIDATE]: Term 1 election: Election decided. Result: candidate won. Election summary: received 2 responses out of 3 voters: 2 yes votes; 0 no votes. yes voters: 69c34dbae58f417083d61a588198fc84, 9e13fd3399c74232a1bb02728efeb7fe; no voters: 
I20260630 12:19:25.697629 31807 ts_manager.cc:194] Registered new tserver with Master: 3c8e70c334f04367a2df35f57f297cd5 (127.30.231.65:42927)
I20260630 12:19:25.698915 31850 raft_consensus.cc:2804] T 00000000000000000000000000000000 P 9e13fd3399c74232a1bb02728efeb7fe [term 1 FOLLOWER]: Leader election won for term 1
I20260630 12:19:25.699466 31850 raft_consensus.cc:697] T 00000000000000000000000000000000 P 9e13fd3399c74232a1bb02728efeb7fe [term 1 LEADER]: Becoming Leader. State: Replica: 9e13fd3399c74232a1bb02728efeb7fe, State: Running, Role: LEADER
W20260630 12:19:25.699940 31966 instance_detector.cc:116] could not retrieve AWS instance metadata: Network error: curl error: HTTP response code said error: The requested URL returned error: 404
I20260630 12:19:25.700590 31850 consensus_queue.cc:237] T 00000000000000000000000000000000 P 9e13fd3399c74232a1bb02728efeb7fe [LEADER]: Queue going to LEADER mode. State: All replicated index: 0, Majority replicated index: 0, Committed index: 0, Last appended: 0.0, Last appended by leader: 0, Current term: 1, Majority size: 2, State: 0, Mode: LEADER, active raft config: opid_index: -1 OBSOLETE_local: false peers { permanent_uuid: "69c34dbae58f417083d61a588198fc84" member_type: VOTER last_known_addr { host: "127.30.231.126" port: 43143 } } peers { permanent_uuid: "9e13fd3399c74232a1bb02728efeb7fe" member_type: VOTER last_known_addr { host: "127.30.231.125" port: 38683 } } peers { permanent_uuid: "61167b703ec74445a1c36b17b0719eb0" member_type: VOTER last_known_addr { host: "127.30.231.124" port: 40961 } }
W20260630 12:19:25.703595 31967 instance_detector.cc:116] could not retrieve Azure instance metadata: Network error: curl error: HTTP response code said error: The requested URL returned error: 404
I20260630 12:19:25.708176 31963 sys_catalog.cc:455] T 00000000000000000000000000000000 P 9e13fd3399c74232a1bb02728efeb7fe [sys.catalog]: SysCatalogTable state changed. Reason: New leader 9e13fd3399c74232a1bb02728efeb7fe. Latest consensus state: current_term: 1 leader_uuid: "9e13fd3399c74232a1bb02728efeb7fe" committed_config { opid_index: -1 OBSOLETE_local: false peers { permanent_uuid: "69c34dbae58f417083d61a588198fc84" member_type: VOTER last_known_addr { host: "127.30.231.126" port: 43143 } } peers { permanent_uuid: "9e13fd3399c74232a1bb02728efeb7fe" member_type: VOTER last_known_addr { host: "127.30.231.125" port: 38683 } } peers { permanent_uuid: "61167b703ec74445a1c36b17b0719eb0" member_type: VOTER last_known_addr { host: "127.30.231.124" port: 40961 } } }
I20260630 12:19:25.708945 31963 sys_catalog.cc:458] T 00000000000000000000000000000000 P 9e13fd3399c74232a1bb02728efeb7fe [sys.catalog]: This master's current role is: LEADER
I20260630 12:19:25.711530 31970 catalog_manager.cc:1511] Loading table and tablet metadata into memory...
I20260630 12:19:25.715286 31961 heartbeater.cc:344] Connected to a master server at 127.30.231.126:43143
I20260630 12:19:25.715680 31961 heartbeater.cc:461] Registering TS with master...
I20260630 12:19:25.716697 31961 heartbeater.cc:507] Master 127.30.231.126:43143 requested a full tablet report, sending...
I20260630 12:19:25.719723 31677 ts_manager.cc:194] Registered new tserver with Master: 3c8e70c334f04367a2df35f57f297cd5 (127.30.231.65:42927)
I20260630 12:19:25.723623 31970 catalog_manager.cc:1520] Initializing Kudu cluster ID...
W20260630 12:19:25.731608 31971 instance_detector.cc:116] could not retrieve OpenStack instance metadata: Network error: curl error: HTTP response code said error: The requested URL returned error: 404
I20260630 12:19:25.736856 31645 server_base.cc:1061] running on GCE node
I20260630 12:19:25.737865 31645 hybrid_clock.cc:584] initializing the hybrid clock with 'system_unsync' time source
W20260630 12:19:25.738128 31645 system_unsync_time.cc:38] NTP support is disabled. Clock error bounds will not be accurate. This configuration is not suitable for distributed clusters.
I20260630 12:19:25.738372 31645 hybrid_clock.cc:648] HybridClock initialized: now 1782821965738355 us; error 0 us; skew 500 ppm
I20260630 12:19:25.739001 31645 server_base.cc:861] Flag tcmalloc_max_total_thread_cache_bytes is not working since tcmalloc is not enabled.
I20260630 12:19:25.742312 31687 raft_consensus.cc:1275] T 00000000000000000000000000000000 P 69c34dbae58f417083d61a588198fc84 [term 1 FOLLOWER]: Refusing update from remote peer 9e13fd3399c74232a1bb02728efeb7fe: Log matching property violated. Preceding OpId in replica: term: 0 index: 0. Preceding OpId from leader: term: 1 index: 2. (index mismatch)
I20260630 12:19:25.742308 31817 raft_consensus.cc:1275] T 00000000000000000000000000000000 P 61167b703ec74445a1c36b17b0719eb0 [term 1 FOLLOWER]: Refusing update from remote peer 9e13fd3399c74232a1bb02728efeb7fe: Log matching property violated. Preceding OpId in replica: term: 0 index: 0. Preceding OpId from leader: term: 1 index: 2. (index mismatch)
I20260630 12:19:25.744033 31963 consensus_queue.cc:1048] T 00000000000000000000000000000000 P 9e13fd3399c74232a1bb02728efeb7fe [LEADER]: Connected to new peer: Peer: permanent_uuid: "69c34dbae58f417083d61a588198fc84" member_type: VOTER last_known_addr { host: "127.30.231.126" port: 43143 }, Status: LMP_MISMATCH, Last received: 0.0, Next index: 1, Last known committed idx: 0, Time since last communication: 0.000s
I20260630 12:19:25.745141 31850 consensus_queue.cc:1048] T 00000000000000000000000000000000 P 9e13fd3399c74232a1bb02728efeb7fe [LEADER]: Connected to new peer: Peer: permanent_uuid: "61167b703ec74445a1c36b17b0719eb0" member_type: VOTER last_known_addr { host: "127.30.231.124" port: 40961 }, Status: LMP_MISMATCH, Last received: 0.0, Next index: 1, Last known committed idx: 0, Time since last communication: 0.000s
I20260630 12:19:25.770872 31645 webserver.cc:533] Webserver started at http://127.30.231.66:38151/ using document root <none> and password file <none>
I20260630 12:19:25.771551 31645 fs_manager.cc:362] Metadata directory not provided
