I20260630 12:20:52.918107  2543 raft_consensus.cc:385] T 7fffe97e87c74eecb3aa37510b81eddf P 52cbcbf4bffb4454a69ade054d89268d [term 0 FOLLOWER]: Consensus starting up: Expiring failure detector timer to make a prompt election more likely
I20260630 12:20:52.918380  2342 tablet_service.cc:1917] Received RequestConsensusVote() RPC: tablet_id: "df37fcd9c7614fbfa92be7dc7a07c1e1" candidate_uuid: "d8deb2c2a0514e7a903ea751fd470c49" candidate_term: 1 candidate_status { last_received { term: 0 index: 0 } } ignore_live_leader: false dest_uuid: "a92fd272b2784179aa94d689efd58921"
I20260630 12:20:52.918401  2543 raft_consensus.cc:740] T 7fffe97e87c74eecb3aa37510b81eddf P 52cbcbf4bffb4454a69ade054d89268d [term 0 FOLLOWER]: Becoming Follower/Learner. State: Replica: 52cbcbf4bffb4454a69ade054d89268d, State: Initialized, Role: FOLLOWER
I20260630 12:20:52.919306  2342 raft_consensus.cc:2393] T df37fcd9c7614fbfa92be7dc7a07c1e1 P a92fd272b2784179aa94d689efd58921 [term 1 FOLLOWER]: Leader election vote request: Denying vote to candidate d8deb2c2a0514e7a903ea751fd470c49 in current term 1: Already voted for candidate a92fd272b2784179aa94d689efd58921 in this term.
I20260630 12:20:52.919574  2543 consensus_queue.cc:260] T 7fffe97e87c74eecb3aa37510b81eddf P 52cbcbf4bffb4454a69ade054d89268d [NON_LEADER]: Queue going to NON_LEADER mode. State: All replicated index: 0, Majority replicated index: 0, Committed index: 0, Last appended: 0.0, Last appended by leader: 0, Current term: 0, Majority size: -1, State: 0, Mode: NON_LEADER, active raft config: opid_index: -1 OBSOLETE_local: false peers { permanent_uuid: "d8deb2c2a0514e7a903ea751fd470c49" member_type: VOTER last_known_addr { host: "127.30.231.66" port: 42393 } } peers { permanent_uuid: "294b9b9861664cb683cdbf63111a01fa" member_type: VOTER last_known_addr { host: "127.30.231.65" port: 45029 } } peers { permanent_uuid: "52cbcbf4bffb4454a69ade054d89268d" member_type: VOTER last_known_addr { host: "127.30.231.68" port: 46775 } }
I20260630 12:20:52.920503  2234 leader_election.cc:304] T df37fcd9c7614fbfa92be7dc7a07c1e1 P d8deb2c2a0514e7a903ea751fd470c49 [CANDIDATE]: Term 1 election: Election decided. Result: candidate lost. Election summary: received 3 responses out of 3 voters: 1 yes votes; 2 no votes. yes voters: d8deb2c2a0514e7a903ea751fd470c49; no voters: 52cbcbf4bffb4454a69ade054d89268d, a92fd272b2784179aa94d689efd58921
I20260630 12:20:52.921257  2435 raft_consensus.cc:2749] T df37fcd9c7614fbfa92be7dc7a07c1e1 P d8deb2c2a0514e7a903ea751fd470c49 [term 1 FOLLOWER]: Leader election lost for term 1. Reason: could not achieve majority
I20260630 12:20:52.921773  2543 ts_tablet_manager.cc:1434] T 7fffe97e87c74eecb3aa37510b81eddf P 52cbcbf4bffb4454a69ade054d89268d: Time spent starting tablet: real 0.010s	user 0.007s	sys 0.000s
I20260630 12:20:52.922663  2543 tablet_bootstrap.cc:492] T c8cc36b111be4eae90963e34f5a9ffea P 52cbcbf4bffb4454a69ade054d89268d: Bootstrap starting.
I20260630 12:20:52.925168  2425 raft_consensus.cc:493] T 7fffe97e87c74eecb3aa37510b81eddf P 294b9b9861664cb683cdbf63111a01fa [term 0 FOLLOWER]: Starting pre-election (no leader contacted us within the election timeout)
I20260630 12:20:52.925665  2425 raft_consensus.cc:515] T 7fffe97e87c74eecb3aa37510b81eddf P 294b9b9861664cb683cdbf63111a01fa [term 0 FOLLOWER]: Starting pre-election with config: opid_index: -1 OBSOLETE_local: false peers { permanent_uuid: "d8deb2c2a0514e7a903ea751fd470c49" member_type: VOTER last_known_addr { host: "127.30.231.66" port: 42393 } } peers { permanent_uuid: "294b9b9861664cb683cdbf63111a01fa" member_type: VOTER last_known_addr { host: "127.30.231.65" port: 45029 } } peers { permanent_uuid: "52cbcbf4bffb4454a69ade054d89268d" member_type: VOTER last_known_addr { host: "127.30.231.68" port: 46775 } }
I20260630 12:20:52.928382  2543 tablet_bootstrap.cc:654] T c8cc36b111be4eae90963e34f5a9ffea P 52cbcbf4bffb4454a69ade054d89268d: Neither blocks nor log segments found. Creating new log.
I20260630 12:20:52.928375  2388 tablet_bootstrap.cc:654] T e7bcb0233c8a4ddc95b6c9e98f5b6ac1 P d8deb2c2a0514e7a903ea751fd470c49: Neither blocks nor log segments found. Creating new log.
I20260630 12:20:52.929419  2268 tablet_service.cc:1917] Received RequestConsensusVote() RPC: tablet_id: "7fffe97e87c74eecb3aa37510b81eddf" candidate_uuid: "294b9b9861664cb683cdbf63111a01fa" candidate_term: 1 candidate_status { last_received { term: 0 index: 0 } } ignore_live_leader: false dest_uuid: "d8deb2c2a0514e7a903ea751fd470c49" is_pre_election: true
I20260630 12:20:52.930035  2268 raft_consensus.cc:2468] T 7fffe97e87c74eecb3aa37510b81eddf P d8deb2c2a0514e7a903ea751fd470c49 [term 0 FOLLOWER]: Leader pre-election vote request: Granting yes vote for candidate 294b9b9861664cb683cdbf63111a01fa in term 0.
I20260630 12:20:52.921811  2438 leader_election.cc:290] T df37fcd9c7614fbfa92be7dc7a07c1e1 P d8deb2c2a0514e7a903ea751fd470c49 [CANDIDATE]: Term 1 election: Requested vote from peers 52cbcbf4bffb4454a69ade054d89268d (127.30.231.68:46775), a92fd272b2784179aa94d689efd58921 (127.30.231.67:45121)
I20260630 12:20:52.930946  2425 leader_election.cc:290] T 7fffe97e87c74eecb3aa37510b81eddf P 294b9b9861664cb683cdbf63111a01fa [CANDIDATE]: Term 1 pre-election: Requested pre-vote from peers d8deb2c2a0514e7a903ea751fd470c49 (127.30.231.66:42393), 52cbcbf4bffb4454a69ade054d89268d (127.30.231.68:46775)
I20260630 12:20:52.932849  2156 leader_election.cc:304] T 7fffe97e87c74eecb3aa37510b81eddf P 294b9b9861664cb683cdbf63111a01fa [CANDIDATE]: Term 1 pre-election: Election decided. Result: candidate won. Election summary: received 2 responses out of 3 voters: 2 yes votes; 0 no votes. yes voters: 294b9b9861664cb683cdbf63111a01fa, d8deb2c2a0514e7a903ea751fd470c49; no voters: 
I20260630 12:20:52.935711  2425 raft_consensus.cc:2804] T 7fffe97e87c74eecb3aa37510b81eddf P 294b9b9861664cb683cdbf63111a01fa [term 0 FOLLOWER]: Leader pre-election won for term 1
I20260630 12:20:52.936074  2425 raft_consensus.cc:493] T 7fffe97e87c74eecb3aa37510b81eddf P 294b9b9861664cb683cdbf63111a01fa [term 0 FOLLOWER]: Starting leader election (no leader contacted us within the election timeout)
I20260630 12:20:52.936406  2425 raft_consensus.cc:3060] T 7fffe97e87c74eecb3aa37510b81eddf P 294b9b9861664cb683cdbf63111a01fa [term 0 FOLLOWER]: Advancing to term 1
I20260630 12:20:52.948357  2534 tablet_bootstrap.cc:654] T 336457244af845e5895226b5a1506886 P 294b9b9861664cb683cdbf63111a01fa: Neither blocks nor log segments found. Creating new log.
I20260630 12:20:52.949770  2387 tablet_bootstrap.cc:492] T 62801298d41a471c9c1b11405bb0572a P a92fd272b2784179aa94d689efd58921: No bootstrap required, opened a new log
I20260630 12:20:52.950368  2543 tablet_bootstrap.cc:492] T c8cc36b111be4eae90963e34f5a9ffea P 52cbcbf4bffb4454a69ade054d89268d: No bootstrap required, opened a new log
I20260630 12:20:52.950408  2387 ts_tablet_manager.cc:1403] T 62801298d41a471c9c1b11405bb0572a P a92fd272b2784179aa94d689efd58921: Time spent bootstrapping tablet: real 0.080s	user 0.011s	sys 0.017s
I20260630 12:20:52.950968  2543 ts_tablet_manager.cc:1403] T c8cc36b111be4eae90963e34f5a9ffea P 52cbcbf4bffb4454a69ade054d89268d: Time spent bootstrapping tablet: real 0.028s	user 0.011s	sys 0.001s
I20260630 12:20:52.953572  2387 raft_consensus.cc:359] T 62801298d41a471c9c1b11405bb0572a P a92fd272b2784179aa94d689efd58921 [term 0 FOLLOWER]: Replica starting. Triggering 0 pending ops. Active config: opid_index: -1 OBSOLETE_local: false peers { permanent_uuid: "52cbcbf4bffb4454a69ade054d89268d" member_type: VOTER last_known_addr { host: "127.30.231.68" port: 46775 } } peers { permanent_uuid: "d8deb2c2a0514e7a903ea751fd470c49" member_type: VOTER last_known_addr { host: "127.30.231.66" port: 42393 } } peers { permanent_uuid: "a92fd272b2784179aa94d689efd58921" member_type: VOTER last_known_addr { host: "127.30.231.67" port: 45121 } }
I20260630 12:20:52.954236  2387 raft_consensus.cc:385] T 62801298d41a471c9c1b11405bb0572a P a92fd272b2784179aa94d689efd58921 [term 0 FOLLOWER]: Consensus starting up: Expiring failure detector timer to make a prompt election more likely
I20260630 12:20:52.954509  2387 raft_consensus.cc:740] T 62801298d41a471c9c1b11405bb0572a P a92fd272b2784179aa94d689efd58921 [term 0 FOLLOWER]: Becoming Follower/Learner. State: Replica: a92fd272b2784179aa94d689efd58921, State: Initialized, Role: FOLLOWER
I20260630 12:20:52.954967  2425 raft_consensus.cc:515] T 7fffe97e87c74eecb3aa37510b81eddf P 294b9b9861664cb683cdbf63111a01fa [term 1 FOLLOWER]: Starting leader election with config: opid_index: -1 OBSOLETE_local: false peers { permanent_uuid: "d8deb2c2a0514e7a903ea751fd470c49" member_type: VOTER last_known_addr { host: "127.30.231.66" port: 42393 } } peers { permanent_uuid: "294b9b9861664cb683cdbf63111a01fa" member_type: VOTER last_known_addr { host: "127.30.231.65" port: 45029 } } peers { permanent_uuid: "52cbcbf4bffb4454a69ade054d89268d" member_type: VOTER last_known_addr { host: "127.30.231.68" port: 46775 } }
I20260630 12:20:52.955257  2387 consensus_queue.cc:260] T 62801298d41a471c9c1b11405bb0572a P a92fd272b2784179aa94d689efd58921 [NON_LEADER]: Queue going to NON_LEADER mode. State: All replicated index: 0, Majority replicated index: 0, Committed index: 0, Last appended: 0.0, Last appended by leader: 0, Current term: 0, Majority size: -1, State: 0, Mode: NON_LEADER, active raft config: opid_index: -1 OBSOLETE_local: false peers { permanent_uuid: "52cbcbf4bffb4454a69ade054d89268d" member_type: VOTER last_known_addr { host: "127.30.231.68" port: 46775 } } peers { permanent_uuid: "d8deb2c2a0514e7a903ea751fd470c49" member_type: VOTER last_known_addr { host: "127.30.231.66" port: 42393 } } peers { permanent_uuid: "a92fd272b2784179aa94d689efd58921" member_type: VOTER last_known_addr { host: "127.30.231.67" port: 45121 } }
I20260630 12:20:52.955776  2388 tablet_bootstrap.cc:492] T e7bcb0233c8a4ddc95b6c9e98f5b6ac1 P d8deb2c2a0514e7a903ea751fd470c49: No bootstrap required, opened a new log
I20260630 12:20:52.956168  2388 ts_tablet_manager.cc:1403] T e7bcb0233c8a4ddc95b6c9e98f5b6ac1 P d8deb2c2a0514e7a903ea751fd470c49: Time spent bootstrapping tablet: real 0.053s	user 0.008s	sys 0.001s
I20260630 12:20:52.958717  2388 raft_consensus.cc:359] T e7bcb0233c8a4ddc95b6c9e98f5b6ac1 P d8deb2c2a0514e7a903ea751fd470c49 [term 0 FOLLOWER]: Replica starting. Triggering 0 pending ops. Active config: opid_index: -1 OBSOLETE_local: false peers { permanent_uuid: "52cbcbf4bffb4454a69ade054d89268d" member_type: VOTER last_known_addr { host: "127.30.231.68" port: 46775 } } peers { permanent_uuid: "294b9b9861664cb683cdbf63111a01fa" member_type: VOTER last_known_addr { host: "127.30.231.65" port: 45029 } } peers { permanent_uuid: "d8deb2c2a0514e7a903ea751fd470c49" member_type: VOTER last_known_addr { host: "127.30.231.66" port: 42393 } }
I20260630 12:20:52.959311  2388 raft_consensus.cc:385] T e7bcb0233c8a4ddc95b6c9e98f5b6ac1 P d8deb2c2a0514e7a903ea751fd470c49 [term 0 FOLLOWER]: Consensus starting up: Expiring failure detector timer to make a prompt election more likely
I20260630 12:20:52.959005  2543 raft_consensus.cc:359] T c8cc36b111be4eae90963e34f5a9ffea P 52cbcbf4bffb4454a69ade054d89268d [term 0 FOLLOWER]: Replica starting. Triggering 0 pending ops. Active config: opid_index: -1 OBSOLETE_local: false peers { permanent_uuid: "d8deb2c2a0514e7a903ea751fd470c49" member_type: VOTER last_known_addr { host: "127.30.231.66" port: 42393 } } peers { permanent_uuid: "52cbcbf4bffb4454a69ade054d89268d" member_type: VOTER last_known_addr { host: "127.30.231.68" port: 46775 } } peers { permanent_uuid: "294b9b9861664cb683cdbf63111a01fa" member_type: VOTER last_known_addr { host: "127.30.231.65" port: 45029 } }
I20260630 12:20:52.959573  2388 raft_consensus.cc:740] T e7bcb0233c8a4ddc95b6c9e98f5b6ac1 P d8deb2c2a0514e7a903ea751fd470c49 [term 0 FOLLOWER]: Becoming Follower/Learner. State: Replica: d8deb2c2a0514e7a903ea751fd470c49, State: Initialized, Role: FOLLOWER
I20260630 12:20:52.959638  2387 ts_tablet_manager.cc:1434] T 62801298d41a471c9c1b11405bb0572a P a92fd272b2784179aa94d689efd58921: Time spent starting tablet: real 0.009s	user 0.005s	sys 0.000s
I20260630 12:20:52.960438  2543 raft_consensus.cc:385] T c8cc36b111be4eae90963e34f5a9ffea P 52cbcbf4bffb4454a69ade054d89268d [term 0 FOLLOWER]: Consensus starting up: Expiring failure detector timer to make a prompt election more likely
I20260630 12:20:52.960575  2387 tablet_bootstrap.cc:492] T e4fa7801865c4eb38909c7f951ca90a2 P a92fd272b2784179aa94d689efd58921: Bootstrap starting.
I20260630 12:20:52.960347  2388 consensus_queue.cc:260] T e7bcb0233c8a4ddc95b6c9e98f5b6ac1 P d8deb2c2a0514e7a903ea751fd470c49 [NON_LEADER]: Queue going to NON_LEADER mode. State: All replicated index: 0, Majority replicated index: 0, Committed index: 0, Last appended: 0.0, Last appended by leader: 0, Current term: 0, Majority size: -1, State: 0, Mode: NON_LEADER, active raft config: opid_index: -1 OBSOLETE_local: false peers { permanent_uuid: "52cbcbf4bffb4454a69ade054d89268d" member_type: VOTER last_known_addr { host: "127.30.231.68" port: 46775 } } peers { permanent_uuid: "294b9b9861664cb683cdbf63111a01fa" member_type: VOTER last_known_addr { host: "127.30.231.65" port: 45029 } } peers { permanent_uuid: "d8deb2c2a0514e7a903ea751fd470c49" member_type: VOTER last_known_addr { host: "127.30.231.66" port: 42393 } }
I20260630 12:20:52.960821  2543 raft_consensus.cc:740] T c8cc36b111be4eae90963e34f5a9ffea P 52cbcbf4bffb4454a69ade054d89268d [term 0 FOLLOWER]: Becoming Follower/Learner. State: Replica: 52cbcbf4bffb4454a69ade054d89268d, State: Initialized, Role: FOLLOWER
I20260630 12:20:52.962594  2268 tablet_service.cc:1917] Received RequestConsensusVote() RPC: tablet_id: "7fffe97e87c74eecb3aa37510b81eddf" candidate_uuid: "294b9b9861664cb683cdbf63111a01fa" candidate_term: 1 candidate_status { last_received { term: 0 index: 0 } } ignore_live_leader: false dest_uuid: "d8deb2c2a0514e7a903ea751fd470c49"
I20260630 12:20:52.963174  2268 raft_consensus.cc:3060] T 7fffe97e87c74eecb3aa37510b81eddf P d8deb2c2a0514e7a903ea751fd470c49 [term 0 FOLLOWER]: Advancing to term 1
I20260630 12:20:52.962860  2543 consensus_queue.cc:260] T c8cc36b111be4eae90963e34f5a9ffea P 52cbcbf4bffb4454a69ade054d89268d [NON_LEADER]: Queue going to NON_LEADER mode. State: All replicated index: 0, Majority replicated index: 0, Committed index: 0, Last appended: 0.0, Last appended by leader: 0, Current term: 0, Majority size: -1, State: 0, Mode: NON_LEADER, active raft config: opid_index: -1 OBSOLETE_local: false peers { permanent_uuid: "d8deb2c2a0514e7a903ea751fd470c49" member_type: VOTER last_known_addr { host: "127.30.231.66" port: 42393 } } peers { permanent_uuid: "52cbcbf4bffb4454a69ade054d89268d" member_type: VOTER last_known_addr { host: "127.30.231.68" port: 46775 } } peers { permanent_uuid: "294b9b9861664cb683cdbf63111a01fa" member_type: VOTER last_known_addr { host: "127.30.231.65" port: 45029 } }
I20260630 12:20:52.964030  2388 ts_tablet_manager.cc:1434] T e7bcb0233c8a4ddc95b6c9e98f5b6ac1 P d8deb2c2a0514e7a903ea751fd470c49: Time spent starting tablet: real 0.008s	user 0.007s	sys 0.000s
I20260630 12:20:52.964995  2425 leader_election.cc:290] T 7fffe97e87c74eecb3aa37510b81eddf P 294b9b9861664cb683cdbf63111a01fa [CANDIDATE]: Term 1 election: Requested vote from peers d8deb2c2a0514e7a903ea751fd470c49 (127.30.231.66:42393), 52cbcbf4bffb4454a69ade054d89268d (127.30.231.68:46775)
I20260630 12:20:52.969035  2268 raft_consensus.cc:2468] T 7fffe97e87c74eecb3aa37510b81eddf P d8deb2c2a0514e7a903ea751fd470c49 [term 1 FOLLOWER]: Leader election vote request: Granting yes vote for candidate 294b9b9861664cb683cdbf63111a01fa in term 1.
I20260630 12:20:52.964994  2534 tablet_bootstrap.cc:492] T 336457244af845e5895226b5a1506886 P 294b9b9861664cb683cdbf63111a01fa: No bootstrap required, opened a new log
I20260630 12:20:52.970121  2156 leader_election.cc:304] T 7fffe97e87c74eecb3aa37510b81eddf P 294b9b9861664cb683cdbf63111a01fa [CANDIDATE]: Term 1 election: Election decided. Result: candidate won. Election summary: received 2 responses out of 3 voters: 2 yes votes; 0 no votes. yes voters: 294b9b9861664cb683cdbf63111a01fa, d8deb2c2a0514e7a903ea751fd470c49; no voters: 
I20260630 12:20:52.970611  2387 tablet_bootstrap.cc:654] T e4fa7801865c4eb38909c7f951ca90a2 P a92fd272b2784179aa94d689efd58921: Neither blocks nor log segments found. Creating new log.
I20260630 12:20:52.971603  2543 ts_tablet_manager.cc:1434] T c8cc36b111be4eae90963e34f5a9ffea P 52cbcbf4bffb4454a69ade054d89268d: Time spent starting tablet: real 0.020s	user 0.005s	sys 0.001s
I20260630 12:20:52.971557  2425 raft_consensus.cc:2804] T 7fffe97e87c74eecb3aa37510b81eddf P 294b9b9861664cb683cdbf63111a01fa [term 1 FOLLOWER]: Leader election won for term 1
I20260630 12:20:52.973045  2543 tablet_bootstrap.cc:492] T df37fcd9c7614fbfa92be7dc7a07c1e1 P 52cbcbf4bffb4454a69ade054d89268d: Bootstrap starting.
I20260630 12:20:52.973167  2425 raft_consensus.cc:697] T 7fffe97e87c74eecb3aa37510b81eddf P 294b9b9861664cb683cdbf63111a01fa [term 1 LEADER]: Becoming Leader. State: Replica: 294b9b9861664cb683cdbf63111a01fa, State: Running, Role: LEADER
I20260630 12:20:52.973495  2534 ts_tablet_manager.cc:1403] T 336457244af845e5895226b5a1506886 P 294b9b9861664cb683cdbf63111a01fa: Time spent bootstrapping tablet: real 0.060s	user 0.010s	sys 0.003s
I20260630 12:20:52.977550  2425 consensus_queue.cc:237] T 7fffe97e87c74eecb3aa37510b81eddf P 294b9b9861664cb683cdbf63111a01fa [LEADER]: Queue going to LEADER mode. State: All replicated index: 0, Majority replicated index: 0, Committed index: 0, Last appended: 0.0, Last appended by leader: 0, Current term: 1, Majority size: 2, State: 0, Mode: LEADER, active raft config: opid_index: -1 OBSOLETE_local: false peers { permanent_uuid: "d8deb2c2a0514e7a903ea751fd470c49" member_type: VOTER last_known_addr { host: "127.30.231.66" port: 42393 } } peers { permanent_uuid: "294b9b9861664cb683cdbf63111a01fa" member_type: VOTER last_known_addr { host: "127.30.231.65" port: 45029 } } peers { permanent_uuid: "52cbcbf4bffb4454a69ade054d89268d" member_type: VOTER last_known_addr { host: "127.30.231.68" port: 46775 } }
I20260630 12:20:52.983147  2543 tablet_bootstrap.cc:654] T df37fcd9c7614fbfa92be7dc7a07c1e1 P 52cbcbf4bffb4454a69ade054d89268d: Neither blocks nor log segments found. Creating new log.
I20260630 12:20:52.983433  2387 tablet_bootstrap.cc:492] T e4fa7801865c4eb38909c7f951ca90a2 P a92fd272b2784179aa94d689efd58921: No bootstrap required, opened a new log
I20260630 12:20:52.983990  2387 ts_tablet_manager.cc:1403] T e4fa7801865c4eb38909c7f951ca90a2 P a92fd272b2784179aa94d689efd58921: Time spent bootstrapping tablet: real 0.024s	user 0.013s	sys 0.005s
I20260630 12:20:52.976527  2534 raft_consensus.cc:359] T 336457244af845e5895226b5a1506886 P 294b9b9861664cb683cdbf63111a01fa [term 0 FOLLOWER]: Replica starting. Triggering 0 pending ops. Active config: opid_index: -1 OBSOLETE_local: false peers { permanent_uuid: "a92fd272b2784179aa94d689efd58921" member_type: VOTER last_known_addr { host: "127.30.231.67" port: 45121 } } peers { permanent_uuid: "52cbcbf4bffb4454a69ade054d89268d" member_type: VOTER last_known_addr { host: "127.30.231.68" port: 46775 } } peers { permanent_uuid: "294b9b9861664cb683cdbf63111a01fa" member_type: VOTER last_known_addr { host: "127.30.231.65" port: 45029 } }
I20260630 12:20:52.984675  2534 raft_consensus.cc:385] T 336457244af845e5895226b5a1506886 P 294b9b9861664cb683cdbf63111a01fa [term 0 FOLLOWER]: Consensus starting up: Expiring failure detector timer to make a prompt election more likely
I20260630 12:20:52.984771  2501 tablet_service.cc:1917] Received RequestConsensusVote() RPC: tablet_id: "7fffe97e87c74eecb3aa37510b81eddf" candidate_uuid: "294b9b9861664cb683cdbf63111a01fa" candidate_term: 1 candidate_status { last_received { term: 0 index: 0 } } ignore_live_leader: false dest_uuid: "52cbcbf4bffb4454a69ade054d89268d" is_pre_election: true
I20260630 12:20:52.985021  2534 raft_consensus.cc:740] T 336457244af845e5895226b5a1506886 P 294b9b9861664cb683cdbf63111a01fa [term 0 FOLLOWER]: Becoming Follower/Learner. State: Replica: 294b9b9861664cb683cdbf63111a01fa, State: Initialized, Role: FOLLOWER
I20260630 12:20:52.985373  2501 raft_consensus.cc:2468] T 7fffe97e87c74eecb3aa37510b81eddf P 52cbcbf4bffb4454a69ade054d89268d [term 0 FOLLOWER]: Leader pre-election vote request: Granting yes vote for candidate 294b9b9861664cb683cdbf63111a01fa in term 0.
I20260630 12:20:52.985706  2534 consensus_queue.cc:260] T 336457244af845e5895226b5a1506886 P 294b9b9861664cb683cdbf63111a01fa [NON_LEADER]: Queue going to NON_LEADER mode. State: All replicated index: 0, Majority replicated index: 0, Committed index: 0, Last appended: 0.0, Last appended by leader: 0, Current term: 0, Majority size: -1, State: 0, Mode: NON_LEADER, active raft config: opid_index: -1 OBSOLETE_local: false peers { permanent_uuid: "a92fd272b2784179aa94d689efd58921" member_type: VOTER last_known_addr { host: "127.30.231.67" port: 45121 } } peers { permanent_uuid: "52cbcbf4bffb4454a69ade054d89268d" member_type: VOTER last_known_addr { host: "127.30.231.68" port: 46775 } } peers { permanent_uuid: "294b9b9861664cb683cdbf63111a01fa" member_type: VOTER last_known_addr { host: "127.30.231.65" port: 45029 } }
I20260630 12:20:52.986258  2387 raft_consensus.cc:359] T e4fa7801865c4eb38909c7f951ca90a2 P a92fd272b2784179aa94d689efd58921 [term 0 FOLLOWER]: Replica starting. Triggering 0 pending ops. Active config: opid_index: -1 OBSOLETE_local: false peers { permanent_uuid: "a92fd272b2784179aa94d689efd58921" member_type: VOTER last_known_addr { host: "127.30.231.67" port: 45121 } } peers { permanent_uuid: "52cbcbf4bffb4454a69ade054d89268d" member_type: VOTER last_known_addr { host: "127.30.231.68" port: 46775 } } peers { permanent_uuid: "294b9b9861664cb683cdbf63111a01fa" member_type: VOTER last_known_addr { host: "127.30.231.65" port: 45029 } }
I20260630 12:20:52.986930  2387 raft_consensus.cc:385] T e4fa7801865c4eb38909c7f951ca90a2 P a92fd272b2784179aa94d689efd58921 [term 0 FOLLOWER]: Consensus starting up: Expiring failure detector timer to make a prompt election more likely
I20260630 12:20:52.987169  2387 raft_consensus.cc:740] T e4fa7801865c4eb38909c7f951ca90a2 P a92fd272b2784179aa94d689efd58921 [term 0 FOLLOWER]: Becoming Follower/Learner. State: Replica: a92fd272b2784179aa94d689efd58921, State: Initialized, Role: FOLLOWER
I20260630 12:20:52.987493  2501 tablet_service.cc:1917] Received RequestConsensusVote() RPC: tablet_id: "7fffe97e87c74eecb3aa37510b81eddf" candidate_uuid: "294b9b9861664cb683cdbf63111a01fa" candidate_term: 1 candidate_status { last_received { term: 0 index: 0 } } ignore_live_leader: false dest_uuid: "52cbcbf4bffb4454a69ade054d89268d"
I20260630 12:20:52.988011  2501 raft_consensus.cc:3060] T 7fffe97e87c74eecb3aa37510b81eddf P 52cbcbf4bffb4454a69ade054d89268d [term 0 FOLLOWER]: Advancing to term 1
I20260630 12:20:52.987874  2387 consensus_queue.cc:260] T e4fa7801865c4eb38909c7f951ca90a2 P a92fd272b2784179aa94d689efd58921 [NON_LEADER]: Queue going to NON_LEADER mode. State: All replicated index: 0, Majority replicated index: 0, Committed index: 0, Last appended: 0.0, Last appended by leader: 0, Current term: 0, Majority size: -1, State: 0, Mode: NON_LEADER, active raft config: opid_index: -1 OBSOLETE_local: false peers { permanent_uuid: "a92fd272b2784179aa94d689efd58921" member_type: VOTER last_known_addr { host: "127.30.231.67" port: 45121 } } peers { permanent_uuid: "52cbcbf4bffb4454a69ade054d89268d" member_type: VOTER last_known_addr { host: "127.30.231.68" port: 46775 } } peers { permanent_uuid: "294b9b9861664cb683cdbf63111a01fa" member_type: VOTER last_known_addr { host: "127.30.231.65" port: 45029 } }
I20260630 12:20:52.992621  2089 catalog_manager.cc:5697] T 7fffe97e87c74eecb3aa37510b81eddf P 294b9b9861664cb683cdbf63111a01fa reported cstate change: term changed from 0 to 1, leader changed from <none> to 294b9b9861664cb683cdbf63111a01fa (127.30.231.65). New cstate: current_term: 1 leader_uuid: "294b9b9861664cb683cdbf63111a01fa" committed_config { opid_index: -1 OBSOLETE_local: false peers { permanent_uuid: "d8deb2c2a0514e7a903ea751fd470c49" member_type: VOTER last_known_addr { host: "127.30.231.66" port: 42393 } health_report { overall_health: UNKNOWN } } peers { permanent_uuid: "294b9b9861664cb683cdbf63111a01fa" member_type: VOTER last_known_addr { host: "127.30.231.65" port: 45029 } health_report { overall_health: HEALTHY } } peers { permanent_uuid: "52cbcbf4bffb4454a69ade054d89268d" member_type: VOTER last_known_addr { host: "127.30.231.68" port: 46775 } health_report { overall_health: UNKNOWN } } }
I20260630 12:20:52.995851  2501 raft_consensus.cc:2468] T 7fffe97e87c74eecb3aa37510b81eddf P 52cbcbf4bffb4454a69ade054d89268d [term 1 FOLLOWER]: Leader election vote request: Granting yes vote for candidate 294b9b9861664cb683cdbf63111a01fa in term 1.
I20260630 12:20:52.987886  2534 ts_tablet_manager.cc:1434] T 336457244af845e5895226b5a1506886 P 294b9b9861664cb683cdbf63111a01fa: Time spent starting tablet: real 0.014s	user 0.003s	sys 0.002s
I20260630 12:20:52.998358  2387 ts_tablet_manager.cc:1434] T e4fa7801865c4eb38909c7f951ca90a2 P a92fd272b2784179aa94d689efd58921: Time spent starting tablet: real 0.014s	user 0.006s	sys 0.000s
I20260630 12:20:52.998370  2534 tablet_bootstrap.cc:492] T c8cc36b111be4eae90963e34f5a9ffea P 294b9b9861664cb683cdbf63111a01fa: Bootstrap starting.
I20260630 12:20:53.002514  2416 raft_consensus.cc:493] T 62801298d41a471c9c1b11405bb0572a P a92fd272b2784179aa94d689efd58921 [term 0 FOLLOWER]: Starting pre-election (no leader contacted us within the election timeout)
I20260630 12:20:53.002964  2416 raft_consensus.cc:515] T 62801298d41a471c9c1b11405bb0572a P a92fd272b2784179aa94d689efd58921 [term 0 FOLLOWER]: Starting pre-election with config: opid_index: -1 OBSOLETE_local: false peers { permanent_uuid: "52cbcbf4bffb4454a69ade054d89268d" member_type: VOTER last_known_addr { host: "127.30.231.68" port: 46775 } } peers { permanent_uuid: "d8deb2c2a0514e7a903ea751fd470c49" member_type: VOTER last_known_addr { host: "127.30.231.66" port: 42393 } } peers { permanent_uuid: "a92fd272b2784179aa94d689efd58921" member_type: VOTER last_known_addr { host: "127.30.231.67" port: 45121 } }
I20260630 12:20:53.004500  2534 tablet_bootstrap.cc:654] T c8cc36b111be4eae90963e34f5a9ffea P 294b9b9861664cb683cdbf63111a01fa: Neither blocks nor log segments found. Creating new log.
I20260630 12:20:53.004909  2416 leader_election.cc:290] T 62801298d41a471c9c1b11405bb0572a P a92fd272b2784179aa94d689efd58921 [CANDIDATE]: Term 1 pre-election: Requested pre-vote from peers 52cbcbf4bffb4454a69ade054d89268d (127.30.231.68:46775), d8deb2c2a0514e7a903ea751fd470c49 (127.30.231.66:42393)
I20260630 12:20:53.005436  2501 tablet_service.cc:1917] Received RequestConsensusVote() RPC: tablet_id: "62801298d41a471c9c1b11405bb0572a" candidate_uuid: "a92fd272b2784179aa94d689efd58921" candidate_term: 1 candidate_status { last_received { term: 0 index: 0 } } ignore_live_leader: false dest_uuid: "52cbcbf4bffb4454a69ade054d89268d" is_pre_election: true
I20260630 12:20:53.006392  2268 tablet_service.cc:1917] Received RequestConsensusVote() RPC: tablet_id: "62801298d41a471c9c1b11405bb0572a" candidate_uuid: "a92fd272b2784179aa94d689efd58921" candidate_term: 1 candidate_status { last_received { term: 0 index: 0 } } ignore_live_leader: false dest_uuid: "d8deb2c2a0514e7a903ea751fd470c49" is_pre_election: true
W20260630 12:20:53.006523  2308 leader_election.cc:343] T 62801298d41a471c9c1b11405bb0572a P a92fd272b2784179aa94d689efd58921 [CANDIDATE]: Term 1 pre-election: Tablet error from VoteRequest() call to peer 52cbcbf4bffb4454a69ade054d89268d (127.30.231.68:46775): Illegal state: must be running to vote when last-logged opid is not known
I20260630 12:20:52.998647  2543 tablet_bootstrap.cc:492] T df37fcd9c7614fbfa92be7dc7a07c1e1 P 52cbcbf4bffb4454a69ade054d89268d: No bootstrap required, opened a new log
I20260630 12:20:53.007891  2543 ts_tablet_manager.cc:1403] T df37fcd9c7614fbfa92be7dc7a07c1e1 P 52cbcbf4bffb4454a69ade054d89268d: Time spent bootstrapping tablet: real 0.035s	user 0.008s	sys 0.006s
I20260630 12:20:53.009441  2534 tablet_bootstrap.cc:492] T c8cc36b111be4eae90963e34f5a9ffea P 294b9b9861664cb683cdbf63111a01fa: No bootstrap required, opened a new log
I20260630 12:20:53.009799  2534 ts_tablet_manager.cc:1403] T c8cc36b111be4eae90963e34f5a9ffea P 294b9b9861664cb683cdbf63111a01fa: Time spent bootstrapping tablet: real 0.012s	user 0.006s	sys 0.003s
I20260630 12:20:53.010552  2543 raft_consensus.cc:359] T df37fcd9c7614fbfa92be7dc7a07c1e1 P 52cbcbf4bffb4454a69ade054d89268d [term 0 FOLLOWER]: Replica starting. Triggering 0 pending ops. Active config: opid_index: -1 OBSOLETE_local: false peers { permanent_uuid: "52cbcbf4bffb4454a69ade054d89268d" member_type: VOTER last_known_addr { host: "127.30.231.68" port: 46775 } } peers { permanent_uuid: "d8deb2c2a0514e7a903ea751fd470c49" member_type: VOTER last_known_addr { host: "127.30.231.66" port: 42393 } } peers { permanent_uuid: "a92fd272b2784179aa94d689efd58921" member_type: VOTER last_known_addr { host: "127.30.231.67" port: 45121 } }
I20260630 12:20:53.011216  2543 raft_consensus.cc:385] T df37fcd9c7614fbfa92be7dc7a07c1e1 P 52cbcbf4bffb4454a69ade054d89268d [term 0 FOLLOWER]: Consensus starting up: Expiring failure detector timer to make a prompt election more likely
I20260630 12:20:53.011500  2543 raft_consensus.cc:740] T df37fcd9c7614fbfa92be7dc7a07c1e1 P 52cbcbf4bffb4454a69ade054d89268d [term 0 FOLLOWER]: Becoming Follower/Learner. State: Replica: 52cbcbf4bffb4454a69ade054d89268d, State: Initialized, Role: FOLLOWER
I20260630 12:20:53.011770  2534 raft_consensus.cc:359] T c8cc36b111be4eae90963e34f5a9ffea P 294b9b9861664cb683cdbf63111a01fa [term 0 FOLLOWER]: Replica starting. Triggering 0 pending ops. Active config: opid_index: -1 OBSOLETE_local: false peers { permanent_uuid: "d8deb2c2a0514e7a903ea751fd470c49" member_type: VOTER last_known_addr { host: "127.30.231.66" port: 42393 } } peers { permanent_uuid: "52cbcbf4bffb4454a69ade054d89268d" member_type: VOTER last_known_addr { host: "127.30.231.68" port: 46775 } } peers { permanent_uuid: "294b9b9861664cb683cdbf63111a01fa" member_type: VOTER last_known_addr { host: "127.30.231.65" port: 45029 } }
I20260630 12:20:53.012336  2534 raft_consensus.cc:385] T c8cc36b111be4eae90963e34f5a9ffea P 294b9b9861664cb683cdbf63111a01fa [term 0 FOLLOWER]: Consensus starting up: Expiring failure detector timer to make a prompt election more likely
I20260630 12:20:53.012575  2534 raft_consensus.cc:740] T c8cc36b111be4eae90963e34f5a9ffea P 294b9b9861664cb683cdbf63111a01fa [term 0 FOLLOWER]: Becoming Follower/Learner. State: Replica: 294b9b9861664cb683cdbf63111a01fa, State: Initialized, Role: FOLLOWER
I20260630 12:20:53.006969  2268 raft_consensus.cc:2468] T 62801298d41a471c9c1b11405bb0572a P d8deb2c2a0514e7a903ea751fd470c49 [term 0 FOLLOWER]: Leader pre-election vote request: Granting yes vote for candidate a92fd272b2784179aa94d689efd58921 in term 0.
I20260630 12:20:53.012156  2543 consensus_queue.cc:260] T df37fcd9c7614fbfa92be7dc7a07c1e1 P 52cbcbf4bffb4454a69ade054d89268d [NON_LEADER]: Queue going to NON_LEADER mode. State: All replicated index: 0, Majority replicated index: 0, Committed index: 0, Last appended: 0.0, Last appended by leader: 0, Current term: 0, Majority size: -1, State: 0, Mode: NON_LEADER, active raft config: opid_index: -1 OBSOLETE_local: false peers { permanent_uuid: "52cbcbf4bffb4454a69ade054d89268d" member_type: VOTER last_known_addr { host: "127.30.231.68" port: 46775 } } peers { permanent_uuid: "d8deb2c2a0514e7a903ea751fd470c49" member_type: VOTER last_known_addr { host: "127.30.231.66" port: 42393 } } peers { permanent_uuid: "a92fd272b2784179aa94d689efd58921" member_type: VOTER last_known_addr { host: "127.30.231.67" port: 45121 } }
I20260630 12:20:53.013856  2305 leader_election.cc:304] T 62801298d41a471c9c1b11405bb0572a P a92fd272b2784179aa94d689efd58921 [CANDIDATE]: Term 1 pre-election: Election decided. Result: candidate won. Election summary: received 3 responses out of 3 voters: 2 yes votes; 1 no votes. yes voters: a92fd272b2784179aa94d689efd58921, d8deb2c2a0514e7a903ea751fd470c49; no voters: 52cbcbf4bffb4454a69ade054d89268d
I20260630 12:20:53.014844  2543 ts_tablet_manager.cc:1434] T df37fcd9c7614fbfa92be7dc7a07c1e1 P 52cbcbf4bffb4454a69ade054d89268d: Time spent starting tablet: real 0.007s	user 0.002s	sys 0.004s
I20260630 12:20:53.013135  2534 consensus_queue.cc:260] T c8cc36b111be4eae90963e34f5a9ffea P 294b9b9861664cb683cdbf63111a01fa [NON_LEADER]: Queue going to NON_LEADER mode. State: All replicated index: 0, Majority replicated index: 0, Committed index: 0, Last appended: 0.0, Last appended by leader: 0, Current term: 0, Majority size: -1, State: 0, Mode: NON_LEADER, active raft config: opid_index: -1 OBSOLETE_local: false peers { permanent_uuid: "d8deb2c2a0514e7a903ea751fd470c49" member_type: VOTER last_known_addr { host: "127.30.231.66" port: 42393 } } peers { permanent_uuid: "52cbcbf4bffb4454a69ade054d89268d" member_type: VOTER last_known_addr { host: "127.30.231.68" port: 46775 } } peers { permanent_uuid: "294b9b9861664cb683cdbf63111a01fa" member_type: VOTER last_known_addr { host: "127.30.231.65" port: 45029 } }
I20260630 12:20:53.015754  2543 tablet_bootstrap.cc:492] T 336457244af845e5895226b5a1506886 P 52cbcbf4bffb4454a69ade054d89268d: Bootstrap starting.
I20260630 12:20:53.016796  2534 ts_tablet_manager.cc:1434] T c8cc36b111be4eae90963e34f5a9ffea P 294b9b9861664cb683cdbf63111a01fa: Time spent starting tablet: real 0.007s	user 0.005s	sys 0.001s
I20260630 12:20:53.017846  2557 raft_consensus.cc:493] T 0a23708e47d3451a944f4d914aeaadf9 P 52cbcbf4bffb4454a69ade054d89268d [term 0 FOLLOWER]: Starting pre-election (no leader contacted us within the election timeout)
I20260630 12:20:53.018307  2557 raft_consensus.cc:515] T 0a23708e47d3451a944f4d914aeaadf9 P 52cbcbf4bffb4454a69ade054d89268d [term 0 FOLLOWER]: Starting pre-election with config: opid_index: -1 OBSOLETE_local: false peers { permanent_uuid: "52cbcbf4bffb4454a69ade054d89268d" member_type: VOTER last_known_addr { host: "127.30.231.68" port: 46775 } } peers { permanent_uuid: "294b9b9861664cb683cdbf63111a01fa" member_type: VOTER last_known_addr { host: "127.30.231.65" port: 45029 } } peers { permanent_uuid: "a92fd272b2784179aa94d689efd58921" member_type: VOTER last_known_addr { host: "127.30.231.67" port: 45121 } }
I20260630 12:20:53.016800  2416 raft_consensus.cc:2804] T 62801298d41a471c9c1b11405bb0572a P a92fd272b2784179aa94d689efd58921 [term 0 FOLLOWER]: Leader pre-election won for term 1
I20260630 12:20:53.019318  2416 raft_consensus.cc:493] T 62801298d41a471c9c1b11405bb0572a P a92fd272b2784179aa94d689efd58921 [term 0 FOLLOWER]: Starting leader election (no leader contacted us within the election timeout)
I20260630 12:20:53.019639  2416 raft_consensus.cc:3060] T 62801298d41a471c9c1b11405bb0572a P a92fd272b2784179aa94d689efd58921 [term 0 FOLLOWER]: Advancing to term 1
I20260630 12:20:53.024001  2543 tablet_bootstrap.cc:654] T 336457244af845e5895226b5a1506886 P 52cbcbf4bffb4454a69ade054d89268d: Neither blocks nor log segments found. Creating new log.
I20260630 12:20:53.027064  2557 leader_election.cc:290] T 0a23708e47d3451a944f4d914aeaadf9 P 52cbcbf4bffb4454a69ade054d89268d [CANDIDATE]: Term 1 pre-election: Requested pre-vote from peers 294b9b9861664cb683cdbf63111a01fa (127.30.231.65:45029), a92fd272b2784179aa94d689efd58921 (127.30.231.67:45121)
I20260630 12:20:53.028395  2534 tablet_bootstrap.cc:492] T e7bcb0233c8a4ddc95b6c9e98f5b6ac1 P 294b9b9861664cb683cdbf63111a01fa: Bootstrap starting.
I20260630 12:20:53.043288  2416 raft_consensus.cc:515] T 62801298d41a471c9c1b11405bb0572a P a92fd272b2784179aa94d689efd58921 [term 1 FOLLOWER]: Starting leader election with config: opid_index: -1 OBSOLETE_local: false peers { permanent_uuid: "52cbcbf4bffb4454a69ade054d89268d" member_type: VOTER last_known_addr { host: "127.30.231.68" port: 46775 } } peers { permanent_uuid: "d8deb2c2a0514e7a903ea751fd470c49" member_type: VOTER last_known_addr { host: "127.30.231.66" port: 42393 } } peers { permanent_uuid: "a92fd272b2784179aa94d689efd58921" member_type: VOTER last_known_addr { host: "127.30.231.67" port: 45121 } }
I20260630 12:20:53.044226  2425 raft_consensus.cc:493] T c8cc36b111be4eae90963e34f5a9ffea P 294b9b9861664cb683cdbf63111a01fa [term 0 FOLLOWER]: Starting pre-election (no leader contacted us within the election timeout)
I20260630 12:20:53.044728  2425 raft_consensus.cc:515] T c8cc36b111be4eae90963e34f5a9ffea P 294b9b9861664cb683cdbf63111a01fa [term 0 FOLLOWER]: Starting pre-election with config: opid_index: -1 OBSOLETE_local: false peers { permanent_uuid: "d8deb2c2a0514e7a903ea751fd470c49" member_type: VOTER last_known_addr { host: "127.30.231.66" port: 42393 } } peers { permanent_uuid: "52cbcbf4bffb4454a69ade054d89268d" member_type: VOTER last_known_addr { host: "127.30.231.68" port: 46775 } } peers { permanent_uuid: "294b9b9861664cb683cdbf63111a01fa" member_type: VOTER last_known_addr { host: "127.30.231.65" port: 45029 } }
I20260630 12:20:53.046809  2425 leader_election.cc:290] T c8cc36b111be4eae90963e34f5a9ffea P 294b9b9861664cb683cdbf63111a01fa [CANDIDATE]: Term 1 pre-election: Requested pre-vote from peers d8deb2c2a0514e7a903ea751fd470c49 (127.30.231.66:42393), 52cbcbf4bffb4454a69ade054d89268d (127.30.231.68:46775)
I20260630 12:20:53.047389  2501 tablet_service.cc:1917] Received RequestConsensusVote() RPC: tablet_id: "62801298d41a471c9c1b11405bb0572a" candidate_uuid: "a92fd272b2784179aa94d689efd58921" candidate_term: 1 candidate_status { last_received { term: 0 index: 0 } } ignore_live_leader: false dest_uuid: "52cbcbf4bffb4454a69ade054d89268d"
I20260630 12:20:53.048383  2268 tablet_service.cc:1917] Received RequestConsensusVote() RPC: tablet_id: "62801298d41a471c9c1b11405bb0572a" candidate_uuid: "a92fd272b2784179aa94d689efd58921" candidate_term: 1 candidate_status { last_received { term: 0 index: 0 } } ignore_live_leader: false dest_uuid: "d8deb2c2a0514e7a903ea751fd470c49"
W20260630 12:20:53.048624  2308 leader_election.cc:343] T 62801298d41a471c9c1b11405bb0572a P a92fd272b2784179aa94d689efd58921 [CANDIDATE]: Term 1 election: Tablet error from VoteRequest() call to peer 52cbcbf4bffb4454a69ade054d89268d (127.30.231.68:46775): Illegal state: must be running to vote when last-logged opid is not known
I20260630 12:20:53.048926  2268 raft_consensus.cc:3060] T 62801298d41a471c9c1b11405bb0572a P d8deb2c2a0514e7a903ea751fd470c49 [term 0 FOLLOWER]: Advancing to term 1
I20260630 12:20:53.050133  2267 tablet_service.cc:1917] Received RequestConsensusVote() RPC: tablet_id: "c8cc36b111be4eae90963e34f5a9ffea" candidate_uuid: "294b9b9861664cb683cdbf63111a01fa" candidate_term: 1 candidate_status { last_received { term: 0 index: 0 } } ignore_live_leader: false dest_uuid: "d8deb2c2a0514e7a903ea751fd470c49" is_pre_election: true
I20260630 12:20:53.050788  2267 raft_consensus.cc:2468] T c8cc36b111be4eae90963e34f5a9ffea P d8deb2c2a0514e7a903ea751fd470c49 [term 0 FOLLOWER]: Leader pre-election vote request: Granting yes vote for candidate 294b9b9861664cb683cdbf63111a01fa in term 0.
I20260630 12:20:53.052095  2156 leader_election.cc:304] T c8cc36b111be4eae90963e34f5a9ffea P 294b9b9861664cb683cdbf63111a01fa [CANDIDATE]: Term 1 pre-election: Election decided. Result: candidate won. Election summary: received 2 responses out of 3 voters: 2 yes votes; 0 no votes. yes voters: 294b9b9861664cb683cdbf63111a01fa, d8deb2c2a0514e7a903ea751fd470c49; no voters: 
I20260630 12:20:53.052979  2425 raft_consensus.cc:2804] T c8cc36b111be4eae90963e34f5a9ffea P 294b9b9861664cb683cdbf63111a01fa [term 0 FOLLOWER]: Leader pre-election won for term 1
I20260630 12:20:53.053392  2425 raft_consensus.cc:493] T c8cc36b111be4eae90963e34f5a9ffea P 294b9b9861664cb683cdbf63111a01fa [term 0 FOLLOWER]: Starting leader election (no leader contacted us within the election timeout)
I20260630 12:20:53.053766  2425 raft_consensus.cc:3060] T c8cc36b111be4eae90963e34f5a9ffea P 294b9b9861664cb683cdbf63111a01fa [term 0 FOLLOWER]: Advancing to term 1
I20260630 12:20:53.055341  2268 raft_consensus.cc:2468] T 62801298d41a471c9c1b11405bb0572a P d8deb2c2a0514e7a903ea751fd470c49 [term 1 FOLLOWER]: Leader election vote request: Granting yes vote for candidate a92fd272b2784179aa94d689efd58921 in term 1.
I20260630 12:20:53.056520  2305 leader_election.cc:304] T 62801298d41a471c9c1b11405bb0572a P a92fd272b2784179aa94d689efd58921 [CANDIDATE]: Term 1 election: Election decided. Result: candidate won. Election summary: received 3 responses out of 3 voters: 2 yes votes; 1 no votes. yes voters: a92fd272b2784179aa94d689efd58921, d8deb2c2a0514e7a903ea751fd470c49; no voters: 52cbcbf4bffb4454a69ade054d89268d
I20260630 12:20:53.057368  2408 raft_consensus.cc:2804] T 62801298d41a471c9c1b11405bb0572a P a92fd272b2784179aa94d689efd58921 [term 1 FOLLOWER]: Leader election won for term 1
I20260630 12:20:53.057832  2408 raft_consensus.cc:697] T 62801298d41a471c9c1b11405bb0572a P a92fd272b2784179aa94d689efd58921 [term 1 LEADER]: Becoming Leader. State: Replica: a92fd272b2784179aa94d689efd58921, State: Running, Role: LEADER
I20260630 12:20:53.058780  2408 consensus_queue.cc:237] T 62801298d41a471c9c1b11405bb0572a P a92fd272b2784179aa94d689efd58921 [LEADER]: Queue going to LEADER mode. State: All replicated index: 0, Majority replicated index: 0, Committed index: 0, Last appended: 0.0, Last appended by leader: 0, Current term: 1, Majority size: 2, State: 0, Mode: LEADER, active raft config: opid_index: -1 OBSOLETE_local: false peers { permanent_uuid: "52cbcbf4bffb4454a69ade054d89268d" member_type: VOTER last_known_addr { host: "127.30.231.68" port: 46775 } } peers { permanent_uuid: "d8deb2c2a0514e7a903ea751fd470c49" member_type: VOTER last_known_addr { host: "127.30.231.66" port: 42393 } } peers { permanent_uuid: "a92fd272b2784179aa94d689efd58921" member_type: VOTER last_known_addr { host: "127.30.231.67" port: 45121 } }
I20260630 12:20:53.063098  2501 tablet_service.cc:1917] Received RequestConsensusVote() RPC: tablet_id: "c8cc36b111be4eae90963e34f5a9ffea" candidate_uuid: "294b9b9861664cb683cdbf63111a01fa" candidate_term: 1 candidate_status { last_received { term: 0 index: 0 } } ignore_live_leader: false dest_uuid: "52cbcbf4bffb4454a69ade054d89268d" is_pre_election: true
I20260630 12:20:53.065106  2501 raft_consensus.cc:2468] T c8cc36b111be4eae90963e34f5a9ffea P 52cbcbf4bffb4454a69ade054d89268d [term 0 FOLLOWER]: Leader pre-election vote request: Granting yes vote for candidate 294b9b9861664cb683cdbf63111a01fa in term 0.
I20260630 12:20:53.062240  2416 leader_election.cc:290] T 62801298d41a471c9c1b11405bb0572a P a92fd272b2784179aa94d689efd58921 [CANDIDATE]: Term 1 election: Requested vote from peers 52cbcbf4bffb4454a69ade054d89268d (127.30.231.68:46775), d8deb2c2a0514e7a903ea751fd470c49 (127.30.231.66:42393)
I20260630 12:20:53.067176  2425 raft_consensus.cc:515] T c8cc36b111be4eae90963e34f5a9ffea P 294b9b9861664cb683cdbf63111a01fa [term 1 FOLLOWER]: Starting leader election with config: opid_index: -1 OBSOLETE_local: false peers { permanent_uuid: "d8deb2c2a0514e7a903ea751fd470c49" member_type: VOTER last_known_addr { host: "127.30.231.66" port: 42393 } } peers { permanent_uuid: "52cbcbf4bffb4454a69ade054d89268d" member_type: VOTER last_known_addr { host: "127.30.231.68" port: 46775 } } peers { permanent_uuid: "294b9b9861664cb683cdbf63111a01fa" member_type: VOTER last_known_addr { host: "127.30.231.65" port: 45029 } }
I20260630 12:20:53.076460  2425 leader_election.cc:290] T c8cc36b111be4eae90963e34f5a9ffea P 294b9b9861664cb683cdbf63111a01fa [CANDIDATE]: Term 1 election: Requested vote from peers d8deb2c2a0514e7a903ea751fd470c49 (127.30.231.66:42393), 52cbcbf4bffb4454a69ade054d89268d (127.30.231.68:46775)
I20260630 12:20:53.076542  2543 tablet_bootstrap.cc:492] T 336457244af845e5895226b5a1506886 P 52cbcbf4bffb4454a69ade054d89268d: No bootstrap required, opened a new log
I20260630 12:20:53.077070  2543 ts_tablet_manager.cc:1403] T 336457244af845e5895226b5a1506886 P 52cbcbf4bffb4454a69ade054d89268d: Time spent bootstrapping tablet: real 0.061s	user 0.009s	sys 0.026s
I20260630 12:20:53.077081  2268 tablet_service.cc:1917] Received RequestConsensusVote() RPC: tablet_id: "c8cc36b111be4eae90963e34f5a9ffea" candidate_uuid: "294b9b9861664cb683cdbf63111a01fa" candidate_term: 1 candidate_status { last_received { term: 0 index: 0 } } ignore_live_leader: false dest_uuid: "d8deb2c2a0514e7a903ea751fd470c49"
I20260630 12:20:53.077652  2268 raft_consensus.cc:3060] T c8cc36b111be4eae90963e34f5a9ffea P d8deb2c2a0514e7a903ea751fd470c49 [term 0 FOLLOWER]: Advancing to term 1
I20260630 12:20:53.081017  2543 raft_consensus.cc:359] T 336457244af845e5895226b5a1506886 P 52cbcbf4bffb4454a69ade054d89268d [term 0 FOLLOWER]: Replica starting. Triggering 0 pending ops. Active config: opid_index: -1 OBSOLETE_local: false peers { permanent_uuid: "a92fd272b2784179aa94d689efd58921" member_type: VOTER last_known_addr { host: "127.30.231.67" port: 45121 } } peers { permanent_uuid: "52cbcbf4bffb4454a69ade054d89268d" member_type: VOTER last_known_addr { host: "127.30.231.68" port: 46775 } } peers { permanent_uuid: "294b9b9861664cb683cdbf63111a01fa" member_type: VOTER last_known_addr { host: "127.30.231.65" port: 45029 } }
I20260630 12:20:53.081513  2501 tablet_service.cc:1917] Received RequestConsensusVote() RPC: tablet_id: "c8cc36b111be4eae90963e34f5a9ffea" candidate_uuid: "294b9b9861664cb683cdbf63111a01fa" candidate_term: 1 candidate_status { last_received { term: 0 index: 0 } } ignore_live_leader: false dest_uuid: "52cbcbf4bffb4454a69ade054d89268d"
I20260630 12:20:53.081964  2543 raft_consensus.cc:385] T 336457244af845e5895226b5a1506886 P 52cbcbf4bffb4454a69ade054d89268d [term 0 FOLLOWER]: Consensus starting up: Expiring failure detector timer to make a prompt election more likely
I20260630 12:20:53.082469  2501 raft_consensus.cc:3060] T c8cc36b111be4eae90963e34f5a9ffea P 52cbcbf4bffb4454a69ade054d89268d [term 0 FOLLOWER]: Advancing to term 1
I20260630 12:20:53.082485  2543 raft_consensus.cc:740] T 336457244af845e5895226b5a1506886 P 52cbcbf4bffb4454a69ade054d89268d [term 0 FOLLOWER]: Becoming Follower/Learner. State: Replica: 52cbcbf4bffb4454a69ade054d89268d, State: Initialized, Role: FOLLOWER
I20260630 12:20:53.083613  2543 consensus_queue.cc:260] T 336457244af845e5895226b5a1506886 P 52cbcbf4bffb4454a69ade054d89268d [NON_LEADER]: Queue going to NON_LEADER mode. State: All replicated index: 0, Majority replicated index: 0, Committed index: 0, Last appended: 0.0, Last appended by leader: 0, Current term: 0, Majority size: -1, State: 0, Mode: NON_LEADER, active raft config: opid_index: -1 OBSOLETE_local: false peers { permanent_uuid: "a92fd272b2784179aa94d689efd58921" member_type: VOTER last_known_addr { host: "127.30.231.67" port: 45121 } } peers { permanent_uuid: "52cbcbf4bffb4454a69ade054d89268d" member_type: VOTER last_known_addr { host: "127.30.231.68" port: 46775 } } peers { permanent_uuid: "294b9b9861664cb683cdbf63111a01fa" member_type: VOTER last_known_addr { host: "127.30.231.65" port: 45029 } }
I20260630 12:20:53.084702  2191 tablet_service.cc:1917] Received RequestConsensusVote() RPC: tablet_id: "0a23708e47d3451a944f4d914aeaadf9" candidate_uuid: "52cbcbf4bffb4454a69ade054d89268d" candidate_term: 1 candidate_status { last_received { term: 0 index: 0 } } ignore_live_leader: false dest_uuid: "294b9b9861664cb683cdbf63111a01fa" is_pre_election: true
I20260630 12:20:53.085708  2191 raft_consensus.cc:2393] T 0a23708e47d3451a944f4d914aeaadf9 P 294b9b9861664cb683cdbf63111a01fa [term 1 FOLLOWER]: Leader pre-election vote request: Denying vote to candidate 52cbcbf4bffb4454a69ade054d89268d in current term 1: Already voted for candidate a92fd272b2784179aa94d689efd58921 in this term.
I20260630 12:20:53.082690  2091 catalog_manager.cc:5697] T 62801298d41a471c9c1b11405bb0572a P a92fd272b2784179aa94d689efd58921 reported cstate change: term changed from 0 to 1, leader changed from <none> to a92fd272b2784179aa94d689efd58921 (127.30.231.67). New cstate: current_term: 1 leader_uuid: "a92fd272b2784179aa94d689efd58921" committed_config { opid_index: -1 OBSOLETE_local: false peers { permanent_uuid: "52cbcbf4bffb4454a69ade054d89268d" member_type: VOTER last_known_addr { host: "127.30.231.68" port: 46775 } health_report { overall_health: UNKNOWN } } peers { permanent_uuid: "d8deb2c2a0514e7a903ea751fd470c49" member_type: VOTER last_known_addr { host: "127.30.231.66" port: 42393 } health_report { overall_health: UNKNOWN } } peers { permanent_uuid: "a92fd272b2784179aa94d689efd58921" member_type: VOTER last_known_addr { host: "127.30.231.67" port: 45121 } health_report { overall_health: HEALTHY } } }
I20260630 12:20:53.088615  2543 ts_tablet_manager.cc:1434] T 336457244af845e5895226b5a1506886 P 52cbcbf4bffb4454a69ade054d89268d: Time spent starting tablet: real 0.011s	user 0.000s	sys 0.007s
I20260630 12:20:53.089480  2543 tablet_bootstrap.cc:492] T e7bcb0233c8a4ddc95b6c9e98f5b6ac1 P 52cbcbf4bffb4454a69ade054d89268d: Bootstrap starting.
I20260630 12:20:53.092654  2501 raft_consensus.cc:2468] T c8cc36b111be4eae90963e34f5a9ffea P 52cbcbf4bffb4454a69ade054d89268d [term 1 FOLLOWER]: Leader election vote request: Granting yes vote for candidate 294b9b9861664cb683cdbf63111a01fa in term 1.
I20260630 12:20:53.097841  2543 tablet_bootstrap.cc:654] T e7bcb0233c8a4ddc95b6c9e98f5b6ac1 P 52cbcbf4bffb4454a69ade054d89268d: Neither blocks nor log segments found. Creating new log.
I20260630 12:20:53.098903  2268 raft_consensus.cc:2468] T c8cc36b111be4eae90963e34f5a9ffea P d8deb2c2a0514e7a903ea751fd470c49 [term 1 FOLLOWER]: Leader election vote request: Granting yes vote for candidate 294b9b9861664cb683cdbf63111a01fa in term 1.
