I20260630 12:21:19.161449  6433 raft_consensus.cc:740] T 3881bc50c2e249d3886b358eea23d605 P 562af9d9cc6a4e7391980006f197b7f2 [term 0 FOLLOWER]: Becoming Follower/Learner. State: Replica: 562af9d9cc6a4e7391980006f197b7f2, State: Initialized, Role: FOLLOWER
I20260630 12:21:19.162225  6434 tablet_bootstrap.cc:654] T 3881bc50c2e249d3886b358eea23d605 P 495db476d0804d3796954ff7871243b9: Neither blocks nor log segments found. Creating new log.
I20260630 12:21:19.162154  6433 consensus_queue.cc:260] T 3881bc50c2e249d3886b358eea23d605 P 562af9d9cc6a4e7391980006f197b7f2 [NON_LEADER]: Queue going to NON_LEADER mode. State: All replicated index: 0, Majority replicated index: 0, Committed index: 0, Last appended: 0.0, Last appended by leader: 0, Current term: 0, Majority size: -1, State: 0, Mode: NON_LEADER, active raft config: opid_index: -1 OBSOLETE_local: false peers { permanent_uuid: "562af9d9cc6a4e7391980006f197b7f2" member_type: VOTER last_known_addr { host: "127.2.10.195" port: 42143 } } peers { permanent_uuid: "495db476d0804d3796954ff7871243b9" member_type: VOTER last_known_addr { host: "127.2.10.193" port: 38427 } } peers { permanent_uuid: "da4be1a46de947818eb6ca2e6704ec1d" member_type: VOTER last_known_addr { host: "127.2.10.194" port: 40653 } }
I20260630 12:21:19.168084  6436 tablet_bootstrap.cc:654] T 3881bc50c2e249d3886b358eea23d605 P da4be1a46de947818eb6ca2e6704ec1d: Neither blocks nor log segments found. Creating new log.
I20260630 12:21:19.169523  6433 ts_tablet_manager.cc:1434] T 3881bc50c2e249d3886b358eea23d605 P 562af9d9cc6a4e7391980006f197b7f2: Time spent starting tablet: real 0.011s	user 0.005s	sys 0.006s
I20260630 12:21:19.169790  6434 tablet_bootstrap.cc:492] T 3881bc50c2e249d3886b358eea23d605 P 495db476d0804d3796954ff7871243b9: No bootstrap required, opened a new log
I20260630 12:21:19.170178  6434 ts_tablet_manager.cc:1403] T 3881bc50c2e249d3886b358eea23d605 P 495db476d0804d3796954ff7871243b9: Time spent bootstrapping tablet: real 0.014s	user 0.006s	sys 0.005s
I20260630 12:21:19.173151  6436 tablet_bootstrap.cc:492] T 3881bc50c2e249d3886b358eea23d605 P da4be1a46de947818eb6ca2e6704ec1d: No bootstrap required, opened a new log
I20260630 12:21:19.173575  6436 ts_tablet_manager.cc:1403] T 3881bc50c2e249d3886b358eea23d605 P da4be1a46de947818eb6ca2e6704ec1d: Time spent bootstrapping tablet: real 0.013s	user 0.010s	sys 0.000s
I20260630 12:21:19.173476  6434 raft_consensus.cc:359] T 3881bc50c2e249d3886b358eea23d605 P 495db476d0804d3796954ff7871243b9 [term 0 FOLLOWER]: Replica starting. Triggering 0 pending ops. Active config: opid_index: -1 OBSOLETE_local: false peers { permanent_uuid: "562af9d9cc6a4e7391980006f197b7f2" member_type: VOTER last_known_addr { host: "127.2.10.195" port: 42143 } } peers { permanent_uuid: "495db476d0804d3796954ff7871243b9" member_type: VOTER last_known_addr { host: "127.2.10.193" port: 38427 } } peers { permanent_uuid: "da4be1a46de947818eb6ca2e6704ec1d" member_type: VOTER last_known_addr { host: "127.2.10.194" port: 40653 } }
I20260630 12:21:19.174052  6434 raft_consensus.cc:385] T 3881bc50c2e249d3886b358eea23d605 P 495db476d0804d3796954ff7871243b9 [term 0 FOLLOWER]: Consensus starting up: Expiring failure detector timer to make a prompt election more likely
I20260630 12:21:19.174288  6434 raft_consensus.cc:740] T 3881bc50c2e249d3886b358eea23d605 P 495db476d0804d3796954ff7871243b9 [term 0 FOLLOWER]: Becoming Follower/Learner. State: Replica: 495db476d0804d3796954ff7871243b9, State: Initialized, Role: FOLLOWER
I20260630 12:21:19.175099  6434 consensus_queue.cc:260] T 3881bc50c2e249d3886b358eea23d605 P 495db476d0804d3796954ff7871243b9 [NON_LEADER]: Queue going to NON_LEADER mode. State: All replicated index: 0, Majority replicated index: 0, Committed index: 0, Last appended: 0.0, Last appended by leader: 0, Current term: 0, Majority size: -1, State: 0, Mode: NON_LEADER, active raft config: opid_index: -1 OBSOLETE_local: false peers { permanent_uuid: "562af9d9cc6a4e7391980006f197b7f2" member_type: VOTER last_known_addr { host: "127.2.10.195" port: 42143 } } peers { permanent_uuid: "495db476d0804d3796954ff7871243b9" member_type: VOTER last_known_addr { host: "127.2.10.193" port: 38427 } } peers { permanent_uuid: "da4be1a46de947818eb6ca2e6704ec1d" member_type: VOTER last_known_addr { host: "127.2.10.194" port: 40653 } }
I20260630 12:21:19.177510  6434 ts_tablet_manager.cc:1434] T 3881bc50c2e249d3886b358eea23d605 P 495db476d0804d3796954ff7871243b9: Time spent starting tablet: real 0.007s	user 0.005s	sys 0.000s
I20260630 12:21:19.178318  6436 raft_consensus.cc:359] T 3881bc50c2e249d3886b358eea23d605 P da4be1a46de947818eb6ca2e6704ec1d [term 0 FOLLOWER]: Replica starting. Triggering 0 pending ops. Active config: opid_index: -1 OBSOLETE_local: false peers { permanent_uuid: "562af9d9cc6a4e7391980006f197b7f2" member_type: VOTER last_known_addr { host: "127.2.10.195" port: 42143 } } peers { permanent_uuid: "495db476d0804d3796954ff7871243b9" member_type: VOTER last_known_addr { host: "127.2.10.193" port: 38427 } } peers { permanent_uuid: "da4be1a46de947818eb6ca2e6704ec1d" member_type: VOTER last_known_addr { host: "127.2.10.194" port: 40653 } }
I20260630 12:21:19.178907  6436 raft_consensus.cc:385] T 3881bc50c2e249d3886b358eea23d605 P da4be1a46de947818eb6ca2e6704ec1d [term 0 FOLLOWER]: Consensus starting up: Expiring failure detector timer to make a prompt election more likely
I20260630 12:21:19.179209  6436 raft_consensus.cc:740] T 3881bc50c2e249d3886b358eea23d605 P da4be1a46de947818eb6ca2e6704ec1d [term 0 FOLLOWER]: Becoming Follower/Learner. State: Replica: da4be1a46de947818eb6ca2e6704ec1d, State: Initialized, Role: FOLLOWER
I20260630 12:21:19.180243  6436 consensus_queue.cc:260] T 3881bc50c2e249d3886b358eea23d605 P da4be1a46de947818eb6ca2e6704ec1d [NON_LEADER]: Queue going to NON_LEADER mode. State: All replicated index: 0, Majority replicated index: 0, Committed index: 0, Last appended: 0.0, Last appended by leader: 0, Current term: 0, Majority size: -1, State: 0, Mode: NON_LEADER, active raft config: opid_index: -1 OBSOLETE_local: false peers { permanent_uuid: "562af9d9cc6a4e7391980006f197b7f2" member_type: VOTER last_known_addr { host: "127.2.10.195" port: 42143 } } peers { permanent_uuid: "495db476d0804d3796954ff7871243b9" member_type: VOTER last_known_addr { host: "127.2.10.193" port: 38427 } } peers { permanent_uuid: "da4be1a46de947818eb6ca2e6704ec1d" member_type: VOTER last_known_addr { host: "127.2.10.194" port: 40653 } }
I20260630 12:21:19.183135  6436 ts_tablet_manager.cc:1434] T 3881bc50c2e249d3886b358eea23d605 P da4be1a46de947818eb6ca2e6704ec1d: Time spent starting tablet: real 0.009s	user 0.003s	sys 0.005s
I20260630 12:21:19.210453  6437 raft_consensus.cc:493] T 3881bc50c2e249d3886b358eea23d605 P 562af9d9cc6a4e7391980006f197b7f2 [term 0 FOLLOWER]: Starting pre-election (no leader contacted us within the election timeout)
I20260630 12:21:19.210860  6437 raft_consensus.cc:515] T 3881bc50c2e249d3886b358eea23d605 P 562af9d9cc6a4e7391980006f197b7f2 [term 0 FOLLOWER]: Starting pre-election with config: opid_index: -1 OBSOLETE_local: false peers { permanent_uuid: "562af9d9cc6a4e7391980006f197b7f2" member_type: VOTER last_known_addr { host: "127.2.10.195" port: 42143 } } peers { permanent_uuid: "495db476d0804d3796954ff7871243b9" member_type: VOTER last_known_addr { host: "127.2.10.193" port: 38427 } } peers { permanent_uuid: "da4be1a46de947818eb6ca2e6704ec1d" member_type: VOTER last_known_addr { host: "127.2.10.194" port: 40653 } }
I20260630 12:21:19.212765  6437 leader_election.cc:290] T 3881bc50c2e249d3886b358eea23d605 P 562af9d9cc6a4e7391980006f197b7f2 [CANDIDATE]: Term 1 pre-election: Requested pre-vote from peers 495db476d0804d3796954ff7871243b9 (127.2.10.193:38427), da4be1a46de947818eb6ca2e6704ec1d (127.2.10.194:40653)
I20260630 12:21:19.222819  6238 tablet_service.cc:1917] Received RequestConsensusVote() RPC: tablet_id: "3881bc50c2e249d3886b358eea23d605" candidate_uuid: "562af9d9cc6a4e7391980006f197b7f2" candidate_term: 1 candidate_status { last_received { term: 0 index: 0 } } ignore_live_leader: false dest_uuid: "495db476d0804d3796954ff7871243b9" is_pre_election: true
I20260630 12:21:19.223656  6238 raft_consensus.cc:2468] T 3881bc50c2e249d3886b358eea23d605 P 495db476d0804d3796954ff7871243b9 [term 0 FOLLOWER]: Leader pre-election vote request: Granting yes vote for candidate 562af9d9cc6a4e7391980006f197b7f2 in term 0.
I20260630 12:21:19.224681  6353 leader_election.cc:304] T 3881bc50c2e249d3886b358eea23d605 P 562af9d9cc6a4e7391980006f197b7f2 [CANDIDATE]: Term 1 pre-election: Election decided. Result: candidate won. Election summary: received 2 responses out of 3 voters: 2 yes votes; 0 no votes. yes voters: 495db476d0804d3796954ff7871243b9, 562af9d9cc6a4e7391980006f197b7f2; no voters: 
I20260630 12:21:19.224758  6313 tablet_service.cc:1917] Received RequestConsensusVote() RPC: tablet_id: "3881bc50c2e249d3886b358eea23d605" candidate_uuid: "562af9d9cc6a4e7391980006f197b7f2" candidate_term: 1 candidate_status { last_received { term: 0 index: 0 } } ignore_live_leader: false dest_uuid: "da4be1a46de947818eb6ca2e6704ec1d" is_pre_election: true
I20260630 12:21:19.225356  6437 raft_consensus.cc:2804] T 3881bc50c2e249d3886b358eea23d605 P 562af9d9cc6a4e7391980006f197b7f2 [term 0 FOLLOWER]: Leader pre-election won for term 1
I20260630 12:21:19.225371  6313 raft_consensus.cc:2468] T 3881bc50c2e249d3886b358eea23d605 P da4be1a46de947818eb6ca2e6704ec1d [term 0 FOLLOWER]: Leader pre-election vote request: Granting yes vote for candidate 562af9d9cc6a4e7391980006f197b7f2 in term 0.
I20260630 12:21:19.225826  6437 raft_consensus.cc:493] T 3881bc50c2e249d3886b358eea23d605 P 562af9d9cc6a4e7391980006f197b7f2 [term 0 FOLLOWER]: Starting leader election (no leader contacted us within the election timeout)
I20260630 12:21:19.226234  6437 raft_consensus.cc:3060] T 3881bc50c2e249d3886b358eea23d605 P 562af9d9cc6a4e7391980006f197b7f2 [term 0 FOLLOWER]: Advancing to term 1
I20260630 12:21:19.231071  6437 raft_consensus.cc:515] T 3881bc50c2e249d3886b358eea23d605 P 562af9d9cc6a4e7391980006f197b7f2 [term 1 FOLLOWER]: Starting leader election with config: opid_index: -1 OBSOLETE_local: false peers { permanent_uuid: "562af9d9cc6a4e7391980006f197b7f2" member_type: VOTER last_known_addr { host: "127.2.10.195" port: 42143 } } peers { permanent_uuid: "495db476d0804d3796954ff7871243b9" member_type: VOTER last_known_addr { host: "127.2.10.193" port: 38427 } } peers { permanent_uuid: "da4be1a46de947818eb6ca2e6704ec1d" member_type: VOTER last_known_addr { host: "127.2.10.194" port: 40653 } }
I20260630 12:21:19.232633  6437 leader_election.cc:290] T 3881bc50c2e249d3886b358eea23d605 P 562af9d9cc6a4e7391980006f197b7f2 [CANDIDATE]: Term 1 election: Requested vote from peers 495db476d0804d3796954ff7871243b9 (127.2.10.193:38427), da4be1a46de947818eb6ca2e6704ec1d (127.2.10.194:40653)
I20260630 12:21:19.233280  6238 tablet_service.cc:1917] Received RequestConsensusVote() RPC: tablet_id: "3881bc50c2e249d3886b358eea23d605" candidate_uuid: "562af9d9cc6a4e7391980006f197b7f2" candidate_term: 1 candidate_status { last_received { term: 0 index: 0 } } ignore_live_leader: false dest_uuid: "495db476d0804d3796954ff7871243b9"
I20260630 12:21:19.233713  6238 raft_consensus.cc:3060] T 3881bc50c2e249d3886b358eea23d605 P 495db476d0804d3796954ff7871243b9 [term 0 FOLLOWER]: Advancing to term 1
I20260630 12:21:19.233857  6313 tablet_service.cc:1917] Received RequestConsensusVote() RPC: tablet_id: "3881bc50c2e249d3886b358eea23d605" candidate_uuid: "562af9d9cc6a4e7391980006f197b7f2" candidate_term: 1 candidate_status { last_received { term: 0 index: 0 } } ignore_live_leader: false dest_uuid: "da4be1a46de947818eb6ca2e6704ec1d"
I20260630 12:21:19.234287  6313 raft_consensus.cc:3060] T 3881bc50c2e249d3886b358eea23d605 P da4be1a46de947818eb6ca2e6704ec1d [term 0 FOLLOWER]: Advancing to term 1
I20260630 12:21:19.238435  6238 raft_consensus.cc:2468] T 3881bc50c2e249d3886b358eea23d605 P 495db476d0804d3796954ff7871243b9 [term 1 FOLLOWER]: Leader election vote request: Granting yes vote for candidate 562af9d9cc6a4e7391980006f197b7f2 in term 1.
I20260630 12:21:19.238930  6313 raft_consensus.cc:2468] T 3881bc50c2e249d3886b358eea23d605 P da4be1a46de947818eb6ca2e6704ec1d [term 1 FOLLOWER]: Leader election vote request: Granting yes vote for candidate 562af9d9cc6a4e7391980006f197b7f2 in term 1.
I20260630 12:21:19.239248  6353 leader_election.cc:304] T 3881bc50c2e249d3886b358eea23d605 P 562af9d9cc6a4e7391980006f197b7f2 [CANDIDATE]: Term 1 election: Election decided. Result: candidate won. Election summary: received 2 responses out of 3 voters: 2 yes votes; 0 no votes. yes voters: 495db476d0804d3796954ff7871243b9, 562af9d9cc6a4e7391980006f197b7f2; no voters: 
I20260630 12:21:19.239885  6437 raft_consensus.cc:2804] T 3881bc50c2e249d3886b358eea23d605 P 562af9d9cc6a4e7391980006f197b7f2 [term 1 FOLLOWER]: Leader election won for term 1
I20260630 12:21:19.240800  6437 raft_consensus.cc:697] T 3881bc50c2e249d3886b358eea23d605 P 562af9d9cc6a4e7391980006f197b7f2 [term 1 LEADER]: Becoming Leader. State: Replica: 562af9d9cc6a4e7391980006f197b7f2, State: Running, Role: LEADER
I20260630 12:21:19.241470  6437 consensus_queue.cc:237] T 3881bc50c2e249d3886b358eea23d605 P 562af9d9cc6a4e7391980006f197b7f2 [LEADER]: Queue going to LEADER mode. State: All replicated index: 0, Majority replicated index: 0, Committed index: 0, Last appended: 0.0, Last appended by leader: 0, Current term: 1, Majority size: 2, State: 0, Mode: LEADER, active raft config: opid_index: -1 OBSOLETE_local: false peers { permanent_uuid: "562af9d9cc6a4e7391980006f197b7f2" member_type: VOTER last_known_addr { host: "127.2.10.195" port: 42143 } } peers { permanent_uuid: "495db476d0804d3796954ff7871243b9" member_type: VOTER last_known_addr { host: "127.2.10.193" port: 38427 } } peers { permanent_uuid: "da4be1a46de947818eb6ca2e6704ec1d" member_type: VOTER last_known_addr { host: "127.2.10.194" port: 40653 } }
I20260630 12:21:19.248133  6135 catalog_manager.cc:5697] T 3881bc50c2e249d3886b358eea23d605 P 562af9d9cc6a4e7391980006f197b7f2 reported cstate change: term changed from 0 to 1, leader changed from <none> to 562af9d9cc6a4e7391980006f197b7f2 (127.2.10.195). New cstate: current_term: 1 leader_uuid: "562af9d9cc6a4e7391980006f197b7f2" committed_config { opid_index: -1 OBSOLETE_local: false peers { permanent_uuid: "562af9d9cc6a4e7391980006f197b7f2" member_type: VOTER last_known_addr { host: "127.2.10.195" port: 42143 } health_report { overall_health: HEALTHY } } peers { permanent_uuid: "495db476d0804d3796954ff7871243b9" member_type: VOTER last_known_addr { host: "127.2.10.193" port: 38427 } health_report { overall_health: UNKNOWN } } peers { permanent_uuid: "da4be1a46de947818eb6ca2e6704ec1d" member_type: VOTER last_known_addr { host: "127.2.10.194" port: 40653 } health_report { overall_health: UNKNOWN } } }
W20260630 12:21:19.264381  6413 tablet.cc:2406] T 3881bc50c2e249d3886b358eea23d605 P 562af9d9cc6a4e7391980006f197b7f2: Can't schedule compaction. Clean time has not been advanced past its initial value.
I20260630 12:21:19.673986  6184 placement_policy_util.cc:411] tablet 3881bc50c2e249d3886b358eea23d605: detected majority of replicas (2 of 3) at location L0
I20260630 12:21:19.675614  6189 auto_leader_rebalancer.cc:141] leader rebalance for table test-workload
I20260630 12:21:19.676867  6189 auto_leader_rebalancer.cc:440] table: test-workload, leader rebalance finish, leader transfer count: 0
I20260630 12:21:19.677155  6189 auto_leader_rebalancer.cc:515] All tables' leader rebalancing finished this round
I20260630 12:21:19.767948  6446 consensus_queue.cc:1048] T 3881bc50c2e249d3886b358eea23d605 P 562af9d9cc6a4e7391980006f197b7f2 [LEADER]: Connected to new peer: Peer: permanent_uuid: "da4be1a46de947818eb6ca2e6704ec1d" member_type: VOTER last_known_addr { host: "127.2.10.194" port: 40653 }, Status: LMP_MISMATCH, Last received: 0.0, Next index: 1, Last known committed idx: 0, Time since last communication: 0.000s
I20260630 12:21:19.779188  6451 consensus_queue.cc:1048] T 3881bc50c2e249d3886b358eea23d605 P 562af9d9cc6a4e7391980006f197b7f2 [LEADER]: Connected to new peer: Peer: permanent_uuid: "495db476d0804d3796954ff7871243b9" member_type: VOTER last_known_addr { host: "127.2.10.193" port: 38427 }, Status: LMP_MISMATCH, Last received: 0.0, Next index: 1, Last known committed idx: 0, Time since last communication: 0.000s
I20260630 12:21:20.682476  6184 placement_policy_util.cc:411] tablet 3881bc50c2e249d3886b358eea23d605: detected majority of replicas (2 of 3) at location L0
I20260630 12:21:21.677955  6189 auto_leader_rebalancer.cc:141] leader rebalance for table test-workload
I20260630 12:21:21.679159  6189 auto_leader_rebalancer.cc:440] table: test-workload, leader rebalance finish, leader transfer count: 0
I20260630 12:21:21.679436  6189 auto_leader_rebalancer.cc:515] All tables' leader rebalancing finished this round
I20260630 12:21:21.689960  6184 placement_policy_util.cc:411] tablet 3881bc50c2e249d3886b358eea23d605: detected majority of replicas (2 of 3) at location L0
I20260630 12:21:22.697463  6184 placement_policy_util.cc:411] tablet 3881bc50c2e249d3886b358eea23d605: detected majority of replicas (2 of 3) at location L0
I20260630 12:21:23.680286  6189 auto_leader_rebalancer.cc:141] leader rebalance for table test-workload
I20260630 12:21:23.681521  6189 auto_leader_rebalancer.cc:440] table: test-workload, leader rebalance finish, leader transfer count: 0
I20260630 12:21:23.681799  6189 auto_leader_rebalancer.cc:515] All tables' leader rebalancing finished this round
I20260630 12:21:23.705009  6184 placement_policy_util.cc:411] tablet 3881bc50c2e249d3886b358eea23d605: detected majority of replicas (2 of 3) at location L0
I20260630 12:21:24.712543  6184 placement_policy_util.cc:411] tablet 3881bc50c2e249d3886b358eea23d605: detected majority of replicas (2 of 3) at location L0
I20260630 12:21:25.682925  6189 auto_leader_rebalancer.cc:141] leader rebalance for table test-workload
I20260630 12:21:25.684590  6189 auto_leader_rebalancer.cc:440] table: test-workload, leader rebalance finish, leader transfer count: 0
I20260630 12:21:25.684871  6189 auto_leader_rebalancer.cc:515] All tables' leader rebalancing finished this round
I20260630 12:21:25.721261  6184 placement_policy_util.cc:411] tablet 3881bc50c2e249d3886b358eea23d605: detected majority of replicas (2 of 3) at location L0
I20260630 12:21:26.729252  6184 placement_policy_util.cc:411] tablet 3881bc50c2e249d3886b358eea23d605: detected majority of replicas (2 of 3) at location L0
I20260630 12:21:27.685717  6189 auto_leader_rebalancer.cc:141] leader rebalance for table test-workload
I20260630 12:21:27.686926  6189 auto_leader_rebalancer.cc:440] table: test-workload, leader rebalance finish, leader transfer count: 0
I20260630 12:21:27.687213  6189 auto_leader_rebalancer.cc:515] All tables' leader rebalancing finished this round
I20260630 12:21:27.736716  6184 placement_policy_util.cc:411] tablet 3881bc50c2e249d3886b358eea23d605: detected majority of replicas (2 of 3) at location L0
I20260630 12:21:28.742723  6184 placement_policy_util.cc:411] tablet 3881bc50c2e249d3886b358eea23d605: detected majority of replicas (2 of 3) at location L0
I20260630 12:21:29.784756  6189 auto_leader_rebalancer.cc:141] leader rebalance for table test-workload
I20260630 12:21:29.786579  6189 auto_leader_rebalancer.cc:440] table: test-workload, leader rebalance finish, leader transfer count: 0
I20260630 12:21:29.787030  6189 auto_leader_rebalancer.cc:515] All tables' leader rebalancing finished this round
I20260630 12:21:29.795773  6184 placement_policy_util.cc:411] tablet 3881bc50c2e249d3886b358eea23d605: detected majority of replicas (2 of 3) at location L0
I20260630 12:21:30.803913  6184 placement_policy_util.cc:411] tablet 3881bc50c2e249d3886b358eea23d605: detected majority of replicas (2 of 3) at location L0
I20260630 12:21:30.979084  2091 tablet_server.cc:179] TabletServer@127.2.10.193:0 shutting down...
I20260630 12:21:30.999548  2091 ts_tablet_manager.cc:1507] Shutting down tablet manager...
I20260630 12:21:31.000301  2091 tablet_replica.cc:333] T 3881bc50c2e249d3886b358eea23d605 P 495db476d0804d3796954ff7871243b9: stopping tablet replica
I20260630 12:21:31.000810  2091 raft_consensus.cc:2243] T 3881bc50c2e249d3886b358eea23d605 P 495db476d0804d3796954ff7871243b9 [term 1 FOLLOWER]: Raft consensus shutting down.
I20260630 12:21:31.001430  2091 raft_consensus.cc:2272] T 3881bc50c2e249d3886b358eea23d605 P 495db476d0804d3796954ff7871243b9 [term 1 FOLLOWER]: Raft consensus is shut down!
W20260630 12:21:31.095459  6259 debug-util.cc:398] Leaking SignalData structure 0x7b08001a7d00 after lost signal to thread 2094
W20260630 12:21:31.096359  6259 debug-util.cc:398] Leaking SignalData structure 0x7b080007d8e0 after lost signal to thread 6170
W20260630 12:21:31.097828  6259 debug-util.cc:398] Leaking SignalData structure 0x7b0800246360 after lost signal to thread 6337
W20260630 12:21:31.098608  6259 debug-util.cc:398] Leaking SignalData structure 0x7b08000a2980 after lost signal to thread 6411
W20260630 12:21:31.303992  6353 proxy.cc:239] Call had error, refreshing address and retrying: Network error: Client connection negotiation failed: client connection to 127.2.10.193:38427: connect: Connection refused (error 111) [suppressed 3 similar messages]
W20260630 12:21:31.313347  6353 consensus_peers.cc:597] T 3881bc50c2e249d3886b358eea23d605 P 562af9d9cc6a4e7391980006f197b7f2 -> Peer 495db476d0804d3796954ff7871243b9 (127.2.10.193:38427): Couldn't send request to peer 495db476d0804d3796954ff7871243b9. Status: Network error: Client connection negotiation failed: client connection to 127.2.10.193:38427: connect: Connection refused (error 111). This is attempt 1: this message will repeat every 5th retry.
I20260630 12:21:31.788221  6189 auto_leader_rebalancer.cc:141] leader rebalance for table test-workload
I20260630 12:21:31.789404  6189 auto_leader_rebalancer.cc:440] table: test-workload, leader rebalance finish, leader transfer count: 0
I20260630 12:21:31.789685  6189 auto_leader_rebalancer.cc:515] All tables' leader rebalancing finished this round
I20260630 12:21:31.810745  6184 placement_policy_util.cc:411] tablet 3881bc50c2e249d3886b358eea23d605: detected majority of replicas (2 of 3) at location L0
W20260630 12:21:32.020148  2091 thread.cc:527] Waited for 1000ms trying to join with diag-logger (tid 6259)
I20260630 12:21:32.819466  6184 placement_policy_util.cc:411] tablet 3881bc50c2e249d3886b358eea23d605: detected majority of replicas (2 of 3) at location L0
W20260630 12:21:33.020653  2091 thread.cc:527] Waited for 2000ms trying to join with diag-logger (tid 6259)
W20260630 12:21:33.379120  6353 consensus_peers.cc:597] T 3881bc50c2e249d3886b358eea23d605 P 562af9d9cc6a4e7391980006f197b7f2 -> Peer 495db476d0804d3796954ff7871243b9 (127.2.10.193:38427): Couldn't send request to peer 495db476d0804d3796954ff7871243b9. Status: Network error: Client connection negotiation failed: client connection to 127.2.10.193:38427: connect: Connection refused (error 111). This is attempt 6: this message will repeat every 5th retry.
I20260630 12:21:33.497725  2091 tablet_server.cc:196] TabletServer@127.2.10.193:0 shutdown complete.
I20260630 12:21:33.508884  2091 tablet_server.cc:179] TabletServer@127.2.10.194:0 shutting down...
I20260630 12:21:33.526726  2091 ts_tablet_manager.cc:1507] Shutting down tablet manager...
I20260630 12:21:33.527405  2091 tablet_replica.cc:333] T 3881bc50c2e249d3886b358eea23d605 P da4be1a46de947818eb6ca2e6704ec1d: stopping tablet replica
I20260630 12:21:33.528012  2091 raft_consensus.cc:2243] T 3881bc50c2e249d3886b358eea23d605 P da4be1a46de947818eb6ca2e6704ec1d [term 1 FOLLOWER]: Raft consensus shutting down.
I20260630 12:21:33.528508  2091 raft_consensus.cc:2272] T 3881bc50c2e249d3886b358eea23d605 P da4be1a46de947818eb6ca2e6704ec1d [term 1 FOLLOWER]: Raft consensus is shut down!
I20260630 12:21:33.547279  2091 tablet_server.cc:196] TabletServer@127.2.10.194:0 shutdown complete.
I20260630 12:21:33.557649  2091 tablet_server.cc:179] TabletServer@127.2.10.195:0 shutting down...
I20260630 12:21:33.574796  2091 ts_tablet_manager.cc:1507] Shutting down tablet manager...
I20260630 12:21:33.575387  2091 tablet_replica.cc:333] T 3881bc50c2e249d3886b358eea23d605 P 562af9d9cc6a4e7391980006f197b7f2: stopping tablet replica
I20260630 12:21:33.575974  2091 raft_consensus.cc:2243] T 3881bc50c2e249d3886b358eea23d605 P 562af9d9cc6a4e7391980006f197b7f2 [term 1 LEADER]: Raft consensus shutting down.
I20260630 12:21:33.576746  2091 raft_consensus.cc:2272] T 3881bc50c2e249d3886b358eea23d605 P 562af9d9cc6a4e7391980006f197b7f2 [term 1 FOLLOWER]: Raft consensus is shut down!
I20260630 12:21:33.594784  2091 tablet_server.cc:196] TabletServer@127.2.10.195:0 shutdown complete.
I20260630 12:21:33.604233  2091 master.cc:562] Master@127.2.10.254:46201 shutting down...
I20260630 12:21:33.619836  2091 raft_consensus.cc:2243] T 00000000000000000000000000000000 P bf7a19f226744f38814f7180ea755bdf [term 1 LEADER]: Raft consensus shutting down.
I20260630 12:21:33.620371  2091 raft_consensus.cc:2272] T 00000000000000000000000000000000 P bf7a19f226744f38814f7180ea755bdf [term 1 FOLLOWER]: Raft consensus is shut down!
I20260630 12:21:33.620648  2091 tablet_replica.cc:333] T 00000000000000000000000000000000 P bf7a19f226744f38814f7180ea755bdf: stopping tablet replica
I20260630 12:21:33.638054  2091 master.cc:584] Master@127.2.10.254:46201 shutdown complete.
[       OK ] AutoRebalancerTest.NoReplicaMovesIfCannotFixPlacementPolicy (16121 ms)
[ RUN      ] AutoRebalancerTest.TestMaxMovesPerServer
I20260630 12:21:33.670156  2091 internal_mini_cluster.cc:156] Creating distributed mini masters. Addrs: 127.2.10.254:39093
I20260630 12:21:33.671222  2091 file_cache.cc:492] Constructed file cache file cache with capacity 419430
W20260630 12:21:33.676120  6463 instance_detector.cc:116] could not retrieve Azure instance metadata: Network error: curl error: HTTP response code said error: The requested URL returned error: 404
W20260630 12:21:33.677045  6462 instance_detector.cc:116] could not retrieve AWS instance metadata: Network error: curl error: HTTP response code said error: The requested URL returned error: 404
W20260630 12:21:33.677538  6465 instance_detector.cc:116] could not retrieve OpenStack instance metadata: Network error: curl error: HTTP response code said error: The requested URL returned error: 404
I20260630 12:21:33.677911  2091 server_base.cc:1061] running on GCE node
I20260630 12:21:33.678664  2091 hybrid_clock.cc:584] initializing the hybrid clock with 'system_unsync' time source
W20260630 12:21:33.678833  2091 system_unsync_time.cc:38] NTP support is disabled. Clock error bounds will not be accurate. This configuration is not suitable for distributed clusters.
I20260630 12:21:33.678982  2091 hybrid_clock.cc:648] HybridClock initialized: now 1782822093678956 us; error 0 us; skew 500 ppm
I20260630 12:21:33.679420  2091 server_base.cc:861] Flag tcmalloc_max_total_thread_cache_bytes is not working since tcmalloc is not enabled.
I20260630 12:21:33.681485  2091 webserver.cc:533] Webserver started at http://127.2.10.254:38989/ using document root <none> and password file <none>
I20260630 12:21:33.681907  2091 fs_manager.cc:362] Metadata directory not provided
I20260630 12:21:33.682083  2091 fs_manager.cc:368] Using write-ahead log directory (fs_wal_dir) as metadata directory
I20260630 12:21:33.682339  2091 server_base.cc:909] This appears to be a new deployment of Kudu; creating new FS layout
I20260630 12:21:33.683398  2091 fs_manager.cc:1068] Generated new instance metadata in path /tmp/dist-test-tasksvm1Ry/test-tmp/auto_rebalancer-test.0.AutoRebalancerTest.TestMaxMovesPerServer.1782821963522068-2091-0/minicluster-data/master-0-root/instance:
uuid: "6b24f53ef89e4bd29025abb25cec972e"
format_stamp: "Formatted at 2026-06-30 12:21:33 on dist-test-slave-1cpd"
I20260630 12:21:33.687476  2091 fs_manager.cc:696] Time spent creating directory manager: real 0.003s	user 0.001s	sys 0.002s
I20260630 12:21:33.690485  6470 log_block_manager.cc:4031] Time spent loading block containers with low live blocks: real 0.000s	user 0.000s	sys 0.000s
I20260630 12:21:33.691133  2091 fs_manager.cc:730] Time spent opening block manager: real 0.002s	user 0.003s	sys 0.000s
I20260630 12:21:33.691370  2091 fs_manager.cc:647] Opened local filesystem: /tmp/dist-test-tasksvm1Ry/test-tmp/auto_rebalancer-test.0.AutoRebalancerTest.TestMaxMovesPerServer.1782821963522068-2091-0/minicluster-data/master-0-root
uuid: "6b24f53ef89e4bd29025abb25cec972e"
format_stamp: "Formatted at 2026-06-30 12:21:33 on dist-test-slave-1cpd"
I20260630 12:21:33.691639  2091 fs_report.cc:389] FS layout report
--------------------
wal directory: /tmp/dist-test-tasksvm1Ry/test-tmp/auto_rebalancer-test.0.AutoRebalancerTest.TestMaxMovesPerServer.1782821963522068-2091-0/minicluster-data/master-0-root
metadata directory: /tmp/dist-test-tasksvm1Ry/test-tmp/auto_rebalancer-test.0.AutoRebalancerTest.TestMaxMovesPerServer.1782821963522068-2091-0/minicluster-data/master-0-root
1 data directories: /tmp/dist-test-tasksvm1Ry/test-tmp/auto_rebalancer-test.0.AutoRebalancerTest.TestMaxMovesPerServer.1782821963522068-2091-0/minicluster-data/master-0-root/data
Total live blocks: 0
Total live bytes: 0
Total live bytes (after alignment): 0
Total number of LBM containers: 0 (0 full)
Did not check for missing blocks
Did not check for orphaned blocks
Total full LBM containers with extra space: 0 (0 repaired)
Total full LBM container extra space in bytes: 0 (0 repaired)
Total incomplete LBM containers: 0 (0 repaired)
Total LBM partial records: 0 (0 repaired)
Total corrupted LBM metadata records in RocksDB: 0 (0 repaired)
I20260630 12:21:33.703966  2091 rpc_server.cc:225] running with OpenSSL 1.1.1  11 Sep 2018
I20260630 12:21:33.705025  2091 kserver.cc:163] Server-wide thread pool size limit: 3276
I20260630 12:21:33.739464  2091 rpc_server.cc:307] RPC server started. Bound to: 127.2.10.254:39093
I20260630 12:21:33.739593  6521 acceptor_pool.cc:272] collecting diagnostics on the listening RPC socket 127.2.10.254:39093 every 8 connection(s)
I20260630 12:21:33.743146  6522 data_dirs.cc:400] Could only allocate 1 dirs of requested 3 for tablet 00000000000000000000000000000000. 1 dirs total, 0 dirs full, 0 dirs failed
I20260630 12:21:33.753516  6522 tablet_bootstrap.cc:492] T 00000000000000000000000000000000 P 6b24f53ef89e4bd29025abb25cec972e: Bootstrap starting.
I20260630 12:21:33.757762  6522 tablet_bootstrap.cc:654] T 00000000000000000000000000000000 P 6b24f53ef89e4bd29025abb25cec972e: Neither blocks nor log segments found. Creating new log.
I20260630 12:21:33.761520  6522 tablet_bootstrap.cc:492] T 00000000000000000000000000000000 P 6b24f53ef89e4bd29025abb25cec972e: No bootstrap required, opened a new log
I20260630 12:21:33.763402  6522 raft_consensus.cc:359] T 00000000000000000000000000000000 P 6b24f53ef89e4bd29025abb25cec972e [term 0 FOLLOWER]: Replica starting. Triggering 0 pending ops. Active config: opid_index: -1 OBSOLETE_local: true peers { permanent_uuid: "6b24f53ef89e4bd29025abb25cec972e" member_type: VOTER }
I20260630 12:21:33.763805  6522 raft_consensus.cc:385] T 00000000000000000000000000000000 P 6b24f53ef89e4bd29025abb25cec972e [term 0 FOLLOWER]: Consensus starting up: Expiring failure detector timer to make a prompt election more likely
I20260630 12:21:33.763979  6522 raft_consensus.cc:740] T 00000000000000000000000000000000 P 6b24f53ef89e4bd29025abb25cec972e [term 0 FOLLOWER]: Becoming Follower/Learner. State: Replica: 6b24f53ef89e4bd29025abb25cec972e, State: Initialized, Role: FOLLOWER
I20260630 12:21:33.764459  6522 consensus_queue.cc:260] T 00000000000000000000000000000000 P 6b24f53ef89e4bd29025abb25cec972e [NON_LEADER]: Queue going to NON_LEADER mode. State: All replicated index: 0, Majority replicated index: 0, Committed index: 0, Last appended: 0.0, Last appended by leader: 0, Current term: 0, Majority size: -1, State: 0, Mode: NON_LEADER, active raft config: opid_index: -1 OBSOLETE_local: true peers { permanent_uuid: "6b24f53ef89e4bd29025abb25cec972e" member_type: VOTER }
I20260630 12:21:33.764870  6522 raft_consensus.cc:399] T 00000000000000000000000000000000 P 6b24f53ef89e4bd29025abb25cec972e [term 0 FOLLOWER]: Only one voter in the Raft config. Triggering election immediately
I20260630 12:21:33.765056  6522 raft_consensus.cc:493] T 00000000000000000000000000000000 P 6b24f53ef89e4bd29025abb25cec972e [term 0 FOLLOWER]: Starting leader election (initial election of a single-replica configuration)
I20260630 12:21:33.765261  6522 raft_consensus.cc:3060] T 00000000000000000000000000000000 P 6b24f53ef89e4bd29025abb25cec972e [term 0 FOLLOWER]: Advancing to term 1
I20260630 12:21:33.769167  6522 raft_consensus.cc:515] T 00000000000000000000000000000000 P 6b24f53ef89e4bd29025abb25cec972e [term 1 FOLLOWER]: Starting leader election with config: opid_index: -1 OBSOLETE_local: true peers { permanent_uuid: "6b24f53ef89e4bd29025abb25cec972e" member_type: VOTER }
I20260630 12:21:33.769596  6522 leader_election.cc:304] T 00000000000000000000000000000000 P 6b24f53ef89e4bd29025abb25cec972e [CANDIDATE]: Term 1 election: Election decided. Result: candidate won. Election summary: received 1 responses out of 1 voters: 1 yes votes; 0 no votes. yes voters: 6b24f53ef89e4bd29025abb25cec972e; no voters: 
I20260630 12:21:33.770571  6522 leader_election.cc:290] T 00000000000000000000000000000000 P 6b24f53ef89e4bd29025abb25cec972e [CANDIDATE]: Term 1 election: Requested vote from peers 
I20260630 12:21:33.770854  6525 raft_consensus.cc:2804] T 00000000000000000000000000000000 P 6b24f53ef89e4bd29025abb25cec972e [term 1 FOLLOWER]: Leader election won for term 1
I20260630 12:21:33.772017  6525 raft_consensus.cc:697] T 00000000000000000000000000000000 P 6b24f53ef89e4bd29025abb25cec972e [term 1 LEADER]: Becoming Leader. State: Replica: 6b24f53ef89e4bd29025abb25cec972e, State: Running, Role: LEADER
I20260630 12:21:33.772642  6525 consensus_queue.cc:237] T 00000000000000000000000000000000 P 6b24f53ef89e4bd29025abb25cec972e [LEADER]: Queue going to LEADER mode. State: All replicated index: 0, Majority replicated index: 0, Committed index: 0, Last appended: 0.0, Last appended by leader: 0, Current term: 1, Majority size: 1, State: 0, Mode: LEADER, active raft config: opid_index: -1 OBSOLETE_local: true peers { permanent_uuid: "6b24f53ef89e4bd29025abb25cec972e" member_type: VOTER }
I20260630 12:21:33.773276  6522 sys_catalog.cc:565] T 00000000000000000000000000000000 P 6b24f53ef89e4bd29025abb25cec972e [sys.catalog]: configured and running, proceeding with master startup.
I20260630 12:21:33.777555  6526 sys_catalog.cc:455] T 00000000000000000000000000000000 P 6b24f53ef89e4bd29025abb25cec972e [sys.catalog]: SysCatalogTable state changed. Reason: RaftConsensus started. Latest consensus state: current_term: 1 leader_uuid: "6b24f53ef89e4bd29025abb25cec972e" committed_config { opid_index: -1 OBSOLETE_local: true peers { permanent_uuid: "6b24f53ef89e4bd29025abb25cec972e" member_type: VOTER } }
I20260630 12:21:33.778091  6526 sys_catalog.cc:458] T 00000000000000000000000000000000 P 6b24f53ef89e4bd29025abb25cec972e [sys.catalog]: This master's current role is: LEADER
I20260630 12:21:33.778597  6527 sys_catalog.cc:455] T 00000000000000000000000000000000 P 6b24f53ef89e4bd29025abb25cec972e [sys.catalog]: SysCatalogTable state changed. Reason: New leader 6b24f53ef89e4bd29025abb25cec972e. Latest consensus state: current_term: 1 leader_uuid: "6b24f53ef89e4bd29025abb25cec972e" committed_config { opid_index: -1 OBSOLETE_local: true peers { permanent_uuid: "6b24f53ef89e4bd29025abb25cec972e" member_type: VOTER } }
I20260630 12:21:33.779160  6527 sys_catalog.cc:458] T 00000000000000000000000000000000 P 6b24f53ef89e4bd29025abb25cec972e [sys.catalog]: This master's current role is: LEADER
I20260630 12:21:33.779807  6532 catalog_manager.cc:1511] Loading table and tablet metadata into memory...
I20260630 12:21:33.785458  6532 catalog_manager.cc:1520] Initializing Kudu cluster ID...
I20260630 12:21:33.788097  2091 internal_mini_cluster.cc:184] Waiting to initialize catalog manager on master 0
I20260630 12:21:33.793581  6532 catalog_manager.cc:1383] Generated new cluster ID: e6a5e2585b7649f8a982af34c028c222
I20260630 12:21:33.793817  6532 catalog_manager.cc:1531] Initializing Kudu internal certificate authority...
I20260630 12:21:33.806207  6532 catalog_manager.cc:1406] Generated new certificate authority record
I20260630 12:21:33.807333  6532 catalog_manager.cc:1540] Loading token signing keys...
I20260630 12:21:33.818325  6532 catalog_manager.cc:6070] T 00000000000000000000000000000000 P 6b24f53ef89e4bd29025abb25cec972e: Generated new TSK 0
I20260630 12:21:33.818795  6532 catalog_manager.cc:1550] Initializing in-progress tserver states...
I20260630 12:21:33.854301  2091 file_cache.cc:492] Constructed file cache file cache with capacity 419430
W20260630 12:21:33.859761  6543 instance_detector.cc:116] could not retrieve AWS instance metadata: Network error: curl error: HTTP response code said error: The requested URL returned error: 404
W20260630 12:21:33.860816  6544 instance_detector.cc:116] could not retrieve Azure instance metadata: Network error: curl error: HTTP response code said error: The requested URL returned error: 404
W20260630 12:21:33.861905  6546 instance_detector.cc:116] could not retrieve OpenStack instance metadata: Network error: curl error: HTTP response code said error: The requested URL returned error: 404
I20260630 12:21:33.862644  2091 server_base.cc:1061] running on GCE node
I20260630 12:21:33.863368  2091 hybrid_clock.cc:584] initializing the hybrid clock with 'system_unsync' time source
W20260630 12:21:33.863581  2091 system_unsync_time.cc:38] NTP support is disabled. Clock error bounds will not be accurate. This configuration is not suitable for distributed clusters.
I20260630 12:21:33.863730  2091 hybrid_clock.cc:648] HybridClock initialized: now 1782822093863715 us; error 0 us; skew 500 ppm
I20260630 12:21:33.864166  2091 server_base.cc:861] Flag tcmalloc_max_total_thread_cache_bytes is not working since tcmalloc is not enabled.
I20260630 12:21:33.866178  2091 webserver.cc:533] Webserver started at http://127.2.10.193:42155/ using document root <none> and password file <none>
I20260630 12:21:33.866590  2091 fs_manager.cc:362] Metadata directory not provided
I20260630 12:21:33.866734  2091 fs_manager.cc:368] Using write-ahead log directory (fs_wal_dir) as metadata directory
I20260630 12:21:33.866931  2091 server_base.cc:909] This appears to be a new deployment of Kudu; creating new FS layout
I20260630 12:21:33.867941  2091 fs_manager.cc:1068] Generated new instance metadata in path /tmp/dist-test-tasksvm1Ry/test-tmp/auto_rebalancer-test.0.AutoRebalancerTest.TestMaxMovesPerServer.1782821963522068-2091-0/minicluster-data/ts-0-root/instance:
uuid: "aa22007141e744b08a1d04a79ccb3973"
format_stamp: "Formatted at 2026-06-30 12:21:33 on dist-test-slave-1cpd"
I20260630 12:21:33.871925  2091 fs_manager.cc:696] Time spent creating directory manager: real 0.004s	user 0.004s	sys 0.000s
I20260630 12:21:33.874840  6551 log_block_manager.cc:4031] Time spent loading block containers with low live blocks: real 0.000s	user 0.000s	sys 0.000s
I20260630 12:21:33.875502  2091 fs_manager.cc:730] Time spent opening block manager: real 0.002s	user 0.003s	sys 0.000s
I20260630 12:21:33.875784  2091 fs_manager.cc:647] Opened local filesystem: /tmp/dist-test-tasksvm1Ry/test-tmp/auto_rebalancer-test.0.AutoRebalancerTest.TestMaxMovesPerServer.1782821963522068-2091-0/minicluster-data/ts-0-root
uuid: "aa22007141e744b08a1d04a79ccb3973"
format_stamp: "Formatted at 2026-06-30 12:21:33 on dist-test-slave-1cpd"
I20260630 12:21:33.876026  2091 fs_report.cc:389] FS layout report
--------------------
wal directory: /tmp/dist-test-tasksvm1Ry/test-tmp/auto_rebalancer-test.0.AutoRebalancerTest.TestMaxMovesPerServer.1782821963522068-2091-0/minicluster-data/ts-0-root
metadata directory: /tmp/dist-test-tasksvm1Ry/test-tmp/auto_rebalancer-test.0.AutoRebalancerTest.TestMaxMovesPerServer.1782821963522068-2091-0/minicluster-data/ts-0-root
1 data directories: /tmp/dist-test-tasksvm1Ry/test-tmp/auto_rebalancer-test.0.AutoRebalancerTest.TestMaxMovesPerServer.1782821963522068-2091-0/minicluster-data/ts-0-root/data
Total live blocks: 0
Total live bytes: 0
Total live bytes (after alignment): 0
Total number of LBM containers: 0 (0 full)
Did not check for missing blocks
Did not check for orphaned blocks
Total full LBM containers with extra space: 0 (0 repaired)
Total full LBM container extra space in bytes: 0 (0 repaired)
Total incomplete LBM containers: 0 (0 repaired)
Total LBM partial records: 0 (0 repaired)
Total corrupted LBM metadata records in RocksDB: 0 (0 repaired)
I20260630 12:21:33.888096  2091 rpc_server.cc:225] running with OpenSSL 1.1.1  11 Sep 2018
I20260630 12:21:33.889372  2091 kserver.cc:163] Server-wide thread pool size limit: 3276
I20260630 12:21:33.890707  2091 txn_system_client.cc:432] TxnSystemClient initialization is disabled...
I20260630 12:21:33.893030  2091 ts_tablet_manager.cc:585] Loaded tablet metadata (0 total tablets, 0 live tablets)
I20260630 12:21:33.893210  2091 ts_tablet_manager.cc:531] Time spent load tablet metadata: real 0.000s	user 0.000s	sys 0.000s
I20260630 12:21:33.893415  2091 ts_tablet_manager.cc:616] Registered 0 tablets
I20260630 12:21:33.893574  2091 ts_tablet_manager.cc:595] Time spent register tablets: real 0.000s	user 0.000s	sys 0.000s
I20260630 12:21:33.930495  2091 rpc_server.cc:307] RPC server started. Bound to: 127.2.10.193:33569
I20260630 12:21:33.930589  6613 acceptor_pool.cc:272] collecting diagnostics on the listening RPC socket 127.2.10.193:33569 every 8 connection(s)
I20260630 12:21:33.935242  2091 file_cache.cc:492] Constructed file cache file cache with capacity 419430
W20260630 12:21:33.941984  6618 instance_detector.cc:116] could not retrieve AWS instance metadata: Network error: curl error: HTTP response code said error: The requested URL returned error: 404
W20260630 12:21:33.942513  6619 instance_detector.cc:116] could not retrieve Azure instance metadata: Network error: curl error: HTTP response code said error: The requested URL returned error: 404
W20260630 12:21:33.950078  6621 instance_detector.cc:116] could not retrieve OpenStack instance metadata: Network error: curl error: HTTP response code said error: The requested URL returned error: 404
I20260630 12:21:33.950436  2091 server_base.cc:1061] running on GCE node
I20260630 12:21:33.951475  2091 hybrid_clock.cc:584] initializing the hybrid clock with 'system_unsync' time source
W20260630 12:21:33.951719  2091 system_unsync_time.cc:38] NTP support is disabled. Clock error bounds will not be accurate. This configuration is not suitable for distributed clusters.
I20260630 12:21:33.951934  2091 hybrid_clock.cc:648] HybridClock initialized: now 1782822093951915 us; error 0 us; skew 500 ppm
I20260630 12:21:33.952457  2091 server_base.cc:861] Flag tcmalloc_max_total_thread_cache_bytes is not working since tcmalloc is not enabled.
I20260630 12:21:33.953148  6614 heartbeater.cc:344] Connected to a master server at 127.2.10.254:39093
I20260630 12:21:33.953528  6614 heartbeater.cc:461] Registering TS with master...
I20260630 12:21:33.954224  6614 heartbeater.cc:507] Master 127.2.10.254:39093 requested a full tablet report, sending...
I20260630 12:21:33.954754  2091 webserver.cc:533] Webserver started at http://127.2.10.194:43517/ using document root <none> and password file <none>
I20260630 12:21:33.955225  2091 fs_manager.cc:362] Metadata directory not provided
I20260630 12:21:33.955451  2091 fs_manager.cc:368] Using write-ahead log directory (fs_wal_dir) as metadata directory
I20260630 12:21:33.955763  2091 server_base.cc:909] This appears to be a new deployment of Kudu; creating new FS layout
I20260630 12:21:33.956305  6487 ts_manager.cc:194] Registered new tserver with Master: aa22007141e744b08a1d04a79ccb3973 (127.2.10.193:33569)
I20260630 12:21:33.956885  2091 fs_manager.cc:1068] Generated new instance metadata in path /tmp/dist-test-tasksvm1Ry/test-tmp/auto_rebalancer-test.0.AutoRebalancerTest.TestMaxMovesPerServer.1782821963522068-2091-0/minicluster-data/ts-1-root/instance:
uuid: "70ccaec7a80b4c969c589872f9bb26b8"
format_stamp: "Formatted at 2026-06-30 12:21:33 on dist-test-slave-1cpd"
I20260630 12:21:33.958254  6487 master_service.cc:502] Signed X509 certificate for tserver {username='slave'} at 127.0.0.1:38806
I20260630 12:21:33.961246  2091 fs_manager.cc:696] Time spent creating directory manager: real 0.004s	user 0.005s	sys 0.000s
I20260630 12:21:33.967310  6626 log_block_manager.cc:4031] Time spent loading block containers with low live blocks: real 0.000s	user 0.000s	sys 0.000s
I20260630 12:21:33.968169  2091 fs_manager.cc:730] Time spent opening block manager: real 0.004s	user 0.001s	sys 0.000s
I20260630 12:21:33.968426  2091 fs_manager.cc:647] Opened local filesystem: /tmp/dist-test-tasksvm1Ry/test-tmp/auto_rebalancer-test.0.AutoRebalancerTest.TestMaxMovesPerServer.1782821963522068-2091-0/minicluster-data/ts-1-root
uuid: "70ccaec7a80b4c969c589872f9bb26b8"
format_stamp: "Formatted at 2026-06-30 12:21:33 on dist-test-slave-1cpd"
I20260630 12:21:33.968675  2091 fs_report.cc:389] FS layout report
--------------------
wal directory: /tmp/dist-test-tasksvm1Ry/test-tmp/auto_rebalancer-test.0.AutoRebalancerTest.TestMaxMovesPerServer.1782821963522068-2091-0/minicluster-data/ts-1-root
metadata directory: /tmp/dist-test-tasksvm1Ry/test-tmp/auto_rebalancer-test.0.AutoRebalancerTest.TestMaxMovesPerServer.1782821963522068-2091-0/minicluster-data/ts-1-root
1 data directories: /tmp/dist-test-tasksvm1Ry/test-tmp/auto_rebalancer-test.0.AutoRebalancerTest.TestMaxMovesPerServer.1782821963522068-2091-0/minicluster-data/ts-1-root/data
Total live blocks: 0
Total live bytes: 0
Total live bytes (after alignment): 0
Total number of LBM containers: 0 (0 full)
Did not check for missing blocks
Did not check for orphaned blocks
Total full LBM containers with extra space: 0 (0 repaired)
Total full LBM container extra space in bytes: 0 (0 repaired)
Total incomplete LBM containers: 0 (0 repaired)
Total LBM partial records: 0 (0 repaired)
Total corrupted LBM metadata records in RocksDB: 0 (0 repaired)
I20260630 12:21:33.985276  2091 rpc_server.cc:225] running with OpenSSL 1.1.1  11 Sep 2018
I20260630 12:21:33.986306  2091 kserver.cc:163] Server-wide thread pool size limit: 3276
I20260630 12:21:33.987613  2091 txn_system_client.cc:432] TxnSystemClient initialization is disabled...
I20260630 12:21:33.989639  2091 ts_tablet_manager.cc:585] Loaded tablet metadata (0 total tablets, 0 live tablets)
I20260630 12:21:33.989810  2091 ts_tablet_manager.cc:531] Time spent load tablet metadata: real 0.000s	user 0.000s	sys 0.000s
I20260630 12:21:33.990042  2091 ts_tablet_manager.cc:616] Registered 0 tablets
I20260630 12:21:33.990181  2091 ts_tablet_manager.cc:595] Time spent register tablets: real 0.000s	user 0.000s	sys 0.000s
I20260630 12:21:34.026075  2091 rpc_server.cc:307] RPC server started. Bound to: 127.2.10.194:43325
I20260630 12:21:34.026160  6688 acceptor_pool.cc:272] collecting diagnostics on the listening RPC socket 127.2.10.194:43325 every 8 connection(s)
I20260630 12:21:34.030975  2091 file_cache.cc:492] Constructed file cache file cache with capacity 419430
W20260630 12:21:34.038166  6693 instance_detector.cc:116] could not retrieve Azure instance metadata: Network error: curl error: HTTP response code said error: The requested URL returned error: 404
W20260630 12:21:34.038304  6692 instance_detector.cc:116] could not retrieve AWS instance metadata: Network error: curl error: HTTP response code said error: The requested URL returned error: 404
W20260630 12:21:34.041245  6695 instance_detector.cc:116] could not retrieve OpenStack instance metadata: Network error: curl error: HTTP response code said error: The requested URL returned error: 404
I20260630 12:21:34.041685  6689 heartbeater.cc:344] Connected to a master server at 127.2.10.254:39093
I20260630 12:21:34.042022  6689 heartbeater.cc:461] Registering TS with master...
I20260630 12:21:34.042631  6689 heartbeater.cc:507] Master 127.2.10.254:39093 requested a full tablet report, sending...
I20260630 12:21:34.044518  6487 ts_manager.cc:194] Registered new tserver with Master: 70ccaec7a80b4c969c589872f9bb26b8 (127.2.10.194:43325)
I20260630 12:21:34.044921  2091 server_base.cc:1061] running on GCE node
I20260630 12:21:34.045877  2091 hybrid_clock.cc:584] initializing the hybrid clock with 'system_unsync' time source
W20260630 12:21:34.046120  2091 system_unsync_time.cc:38] NTP support is disabled. Clock error bounds will not be accurate. This configuration is not suitable for distributed clusters.
I20260630 12:21:34.046262  6487 master_service.cc:502] Signed X509 certificate for tserver {username='slave'} at 127.0.0.1:38822
I20260630 12:21:34.046331  2091 hybrid_clock.cc:648] HybridClock initialized: now 1782822094046312 us; error 0 us; skew 500 ppm
I20260630 12:21:34.047195  2091 server_base.cc:861] Flag tcmalloc_max_total_thread_cache_bytes is not working since tcmalloc is not enabled.
I20260630 12:21:34.049523  2091 webserver.cc:533] Webserver started at http://127.2.10.195:46693/ using document root <none> and password file <none>
I20260630 12:21:34.049983  2091 fs_manager.cc:362] Metadata directory not provided
I20260630 12:21:34.050160  2091 fs_manager.cc:368] Using write-ahead log directory (fs_wal_dir) as metadata directory
I20260630 12:21:34.050405  2091 server_base.cc:909] This appears to be a new deployment of Kudu; creating new FS layout
