I20260630 12:20:49.271665  3416 raft_consensus.cc:359] T 575e69a6b9f24d9fbed993dae59c88fe P 25b6d8dbf90b4a0f92469dbf12fa891d [term 0 FOLLOWER]: Replica starting. Triggering 0 pending ops. Active config: opid_index: -1 OBSOLETE_local: false peers { permanent_uuid: "25b6d8dbf90b4a0f92469dbf12fa891d" member_type: VOTER last_known_addr { host: "127.31.207.68" port: 34293 } } peers { permanent_uuid: "997784e936dd453989bd4de3fd51ef7f" member_type: VOTER last_known_addr { host: "127.31.207.66" port: 45979 } } peers { permanent_uuid: "c4c70ec87e7342039cad3e6ec4f63757" member_type: VOTER last_known_addr { host: "127.31.207.67" port: 36163 } }
I20260630 12:20:49.272409  3418 tablet_bootstrap.cc:654] T 83124c6566ca4033abcb793d65babe29 P c4c70ec87e7342039cad3e6ec4f63757: Neither blocks nor log segments found. Creating new log.
I20260630 12:20:49.272475  3416 raft_consensus.cc:385] T 575e69a6b9f24d9fbed993dae59c88fe P 25b6d8dbf90b4a0f92469dbf12fa891d [term 0 FOLLOWER]: Consensus starting up: Expiring failure detector timer to make a prompt election more likely
I20260630 12:20:49.272897  3416 raft_consensus.cc:740] T 575e69a6b9f24d9fbed993dae59c88fe P 25b6d8dbf90b4a0f92469dbf12fa891d [term 0 FOLLOWER]: Becoming Follower/Learner. State: Replica: 25b6d8dbf90b4a0f92469dbf12fa891d, State: Initialized, Role: FOLLOWER
I20260630 12:20:49.273631  3416 consensus_queue.cc:260] T 575e69a6b9f24d9fbed993dae59c88fe P 25b6d8dbf90b4a0f92469dbf12fa891d [NON_LEADER]: Queue going to NON_LEADER mode. State: All replicated index: 0, Majority replicated index: 0, Committed index: 0, Last appended: 0.0, Last appended by leader: 0, Current term: 0, Majority size: -1, State: 0, Mode: NON_LEADER, active raft config: opid_index: -1 OBSOLETE_local: false peers { permanent_uuid: "25b6d8dbf90b4a0f92469dbf12fa891d" member_type: VOTER last_known_addr { host: "127.31.207.68" port: 34293 } } peers { permanent_uuid: "997784e936dd453989bd4de3fd51ef7f" member_type: VOTER last_known_addr { host: "127.31.207.66" port: 45979 } } peers { permanent_uuid: "c4c70ec87e7342039cad3e6ec4f63757" member_type: VOTER last_known_addr { host: "127.31.207.67" port: 36163 } }
I20260630 12:20:49.281194  3313 consensus_queue.cc:1048] T 1a54292c75cf4b12afc526913dcf670c P 997784e936dd453989bd4de3fd51ef7f [LEADER]: Connected to new peer: Peer: permanent_uuid: "c4c70ec87e7342039cad3e6ec4f63757" member_type: VOTER last_known_addr { host: "127.31.207.67" port: 36163 }, Status: LMP_MISMATCH, Last received: 0.0, Next index: 1, Last known committed idx: 0, Time since last communication: 0.001s
I20260630 12:20:49.288724  3409 heartbeater.cc:499] Master 127.31.207.126:32785 was elected leader, sending a full tablet report...
W20260630 12:20:49.300349  3021 auto_rebalancer.cc:298] Could not retrieve cluster info: Service unavailable: Tablet not running
I20260630 12:20:49.302594  3415 tablet_bootstrap.cc:492] T 575e69a6b9f24d9fbed993dae59c88fe P 997784e936dd453989bd4de3fd51ef7f: No bootstrap required, opened a new log
I20260630 12:20:49.304412  3425 raft_consensus.cc:493] T 575e69a6b9f24d9fbed993dae59c88fe P 25b6d8dbf90b4a0f92469dbf12fa891d [term 0 FOLLOWER]: Starting pre-election (no leader contacted us within the election timeout)
I20260630 12:20:49.304903  3425 raft_consensus.cc:515] T 575e69a6b9f24d9fbed993dae59c88fe P 25b6d8dbf90b4a0f92469dbf12fa891d [term 0 FOLLOWER]: Starting pre-election with config: opid_index: -1 OBSOLETE_local: false peers { permanent_uuid: "25b6d8dbf90b4a0f92469dbf12fa891d" member_type: VOTER last_known_addr { host: "127.31.207.68" port: 34293 } } peers { permanent_uuid: "997784e936dd453989bd4de3fd51ef7f" member_type: VOTER last_known_addr { host: "127.31.207.66" port: 45979 } } peers { permanent_uuid: "c4c70ec87e7342039cad3e6ec4f63757" member_type: VOTER last_known_addr { host: "127.31.207.67" port: 36163 } }
I20260630 12:20:49.315618  3417 tablet_bootstrap.cc:492] T 29feb5fda1b2452baefb710d05b92290 P 30e141dcdda2461486edc6c7b38f141f: No bootstrap required, opened a new log
I20260630 12:20:49.316188  3417 ts_tablet_manager.cc:1403] T 29feb5fda1b2452baefb710d05b92290 P 30e141dcdda2461486edc6c7b38f141f: Time spent bootstrapping tablet: real 0.090s	user 0.012s	sys 0.000s
I20260630 12:20:49.321998  3425 leader_election.cc:290] T 575e69a6b9f24d9fbed993dae59c88fe P 25b6d8dbf90b4a0f92469dbf12fa891d [CANDIDATE]: Term 1 pre-election: Requested pre-vote from peers 997784e936dd453989bd4de3fd51ef7f (127.31.207.66:45979), c4c70ec87e7342039cad3e6ec4f63757 (127.31.207.67:36163)
I20260630 12:20:49.322500  3417 raft_consensus.cc:359] T 29feb5fda1b2452baefb710d05b92290 P 30e141dcdda2461486edc6c7b38f141f [term 0 FOLLOWER]: Replica starting. Triggering 0 pending ops. Active config: opid_index: -1 OBSOLETE_local: false peers { permanent_uuid: "25b6d8dbf90b4a0f92469dbf12fa891d" member_type: VOTER last_known_addr { host: "127.31.207.68" port: 34293 } } peers { permanent_uuid: "30e141dcdda2461486edc6c7b38f141f" member_type: VOTER last_known_addr { host: "127.31.207.65" port: 34577 } } peers { permanent_uuid: "997784e936dd453989bd4de3fd51ef7f" member_type: VOTER last_known_addr { host: "127.31.207.66" port: 45979 } }
I20260630 12:20:49.326050  3418 tablet_bootstrap.cc:492] T 83124c6566ca4033abcb793d65babe29 P c4c70ec87e7342039cad3e6ec4f63757: No bootstrap required, opened a new log
I20260630 12:20:49.326215  3417 raft_consensus.cc:385] T 29feb5fda1b2452baefb710d05b92290 P 30e141dcdda2461486edc6c7b38f141f [term 0 FOLLOWER]: Consensus starting up: Expiring failure detector timer to make a prompt election more likely
I20260630 12:20:49.326725  3418 ts_tablet_manager.cc:1403] T 83124c6566ca4033abcb793d65babe29 P c4c70ec87e7342039cad3e6ec4f63757: Time spent bootstrapping tablet: real 0.083s	user 0.011s	sys 0.003s
I20260630 12:20:49.330001  3418 raft_consensus.cc:359] T 83124c6566ca4033abcb793d65babe29 P c4c70ec87e7342039cad3e6ec4f63757 [term 0 FOLLOWER]: Replica starting. Triggering 0 pending ops. Active config: opid_index: -1 OBSOLETE_local: false peers { permanent_uuid: "25b6d8dbf90b4a0f92469dbf12fa891d" member_type: VOTER last_known_addr { host: "127.31.207.68" port: 34293 } } peers { permanent_uuid: "c4c70ec87e7342039cad3e6ec4f63757" member_type: VOTER last_known_addr { host: "127.31.207.67" port: 36163 } } peers { permanent_uuid: "30e141dcdda2461486edc6c7b38f141f" member_type: VOTER last_known_addr { host: "127.31.207.65" port: 34577 } }
I20260630 12:20:49.326634  3417 raft_consensus.cc:740] T 29feb5fda1b2452baefb710d05b92290 P 30e141dcdda2461486edc6c7b38f141f [term 0 FOLLOWER]: Becoming Follower/Learner. State: Replica: 30e141dcdda2461486edc6c7b38f141f, State: Initialized, Role: FOLLOWER
I20260630 12:20:49.331310  3150 tablet_service.cc:1917] Received RequestConsensusVote() RPC: tablet_id: "575e69a6b9f24d9fbed993dae59c88fe" candidate_uuid: "25b6d8dbf90b4a0f92469dbf12fa891d" candidate_term: 1 candidate_status { last_received { term: 0 index: 0 } } ignore_live_leader: false dest_uuid: "997784e936dd453989bd4de3fd51ef7f" is_pre_election: true
I20260630 12:20:49.331435  3417 consensus_queue.cc:260] T 29feb5fda1b2452baefb710d05b92290 P 30e141dcdda2461486edc6c7b38f141f [NON_LEADER]: Queue going to NON_LEADER mode. State: All replicated index: 0, Majority replicated index: 0, Committed index: 0, Last appended: 0.0, Last appended by leader: 0, Current term: 0, Majority size: -1, State: 0, Mode: NON_LEADER, active raft config: opid_index: -1 OBSOLETE_local: false peers { permanent_uuid: "25b6d8dbf90b4a0f92469dbf12fa891d" member_type: VOTER last_known_addr { host: "127.31.207.68" port: 34293 } } peers { permanent_uuid: "30e141dcdda2461486edc6c7b38f141f" member_type: VOTER last_known_addr { host: "127.31.207.65" port: 34577 } } peers { permanent_uuid: "997784e936dd453989bd4de3fd51ef7f" member_type: VOTER last_known_addr { host: "127.31.207.66" port: 45979 } }
I20260630 12:20:49.334649  3417 ts_tablet_manager.cc:1434] T 29feb5fda1b2452baefb710d05b92290 P 30e141dcdda2461486edc6c7b38f141f: Time spent starting tablet: real 0.018s	user 0.006s	sys 0.004s
I20260630 12:20:49.335888  3417 tablet_bootstrap.cc:492] T b1557bb4c47e4299a3333fc857de11e8 P 30e141dcdda2461486edc6c7b38f141f: Bootstrap starting.
I20260630 12:20:49.337296  3418 raft_consensus.cc:385] T 83124c6566ca4033abcb793d65babe29 P c4c70ec87e7342039cad3e6ec4f63757 [term 0 FOLLOWER]: Consensus starting up: Expiring failure detector timer to make a prompt election more likely
W20260630 12:20:49.337743  3345 leader_election.cc:343] T 575e69a6b9f24d9fbed993dae59c88fe P 25b6d8dbf90b4a0f92469dbf12fa891d [CANDIDATE]: Term 1 pre-election: Tablet error from VoteRequest() call to peer 997784e936dd453989bd4de3fd51ef7f (127.31.207.66:45979): Illegal state: must be running to vote when last-logged opid is not known
I20260630 12:20:49.337814  3418 raft_consensus.cc:740] T 83124c6566ca4033abcb793d65babe29 P c4c70ec87e7342039cad3e6ec4f63757 [term 0 FOLLOWER]: Becoming Follower/Learner. State: Replica: c4c70ec87e7342039cad3e6ec4f63757, State: Initialized, Role: FOLLOWER
I20260630 12:20:49.350674  3418 consensus_queue.cc:260] T 83124c6566ca4033abcb793d65babe29 P c4c70ec87e7342039cad3e6ec4f63757 [NON_LEADER]: Queue going to NON_LEADER mode. State: All replicated index: 0, Majority replicated index: 0, Committed index: 0, Last appended: 0.0, Last appended by leader: 0, Current term: 0, Majority size: -1, State: 0, Mode: NON_LEADER, active raft config: opid_index: -1 OBSOLETE_local: false peers { permanent_uuid: "25b6d8dbf90b4a0f92469dbf12fa891d" member_type: VOTER last_known_addr { host: "127.31.207.68" port: 34293 } } peers { permanent_uuid: "c4c70ec87e7342039cad3e6ec4f63757" member_type: VOTER last_known_addr { host: "127.31.207.67" port: 36163 } } peers { permanent_uuid: "30e141dcdda2461486edc6c7b38f141f" member_type: VOTER last_known_addr { host: "127.31.207.65" port: 34577 } }
I20260630 12:20:49.360765  3418 ts_tablet_manager.cc:1434] T 83124c6566ca4033abcb793d65babe29 P c4c70ec87e7342039cad3e6ec4f63757: Time spent starting tablet: real 0.034s	user 0.006s	sys 0.000s
I20260630 12:20:49.362353  3418 tablet_bootstrap.cc:492] T 18b8ebc3c3214465a19a41ee8ecc4b42 P c4c70ec87e7342039cad3e6ec4f63757: Bootstrap starting.
I20260630 12:20:49.377252  3417 tablet_bootstrap.cc:654] T b1557bb4c47e4299a3333fc857de11e8 P 30e141dcdda2461486edc6c7b38f141f: Neither blocks nor log segments found. Creating new log.
I20260630 12:20:49.357252  3415 ts_tablet_manager.cc:1403] T 575e69a6b9f24d9fbed993dae59c88fe P 997784e936dd453989bd4de3fd51ef7f: Time spent bootstrapping tablet: real 0.174s	user 0.005s	sys 0.016s
I20260630 12:20:49.354333  2971 catalog_manager.cc:6242] T 00000000000000000000000000000000 P 5aeafc6ce97949a18364286c64e7cf9d: range_aware_rebalance_new_range [id=7afc432a6f3d4c748a5dbea0d7e79887] alter complete (version 0)
I20260630 12:20:49.384617  3418 tablet_bootstrap.cc:654] T 18b8ebc3c3214465a19a41ee8ecc4b42 P c4c70ec87e7342039cad3e6ec4f63757: Neither blocks nor log segments found. Creating new log.
I20260630 12:20:49.390461  3417 tablet_bootstrap.cc:492] T b1557bb4c47e4299a3333fc857de11e8 P 30e141dcdda2461486edc6c7b38f141f: No bootstrap required, opened a new log
I20260630 12:20:49.381649  3415 raft_consensus.cc:359] T 575e69a6b9f24d9fbed993dae59c88fe P 997784e936dd453989bd4de3fd51ef7f [term 0 FOLLOWER]: Replica starting. Triggering 0 pending ops. Active config: opid_index: -1 OBSOLETE_local: false peers { permanent_uuid: "25b6d8dbf90b4a0f92469dbf12fa891d" member_type: VOTER last_known_addr { host: "127.31.207.68" port: 34293 } } peers { permanent_uuid: "997784e936dd453989bd4de3fd51ef7f" member_type: VOTER last_known_addr { host: "127.31.207.66" port: 45979 } } peers { permanent_uuid: "c4c70ec87e7342039cad3e6ec4f63757" member_type: VOTER last_known_addr { host: "127.31.207.67" port: 36163 } }
I20260630 12:20:49.391474  3417 ts_tablet_manager.cc:1403] T b1557bb4c47e4299a3333fc857de11e8 P 30e141dcdda2461486edc6c7b38f141f: Time spent bootstrapping tablet: real 0.056s	user 0.011s	sys 0.003s
I20260630 12:20:49.391795  3415 raft_consensus.cc:385] T 575e69a6b9f24d9fbed993dae59c88fe P 997784e936dd453989bd4de3fd51ef7f [term 0 FOLLOWER]: Consensus starting up: Expiring failure detector timer to make a prompt election more likely
I20260630 12:20:49.392371  3415 raft_consensus.cc:740] T 575e69a6b9f24d9fbed993dae59c88fe P 997784e936dd453989bd4de3fd51ef7f [term 0 FOLLOWER]: Becoming Follower/Learner. State: Replica: 997784e936dd453989bd4de3fd51ef7f, State: Initialized, Role: FOLLOWER
I20260630 12:20:49.393535  3415 consensus_queue.cc:260] T 575e69a6b9f24d9fbed993dae59c88fe P 997784e936dd453989bd4de3fd51ef7f [NON_LEADER]: Queue going to NON_LEADER mode. State: All replicated index: 0, Majority replicated index: 0, Committed index: 0, Last appended: 0.0, Last appended by leader: 0, Current term: 0, Majority size: -1, State: 0, Mode: NON_LEADER, active raft config: opid_index: -1 OBSOLETE_local: false peers { permanent_uuid: "25b6d8dbf90b4a0f92469dbf12fa891d" member_type: VOTER last_known_addr { host: "127.31.207.68" port: 34293 } } peers { permanent_uuid: "997784e936dd453989bd4de3fd51ef7f" member_type: VOTER last_known_addr { host: "127.31.207.66" port: 45979 } } peers { permanent_uuid: "c4c70ec87e7342039cad3e6ec4f63757" member_type: VOTER last_known_addr { host: "127.31.207.67" port: 36163 } }
I20260630 12:20:49.394608  3417 raft_consensus.cc:359] T b1557bb4c47e4299a3333fc857de11e8 P 30e141dcdda2461486edc6c7b38f141f [term 0 FOLLOWER]: Replica starting. Triggering 0 pending ops. Active config: opid_index: -1 OBSOLETE_local: false peers { permanent_uuid: "30e141dcdda2461486edc6c7b38f141f" member_type: VOTER last_known_addr { host: "127.31.207.65" port: 34577 } } peers { permanent_uuid: "25b6d8dbf90b4a0f92469dbf12fa891d" member_type: VOTER last_known_addr { host: "127.31.207.68" port: 34293 } } peers { permanent_uuid: "c4c70ec87e7342039cad3e6ec4f63757" member_type: VOTER last_known_addr { host: "127.31.207.67" port: 36163 } }
I20260630 12:20:49.395372  3417 raft_consensus.cc:385] T b1557bb4c47e4299a3333fc857de11e8 P 30e141dcdda2461486edc6c7b38f141f [term 0 FOLLOWER]: Consensus starting up: Expiring failure detector timer to make a prompt election more likely
I20260630 12:20:49.395707  3417 raft_consensus.cc:740] T b1557bb4c47e4299a3333fc857de11e8 P 30e141dcdda2461486edc6c7b38f141f [term 0 FOLLOWER]: Becoming Follower/Learner. State: Replica: 30e141dcdda2461486edc6c7b38f141f, State: Initialized, Role: FOLLOWER
I20260630 12:20:49.395969  3415 ts_tablet_manager.cc:1434] T 575e69a6b9f24d9fbed993dae59c88fe P 997784e936dd453989bd4de3fd51ef7f: Time spent starting tablet: real 0.017s	user 0.003s	sys 0.003s
I20260630 12:20:49.397125  3415 tablet_bootstrap.cc:492] T 29feb5fda1b2452baefb710d05b92290 P 997784e936dd453989bd4de3fd51ef7f: Bootstrap starting.
I20260630 12:20:49.399691  3418 tablet_bootstrap.cc:492] T 18b8ebc3c3214465a19a41ee8ecc4b42 P c4c70ec87e7342039cad3e6ec4f63757: No bootstrap required, opened a new log
I20260630 12:20:49.400110  3416 ts_tablet_manager.cc:1434] T 575e69a6b9f24d9fbed993dae59c88fe P 25b6d8dbf90b4a0f92469dbf12fa891d: Time spent starting tablet: real 0.131s	user 0.040s	sys 0.059s
I20260630 12:20:49.400241  3418 ts_tablet_manager.cc:1403] T 18b8ebc3c3214465a19a41ee8ecc4b42 P c4c70ec87e7342039cad3e6ec4f63757: Time spent bootstrapping tablet: real 0.038s	user 0.014s	sys 0.000s
I20260630 12:20:49.408428  3418 raft_consensus.cc:359] T 18b8ebc3c3214465a19a41ee8ecc4b42 P c4c70ec87e7342039cad3e6ec4f63757 [term 0 FOLLOWER]: Replica starting. Triggering 0 pending ops. Active config: opid_index: -1 OBSOLETE_local: false peers { permanent_uuid: "25b6d8dbf90b4a0f92469dbf12fa891d" member_type: VOTER last_known_addr { host: "127.31.207.68" port: 34293 } } peers { permanent_uuid: "997784e936dd453989bd4de3fd51ef7f" member_type: VOTER last_known_addr { host: "127.31.207.66" port: 45979 } } peers { permanent_uuid: "c4c70ec87e7342039cad3e6ec4f63757" member_type: VOTER last_known_addr { host: "127.31.207.67" port: 36163 } }
I20260630 12:20:49.396723  3417 consensus_queue.cc:260] T b1557bb4c47e4299a3333fc857de11e8 P 30e141dcdda2461486edc6c7b38f141f [NON_LEADER]: Queue going to NON_LEADER mode. State: All replicated index: 0, Majority replicated index: 0, Committed index: 0, Last appended: 0.0, Last appended by leader: 0, Current term: 0, Majority size: -1, State: 0, Mode: NON_LEADER, active raft config: opid_index: -1 OBSOLETE_local: false peers { permanent_uuid: "30e141dcdda2461486edc6c7b38f141f" member_type: VOTER last_known_addr { host: "127.31.207.65" port: 34577 } } peers { permanent_uuid: "25b6d8dbf90b4a0f92469dbf12fa891d" member_type: VOTER last_known_addr { host: "127.31.207.68" port: 34293 } } peers { permanent_uuid: "c4c70ec87e7342039cad3e6ec4f63757" member_type: VOTER last_known_addr { host: "127.31.207.67" port: 36163 } }
I20260630 12:20:49.409256  3224 tablet_service.cc:1917] Received RequestConsensusVote() RPC: tablet_id: "575e69a6b9f24d9fbed993dae59c88fe" candidate_uuid: "25b6d8dbf90b4a0f92469dbf12fa891d" candidate_term: 1 candidate_status { last_received { term: 0 index: 0 } } ignore_live_leader: false dest_uuid: "c4c70ec87e7342039cad3e6ec4f63757" is_pre_election: true
I20260630 12:20:49.411317  3417 ts_tablet_manager.cc:1434] T b1557bb4c47e4299a3333fc857de11e8 P 30e141dcdda2461486edc6c7b38f141f: Time spent starting tablet: real 0.019s	user 0.003s	sys 0.003s
I20260630 12:20:49.412209  3417 tablet_bootstrap.cc:492] T 6b7a6d5247bf41f4992c73b52b17257e P 30e141dcdda2461486edc6c7b38f141f: Bootstrap starting.
W20260630 12:20:49.413470  3343 leader_election.cc:343] T 575e69a6b9f24d9fbed993dae59c88fe P 25b6d8dbf90b4a0f92469dbf12fa891d [CANDIDATE]: Term 1 pre-election: Tablet error from VoteRequest() call to peer c4c70ec87e7342039cad3e6ec4f63757 (127.31.207.67:36163): Illegal state: must be running to vote when last-logged opid is not known
I20260630 12:20:49.408946  3415 tablet_bootstrap.cc:654] T 29feb5fda1b2452baefb710d05b92290 P 997784e936dd453989bd4de3fd51ef7f: Neither blocks nor log segments found. Creating new log.
I20260630 12:20:49.401470  3416 tablet_bootstrap.cc:492] T 6b7a6d5247bf41f4992c73b52b17257e P 25b6d8dbf90b4a0f92469dbf12fa891d: Bootstrap starting.
I20260630 12:20:49.413946  3343 leader_election.cc:304] T 575e69a6b9f24d9fbed993dae59c88fe P 25b6d8dbf90b4a0f92469dbf12fa891d [CANDIDATE]: Term 1 pre-election: Election decided. Result: candidate lost. Election summary: received 3 responses out of 3 voters: 1 yes votes; 2 no votes. yes voters: 25b6d8dbf90b4a0f92469dbf12fa891d; no voters: 997784e936dd453989bd4de3fd51ef7f, c4c70ec87e7342039cad3e6ec4f63757
I20260630 12:20:49.415372  3423 raft_consensus.cc:2749] T 575e69a6b9f24d9fbed993dae59c88fe P 25b6d8dbf90b4a0f92469dbf12fa891d [term 0 FOLLOWER]: Leader pre-election lost for term 1. Reason: could not achieve majority
I20260630 12:20:49.419070  3417 tablet_bootstrap.cc:654] T 6b7a6d5247bf41f4992c73b52b17257e P 30e141dcdda2461486edc6c7b38f141f: Neither blocks nor log segments found. Creating new log.
I20260630 12:20:49.421221  3416 tablet_bootstrap.cc:654] T 6b7a6d5247bf41f4992c73b52b17257e P 25b6d8dbf90b4a0f92469dbf12fa891d: Neither blocks nor log segments found. Creating new log.
I20260630 12:20:49.422094  3418 raft_consensus.cc:385] T 18b8ebc3c3214465a19a41ee8ecc4b42 P c4c70ec87e7342039cad3e6ec4f63757 [term 0 FOLLOWER]: Consensus starting up: Expiring failure detector timer to make a prompt election more likely
I20260630 12:20:49.422748  3418 raft_consensus.cc:740] T 18b8ebc3c3214465a19a41ee8ecc4b42 P c4c70ec87e7342039cad3e6ec4f63757 [term 0 FOLLOWER]: Becoming Follower/Learner. State: Replica: c4c70ec87e7342039cad3e6ec4f63757, State: Initialized, Role: FOLLOWER
I20260630 12:20:49.423660  3418 consensus_queue.cc:260] T 18b8ebc3c3214465a19a41ee8ecc4b42 P c4c70ec87e7342039cad3e6ec4f63757 [NON_LEADER]: Queue going to NON_LEADER mode. State: All replicated index: 0, Majority replicated index: 0, Committed index: 0, Last appended: 0.0, Last appended by leader: 0, Current term: 0, Majority size: -1, State: 0, Mode: NON_LEADER, active raft config: opid_index: -1 OBSOLETE_local: false peers { permanent_uuid: "25b6d8dbf90b4a0f92469dbf12fa891d" member_type: VOTER last_known_addr { host: "127.31.207.68" port: 34293 } } peers { permanent_uuid: "997784e936dd453989bd4de3fd51ef7f" member_type: VOTER last_known_addr { host: "127.31.207.66" port: 45979 } } peers { permanent_uuid: "c4c70ec87e7342039cad3e6ec4f63757" member_type: VOTER last_known_addr { host: "127.31.207.67" port: 36163 } }
I20260630 12:20:49.425971  3418 ts_tablet_manager.cc:1434] T 18b8ebc3c3214465a19a41ee8ecc4b42 P c4c70ec87e7342039cad3e6ec4f63757: Time spent starting tablet: real 0.020s	user 0.002s	sys 0.004s
I20260630 12:20:49.426995  3418 tablet_bootstrap.cc:492] T 9b53770cd00c4467b4f2da7f8e7fed0b P c4c70ec87e7342039cad3e6ec4f63757: Bootstrap starting.
I20260630 12:20:49.430155  3416 tablet_bootstrap.cc:492] T 6b7a6d5247bf41f4992c73b52b17257e P 25b6d8dbf90b4a0f92469dbf12fa891d: No bootstrap required, opened a new log
I20260630 12:20:49.430704  3416 ts_tablet_manager.cc:1403] T 6b7a6d5247bf41f4992c73b52b17257e P 25b6d8dbf90b4a0f92469dbf12fa891d: Time spent bootstrapping tablet: real 0.029s	user 0.008s	sys 0.004s
I20260630 12:20:49.430889  3417 tablet_bootstrap.cc:492] T 6b7a6d5247bf41f4992c73b52b17257e P 30e141dcdda2461486edc6c7b38f141f: No bootstrap required, opened a new log
I20260630 12:20:49.431423  3417 ts_tablet_manager.cc:1403] T 6b7a6d5247bf41f4992c73b52b17257e P 30e141dcdda2461486edc6c7b38f141f: Time spent bootstrapping tablet: real 0.019s	user 0.011s	sys 0.000s
I20260630 12:20:49.433861  3416 raft_consensus.cc:359] T 6b7a6d5247bf41f4992c73b52b17257e P 25b6d8dbf90b4a0f92469dbf12fa891d [term 0 FOLLOWER]: Replica starting. Triggering 0 pending ops. Active config: opid_index: -1 OBSOLETE_local: false peers { permanent_uuid: "997784e936dd453989bd4de3fd51ef7f" member_type: VOTER last_known_addr { host: "127.31.207.66" port: 45979 } } peers { permanent_uuid: "25b6d8dbf90b4a0f92469dbf12fa891d" member_type: VOTER last_known_addr { host: "127.31.207.68" port: 34293 } } peers { permanent_uuid: "30e141dcdda2461486edc6c7b38f141f" member_type: VOTER last_known_addr { host: "127.31.207.65" port: 34577 } }
I20260630 12:20:49.434664  3416 raft_consensus.cc:385] T 6b7a6d5247bf41f4992c73b52b17257e P 25b6d8dbf90b4a0f92469dbf12fa891d [term 0 FOLLOWER]: Consensus starting up: Expiring failure detector timer to make a prompt election more likely
I20260630 12:20:49.434463  3417 raft_consensus.cc:359] T 6b7a6d5247bf41f4992c73b52b17257e P 30e141dcdda2461486edc6c7b38f141f [term 0 FOLLOWER]: Replica starting. Triggering 0 pending ops. Active config: opid_index: -1 OBSOLETE_local: false peers { permanent_uuid: "997784e936dd453989bd4de3fd51ef7f" member_type: VOTER last_known_addr { host: "127.31.207.66" port: 45979 } } peers { permanent_uuid: "25b6d8dbf90b4a0f92469dbf12fa891d" member_type: VOTER last_known_addr { host: "127.31.207.68" port: 34293 } } peers { permanent_uuid: "30e141dcdda2461486edc6c7b38f141f" member_type: VOTER last_known_addr { host: "127.31.207.65" port: 34577 } }
I20260630 12:20:49.435041  3416 raft_consensus.cc:740] T 6b7a6d5247bf41f4992c73b52b17257e P 25b6d8dbf90b4a0f92469dbf12fa891d [term 0 FOLLOWER]: Becoming Follower/Learner. State: Replica: 25b6d8dbf90b4a0f92469dbf12fa891d, State: Initialized, Role: FOLLOWER
I20260630 12:20:49.435273  3417 raft_consensus.cc:385] T 6b7a6d5247bf41f4992c73b52b17257e P 30e141dcdda2461486edc6c7b38f141f [term 0 FOLLOWER]: Consensus starting up: Expiring failure detector timer to make a prompt election more likely
I20260630 12:20:49.435685  3417 raft_consensus.cc:740] T 6b7a6d5247bf41f4992c73b52b17257e P 30e141dcdda2461486edc6c7b38f141f [term 0 FOLLOWER]: Becoming Follower/Learner. State: Replica: 30e141dcdda2461486edc6c7b38f141f, State: Initialized, Role: FOLLOWER
I20260630 12:20:49.435923  3416 consensus_queue.cc:260] T 6b7a6d5247bf41f4992c73b52b17257e P 25b6d8dbf90b4a0f92469dbf12fa891d [NON_LEADER]: Queue going to NON_LEADER mode. State: All replicated index: 0, Majority replicated index: 0, Committed index: 0, Last appended: 0.0, Last appended by leader: 0, Current term: 0, Majority size: -1, State: 0, Mode: NON_LEADER, active raft config: opid_index: -1 OBSOLETE_local: false peers { permanent_uuid: "997784e936dd453989bd4de3fd51ef7f" member_type: VOTER last_known_addr { host: "127.31.207.66" port: 45979 } } peers { permanent_uuid: "25b6d8dbf90b4a0f92469dbf12fa891d" member_type: VOTER last_known_addr { host: "127.31.207.68" port: 34293 } } peers { permanent_uuid: "30e141dcdda2461486edc6c7b38f141f" member_type: VOTER last_known_addr { host: "127.31.207.65" port: 34577 } }
I20260630 12:20:49.436539  3417 consensus_queue.cc:260] T 6b7a6d5247bf41f4992c73b52b17257e P 30e141dcdda2461486edc6c7b38f141f [NON_LEADER]: Queue going to NON_LEADER mode. State: All replicated index: 0, Majority replicated index: 0, Committed index: 0, Last appended: 0.0, Last appended by leader: 0, Current term: 0, Majority size: -1, State: 0, Mode: NON_LEADER, active raft config: opid_index: -1 OBSOLETE_local: false peers { permanent_uuid: "997784e936dd453989bd4de3fd51ef7f" member_type: VOTER last_known_addr { host: "127.31.207.66" port: 45979 } } peers { permanent_uuid: "25b6d8dbf90b4a0f92469dbf12fa891d" member_type: VOTER last_known_addr { host: "127.31.207.68" port: 34293 } } peers { permanent_uuid: "30e141dcdda2461486edc6c7b38f141f" member_type: VOTER last_known_addr { host: "127.31.207.65" port: 34577 } }
I20260630 12:20:49.433828  3418 tablet_bootstrap.cc:654] T 9b53770cd00c4467b4f2da7f8e7fed0b P c4c70ec87e7342039cad3e6ec4f63757: Neither blocks nor log segments found. Creating new log.
I20260630 12:20:49.439487  3415 tablet_bootstrap.cc:492] T 29feb5fda1b2452baefb710d05b92290 P 997784e936dd453989bd4de3fd51ef7f: No bootstrap required, opened a new log
I20260630 12:20:49.439947  3417 ts_tablet_manager.cc:1434] T 6b7a6d5247bf41f4992c73b52b17257e P 30e141dcdda2461486edc6c7b38f141f: Time spent starting tablet: real 0.008s	user 0.004s	sys 0.003s
I20260630 12:20:49.439975  3415 ts_tablet_manager.cc:1403] T 29feb5fda1b2452baefb710d05b92290 P 997784e936dd453989bd4de3fd51ef7f: Time spent bootstrapping tablet: real 0.043s	user 0.008s	sys 0.004s
I20260630 12:20:49.440399  3416 ts_tablet_manager.cc:1434] T 6b7a6d5247bf41f4992c73b52b17257e P 25b6d8dbf90b4a0f92469dbf12fa891d: Time spent starting tablet: real 0.009s	user 0.007s	sys 0.000s
I20260630 12:20:49.441381  3416 tablet_bootstrap.cc:492] T 29feb5fda1b2452baefb710d05b92290 P 25b6d8dbf90b4a0f92469dbf12fa891d: Bootstrap starting.
I20260630 12:20:49.442965  3415 raft_consensus.cc:359] T 29feb5fda1b2452baefb710d05b92290 P 997784e936dd453989bd4de3fd51ef7f [term 0 FOLLOWER]: Replica starting. Triggering 0 pending ops. Active config: opid_index: -1 OBSOLETE_local: false peers { permanent_uuid: "25b6d8dbf90b4a0f92469dbf12fa891d" member_type: VOTER last_known_addr { host: "127.31.207.68" port: 34293 } } peers { permanent_uuid: "30e141dcdda2461486edc6c7b38f141f" member_type: VOTER last_known_addr { host: "127.31.207.65" port: 34577 } } peers { permanent_uuid: "997784e936dd453989bd4de3fd51ef7f" member_type: VOTER last_known_addr { host: "127.31.207.66" port: 45979 } }
I20260630 12:20:49.443679  3415 raft_consensus.cc:385] T 29feb5fda1b2452baefb710d05b92290 P 997784e936dd453989bd4de3fd51ef7f [term 0 FOLLOWER]: Consensus starting up: Expiring failure detector timer to make a prompt election more likely
I20260630 12:20:49.443972  3415 raft_consensus.cc:740] T 29feb5fda1b2452baefb710d05b92290 P 997784e936dd453989bd4de3fd51ef7f [term 0 FOLLOWER]: Becoming Follower/Learner. State: Replica: 997784e936dd453989bd4de3fd51ef7f, State: Initialized, Role: FOLLOWER
I20260630 12:20:49.445434  3417 tablet_bootstrap.cc:492] T 1d984445f02b49a38f95e28aed087373 P 30e141dcdda2461486edc6c7b38f141f: Bootstrap starting.
I20260630 12:20:49.448354  3416 tablet_bootstrap.cc:654] T 29feb5fda1b2452baefb710d05b92290 P 25b6d8dbf90b4a0f92469dbf12fa891d: Neither blocks nor log segments found. Creating new log.
I20260630 12:20:49.452935  3417 tablet_bootstrap.cc:654] T 1d984445f02b49a38f95e28aed087373 P 30e141dcdda2461486edc6c7b38f141f: Neither blocks nor log segments found. Creating new log.
I20260630 12:20:49.445894  3415 consensus_queue.cc:260] T 29feb5fda1b2452baefb710d05b92290 P 997784e936dd453989bd4de3fd51ef7f [NON_LEADER]: Queue going to NON_LEADER mode. State: All replicated index: 0, Majority replicated index: 0, Committed index: 0, Last appended: 0.0, Last appended by leader: 0, Current term: 0, Majority size: -1, State: 0, Mode: NON_LEADER, active raft config: opid_index: -1 OBSOLETE_local: false peers { permanent_uuid: "25b6d8dbf90b4a0f92469dbf12fa891d" member_type: VOTER last_known_addr { host: "127.31.207.68" port: 34293 } } peers { permanent_uuid: "30e141dcdda2461486edc6c7b38f141f" member_type: VOTER last_known_addr { host: "127.31.207.65" port: 34577 } } peers { permanent_uuid: "997784e936dd453989bd4de3fd51ef7f" member_type: VOTER last_known_addr { host: "127.31.207.66" port: 45979 } }
I20260630 12:20:49.455528  3415 ts_tablet_manager.cc:1434] T 29feb5fda1b2452baefb710d05b92290 P 997784e936dd453989bd4de3fd51ef7f: Time spent starting tablet: real 0.015s	user 0.006s	sys 0.000s
I20260630 12:20:49.456749  3415 tablet_bootstrap.cc:492] T 6b7a6d5247bf41f4992c73b52b17257e P 997784e936dd453989bd4de3fd51ef7f: Bootstrap starting.
I20260630 12:20:49.460335  3416 tablet_bootstrap.cc:492] T 29feb5fda1b2452baefb710d05b92290 P 25b6d8dbf90b4a0f92469dbf12fa891d: No bootstrap required, opened a new log
I20260630 12:20:49.460888  3416 ts_tablet_manager.cc:1403] T 29feb5fda1b2452baefb710d05b92290 P 25b6d8dbf90b4a0f92469dbf12fa891d: Time spent bootstrapping tablet: real 0.020s	user 0.013s	sys 0.004s
I20260630 12:20:49.463788  3416 raft_consensus.cc:359] T 29feb5fda1b2452baefb710d05b92290 P 25b6d8dbf90b4a0f92469dbf12fa891d [term 0 FOLLOWER]: Replica starting. Triggering 0 pending ops. Active config: opid_index: -1 OBSOLETE_local: false peers { permanent_uuid: "25b6d8dbf90b4a0f92469dbf12fa891d" member_type: VOTER last_known_addr { host: "127.31.207.68" port: 34293 } } peers { permanent_uuid: "30e141dcdda2461486edc6c7b38f141f" member_type: VOTER last_known_addr { host: "127.31.207.65" port: 34577 } } peers { permanent_uuid: "997784e936dd453989bd4de3fd51ef7f" member_type: VOTER last_known_addr { host: "127.31.207.66" port: 45979 } }
I20260630 12:20:49.464709  3416 raft_consensus.cc:385] T 29feb5fda1b2452baefb710d05b92290 P 25b6d8dbf90b4a0f92469dbf12fa891d [term 0 FOLLOWER]: Consensus starting up: Expiring failure detector timer to make a prompt election more likely
I20260630 12:20:49.465054  3416 raft_consensus.cc:740] T 29feb5fda1b2452baefb710d05b92290 P 25b6d8dbf90b4a0f92469dbf12fa891d [term 0 FOLLOWER]: Becoming Follower/Learner. State: Replica: 25b6d8dbf90b4a0f92469dbf12fa891d, State: Initialized, Role: FOLLOWER
I20260630 12:20:49.466706  3418 tablet_bootstrap.cc:492] T 9b53770cd00c4467b4f2da7f8e7fed0b P c4c70ec87e7342039cad3e6ec4f63757: No bootstrap required, opened a new log
I20260630 12:20:49.466747  3416 consensus_queue.cc:260] T 29feb5fda1b2452baefb710d05b92290 P 25b6d8dbf90b4a0f92469dbf12fa891d [NON_LEADER]: Queue going to NON_LEADER mode. State: All replicated index: 0, Majority replicated index: 0, Committed index: 0, Last appended: 0.0, Last appended by leader: 0, Current term: 0, Majority size: -1, State: 0, Mode: NON_LEADER, active raft config: opid_index: -1 OBSOLETE_local: false peers { permanent_uuid: "25b6d8dbf90b4a0f92469dbf12fa891d" member_type: VOTER last_known_addr { host: "127.31.207.68" port: 34293 } } peers { permanent_uuid: "30e141dcdda2461486edc6c7b38f141f" member_type: VOTER last_known_addr { host: "127.31.207.65" port: 34577 } } peers { permanent_uuid: "997784e936dd453989bd4de3fd51ef7f" member_type: VOTER last_known_addr { host: "127.31.207.66" port: 45979 } }
I20260630 12:20:49.467409  3418 ts_tablet_manager.cc:1403] T 9b53770cd00c4467b4f2da7f8e7fed0b P c4c70ec87e7342039cad3e6ec4f63757: Time spent bootstrapping tablet: real 0.041s	user 0.013s	sys 0.005s
I20260630 12:20:49.466632  3275 raft_consensus.cc:493] T b1557bb4c47e4299a3333fc857de11e8 P 30e141dcdda2461486edc6c7b38f141f [term 0 FOLLOWER]: Starting pre-election (no leader contacted us within the election timeout)
I20260630 12:20:49.468621  3275 raft_consensus.cc:515] T b1557bb4c47e4299a3333fc857de11e8 P 30e141dcdda2461486edc6c7b38f141f [term 0 FOLLOWER]: Starting pre-election with config: opid_index: -1 OBSOLETE_local: false peers { permanent_uuid: "30e141dcdda2461486edc6c7b38f141f" member_type: VOTER last_known_addr { host: "127.31.207.65" port: 34577 } } peers { permanent_uuid: "25b6d8dbf90b4a0f92469dbf12fa891d" member_type: VOTER last_known_addr { host: "127.31.207.68" port: 34293 } } peers { permanent_uuid: "c4c70ec87e7342039cad3e6ec4f63757" member_type: VOTER last_known_addr { host: "127.31.207.67" port: 36163 } }
I20260630 12:20:49.469230  3416 ts_tablet_manager.cc:1434] T 29feb5fda1b2452baefb710d05b92290 P 25b6d8dbf90b4a0f92469dbf12fa891d: Time spent starting tablet: real 0.008s	user 0.006s	sys 0.001s
I20260630 12:20:49.470232  3416 tablet_bootstrap.cc:492] T 9b53770cd00c4467b4f2da7f8e7fed0b P 25b6d8dbf90b4a0f92469dbf12fa891d: Bootstrap starting.
I20260630 12:20:49.470904  3275 leader_election.cc:290] T b1557bb4c47e4299a3333fc857de11e8 P 30e141dcdda2461486edc6c7b38f141f [CANDIDATE]: Term 1 pre-election: Requested pre-vote from peers 25b6d8dbf90b4a0f92469dbf12fa891d (127.31.207.68:34293), c4c70ec87e7342039cad3e6ec4f63757 (127.31.207.67:36163)
I20260630 12:20:49.473284  3224 tablet_service.cc:1917] Received RequestConsensusVote() RPC: tablet_id: "b1557bb4c47e4299a3333fc857de11e8" candidate_uuid: "30e141dcdda2461486edc6c7b38f141f" candidate_term: 1 candidate_status { last_received { term: 0 index: 0 } } ignore_live_leader: false dest_uuid: "c4c70ec87e7342039cad3e6ec4f63757" is_pre_election: true
W20260630 12:20:49.474891  3038 leader_election.cc:343] T b1557bb4c47e4299a3333fc857de11e8 P 30e141dcdda2461486edc6c7b38f141f [CANDIDATE]: Term 1 pre-election: Tablet error from VoteRequest() call to peer c4c70ec87e7342039cad3e6ec4f63757 (127.31.207.67:36163): Illegal state: must be running to vote when last-logged opid is not known
I20260630 12:20:49.477762  3418 raft_consensus.cc:359] T 9b53770cd00c4467b4f2da7f8e7fed0b P c4c70ec87e7342039cad3e6ec4f63757 [term 0 FOLLOWER]: Replica starting. Triggering 0 pending ops. Active config: opid_index: -1 OBSOLETE_local: false peers { permanent_uuid: "c4c70ec87e7342039cad3e6ec4f63757" member_type: VOTER last_known_addr { host: "127.31.207.67" port: 36163 } } peers { permanent_uuid: "30e141dcdda2461486edc6c7b38f141f" member_type: VOTER last_known_addr { host: "127.31.207.65" port: 34577 } } peers { permanent_uuid: "25b6d8dbf90b4a0f92469dbf12fa891d" member_type: VOTER last_known_addr { host: "127.31.207.68" port: 34293 } }
I20260630 12:20:49.479913  3415 tablet_bootstrap.cc:654] T 6b7a6d5247bf41f4992c73b52b17257e P 997784e936dd453989bd4de3fd51ef7f: Neither blocks nor log segments found. Creating new log.
I20260630 12:20:49.480108  3418 raft_consensus.cc:385] T 9b53770cd00c4467b4f2da7f8e7fed0b P c4c70ec87e7342039cad3e6ec4f63757 [term 0 FOLLOWER]: Consensus starting up: Expiring failure detector timer to make a prompt election more likely
I20260630 12:20:49.481065  3418 raft_consensus.cc:740] T 9b53770cd00c4467b4f2da7f8e7fed0b P c4c70ec87e7342039cad3e6ec4f63757 [term 0 FOLLOWER]: Becoming Follower/Learner. State: Replica: c4c70ec87e7342039cad3e6ec4f63757, State: Initialized, Role: FOLLOWER
I20260630 12:20:49.482589  3418 consensus_queue.cc:260] T 9b53770cd00c4467b4f2da7f8e7fed0b P c4c70ec87e7342039cad3e6ec4f63757 [NON_LEADER]: Queue going to NON_LEADER mode. State: All replicated index: 0, Majority replicated index: 0, Committed index: 0, Last appended: 0.0, Last appended by leader: 0, Current term: 0, Majority size: -1, State: 0, Mode: NON_LEADER, active raft config: opid_index: -1 OBSOLETE_local: false peers { permanent_uuid: "c4c70ec87e7342039cad3e6ec4f63757" member_type: VOTER last_known_addr { host: "127.31.207.67" port: 36163 } } peers { permanent_uuid: "30e141dcdda2461486edc6c7b38f141f" member_type: VOTER last_known_addr { host: "127.31.207.65" port: 34577 } } peers { permanent_uuid: "25b6d8dbf90b4a0f92469dbf12fa891d" member_type: VOTER last_known_addr { host: "127.31.207.68" port: 34293 } }
I20260630 12:20:49.487180  3416 tablet_bootstrap.cc:654] T 9b53770cd00c4467b4f2da7f8e7fed0b P 25b6d8dbf90b4a0f92469dbf12fa891d: Neither blocks nor log segments found. Creating new log.
I20260630 12:20:49.499392  3417 tablet_bootstrap.cc:492] T 1d984445f02b49a38f95e28aed087373 P 30e141dcdda2461486edc6c7b38f141f: No bootstrap required, opened a new log
I20260630 12:20:49.499992  3417 ts_tablet_manager.cc:1403] T 1d984445f02b49a38f95e28aed087373 P 30e141dcdda2461486edc6c7b38f141f: Time spent bootstrapping tablet: real 0.055s	user 0.014s	sys 0.021s
I20260630 12:20:49.502521  3418 ts_tablet_manager.cc:1434] T 9b53770cd00c4467b4f2da7f8e7fed0b P c4c70ec87e7342039cad3e6ec4f63757: Time spent starting tablet: real 0.034s	user 0.008s	sys 0.000s
I20260630 12:20:49.503196  3417 raft_consensus.cc:359] T 1d984445f02b49a38f95e28aed087373 P 30e141dcdda2461486edc6c7b38f141f [term 0 FOLLOWER]: Replica starting. Triggering 0 pending ops. Active config: opid_index: -1 OBSOLETE_local: false peers { permanent_uuid: "25b6d8dbf90b4a0f92469dbf12fa891d" member_type: VOTER last_known_addr { host: "127.31.207.68" port: 34293 } } peers { permanent_uuid: "30e141dcdda2461486edc6c7b38f141f" member_type: VOTER last_known_addr { host: "127.31.207.65" port: 34577 } } peers { permanent_uuid: "997784e936dd453989bd4de3fd51ef7f" member_type: VOTER last_known_addr { host: "127.31.207.66" port: 45979 } }
I20260630 12:20:49.503909  3416 tablet_bootstrap.cc:492] T 9b53770cd00c4467b4f2da7f8e7fed0b P 25b6d8dbf90b4a0f92469dbf12fa891d: No bootstrap required, opened a new log
I20260630 12:20:49.504022  3417 raft_consensus.cc:385] T 1d984445f02b49a38f95e28aed087373 P 30e141dcdda2461486edc6c7b38f141f [term 0 FOLLOWER]: Consensus starting up: Expiring failure detector timer to make a prompt election more likely
I20260630 12:20:49.504199  3382 tablet_service.cc:1917] Received RequestConsensusVote() RPC: tablet_id: "b1557bb4c47e4299a3333fc857de11e8" candidate_uuid: "30e141dcdda2461486edc6c7b38f141f" candidate_term: 1 candidate_status { last_received { term: 0 index: 0 } } ignore_live_leader: false dest_uuid: "25b6d8dbf90b4a0f92469dbf12fa891d" is_pre_election: true
I20260630 12:20:49.504547  3416 ts_tablet_manager.cc:1403] T 9b53770cd00c4467b4f2da7f8e7fed0b P 25b6d8dbf90b4a0f92469dbf12fa891d: Time spent bootstrapping tablet: real 0.035s	user 0.013s	sys 0.009s
I20260630 12:20:49.504562  3417 raft_consensus.cc:740] T 1d984445f02b49a38f95e28aed087373 P 30e141dcdda2461486edc6c7b38f141f [term 0 FOLLOWER]: Becoming Follower/Learner. State: Replica: 30e141dcdda2461486edc6c7b38f141f, State: Initialized, Role: FOLLOWER
I20260630 12:20:49.505717  3417 consensus_queue.cc:260] T 1d984445f02b49a38f95e28aed087373 P 30e141dcdda2461486edc6c7b38f141f [NON_LEADER]: Queue going to NON_LEADER mode. State: All replicated index: 0, Majority replicated index: 0, Committed index: 0, Last appended: 0.0, Last appended by leader: 0, Current term: 0, Majority size: -1, State: 0, Mode: NON_LEADER, active raft config: opid_index: -1 OBSOLETE_local: false peers { permanent_uuid: "25b6d8dbf90b4a0f92469dbf12fa891d" member_type: VOTER last_known_addr { host: "127.31.207.68" port: 34293 } } peers { permanent_uuid: "30e141dcdda2461486edc6c7b38f141f" member_type: VOTER last_known_addr { host: "127.31.207.65" port: 34577 } } peers { permanent_uuid: "997784e936dd453989bd4de3fd51ef7f" member_type: VOTER last_known_addr { host: "127.31.207.66" port: 45979 } }
W20260630 12:20:49.506089  3041 leader_election.cc:343] T b1557bb4c47e4299a3333fc857de11e8 P 30e141dcdda2461486edc6c7b38f141f [CANDIDATE]: Term 1 pre-election: Tablet error from VoteRequest() call to peer 25b6d8dbf90b4a0f92469dbf12fa891d (127.31.207.68:34293): Illegal state: must be running to vote when last-logged opid is not known
I20260630 12:20:49.506685  3041 leader_election.cc:304] T b1557bb4c47e4299a3333fc857de11e8 P 30e141dcdda2461486edc6c7b38f141f [CANDIDATE]: Term 1 pre-election: Election decided. Result: candidate lost. Election summary: received 3 responses out of 3 voters: 1 yes votes; 2 no votes. yes voters: 30e141dcdda2461486edc6c7b38f141f; no voters: 25b6d8dbf90b4a0f92469dbf12fa891d, c4c70ec87e7342039cad3e6ec4f63757
I20260630 12:20:49.507296  3275 raft_consensus.cc:2749] T b1557bb4c47e4299a3333fc857de11e8 P 30e141dcdda2461486edc6c7b38f141f [term 0 FOLLOWER]: Leader pre-election lost for term 1. Reason: could not achieve majority
I20260630 12:20:49.509227  3417 ts_tablet_manager.cc:1434] T 1d984445f02b49a38f95e28aed087373 P 30e141dcdda2461486edc6c7b38f141f: Time spent starting tablet: real 0.009s	user 0.006s	sys 0.000s
I20260630 12:20:49.507647  3416 raft_consensus.cc:359] T 9b53770cd00c4467b4f2da7f8e7fed0b P 25b6d8dbf90b4a0f92469dbf12fa891d [term 0 FOLLOWER]: Replica starting. Triggering 0 pending ops. Active config: opid_index: -1 OBSOLETE_local: false peers { permanent_uuid: "c4c70ec87e7342039cad3e6ec4f63757" member_type: VOTER last_known_addr { host: "127.31.207.67" port: 36163 } } peers { permanent_uuid: "30e141dcdda2461486edc6c7b38f141f" member_type: VOTER last_known_addr { host: "127.31.207.65" port: 34577 } } peers { permanent_uuid: "25b6d8dbf90b4a0f92469dbf12fa891d" member_type: VOTER last_known_addr { host: "127.31.207.68" port: 34293 } }
I20260630 12:20:49.510108  3416 raft_consensus.cc:385] T 9b53770cd00c4467b4f2da7f8e7fed0b P 25b6d8dbf90b4a0f92469dbf12fa891d [term 0 FOLLOWER]: Consensus starting up: Expiring failure detector timer to make a prompt election more likely
I20260630 12:20:49.510303  3417 tablet_bootstrap.cc:492] T 83124c6566ca4033abcb793d65babe29 P 30e141dcdda2461486edc6c7b38f141f: Bootstrap starting.
I20260630 12:20:49.510519  3416 raft_consensus.cc:740] T 9b53770cd00c4467b4f2da7f8e7fed0b P 25b6d8dbf90b4a0f92469dbf12fa891d [term 0 FOLLOWER]: Becoming Follower/Learner. State: Replica: 25b6d8dbf90b4a0f92469dbf12fa891d, State: Initialized, Role: FOLLOWER
I20260630 12:20:49.511353  3418 tablet_bootstrap.cc:492] T b1557bb4c47e4299a3333fc857de11e8 P c4c70ec87e7342039cad3e6ec4f63757: Bootstrap starting.
I20260630 12:20:49.511514  3416 consensus_queue.cc:260] T 9b53770cd00c4467b4f2da7f8e7fed0b P 25b6d8dbf90b4a0f92469dbf12fa891d [NON_LEADER]: Queue going to NON_LEADER mode. State: All replicated index: 0, Majority replicated index: 0, Committed index: 0, Last appended: 0.0, Last appended by leader: 0, Current term: 0, Majority size: -1, State: 0, Mode: NON_LEADER, active raft config: opid_index: -1 OBSOLETE_local: false peers { permanent_uuid: "c4c70ec87e7342039cad3e6ec4f63757" member_type: VOTER last_known_addr { host: "127.31.207.67" port: 36163 } } peers { permanent_uuid: "30e141dcdda2461486edc6c7b38f141f" member_type: VOTER last_known_addr { host: "127.31.207.65" port: 34577 } } peers { permanent_uuid: "25b6d8dbf90b4a0f92469dbf12fa891d" member_type: VOTER last_known_addr { host: "127.31.207.68" port: 34293 } }
I20260630 12:20:49.517465  3417 tablet_bootstrap.cc:654] T 83124c6566ca4033abcb793d65babe29 P 30e141dcdda2461486edc6c7b38f141f: Neither blocks nor log segments found. Creating new log.
I20260630 12:20:49.518235  3418 tablet_bootstrap.cc:654] T b1557bb4c47e4299a3333fc857de11e8 P c4c70ec87e7342039cad3e6ec4f63757: Neither blocks nor log segments found. Creating new log.
I20260630 12:20:49.519083  3415 tablet_bootstrap.cc:492] T 6b7a6d5247bf41f4992c73b52b17257e P 997784e936dd453989bd4de3fd51ef7f: No bootstrap required, opened a new log
I20260630 12:20:49.519589  3415 ts_tablet_manager.cc:1403] T 6b7a6d5247bf41f4992c73b52b17257e P 997784e936dd453989bd4de3fd51ef7f: Time spent bootstrapping tablet: real 0.063s	user 0.009s	sys 0.008s
I20260630 12:20:49.521992  3423 raft_consensus.cc:493] T 29feb5fda1b2452baefb710d05b92290 P 25b6d8dbf90b4a0f92469dbf12fa891d [term 0 FOLLOWER]: Starting pre-election (no leader contacted us within the election timeout)
I20260630 12:20:49.523638  3423 raft_consensus.cc:515] T 29feb5fda1b2452baefb710d05b92290 P 25b6d8dbf90b4a0f92469dbf12fa891d [term 0 FOLLOWER]: Starting pre-election with config: opid_index: -1 OBSOLETE_local: false peers { permanent_uuid: "25b6d8dbf90b4a0f92469dbf12fa891d" member_type: VOTER last_known_addr { host: "127.31.207.68" port: 34293 } } peers { permanent_uuid: "30e141dcdda2461486edc6c7b38f141f" member_type: VOTER last_known_addr { host: "127.31.207.65" port: 34577 } } peers { permanent_uuid: "997784e936dd453989bd4de3fd51ef7f" member_type: VOTER last_known_addr { host: "127.31.207.66" port: 45979 } }
I20260630 12:20:49.523874  3415 raft_consensus.cc:359] T 6b7a6d5247bf41f4992c73b52b17257e P 997784e936dd453989bd4de3fd51ef7f [term 0 FOLLOWER]: Replica starting. Triggering 0 pending ops. Active config: opid_index: -1 OBSOLETE_local: false peers { permanent_uuid: "997784e936dd453989bd4de3fd51ef7f" member_type: VOTER last_known_addr { host: "127.31.207.66" port: 45979 } } peers { permanent_uuid: "25b6d8dbf90b4a0f92469dbf12fa891d" member_type: VOTER last_known_addr { host: "127.31.207.68" port: 34293 } } peers { permanent_uuid: "30e141dcdda2461486edc6c7b38f141f" member_type: VOTER last_known_addr { host: "127.31.207.65" port: 34577 } }
I20260630 12:20:49.524994  3415 raft_consensus.cc:385] T 6b7a6d5247bf41f4992c73b52b17257e P 997784e936dd453989bd4de3fd51ef7f [term 0 FOLLOWER]: Consensus starting up: Expiring failure detector timer to make a prompt election more likely
I20260630 12:20:49.525450  3415 raft_consensus.cc:740] T 6b7a6d5247bf41f4992c73b52b17257e P 997784e936dd453989bd4de3fd51ef7f [term 0 FOLLOWER]: Becoming Follower/Learner. State: Replica: 997784e936dd453989bd4de3fd51ef7f, State: Initialized, Role: FOLLOWER
I20260630 12:20:49.526479  3415 consensus_queue.cc:260] T 6b7a6d5247bf41f4992c73b52b17257e P 997784e936dd453989bd4de3fd51ef7f [NON_LEADER]: Queue going to NON_LEADER mode. State: All replicated index: 0, Majority replicated index: 0, Committed index: 0, Last appended: 0.0, Last appended by leader: 0, Current term: 0, Majority size: -1, State: 0, Mode: NON_LEADER, active raft config: opid_index: -1 OBSOLETE_local: false peers { permanent_uuid: "997784e936dd453989bd4de3fd51ef7f" member_type: VOTER last_known_addr { host: "127.31.207.66" port: 45979 } } peers { permanent_uuid: "25b6d8dbf90b4a0f92469dbf12fa891d" member_type: VOTER last_known_addr { host: "127.31.207.68" port: 34293 } } peers { permanent_uuid: "30e141dcdda2461486edc6c7b38f141f" member_type: VOTER last_known_addr { host: "127.31.207.65" port: 34577 } }
I20260630 12:20:49.529124  3417 tablet_bootstrap.cc:492] T 83124c6566ca4033abcb793d65babe29 P 30e141dcdda2461486edc6c7b38f141f: No bootstrap required, opened a new log
I20260630 12:20:49.529702  3417 ts_tablet_manager.cc:1403] T 83124c6566ca4033abcb793d65babe29 P 30e141dcdda2461486edc6c7b38f141f: Time spent bootstrapping tablet: real 0.020s	user 0.007s	sys 0.011s
I20260630 12:20:49.530365  3418 tablet_bootstrap.cc:492] T b1557bb4c47e4299a3333fc857de11e8 P c4c70ec87e7342039cad3e6ec4f63757: No bootstrap required, opened a new log
I20260630 12:20:49.531219  3418 ts_tablet_manager.cc:1403] T b1557bb4c47e4299a3333fc857de11e8 P c4c70ec87e7342039cad3e6ec4f63757: Time spent bootstrapping tablet: real 0.020s	user 0.007s	sys 0.011s
I20260630 12:20:49.531731  3416 ts_tablet_manager.cc:1434] T 9b53770cd00c4467b4f2da7f8e7fed0b P 25b6d8dbf90b4a0f92469dbf12fa891d: Time spent starting tablet: real 0.027s	user 0.006s	sys 0.000s
I20260630 12:20:49.532064  3150 tablet_service.cc:1917] Received RequestConsensusVote() RPC: tablet_id: "29feb5fda1b2452baefb710d05b92290" candidate_uuid: "25b6d8dbf90b4a0f92469dbf12fa891d" candidate_term: 1 candidate_status { last_received { term: 0 index: 0 } } ignore_live_leader: false dest_uuid: "997784e936dd453989bd4de3fd51ef7f" is_pre_election: true
I20260630 12:20:49.532692  3150 raft_consensus.cc:2468] T 29feb5fda1b2452baefb710d05b92290 P 997784e936dd453989bd4de3fd51ef7f [term 0 FOLLOWER]: Leader pre-election vote request: Granting yes vote for candidate 25b6d8dbf90b4a0f92469dbf12fa891d in term 0.
I20260630 12:20:49.530368  3423 leader_election.cc:290] T 29feb5fda1b2452baefb710d05b92290 P 25b6d8dbf90b4a0f92469dbf12fa891d [CANDIDATE]: Term 1 pre-election: Requested pre-vote from peers 30e141dcdda2461486edc6c7b38f141f (127.31.207.65:34577), 997784e936dd453989bd4de3fd51ef7f (127.31.207.66:45979)
I20260630 12:20:49.533967  3345 leader_election.cc:304] T 29feb5fda1b2452baefb710d05b92290 P 25b6d8dbf90b4a0f92469dbf12fa891d [CANDIDATE]: Term 1 pre-election: Election decided. Result: candidate won. Election summary: received 2 responses out of 3 voters: 2 yes votes; 0 no votes. yes voters: 25b6d8dbf90b4a0f92469dbf12fa891d, 997784e936dd453989bd4de3fd51ef7f; no voters: 
I20260630 12:20:49.534381  3416 tablet_bootstrap.cc:492] T 83124c6566ca4033abcb793d65babe29 P 25b6d8dbf90b4a0f92469dbf12fa891d: Bootstrap starting.
I20260630 12:20:49.535050  3279 raft_consensus.cc:493] T 83124c6566ca4033abcb793d65babe29 P c4c70ec87e7342039cad3e6ec4f63757 [term 0 FOLLOWER]: Starting pre-election (no leader contacted us within the election timeout)
I20260630 12:20:49.535509  3279 raft_consensus.cc:515] T 83124c6566ca4033abcb793d65babe29 P c4c70ec87e7342039cad3e6ec4f63757 [term 0 FOLLOWER]: Starting pre-election with config: opid_index: -1 OBSOLETE_local: false peers { permanent_uuid: "25b6d8dbf90b4a0f92469dbf12fa891d" member_type: VOTER last_known_addr { host: "127.31.207.68" port: 34293 } } peers { permanent_uuid: "c4c70ec87e7342039cad3e6ec4f63757" member_type: VOTER last_known_addr { host: "127.31.207.67" port: 36163 } } peers { permanent_uuid: "30e141dcdda2461486edc6c7b38f141f" member_type: VOTER last_known_addr { host: "127.31.207.65" port: 34577 } }
