I20260630 12:13:15.623325  4943 raft_consensus.cc:2955] T 0e4a0f4ef6584f7ab452870b7d2a0ad5 P 1e9bea45a34a4a19bf544ccef4f4819e [term 1 FOLLOWER]: Committing config change with OpId 1.27: config changed from index -1 to 27, NON_VOTER 5af7a99b315a4af6b5b8a9204597fb7c (127.0.107.197) added. New config: { opid_index: 27 OBSOLETE_local: false peers { permanent_uuid: "1e9bea45a34a4a19bf544ccef4f4819e" member_type: VOTER last_known_addr { host: "127.0.107.193" port: 38023 } attrs { replace: true } } peers { permanent_uuid: "13eda1c81c104e5cab31df1adc89f824" member_type: VOTER last_known_addr { host: "127.0.107.194" port: 43239 } } peers { permanent_uuid: "7410e6654c254c418c7eb81b1140546d" member_type: VOTER last_known_addr { host: "127.0.107.195" port: 46595 } } peers { permanent_uuid: "5af7a99b315a4af6b5b8a9204597fb7c" member_type: NON_VOTER last_known_addr { host: "127.0.107.197" port: 43613 } attrs { promote: true } } }
I20260630 12:13:15.631553  4836 catalog_manager.cc:5697] T 0e4a0f4ef6584f7ab452870b7d2a0ad5 P 7410e6654c254c418c7eb81b1140546d reported cstate change: config changed from index -1 to 27, NON_VOTER 5af7a99b315a4af6b5b8a9204597fb7c (127.0.107.197) added. New cstate: current_term: 1 leader_uuid: "13eda1c81c104e5cab31df1adc89f824" committed_config { opid_index: 27 OBSOLETE_local: false peers { permanent_uuid: "1e9bea45a34a4a19bf544ccef4f4819e" member_type: VOTER last_known_addr { host: "127.0.107.193" port: 38023 } attrs { replace: true } } peers { permanent_uuid: "13eda1c81c104e5cab31df1adc89f824" member_type: VOTER last_known_addr { host: "127.0.107.194" port: 43239 } } peers { permanent_uuid: "7410e6654c254c418c7eb81b1140546d" member_type: VOTER last_known_addr { host: "127.0.107.195" port: 46595 } } peers { permanent_uuid: "5af7a99b315a4af6b5b8a9204597fb7c" member_type: NON_VOTER last_known_addr { host: "127.0.107.197" port: 43613 } attrs { promote: true } } }
I20260630 12:13:15.637563  5091 consensus_queue.cc:237] T be8ceee4baec4c87bfacbbfb0aaff3ba P 7410e6654c254c418c7eb81b1140546d [LEADER]: Queue going to LEADER mode. State: All replicated index: 0, Majority replicated index: 25, Committed index: 25, Last appended: 1.25, Last appended by leader: 0, Current term: 1, Majority size: 2, State: 0, Mode: LEADER, active raft config: opid_index: 26 OBSOLETE_local: false peers { permanent_uuid: "13eda1c81c104e5cab31df1adc89f824" member_type: VOTER last_known_addr { host: "127.0.107.194" port: 43239 } } peers { permanent_uuid: "1e9bea45a34a4a19bf544ccef4f4819e" member_type: VOTER last_known_addr { host: "127.0.107.193" port: 38023 } attrs { replace: true } } peers { permanent_uuid: "7410e6654c254c418c7eb81b1140546d" member_type: VOTER last_known_addr { host: "127.0.107.195" port: 46595 } } peers { permanent_uuid: "5af7a99b315a4af6b5b8a9204597fb7c" member_type: NON_VOTER last_known_addr { host: "127.0.107.197" port: 43613 } attrs { promote: true } }
I20260630 12:13:15.644605  4943 raft_consensus.cc:1275] T be8ceee4baec4c87bfacbbfb0aaff3ba P 1e9bea45a34a4a19bf544ccef4f4819e [term 1 FOLLOWER]: Refusing update from remote peer 7410e6654c254c418c7eb81b1140546d: Log matching property violated. Preceding OpId in replica: term: 1 index: 25. Preceding OpId from leader: term: 1 index: 26. (index mismatch)
I20260630 12:13:15.646150  5378 consensus_queue.cc:1048] T be8ceee4baec4c87bfacbbfb0aaff3ba P 7410e6654c254c418c7eb81b1140546d [LEADER]: Connected to new peer: Peer: permanent_uuid: "1e9bea45a34a4a19bf544ccef4f4819e" member_type: VOTER last_known_addr { host: "127.0.107.193" port: 38023 } attrs { replace: true }, Status: LMP_MISMATCH, Last received: 0.0, Next index: 26, Last known committed idx: 25, Time since last communication: 0.001s
I20260630 12:13:15.654654  5628 raft_consensus.cc:2955] T be8ceee4baec4c87bfacbbfb0aaff3ba P 7410e6654c254c418c7eb81b1140546d [term 1 LEADER]: Committing config change with OpId 1.26: config changed from index -1 to 26, NON_VOTER 5af7a99b315a4af6b5b8a9204597fb7c (127.0.107.197) added. New config: { opid_index: 26 OBSOLETE_local: false peers { permanent_uuid: "13eda1c81c104e5cab31df1adc89f824" member_type: VOTER last_known_addr { host: "127.0.107.194" port: 43239 } } peers { permanent_uuid: "1e9bea45a34a4a19bf544ccef4f4819e" member_type: VOTER last_known_addr { host: "127.0.107.193" port: 38023 } attrs { replace: true } } peers { permanent_uuid: "7410e6654c254c418c7eb81b1140546d" member_type: VOTER last_known_addr { host: "127.0.107.195" port: 46595 } } peers { permanent_uuid: "5af7a99b315a4af6b5b8a9204597fb7c" member_type: NON_VOTER last_known_addr { host: "127.0.107.197" port: 43613 } attrs { promote: true } } }
I20260630 12:13:15.655862  5015 raft_consensus.cc:1275] T be8ceee4baec4c87bfacbbfb0aaff3ba P 13eda1c81c104e5cab31df1adc89f824 [term 1 FOLLOWER]: Refusing update from remote peer 7410e6654c254c418c7eb81b1140546d: Log matching property violated. Preceding OpId in replica: term: 1 index: 25. Preceding OpId from leader: term: 1 index: 26. (index mismatch)
I20260630 12:13:15.656277  4940 raft_consensus.cc:2955] T be8ceee4baec4c87bfacbbfb0aaff3ba P 1e9bea45a34a4a19bf544ccef4f4819e [term 1 FOLLOWER]: Committing config change with OpId 1.26: config changed from index -1 to 26, NON_VOTER 5af7a99b315a4af6b5b8a9204597fb7c (127.0.107.197) added. New config: { opid_index: 26 OBSOLETE_local: false peers { permanent_uuid: "13eda1c81c104e5cab31df1adc89f824" member_type: VOTER last_known_addr { host: "127.0.107.194" port: 43239 } } peers { permanent_uuid: "1e9bea45a34a4a19bf544ccef4f4819e" member_type: VOTER last_known_addr { host: "127.0.107.193" port: 38023 } attrs { replace: true } } peers { permanent_uuid: "7410e6654c254c418c7eb81b1140546d" member_type: VOTER last_known_addr { host: "127.0.107.195" port: 46595 } } peers { permanent_uuid: "5af7a99b315a4af6b5b8a9204597fb7c" member_type: NON_VOTER last_known_addr { host: "127.0.107.197" port: 43613 } attrs { promote: true } } }
W20260630 12:13:15.660509  5056 consensus_peers.cc:597] T be8ceee4baec4c87bfacbbfb0aaff3ba P 7410e6654c254c418c7eb81b1140546d -> Peer 5af7a99b315a4af6b5b8a9204597fb7c (127.0.107.197:43613): Couldn't send request to peer 5af7a99b315a4af6b5b8a9204597fb7c. Error code: TABLET_NOT_FOUND (6). Status: Not found: Tablet not found: be8ceee4baec4c87bfacbbfb0aaff3ba. This is attempt 1: this message will repeat every 5th retry.
I20260630 12:13:15.663941  5630 consensus_queue.cc:1048] T be8ceee4baec4c87bfacbbfb0aaff3ba P 7410e6654c254c418c7eb81b1140546d [LEADER]: Connected to new peer: Peer: permanent_uuid: "13eda1c81c104e5cab31df1adc89f824" member_type: VOTER last_known_addr { host: "127.0.107.194" port: 43239 }, Status: LMP_MISMATCH, Last received: 0.0, Next index: 26, Last known committed idx: 25, Time since last communication: 0.001s
I20260630 12:13:15.669113  5015 raft_consensus.cc:2955] T be8ceee4baec4c87bfacbbfb0aaff3ba P 13eda1c81c104e5cab31df1adc89f824 [term 1 FOLLOWER]: Committing config change with OpId 1.26: config changed from index -1 to 26, NON_VOTER 5af7a99b315a4af6b5b8a9204597fb7c (127.0.107.197) added. New config: { opid_index: 26 OBSOLETE_local: false peers { permanent_uuid: "13eda1c81c104e5cab31df1adc89f824" member_type: VOTER last_known_addr { host: "127.0.107.194" port: 43239 } } peers { permanent_uuid: "1e9bea45a34a4a19bf544ccef4f4819e" member_type: VOTER last_known_addr { host: "127.0.107.193" port: 38023 } attrs { replace: true } } peers { permanent_uuid: "7410e6654c254c418c7eb81b1140546d" member_type: VOTER last_known_addr { host: "127.0.107.195" port: 46595 } } peers { permanent_uuid: "5af7a99b315a4af6b5b8a9204597fb7c" member_type: NON_VOTER last_known_addr { host: "127.0.107.197" port: 43613 } attrs { promote: true } } }
I20260630 12:13:15.674018  4835 catalog_manager.cc:5697] T be8ceee4baec4c87bfacbbfb0aaff3ba P 1e9bea45a34a4a19bf544ccef4f4819e reported cstate change: config changed from index -1 to 26, NON_VOTER 5af7a99b315a4af6b5b8a9204597fb7c (127.0.107.197) added. New cstate: current_term: 1 leader_uuid: "7410e6654c254c418c7eb81b1140546d" committed_config { opid_index: 26 OBSOLETE_local: false peers { permanent_uuid: "13eda1c81c104e5cab31df1adc89f824" member_type: VOTER last_known_addr { host: "127.0.107.194" port: 43239 } } peers { permanent_uuid: "1e9bea45a34a4a19bf544ccef4f4819e" member_type: VOTER last_known_addr { host: "127.0.107.193" port: 38023 } attrs { replace: true } } peers { permanent_uuid: "7410e6654c254c418c7eb81b1140546d" member_type: VOTER last_known_addr { host: "127.0.107.195" port: 46595 } } peers { permanent_uuid: "5af7a99b315a4af6b5b8a9204597fb7c" member_type: NON_VOTER last_known_addr { host: "127.0.107.197" port: 43613 } attrs { promote: true } } }
I20260630 12:13:15.680219  4940 consensus_queue.cc:237] T fc5722797655473c8afa2e069f561a82 P 1e9bea45a34a4a19bf544ccef4f4819e [LEADER]: Queue going to LEADER mode. State: All replicated index: 0, Majority replicated index: 26, Committed index: 26, Last appended: 1.26, Last appended by leader: 0, Current term: 1, Majority size: 2, State: 0, Mode: LEADER, active raft config: opid_index: 27 OBSOLETE_local: false peers { permanent_uuid: "1e9bea45a34a4a19bf544ccef4f4819e" member_type: VOTER last_known_addr { host: "127.0.107.193" port: 38023 } } peers { permanent_uuid: "13eda1c81c104e5cab31df1adc89f824" member_type: VOTER last_known_addr { host: "127.0.107.194" port: 43239 } } peers { permanent_uuid: "7410e6654c254c418c7eb81b1140546d" member_type: VOTER last_known_addr { host: "127.0.107.195" port: 46595 } attrs { replace: true } } peers { permanent_uuid: "919f784ed1cd44ccab2ee85e2477d609" member_type: NON_VOTER last_known_addr { host: "127.0.107.196" port: 42867 } attrs { promote: true } }
W20260630 12:13:15.687685  4908 consensus_peers.cc:597] T fc5722797655473c8afa2e069f561a82 P 1e9bea45a34a4a19bf544ccef4f4819e -> Peer 919f784ed1cd44ccab2ee85e2477d609 (127.0.107.196:42867): Couldn't send request to peer 919f784ed1cd44ccab2ee85e2477d609. Error code: TABLET_NOT_FOUND (6). Status: Not found: Tablet not found: fc5722797655473c8afa2e069f561a82. This is attempt 1: this message will repeat every 5th retry.
I20260630 12:13:15.688244  5091 raft_consensus.cc:1275] T fc5722797655473c8afa2e069f561a82 P 7410e6654c254c418c7eb81b1140546d [term 1 FOLLOWER]: Refusing update from remote peer 1e9bea45a34a4a19bf544ccef4f4819e: Log matching property violated. Preceding OpId in replica: term: 1 index: 26. Preceding OpId from leader: term: 1 index: 27. (index mismatch)
I20260630 12:13:15.689551  5015 raft_consensus.cc:1275] T fc5722797655473c8afa2e069f561a82 P 13eda1c81c104e5cab31df1adc89f824 [term 1 FOLLOWER]: Refusing update from remote peer 1e9bea45a34a4a19bf544ccef4f4819e: Log matching property violated. Preceding OpId in replica: term: 1 index: 26. Preceding OpId from leader: term: 1 index: 27. (index mismatch)
I20260630 12:13:15.689531  5382 consensus_queue.cc:1048] T fc5722797655473c8afa2e069f561a82 P 1e9bea45a34a4a19bf544ccef4f4819e [LEADER]: Connected to new peer: Peer: permanent_uuid: "7410e6654c254c418c7eb81b1140546d" member_type: VOTER last_known_addr { host: "127.0.107.195" port: 46595 } attrs { replace: true }, Status: LMP_MISMATCH, Last received: 0.0, Next index: 27, Last known committed idx: 26, Time since last communication: 0.001s
I20260630 12:13:15.691319  5619 consensus_queue.cc:1048] T fc5722797655473c8afa2e069f561a82 P 1e9bea45a34a4a19bf544ccef4f4819e [LEADER]: Connected to new peer: Peer: permanent_uuid: "13eda1c81c104e5cab31df1adc89f824" member_type: VOTER last_known_addr { host: "127.0.107.194" port: 43239 }, Status: LMP_MISMATCH, Last received: 0.0, Next index: 27, Last known committed idx: 26, Time since last communication: 0.000s
I20260630 12:13:15.697449  5622 raft_consensus.cc:2955] T fc5722797655473c8afa2e069f561a82 P 1e9bea45a34a4a19bf544ccef4f4819e [term 1 LEADER]: Committing config change with OpId 1.27: config changed from index -1 to 27, NON_VOTER 919f784ed1cd44ccab2ee85e2477d609 (127.0.107.196) added. New config: { opid_index: 27 OBSOLETE_local: false peers { permanent_uuid: "1e9bea45a34a4a19bf544ccef4f4819e" member_type: VOTER last_known_addr { host: "127.0.107.193" port: 38023 } } peers { permanent_uuid: "13eda1c81c104e5cab31df1adc89f824" member_type: VOTER last_known_addr { host: "127.0.107.194" port: 43239 } } peers { permanent_uuid: "7410e6654c254c418c7eb81b1140546d" member_type: VOTER last_known_addr { host: "127.0.107.195" port: 46595 } attrs { replace: true } } peers { permanent_uuid: "919f784ed1cd44ccab2ee85e2477d609" member_type: NON_VOTER last_known_addr { host: "127.0.107.196" port: 42867 } attrs { promote: true } } }
I20260630 12:13:15.698941  5091 raft_consensus.cc:2955] T fc5722797655473c8afa2e069f561a82 P 7410e6654c254c418c7eb81b1140546d [term 1 FOLLOWER]: Committing config change with OpId 1.27: config changed from index -1 to 27, NON_VOTER 919f784ed1cd44ccab2ee85e2477d609 (127.0.107.196) added. New config: { opid_index: 27 OBSOLETE_local: false peers { permanent_uuid: "1e9bea45a34a4a19bf544ccef4f4819e" member_type: VOTER last_known_addr { host: "127.0.107.193" port: 38023 } } peers { permanent_uuid: "13eda1c81c104e5cab31df1adc89f824" member_type: VOTER last_known_addr { host: "127.0.107.194" port: 43239 } } peers { permanent_uuid: "7410e6654c254c418c7eb81b1140546d" member_type: VOTER last_known_addr { host: "127.0.107.195" port: 46595 } attrs { replace: true } } peers { permanent_uuid: "919f784ed1cd44ccab2ee85e2477d609" member_type: NON_VOTER last_known_addr { host: "127.0.107.196" port: 42867 } attrs { promote: true } } }
I20260630 12:13:15.700836  5016 raft_consensus.cc:2955] T fc5722797655473c8afa2e069f561a82 P 13eda1c81c104e5cab31df1adc89f824 [term 1 FOLLOWER]: Committing config change with OpId 1.27: config changed from index -1 to 27, NON_VOTER 919f784ed1cd44ccab2ee85e2477d609 (127.0.107.196) added. New config: { opid_index: 27 OBSOLETE_local: false peers { permanent_uuid: "1e9bea45a34a4a19bf544ccef4f4819e" member_type: VOTER last_known_addr { host: "127.0.107.193" port: 38023 } } peers { permanent_uuid: "13eda1c81c104e5cab31df1adc89f824" member_type: VOTER last_known_addr { host: "127.0.107.194" port: 43239 } } peers { permanent_uuid: "7410e6654c254c418c7eb81b1140546d" member_type: VOTER last_known_addr { host: "127.0.107.195" port: 46595 } attrs { replace: true } } peers { permanent_uuid: "919f784ed1cd44ccab2ee85e2477d609" member_type: NON_VOTER last_known_addr { host: "127.0.107.196" port: 42867 } attrs { promote: true } } }
I20260630 12:13:15.713291  4837 catalog_manager.cc:5697] T fc5722797655473c8afa2e069f561a82 P 1e9bea45a34a4a19bf544ccef4f4819e reported cstate change: config changed from index -1 to 27, NON_VOTER 919f784ed1cd44ccab2ee85e2477d609 (127.0.107.196) added. New cstate: current_term: 1 leader_uuid: "1e9bea45a34a4a19bf544ccef4f4819e" committed_config { opid_index: 27 OBSOLETE_local: false peers { permanent_uuid: "1e9bea45a34a4a19bf544ccef4f4819e" member_type: VOTER last_known_addr { host: "127.0.107.193" port: 38023 } health_report { overall_health: HEALTHY } } peers { permanent_uuid: "13eda1c81c104e5cab31df1adc89f824" member_type: VOTER last_known_addr { host: "127.0.107.194" port: 43239 } health_report { overall_health: HEALTHY } } peers { permanent_uuid: "7410e6654c254c418c7eb81b1140546d" member_type: VOTER last_known_addr { host: "127.0.107.195" port: 46595 } attrs { replace: true } health_report { overall_health: HEALTHY } } peers { permanent_uuid: "919f784ed1cd44ccab2ee85e2477d609" member_type: NON_VOTER last_known_addr { host: "127.0.107.196" port: 42867 } attrs { promote: true } health_report { overall_health: UNKNOWN } } }
I20260630 12:13:15.713774  5091 consensus_queue.cc:237] T 01451fe389484246938f83e41c015a38 P 7410e6654c254c418c7eb81b1140546d [LEADER]: Queue going to LEADER mode. State: All replicated index: 0, Majority replicated index: 25, Committed index: 25, Last appended: 1.25, Last appended by leader: 0, Current term: 1, Majority size: 2, State: 0, Mode: LEADER, active raft config: opid_index: 26 OBSOLETE_local: false peers { permanent_uuid: "1e9bea45a34a4a19bf544ccef4f4819e" member_type: VOTER last_known_addr { host: "127.0.107.193" port: 38023 } } peers { permanent_uuid: "13eda1c81c104e5cab31df1adc89f824" member_type: VOTER last_known_addr { host: "127.0.107.194" port: 43239 } attrs { replace: true } } peers { permanent_uuid: "7410e6654c254c418c7eb81b1140546d" member_type: VOTER last_known_addr { host: "127.0.107.195" port: 46595 } } peers { permanent_uuid: "5ae57f6c7b21482fb6aea177a1af1f09" member_type: NON_VOTER last_known_addr { host: "127.0.107.198" port: 33969 } attrs { promote: true } }
I20260630 12:13:15.720762  4940 raft_consensus.cc:1275] T 01451fe389484246938f83e41c015a38 P 1e9bea45a34a4a19bf544ccef4f4819e [term 1 FOLLOWER]: Refusing update from remote peer 7410e6654c254c418c7eb81b1140546d: Log matching property violated. Preceding OpId in replica: term: 1 index: 25. Preceding OpId from leader: term: 1 index: 26. (index mismatch)
I20260630 12:13:15.722361  5016 raft_consensus.cc:1275] T 01451fe389484246938f83e41c015a38 P 13eda1c81c104e5cab31df1adc89f824 [term 1 FOLLOWER]: Refusing update from remote peer 7410e6654c254c418c7eb81b1140546d: Log matching property violated. Preceding OpId in replica: term: 1 index: 25. Preceding OpId from leader: term: 1 index: 26. (index mismatch)
I20260630 12:13:15.723423  5631 consensus_queue.cc:1048] T 01451fe389484246938f83e41c015a38 P 7410e6654c254c418c7eb81b1140546d [LEADER]: Connected to new peer: Peer: permanent_uuid: "1e9bea45a34a4a19bf544ccef4f4819e" member_type: VOTER last_known_addr { host: "127.0.107.193" port: 38023 }, Status: LMP_MISMATCH, Last received: 0.0, Next index: 26, Last known committed idx: 25, Time since last communication: 0.001s
I20260630 12:13:15.727039  5631 consensus_queue.cc:1048] T 01451fe389484246938f83e41c015a38 P 7410e6654c254c418c7eb81b1140546d [LEADER]: Connected to new peer: Peer: permanent_uuid: "13eda1c81c104e5cab31df1adc89f824" member_type: VOTER last_known_addr { host: "127.0.107.194" port: 43239 } attrs { replace: true }, Status: LMP_MISMATCH, Last received: 0.0, Next index: 26, Last known committed idx: 25, Time since last communication: 0.000s
W20260630 12:13:15.732455  5057 consensus_peers.cc:597] T 01451fe389484246938f83e41c015a38 P 7410e6654c254c418c7eb81b1140546d -> Peer 5ae57f6c7b21482fb6aea177a1af1f09 (127.0.107.198:33969): Couldn't send request to peer 5ae57f6c7b21482fb6aea177a1af1f09. Error code: TABLET_NOT_FOUND (6). Status: Not found: Tablet not found: 01451fe389484246938f83e41c015a38. This is attempt 1: this message will repeat every 5th retry.
I20260630 12:13:15.731400  5630 raft_consensus.cc:2955] T 01451fe389484246938f83e41c015a38 P 7410e6654c254c418c7eb81b1140546d [term 1 LEADER]: Committing config change with OpId 1.26: config changed from index -1 to 26, NON_VOTER 5ae57f6c7b21482fb6aea177a1af1f09 (127.0.107.198) added. New config: { opid_index: 26 OBSOLETE_local: false peers { permanent_uuid: "1e9bea45a34a4a19bf544ccef4f4819e" member_type: VOTER last_known_addr { host: "127.0.107.193" port: 38023 } } peers { permanent_uuid: "13eda1c81c104e5cab31df1adc89f824" member_type: VOTER last_known_addr { host: "127.0.107.194" port: 43239 } attrs { replace: true } } peers { permanent_uuid: "7410e6654c254c418c7eb81b1140546d" member_type: VOTER last_known_addr { host: "127.0.107.195" port: 46595 } } peers { permanent_uuid: "5ae57f6c7b21482fb6aea177a1af1f09" member_type: NON_VOTER last_known_addr { host: "127.0.107.198" port: 33969 } attrs { promote: true } } }
I20260630 12:13:15.734323  4940 raft_consensus.cc:2955] T 01451fe389484246938f83e41c015a38 P 1e9bea45a34a4a19bf544ccef4f4819e [term 1 FOLLOWER]: Committing config change with OpId 1.26: config changed from index -1 to 26, NON_VOTER 5ae57f6c7b21482fb6aea177a1af1f09 (127.0.107.198) added. New config: { opid_index: 26 OBSOLETE_local: false peers { permanent_uuid: "1e9bea45a34a4a19bf544ccef4f4819e" member_type: VOTER last_known_addr { host: "127.0.107.193" port: 38023 } } peers { permanent_uuid: "13eda1c81c104e5cab31df1adc89f824" member_type: VOTER last_known_addr { host: "127.0.107.194" port: 43239 } attrs { replace: true } } peers { permanent_uuid: "7410e6654c254c418c7eb81b1140546d" member_type: VOTER last_known_addr { host: "127.0.107.195" port: 46595 } } peers { permanent_uuid: "5ae57f6c7b21482fb6aea177a1af1f09" member_type: NON_VOTER last_known_addr { host: "127.0.107.198" port: 33969 } attrs { promote: true } } }
I20260630 12:13:15.745606  5016 raft_consensus.cc:2955] T 01451fe389484246938f83e41c015a38 P 13eda1c81c104e5cab31df1adc89f824 [term 1 FOLLOWER]: Committing config change with OpId 1.26: config changed from index -1 to 26, NON_VOTER 5ae57f6c7b21482fb6aea177a1af1f09 (127.0.107.198) added. New config: { opid_index: 26 OBSOLETE_local: false peers { permanent_uuid: "1e9bea45a34a4a19bf544ccef4f4819e" member_type: VOTER last_known_addr { host: "127.0.107.193" port: 38023 } } peers { permanent_uuid: "13eda1c81c104e5cab31df1adc89f824" member_type: VOTER last_known_addr { host: "127.0.107.194" port: 43239 } attrs { replace: true } } peers { permanent_uuid: "7410e6654c254c418c7eb81b1140546d" member_type: VOTER last_known_addr { host: "127.0.107.195" port: 46595 } } peers { permanent_uuid: "5ae57f6c7b21482fb6aea177a1af1f09" member_type: NON_VOTER last_known_addr { host: "127.0.107.198" port: 33969 } attrs { promote: true } } }
I20260630 12:13:15.747706  4836 catalog_manager.cc:5697] T 01451fe389484246938f83e41c015a38 P 1e9bea45a34a4a19bf544ccef4f4819e reported cstate change: config changed from index -1 to 26, NON_VOTER 5ae57f6c7b21482fb6aea177a1af1f09 (127.0.107.198) added. New cstate: current_term: 1 leader_uuid: "7410e6654c254c418c7eb81b1140546d" committed_config { opid_index: 26 OBSOLETE_local: false peers { permanent_uuid: "1e9bea45a34a4a19bf544ccef4f4819e" member_type: VOTER last_known_addr { host: "127.0.107.193" port: 38023 } } peers { permanent_uuid: "13eda1c81c104e5cab31df1adc89f824" member_type: VOTER last_known_addr { host: "127.0.107.194" port: 43239 } attrs { replace: true } } peers { permanent_uuid: "7410e6654c254c418c7eb81b1140546d" member_type: VOTER last_known_addr { host: "127.0.107.195" port: 46595 } } peers { permanent_uuid: "5ae57f6c7b21482fb6aea177a1af1f09" member_type: NON_VOTER last_known_addr { host: "127.0.107.198" port: 33969 } attrs { promote: true } } }
I20260630 12:13:15.897390  5632 ts_tablet_manager.cc:933] T 5eb9d2080dad425ea8aedffb83ea33f8 P 5ae57f6c7b21482fb6aea177a1af1f09: Initiating tablet copy from peer 13eda1c81c104e5cab31df1adc89f824 (127.0.107.194:43239)
I20260630 12:13:15.902396  5632 tablet_copy_client.cc:323] T 5eb9d2080dad425ea8aedffb83ea33f8 P 5ae57f6c7b21482fb6aea177a1af1f09: tablet copy: Beginning tablet copy session from remote peer at address 127.0.107.194:43239
I20260630 12:13:15.913339  5029 tablet_copy_service.cc:140] P 13eda1c81c104e5cab31df1adc89f824: Received BeginTabletCopySession request for tablet 5eb9d2080dad425ea8aedffb83ea33f8 from peer 5ae57f6c7b21482fb6aea177a1af1f09 ({username='slave'} at 127.0.0.1:54816)
I20260630 12:13:15.913853  5029 tablet_copy_service.cc:161] P 13eda1c81c104e5cab31df1adc89f824: Beginning new tablet copy session on tablet 5eb9d2080dad425ea8aedffb83ea33f8 from peer 5ae57f6c7b21482fb6aea177a1af1f09 at {username='slave'} at 127.0.0.1:54816: session id = 5ae57f6c7b21482fb6aea177a1af1f09-5eb9d2080dad425ea8aedffb83ea33f8
I20260630 12:13:15.919319  5029 tablet_copy_source_session.cc:215] T 5eb9d2080dad425ea8aedffb83ea33f8 P 13eda1c81c104e5cab31df1adc89f824: Tablet Copy: opened 0 blocks and 1 log segments
I20260630 12:13:15.922699  5632 data_dirs.cc:400] Could only allocate 1 dirs of requested 3 for tablet 5eb9d2080dad425ea8aedffb83ea33f8. 1 dirs total, 0 dirs full, 0 dirs failed
I20260630 12:13:15.934031  5632 tablet_copy_client.cc:806] T 5eb9d2080dad425ea8aedffb83ea33f8 P 5ae57f6c7b21482fb6aea177a1af1f09: tablet copy: Starting download of 0 data blocks...
I20260630 12:13:15.934677  5632 tablet_copy_client.cc:670] T 5eb9d2080dad425ea8aedffb83ea33f8 P 5ae57f6c7b21482fb6aea177a1af1f09: tablet copy: Starting download of 1 WAL segments...
I20260630 12:13:15.943240  5633 tablet_copy_client.cc:1025] T 5eb9d2080dad425ea8aedffb83ea33f8 P 5ae57f6c7b21482fb6aea177a1af1f09: tablet copy: Injecting latency into file download: 2000
I20260630 12:13:15.963780  5635 ts_tablet_manager.cc:933] T 2f58250d727249ae845934367f8e83ff P 919f784ed1cd44ccab2ee85e2477d609: Initiating tablet copy from peer 1e9bea45a34a4a19bf544ccef4f4819e (127.0.107.193:38023)
I20260630 12:13:15.965791  5635 tablet_copy_client.cc:323] T 2f58250d727249ae845934367f8e83ff P 919f784ed1cd44ccab2ee85e2477d609: tablet copy: Beginning tablet copy session from remote peer at address 127.0.107.193:38023
I20260630 12:13:15.972870  5638 ts_tablet_manager.cc:933] T 0e4a0f4ef6584f7ab452870b7d2a0ad5 P 5af7a99b315a4af6b5b8a9204597fb7c: Initiating tablet copy from peer 13eda1c81c104e5cab31df1adc89f824 (127.0.107.194:43239)
I20260630 12:13:15.978173  5638 tablet_copy_client.cc:323] T 0e4a0f4ef6584f7ab452870b7d2a0ad5 P 5af7a99b315a4af6b5b8a9204597fb7c: tablet copy: Beginning tablet copy session from remote peer at address 127.0.107.194:43239
I20260630 12:13:15.979597  4954 tablet_copy_service.cc:140] P 1e9bea45a34a4a19bf544ccef4f4819e: Received BeginTabletCopySession request for tablet 2f58250d727249ae845934367f8e83ff from peer 919f784ed1cd44ccab2ee85e2477d609 ({username='slave'} at 127.0.0.1:44036)
I20260630 12:13:15.980334  4954 tablet_copy_service.cc:161] P 1e9bea45a34a4a19bf544ccef4f4819e: Beginning new tablet copy session on tablet 2f58250d727249ae845934367f8e83ff from peer 919f784ed1cd44ccab2ee85e2477d609 at {username='slave'} at 127.0.0.1:44036: session id = 919f784ed1cd44ccab2ee85e2477d609-2f58250d727249ae845934367f8e83ff
I20260630 12:13:15.988461  4954 tablet_copy_source_session.cc:215] T 2f58250d727249ae845934367f8e83ff P 1e9bea45a34a4a19bf544ccef4f4819e: Tablet Copy: opened 0 blocks and 1 log segments
I20260630 12:13:15.992738  5635 data_dirs.cc:400] Could only allocate 1 dirs of requested 3 for tablet 2f58250d727249ae845934367f8e83ff. 1 dirs total, 0 dirs full, 0 dirs failed
I20260630 12:13:16.002149  5029 tablet_copy_service.cc:140] P 13eda1c81c104e5cab31df1adc89f824: Received BeginTabletCopySession request for tablet 0e4a0f4ef6584f7ab452870b7d2a0ad5 from peer 5af7a99b315a4af6b5b8a9204597fb7c ({username='slave'} at 127.0.0.1:54830)
I20260630 12:13:16.002741  5029 tablet_copy_service.cc:161] P 13eda1c81c104e5cab31df1adc89f824: Beginning new tablet copy session on tablet 0e4a0f4ef6584f7ab452870b7d2a0ad5 from peer 5af7a99b315a4af6b5b8a9204597fb7c at {username='slave'} at 127.0.0.1:54830: session id = 5af7a99b315a4af6b5b8a9204597fb7c-0e4a0f4ef6584f7ab452870b7d2a0ad5
I20260630 12:13:16.009953  5029 tablet_copy_source_session.cc:215] T 0e4a0f4ef6584f7ab452870b7d2a0ad5 P 13eda1c81c104e5cab31df1adc89f824: Tablet Copy: opened 0 blocks and 1 log segments
I20260630 12:13:16.014550  5638 data_dirs.cc:400] Could only allocate 1 dirs of requested 3 for tablet 0e4a0f4ef6584f7ab452870b7d2a0ad5. 1 dirs total, 0 dirs full, 0 dirs failed
I20260630 12:13:16.020290  5635 tablet_copy_client.cc:806] T 2f58250d727249ae845934367f8e83ff P 919f784ed1cd44ccab2ee85e2477d609: tablet copy: Starting download of 0 data blocks...
I20260630 12:13:16.020951  5635 tablet_copy_client.cc:670] T 2f58250d727249ae845934367f8e83ff P 919f784ed1cd44ccab2ee85e2477d609: tablet copy: Starting download of 1 WAL segments...
I20260630 12:13:16.026170  5636 tablet_copy_client.cc:1025] T 2f58250d727249ae845934367f8e83ff P 919f784ed1cd44ccab2ee85e2477d609: tablet copy: Injecting latency into file download: 2000
I20260630 12:13:16.029819  5638 tablet_copy_client.cc:806] T 0e4a0f4ef6584f7ab452870b7d2a0ad5 P 5af7a99b315a4af6b5b8a9204597fb7c: tablet copy: Starting download of 0 data blocks...
I20260630 12:13:16.030652  5638 tablet_copy_client.cc:670] T 0e4a0f4ef6584f7ab452870b7d2a0ad5 P 5af7a99b315a4af6b5b8a9204597fb7c: tablet copy: Starting download of 1 WAL segments...
I20260630 12:13:16.035271  5639 tablet_copy_client.cc:1025] T 0e4a0f4ef6584f7ab452870b7d2a0ad5 P 5af7a99b315a4af6b5b8a9204597fb7c: tablet copy: Injecting latency into file download: 2000
I20260630 12:13:16.068819  5641 ts_tablet_manager.cc:933] T be8ceee4baec4c87bfacbbfb0aaff3ba P 5af7a99b315a4af6b5b8a9204597fb7c: Initiating tablet copy from peer 7410e6654c254c418c7eb81b1140546d (127.0.107.195:46595)
I20260630 12:13:16.070487  5641 tablet_copy_client.cc:323] T be8ceee4baec4c87bfacbbfb0aaff3ba P 5af7a99b315a4af6b5b8a9204597fb7c: tablet copy: Beginning tablet copy session from remote peer at address 127.0.107.195:46595
I20260630 12:13:16.080638  5103 tablet_copy_service.cc:140] P 7410e6654c254c418c7eb81b1140546d: Received BeginTabletCopySession request for tablet be8ceee4baec4c87bfacbbfb0aaff3ba from peer 5af7a99b315a4af6b5b8a9204597fb7c ({username='slave'} at 127.0.0.1:52746)
I20260630 12:13:16.081240  5103 tablet_copy_service.cc:161] P 7410e6654c254c418c7eb81b1140546d: Beginning new tablet copy session on tablet be8ceee4baec4c87bfacbbfb0aaff3ba from peer 5af7a99b315a4af6b5b8a9204597fb7c at {username='slave'} at 127.0.0.1:52746: session id = 5af7a99b315a4af6b5b8a9204597fb7c-be8ceee4baec4c87bfacbbfb0aaff3ba
I20260630 12:13:16.087167  5103 tablet_copy_source_session.cc:215] T be8ceee4baec4c87bfacbbfb0aaff3ba P 7410e6654c254c418c7eb81b1140546d: Tablet Copy: opened 0 blocks and 1 log segments
I20260630 12:13:16.092294  5641 data_dirs.cc:400] Could only allocate 1 dirs of requested 3 for tablet be8ceee4baec4c87bfacbbfb0aaff3ba. 1 dirs total, 0 dirs full, 0 dirs failed
I20260630 12:13:16.111104  5641 tablet_copy_client.cc:806] T be8ceee4baec4c87bfacbbfb0aaff3ba P 5af7a99b315a4af6b5b8a9204597fb7c: tablet copy: Starting download of 0 data blocks...
I20260630 12:13:16.111774  5641 tablet_copy_client.cc:670] T be8ceee4baec4c87bfacbbfb0aaff3ba P 5af7a99b315a4af6b5b8a9204597fb7c: tablet copy: Starting download of 1 WAL segments...
I20260630 12:13:16.128211  5642 tablet_copy_client.cc:1025] T be8ceee4baec4c87bfacbbfb0aaff3ba P 5af7a99b315a4af6b5b8a9204597fb7c: tablet copy: Injecting latency into file download: 2000
I20260630 12:13:16.146740  5458 heartbeater.cc:499] Master 127.0.107.254:38331 was elected leader, sending a full tablet report...
I20260630 12:13:16.407222  5607 heartbeater.cc:499] Master 127.0.107.254:38331 was elected leader, sending a full tablet report...
I20260630 12:13:17.308197  5649 raft_consensus.cc:493] T 01451fe389484246938f83e41c015a38 P 1e9bea45a34a4a19bf544ccef4f4819e [term 1 FOLLOWER]: Starting pre-election (detected failure of leader 7410e6654c254c418c7eb81b1140546d)
I20260630 12:13:17.308771  5649 raft_consensus.cc:515] T 01451fe389484246938f83e41c015a38 P 1e9bea45a34a4a19bf544ccef4f4819e [term 1 FOLLOWER]: Starting pre-election with config: opid_index: 26 OBSOLETE_local: false peers { permanent_uuid: "1e9bea45a34a4a19bf544ccef4f4819e" member_type: VOTER last_known_addr { host: "127.0.107.193" port: 38023 } } peers { permanent_uuid: "13eda1c81c104e5cab31df1adc89f824" member_type: VOTER last_known_addr { host: "127.0.107.194" port: 43239 } attrs { replace: true } } peers { permanent_uuid: "7410e6654c254c418c7eb81b1140546d" member_type: VOTER last_known_addr { host: "127.0.107.195" port: 46595 } } peers { permanent_uuid: "5ae57f6c7b21482fb6aea177a1af1f09" member_type: NON_VOTER last_known_addr { host: "127.0.107.198" port: 33969 } attrs { promote: true } }
I20260630 12:13:17.310442  5649 leader_election.cc:290] T 01451fe389484246938f83e41c015a38 P 1e9bea45a34a4a19bf544ccef4f4819e [CANDIDATE]: Term 2 pre-election: Requested pre-vote from peers 13eda1c81c104e5cab31df1adc89f824 (127.0.107.194:43239), 7410e6654c254c418c7eb81b1140546d (127.0.107.195:46595)
I20260630 12:13:17.311213  5649 raft_consensus.cc:493] T 0e4a0f4ef6584f7ab452870b7d2a0ad5 P 1e9bea45a34a4a19bf544ccef4f4819e [term 1 FOLLOWER]: Starting pre-election (detected failure of leader 13eda1c81c104e5cab31df1adc89f824)
I20260630 12:13:17.311781  5649 raft_consensus.cc:515] T 0e4a0f4ef6584f7ab452870b7d2a0ad5 P 1e9bea45a34a4a19bf544ccef4f4819e [term 1 FOLLOWER]: Starting pre-election with config: opid_index: 27 OBSOLETE_local: false peers { permanent_uuid: "1e9bea45a34a4a19bf544ccef4f4819e" member_type: VOTER last_known_addr { host: "127.0.107.193" port: 38023 } attrs { replace: true } } peers { permanent_uuid: "13eda1c81c104e5cab31df1adc89f824" member_type: VOTER last_known_addr { host: "127.0.107.194" port: 43239 } } peers { permanent_uuid: "7410e6654c254c418c7eb81b1140546d" member_type: VOTER last_known_addr { host: "127.0.107.195" port: 46595 } } peers { permanent_uuid: "5af7a99b315a4af6b5b8a9204597fb7c" member_type: NON_VOTER last_known_addr { host: "127.0.107.197" port: 43613 } attrs { promote: true } }
I20260630 12:13:17.313788  5649 leader_election.cc:290] T 0e4a0f4ef6584f7ab452870b7d2a0ad5 P 1e9bea45a34a4a19bf544ccef4f4819e [CANDIDATE]: Term 2 pre-election: Requested pre-vote from peers 13eda1c81c104e5cab31df1adc89f824 (127.0.107.194:43239), 7410e6654c254c418c7eb81b1140546d (127.0.107.195:46595)
I20260630 12:13:17.318495  5647 raft_consensus.cc:493] T fc5722797655473c8afa2e069f561a82 P 13eda1c81c104e5cab31df1adc89f824 [term 1 FOLLOWER]: Starting pre-election (detected failure of leader 1e9bea45a34a4a19bf544ccef4f4819e)
I20260630 12:13:17.319365  5647 raft_consensus.cc:515] T fc5722797655473c8afa2e069f561a82 P 13eda1c81c104e5cab31df1adc89f824 [term 1 FOLLOWER]: Starting pre-election with config: opid_index: 27 OBSOLETE_local: false peers { permanent_uuid: "1e9bea45a34a4a19bf544ccef4f4819e" member_type: VOTER last_known_addr { host: "127.0.107.193" port: 38023 } } peers { permanent_uuid: "13eda1c81c104e5cab31df1adc89f824" member_type: VOTER last_known_addr { host: "127.0.107.194" port: 43239 } } peers { permanent_uuid: "7410e6654c254c418c7eb81b1140546d" member_type: VOTER last_known_addr { host: "127.0.107.195" port: 46595 } attrs { replace: true } } peers { permanent_uuid: "919f784ed1cd44ccab2ee85e2477d609" member_type: NON_VOTER last_known_addr { host: "127.0.107.196" port: 42867 } attrs { promote: true } }
I20260630 12:13:17.338296  5382 raft_consensus.cc:493] T 08f3b92695954a0fa6e14a5cae96696f P 1e9bea45a34a4a19bf544ccef4f4819e [term 1 FOLLOWER]: Starting pre-election (detected failure of leader 13eda1c81c104e5cab31df1adc89f824)
I20260630 12:13:17.338915  5382 raft_consensus.cc:515] T 08f3b92695954a0fa6e14a5cae96696f P 1e9bea45a34a4a19bf544ccef4f4819e [term 1 FOLLOWER]: Starting pre-election with config: opid_index: -1 OBSOLETE_local: false peers { permanent_uuid: "1e9bea45a34a4a19bf544ccef4f4819e" member_type: VOTER last_known_addr { host: "127.0.107.193" port: 38023 } } peers { permanent_uuid: "13eda1c81c104e5cab31df1adc89f824" member_type: VOTER last_known_addr { host: "127.0.107.194" port: 43239 } } peers { permanent_uuid: "7410e6654c254c418c7eb81b1140546d" member_type: VOTER last_known_addr { host: "127.0.107.195" port: 46595 } }
I20260630 12:13:17.341205  5382 leader_election.cc:290] T 08f3b92695954a0fa6e14a5cae96696f P 1e9bea45a34a4a19bf544ccef4f4819e [CANDIDATE]: Term 2 pre-election: Requested pre-vote from peers 13eda1c81c104e5cab31df1adc89f824 (127.0.107.194:43239), 7410e6654c254c418c7eb81b1140546d (127.0.107.195:46595)
I20260630 12:13:17.345252  5647 leader_election.cc:290] T fc5722797655473c8afa2e069f561a82 P 13eda1c81c104e5cab31df1adc89f824 [CANDIDATE]: Term 2 pre-election: Requested pre-vote from peers 1e9bea45a34a4a19bf544ccef4f4819e (127.0.107.193:38023), 7410e6654c254c418c7eb81b1140546d (127.0.107.195:46595)
I20260630 12:13:17.358796  5648 raft_consensus.cc:493] T 3decfa103a5147e68befdb1e58edcbc1 P 1e9bea45a34a4a19bf544ccef4f4819e [term 1 FOLLOWER]: Starting pre-election (detected failure of leader 7410e6654c254c418c7eb81b1140546d)
I20260630 12:13:17.359556  5648 raft_consensus.cc:515] T 3decfa103a5147e68befdb1e58edcbc1 P 1e9bea45a34a4a19bf544ccef4f4819e [term 1 FOLLOWER]: Starting pre-election with config: opid_index: -1 OBSOLETE_local: false peers { permanent_uuid: "1e9bea45a34a4a19bf544ccef4f4819e" member_type: VOTER last_known_addr { host: "127.0.107.193" port: 38023 } } peers { permanent_uuid: "13eda1c81c104e5cab31df1adc89f824" member_type: VOTER last_known_addr { host: "127.0.107.194" port: 43239 } } peers { permanent_uuid: "7410e6654c254c418c7eb81b1140546d" member_type: VOTER last_known_addr { host: "127.0.107.195" port: 46595 } }
I20260630 12:13:17.364183  5648 leader_election.cc:290] T 3decfa103a5147e68befdb1e58edcbc1 P 1e9bea45a34a4a19bf544ccef4f4819e [CANDIDATE]: Term 2 pre-election: Requested pre-vote from peers 13eda1c81c104e5cab31df1adc89f824 (127.0.107.194:43239), 7410e6654c254c418c7eb81b1140546d (127.0.107.195:46595)
I20260630 12:13:17.370673  5653 raft_consensus.cc:493] T 0e4a0f4ef6584f7ab452870b7d2a0ad5 P 7410e6654c254c418c7eb81b1140546d [term 1 FOLLOWER]: Starting pre-election (detected failure of leader 13eda1c81c104e5cab31df1adc89f824)
I20260630 12:13:17.371619  5653 raft_consensus.cc:515] T 0e4a0f4ef6584f7ab452870b7d2a0ad5 P 7410e6654c254c418c7eb81b1140546d [term 1 FOLLOWER]: Starting pre-election with config: opid_index: 27 OBSOLETE_local: false peers { permanent_uuid: "1e9bea45a34a4a19bf544ccef4f4819e" member_type: VOTER last_known_addr { host: "127.0.107.193" port: 38023 } attrs { replace: true } } peers { permanent_uuid: "13eda1c81c104e5cab31df1adc89f824" member_type: VOTER last_known_addr { host: "127.0.107.194" port: 43239 } } peers { permanent_uuid: "7410e6654c254c418c7eb81b1140546d" member_type: VOTER last_known_addr { host: "127.0.107.195" port: 46595 } } peers { permanent_uuid: "5af7a99b315a4af6b5b8a9204597fb7c" member_type: NON_VOTER last_known_addr { host: "127.0.107.197" port: 43613 } attrs { promote: true } }
I20260630 12:13:17.372637  5093 tablet_service.cc:1917] Received RequestConsensusVote() RPC: tablet_id: "fc5722797655473c8afa2e069f561a82" candidate_uuid: "13eda1c81c104e5cab31df1adc89f824" candidate_term: 2 candidate_status { last_received { term: 1 index: 27 } } ignore_live_leader: false dest_uuid: "7410e6654c254c418c7eb81b1140546d" is_pre_election: true
I20260630 12:13:17.373703  5653 leader_election.cc:290] T 0e4a0f4ef6584f7ab452870b7d2a0ad5 P 7410e6654c254c418c7eb81b1140546d [CANDIDATE]: Term 2 pre-election: Requested pre-vote from peers 1e9bea45a34a4a19bf544ccef4f4819e (127.0.107.193:38023), 13eda1c81c104e5cab31df1adc89f824 (127.0.107.194:43239)
I20260630 12:13:17.375174  4941 tablet_service.cc:1917] Received RequestConsensusVote() RPC: tablet_id: "0e4a0f4ef6584f7ab452870b7d2a0ad5" candidate_uuid: "7410e6654c254c418c7eb81b1140546d" candidate_term: 2 candidate_status { last_received { term: 1 index: 27 } } ignore_live_leader: false dest_uuid: "1e9bea45a34a4a19bf544ccef4f4819e" is_pre_election: true
I20260630 12:13:17.375728  4941 raft_consensus.cc:2468] T 0e4a0f4ef6584f7ab452870b7d2a0ad5 P 1e9bea45a34a4a19bf544ccef4f4819e [term 1 FOLLOWER]: Leader pre-election vote request: Granting yes vote for candidate 7410e6654c254c418c7eb81b1140546d in term 1.
I20260630 12:13:17.376859  5057 leader_election.cc:304] T 0e4a0f4ef6584f7ab452870b7d2a0ad5 P 7410e6654c254c418c7eb81b1140546d [CANDIDATE]: Term 2 pre-election: Election decided. Result: candidate won. Election summary: received 2 responses out of 3 voters: 2 yes votes; 0 no votes. yes voters: 1e9bea45a34a4a19bf544ccef4f4819e, 7410e6654c254c418c7eb81b1140546d; no voters: 
I20260630 12:13:17.377593  5653 raft_consensus.cc:2804] T 0e4a0f4ef6584f7ab452870b7d2a0ad5 P 7410e6654c254c418c7eb81b1140546d [term 1 FOLLOWER]: Leader pre-election won for term 2
I20260630 12:13:17.378114  5653 raft_consensus.cc:493] T 0e4a0f4ef6584f7ab452870b7d2a0ad5 P 7410e6654c254c418c7eb81b1140546d [term 1 FOLLOWER]: Starting leader election (detected failure of leader 13eda1c81c104e5cab31df1adc89f824)
I20260630 12:13:17.378482  5653 raft_consensus.cc:3060] T 0e4a0f4ef6584f7ab452870b7d2a0ad5 P 7410e6654c254c418c7eb81b1140546d [term 1 FOLLOWER]: Advancing to term 2
I20260630 12:13:17.403110  5533 heartbeater.cc:499] Master 127.0.107.254:38331 was elected leader, sending a full tablet report...
I20260630 12:13:17.404045  5653 raft_consensus.cc:515] T 0e4a0f4ef6584f7ab452870b7d2a0ad5 P 7410e6654c254c418c7eb81b1140546d [term 2 FOLLOWER]: Starting leader election with config: opid_index: 27 OBSOLETE_local: false peers { permanent_uuid: "1e9bea45a34a4a19bf544ccef4f4819e" member_type: VOTER last_known_addr { host: "127.0.107.193" port: 38023 } attrs { replace: true } } peers { permanent_uuid: "13eda1c81c104e5cab31df1adc89f824" member_type: VOTER last_known_addr { host: "127.0.107.194" port: 43239 } } peers { permanent_uuid: "7410e6654c254c418c7eb81b1140546d" member_type: VOTER last_known_addr { host: "127.0.107.195" port: 46595 } } peers { permanent_uuid: "5af7a99b315a4af6b5b8a9204597fb7c" member_type: NON_VOTER last_known_addr { host: "127.0.107.197" port: 43613 } attrs { promote: true } }
I20260630 12:13:17.407403  5653 leader_election.cc:290] T 0e4a0f4ef6584f7ab452870b7d2a0ad5 P 7410e6654c254c418c7eb81b1140546d [CANDIDATE]: Term 2 election: Requested vote from peers 1e9bea45a34a4a19bf544ccef4f4819e (127.0.107.193:38023), 13eda1c81c104e5cab31df1adc89f824 (127.0.107.194:43239)
I20260630 12:13:17.409400  4940 tablet_service.cc:1917] Received RequestConsensusVote() RPC: tablet_id: "0e4a0f4ef6584f7ab452870b7d2a0ad5" candidate_uuid: "7410e6654c254c418c7eb81b1140546d" candidate_term: 2 candidate_status { last_received { term: 1 index: 27 } } ignore_live_leader: false dest_uuid: "1e9bea45a34a4a19bf544ccef4f4819e"
I20260630 12:13:17.410015  4940 raft_consensus.cc:3060] T 0e4a0f4ef6584f7ab452870b7d2a0ad5 P 1e9bea45a34a4a19bf544ccef4f4819e [term 1 FOLLOWER]: Advancing to term 2
I20260630 12:13:17.413147  5015 tablet_service.cc:1917] Received RequestConsensusVote() RPC: tablet_id: "01451fe389484246938f83e41c015a38" candidate_uuid: "1e9bea45a34a4a19bf544ccef4f4819e" candidate_term: 2 candidate_status { last_received { term: 1 index: 26 } } ignore_live_leader: false dest_uuid: "13eda1c81c104e5cab31df1adc89f824" is_pre_election: true
I20260630 12:13:17.414731  5016 tablet_service.cc:1917] Received RequestConsensusVote() RPC: tablet_id: "0e4a0f4ef6584f7ab452870b7d2a0ad5" candidate_uuid: "1e9bea45a34a4a19bf544ccef4f4819e" candidate_term: 2 candidate_status { last_received { term: 1 index: 27 } } ignore_live_leader: false dest_uuid: "13eda1c81c104e5cab31df1adc89f824" is_pre_election: true
I20260630 12:13:17.419512  4940 raft_consensus.cc:2468] T 0e4a0f4ef6584f7ab452870b7d2a0ad5 P 1e9bea45a34a4a19bf544ccef4f4819e [term 2 FOLLOWER]: Leader election vote request: Granting yes vote for candidate 7410e6654c254c418c7eb81b1140546d in term 2.
I20260630 12:13:17.420974  5057 leader_election.cc:304] T 0e4a0f4ef6584f7ab452870b7d2a0ad5 P 7410e6654c254c418c7eb81b1140546d [CANDIDATE]: Term 2 election: Election decided. Result: candidate won. Election summary: received 2 responses out of 3 voters: 2 yes votes; 0 no votes. yes voters: 1e9bea45a34a4a19bf544ccef4f4819e, 7410e6654c254c418c7eb81b1140546d; no voters: 
I20260630 12:13:17.421886  5653 raft_consensus.cc:2804] T 0e4a0f4ef6584f7ab452870b7d2a0ad5 P 7410e6654c254c418c7eb81b1140546d [term 2 FOLLOWER]: Leader election won for term 2
I20260630 12:13:17.422215  5655 ts_tablet_manager.cc:933] T 01451fe389484246938f83e41c015a38 P 5ae57f6c7b21482fb6aea177a1af1f09: Initiating tablet copy from peer 7410e6654c254c418c7eb81b1140546d (127.0.107.195:46595)
I20260630 12:13:17.422515  5653 raft_consensus.cc:697] T 0e4a0f4ef6584f7ab452870b7d2a0ad5 P 7410e6654c254c418c7eb81b1140546d [term 2 LEADER]: Becoming Leader. State: Replica: 7410e6654c254c418c7eb81b1140546d, State: Running, Role: LEADER
I20260630 12:13:17.423534  5653 consensus_queue.cc:237] T 0e4a0f4ef6584f7ab452870b7d2a0ad5 P 7410e6654c254c418c7eb81b1140546d [LEADER]: Queue going to LEADER mode. State: All replicated index: 0, Majority replicated index: 27, Committed index: 27, Last appended: 1.27, Last appended by leader: 27, Current term: 2, Majority size: 2, State: 0, Mode: LEADER, active raft config: opid_index: 27 OBSOLETE_local: false peers { permanent_uuid: "1e9bea45a34a4a19bf544ccef4f4819e" member_type: VOTER last_known_addr { host: "127.0.107.193" port: 38023 } attrs { replace: true } } peers { permanent_uuid: "13eda1c81c104e5cab31df1adc89f824" member_type: VOTER last_known_addr { host: "127.0.107.194" port: 43239 } } peers { permanent_uuid: "7410e6654c254c418c7eb81b1140546d" member_type: VOTER last_known_addr { host: "127.0.107.195" port: 46595 } } peers { permanent_uuid: "5af7a99b315a4af6b5b8a9204597fb7c" member_type: NON_VOTER last_known_addr { host: "127.0.107.197" port: 43613 } attrs { promote: true } }
I20260630 12:13:17.422290  5018 tablet_service.cc:1917] Received RequestConsensusVote() RPC: tablet_id: "3decfa103a5147e68befdb1e58edcbc1" candidate_uuid: "1e9bea45a34a4a19bf544ccef4f4819e" candidate_term: 2 candidate_status { last_received { term: 1 index: 24 } } ignore_live_leader: false dest_uuid: "13eda1c81c104e5cab31df1adc89f824" is_pre_election: true
I20260630 12:13:17.434769  5019 tablet_service.cc:1917] Received RequestConsensusVote() RPC: tablet_id: "08f3b92695954a0fa6e14a5cae96696f" candidate_uuid: "1e9bea45a34a4a19bf544ccef4f4819e" candidate_term: 2 candidate_status { last_received { term: 1 index: 25 } } ignore_live_leader: false dest_uuid: "13eda1c81c104e5cab31df1adc89f824" is_pre_election: true
I20260630 12:13:17.431180  5655 tablet_copy_client.cc:323] T 01451fe389484246938f83e41c015a38 P 5ae57f6c7b21482fb6aea177a1af1f09: tablet copy: Beginning tablet copy session from remote peer at address 127.0.107.195:46595
I20260630 12:13:17.452028  4941 tablet_service.cc:1917] Received RequestConsensusVote() RPC: tablet_id: "fc5722797655473c8afa2e069f561a82" candidate_uuid: "13eda1c81c104e5cab31df1adc89f824" candidate_term: 2 candidate_status { last_received { term: 1 index: 27 } } ignore_live_leader: false dest_uuid: "1e9bea45a34a4a19bf544ccef4f4819e" is_pre_election: true
I20260630 12:13:17.454968  4940 raft_consensus.cc:1240] T 0e4a0f4ef6584f7ab452870b7d2a0ad5 P 1e9bea45a34a4a19bf544ccef4f4819e [term 2 FOLLOWER]: Rejecting Update request from peer 13eda1c81c104e5cab31df1adc89f824 for earlier term 1. Current term is 2. Ops: []
I20260630 12:13:17.458077  5651 raft_consensus.cc:493] T bf520a21eb384268b4bc8e7447fd4f28 P 13eda1c81c104e5cab31df1adc89f824 [term 1 FOLLOWER]: Starting pre-election (detected failure of leader 7410e6654c254c418c7eb81b1140546d)
I20260630 12:13:17.458559  5651 raft_consensus.cc:515] T bf520a21eb384268b4bc8e7447fd4f28 P 13eda1c81c104e5cab31df1adc89f824 [term 1 FOLLOWER]: Starting pre-election with config: opid_index: -1 OBSOLETE_local: false peers { permanent_uuid: "1e9bea45a34a4a19bf544ccef4f4819e" member_type: VOTER last_known_addr { host: "127.0.107.193" port: 38023 } } peers { permanent_uuid: "13eda1c81c104e5cab31df1adc89f824" member_type: VOTER last_known_addr { host: "127.0.107.194" port: 43239 } } peers { permanent_uuid: "7410e6654c254c418c7eb81b1140546d" member_type: VOTER last_known_addr { host: "127.0.107.195" port: 46595 } }
I20260630 12:13:17.460268  4983 leader_election.cc:304] T fc5722797655473c8afa2e069f561a82 P 13eda1c81c104e5cab31df1adc89f824 [CANDIDATE]: Term 2 pre-election: Election decided. Result: candidate lost. Election summary: received 3 responses out of 3 voters: 1 yes votes; 2 no votes. yes voters: 13eda1c81c104e5cab31df1adc89f824; no voters: 1e9bea45a34a4a19bf544ccef4f4819e, 7410e6654c254c418c7eb81b1140546d
I20260630 12:13:17.460665  5651 leader_election.cc:290] T bf520a21eb384268b4bc8e7447fd4f28 P 13eda1c81c104e5cab31df1adc89f824 [CANDIDATE]: Term 2 pre-election: Requested pre-vote from peers 1e9bea45a34a4a19bf544ccef4f4819e (127.0.107.193:38023), 7410e6654c254c418c7eb81b1140546d (127.0.107.195:46595)
I20260630 12:13:17.462057  5652 raft_consensus.cc:2749] T fc5722797655473c8afa2e069f561a82 P 13eda1c81c104e5cab31df1adc89f824 [term 1 FOLLOWER]: Leader pre-election lost for term 2. Reason: could not achieve majority
I20260630 12:13:17.462146  5091 tablet_service.cc:1917] Received RequestConsensusVote() RPC: tablet_id: "bf520a21eb384268b4bc8e7447fd4f28" candidate_uuid: "13eda1c81c104e5cab31df1adc89f824" candidate_term: 2 candidate_status { last_received { term: 1 index: 25 } } ignore_live_leader: false dest_uuid: "7410e6654c254c418c7eb81b1140546d" is_pre_election: true
I20260630 12:13:17.464639  5644 consensus_queue.cc:1059] T 0e4a0f4ef6584f7ab452870b7d2a0ad5 P 13eda1c81c104e5cab31df1adc89f824 [LEADER]: Peer responded invalid term: Peer: permanent_uuid: "1e9bea45a34a4a19bf544ccef4f4819e" member_type: VOTER last_known_addr { host: "127.0.107.193" port: 38023 } attrs { replace: true }, Status: INVALID_TERM, Last received: 1.27, Next index: 28, Last known committed idx: 27, Time since last communication: 0.000s
I20260630 12:13:17.465469  5652 raft_consensus.cc:3055] T 0e4a0f4ef6584f7ab452870b7d2a0ad5 P 13eda1c81c104e5cab31df1adc89f824 [term 1 LEADER]: Stepping down as leader of term 1
I20260630 12:13:17.465840  5652 raft_consensus.cc:740] T 0e4a0f4ef6584f7ab452870b7d2a0ad5 P 13eda1c81c104e5cab31df1adc89f824 [term 1 LEADER]: Becoming Follower/Learner. State: Replica: 13eda1c81c104e5cab31df1adc89f824, State: Running, Role: LEADER
I20260630 12:13:17.467387  4940 tablet_service.cc:1917] Received RequestConsensusVote() RPC: tablet_id: "bf520a21eb384268b4bc8e7447fd4f28" candidate_uuid: "13eda1c81c104e5cab31df1adc89f824" candidate_term: 2 candidate_status { last_received { term: 1 index: 25 } } ignore_live_leader: false dest_uuid: "1e9bea45a34a4a19bf544ccef4f4819e" is_pre_election: true
