I20260630 12:20:34.486513 30664 raft_consensus.cc:359] T 5a5ef92143184b98b5eb58340c3a5a08 P 4d87d5cdb9c74af6bad4305e7f6fc011 [term 0 FOLLOWER]: Replica starting. Triggering 0 pending ops. Active config: opid_index: -1 OBSOLETE_local: false peers { permanent_uuid: "4d87d5cdb9c74af6bad4305e7f6fc011" member_type: VOTER last_known_addr { host: "127.27.47.1" port: 35927 } } peers { permanent_uuid: "188e96c1619f44c4989e2458b3e769d4" member_type: VOTER last_known_addr { host: "127.27.47.2" port: 42037 } } peers { permanent_uuid: "7d74e98cc33e483f8e8187584c9d4b0c" member_type: VOTER last_known_addr { host: "127.27.47.3" port: 39517 } }
I20260630 12:20:34.487128 30665 tablet_bootstrap.cc:654] T bc5158a04167459db5bbb4385364ad80 P 188e96c1619f44c4989e2458b3e769d4: Neither blocks nor log segments found. Creating new log.
I20260630 12:20:34.487228 30664 raft_consensus.cc:385] T 5a5ef92143184b98b5eb58340c3a5a08 P 4d87d5cdb9c74af6bad4305e7f6fc011 [term 0 FOLLOWER]: Consensus starting up: Expiring failure detector timer to make a prompt election more likely
I20260630 12:20:34.487627 30664 raft_consensus.cc:740] T 5a5ef92143184b98b5eb58340c3a5a08 P 4d87d5cdb9c74af6bad4305e7f6fc011 [term 0 FOLLOWER]: Becoming Follower/Learner. State: Replica: 4d87d5cdb9c74af6bad4305e7f6fc011, State: Initialized, Role: FOLLOWER
I20260630 12:20:34.488360 30664 consensus_queue.cc:260] T 5a5ef92143184b98b5eb58340c3a5a08 P 4d87d5cdb9c74af6bad4305e7f6fc011 [NON_LEADER]: Queue going to NON_LEADER mode. State: All replicated index: 0, Majority replicated index: 0, Committed index: 0, Last appended: 0.0, Last appended by leader: 0, Current term: 0, Majority size: -1, State: 0, Mode: NON_LEADER, active raft config: opid_index: -1 OBSOLETE_local: false peers { permanent_uuid: "4d87d5cdb9c74af6bad4305e7f6fc011" member_type: VOTER last_known_addr { host: "127.27.47.1" port: 35927 } } peers { permanent_uuid: "188e96c1619f44c4989e2458b3e769d4" member_type: VOTER last_known_addr { host: "127.27.47.2" port: 42037 } } peers { permanent_uuid: "7d74e98cc33e483f8e8187584c9d4b0c" member_type: VOTER last_known_addr { host: "127.27.47.3" port: 39517 } }
I20260630 12:20:34.493409 30664 ts_tablet_manager.cc:1434] T 5a5ef92143184b98b5eb58340c3a5a08 P 4d87d5cdb9c74af6bad4305e7f6fc011: Time spent starting tablet: real 0.009s	user 0.005s	sys 0.003s
I20260630 12:20:34.493444 30665 tablet_bootstrap.cc:492] T bc5158a04167459db5bbb4385364ad80 P 188e96c1619f44c4989e2458b3e769d4: No bootstrap required, opened a new log
I20260630 12:20:34.494186 30665 ts_tablet_manager.cc:1403] T bc5158a04167459db5bbb4385364ad80 P 188e96c1619f44c4989e2458b3e769d4: Time spent bootstrapping tablet: real 0.014s	user 0.012s	sys 0.000s
I20260630 12:20:34.494431 30663 tablet_bootstrap.cc:492] T 9a69101e428541e88db01309a6f75396 P 7d74e98cc33e483f8e8187584c9d4b0c: No bootstrap required, opened a new log
I20260630 12:20:34.494599 30664 tablet_bootstrap.cc:492] T 05b85d1aba8c473680f1a89cac37eadb P 4d87d5cdb9c74af6bad4305e7f6fc011: Bootstrap starting.
I20260630 12:20:34.494885 30663 ts_tablet_manager.cc:1403] T 9a69101e428541e88db01309a6f75396 P 7d74e98cc33e483f8e8187584c9d4b0c: Time spent bootstrapping tablet: real 0.014s	user 0.004s	sys 0.009s
I20260630 12:20:34.496997 30665 raft_consensus.cc:359] T bc5158a04167459db5bbb4385364ad80 P 188e96c1619f44c4989e2458b3e769d4 [term 0 FOLLOWER]: Replica starting. Triggering 0 pending ops. Active config: opid_index: -1 OBSOLETE_local: false peers { permanent_uuid: "188e96c1619f44c4989e2458b3e769d4" member_type: VOTER last_known_addr { host: "127.27.47.2" port: 42037 } } peers { permanent_uuid: "4d87d5cdb9c74af6bad4305e7f6fc011" member_type: VOTER last_known_addr { host: "127.27.47.1" port: 35927 } } peers { permanent_uuid: "7d74e98cc33e483f8e8187584c9d4b0c" member_type: VOTER last_known_addr { host: "127.27.47.3" port: 39517 } }
I20260630 12:20:34.497712 30665 raft_consensus.cc:385] T bc5158a04167459db5bbb4385364ad80 P 188e96c1619f44c4989e2458b3e769d4 [term 0 FOLLOWER]: Consensus starting up: Expiring failure detector timer to make a prompt election more likely
I20260630 12:20:34.497671 30663 raft_consensus.cc:359] T 9a69101e428541e88db01309a6f75396 P 7d74e98cc33e483f8e8187584c9d4b0c [term 0 FOLLOWER]: Replica starting. Triggering 0 pending ops. Active config: opid_index: -1 OBSOLETE_local: false peers { permanent_uuid: "4d87d5cdb9c74af6bad4305e7f6fc011" member_type: VOTER last_known_addr { host: "127.27.47.1" port: 35927 } } peers { permanent_uuid: "188e96c1619f44c4989e2458b3e769d4" member_type: VOTER last_known_addr { host: "127.27.47.2" port: 42037 } } peers { permanent_uuid: "7d74e98cc33e483f8e8187584c9d4b0c" member_type: VOTER last_known_addr { host: "127.27.47.3" port: 39517 } }
I20260630 12:20:34.498178 30665 raft_consensus.cc:740] T bc5158a04167459db5bbb4385364ad80 P 188e96c1619f44c4989e2458b3e769d4 [term 0 FOLLOWER]: Becoming Follower/Learner. State: Replica: 188e96c1619f44c4989e2458b3e769d4, State: Initialized, Role: FOLLOWER
I20260630 12:20:34.498555 30663 raft_consensus.cc:385] T 9a69101e428541e88db01309a6f75396 P 7d74e98cc33e483f8e8187584c9d4b0c [term 0 FOLLOWER]: Consensus starting up: Expiring failure detector timer to make a prompt election more likely
I20260630 12:20:34.498911 30663 raft_consensus.cc:740] T 9a69101e428541e88db01309a6f75396 P 7d74e98cc33e483f8e8187584c9d4b0c [term 0 FOLLOWER]: Becoming Follower/Learner. State: Replica: 7d74e98cc33e483f8e8187584c9d4b0c, State: Initialized, Role: FOLLOWER
I20260630 12:20:34.499157 30665 consensus_queue.cc:260] T bc5158a04167459db5bbb4385364ad80 P 188e96c1619f44c4989e2458b3e769d4 [NON_LEADER]: Queue going to NON_LEADER mode. State: All replicated index: 0, Majority replicated index: 0, Committed index: 0, Last appended: 0.0, Last appended by leader: 0, Current term: 0, Majority size: -1, State: 0, Mode: NON_LEADER, active raft config: opid_index: -1 OBSOLETE_local: false peers { permanent_uuid: "188e96c1619f44c4989e2458b3e769d4" member_type: VOTER last_known_addr { host: "127.27.47.2" port: 42037 } } peers { permanent_uuid: "4d87d5cdb9c74af6bad4305e7f6fc011" member_type: VOTER last_known_addr { host: "127.27.47.1" port: 35927 } } peers { permanent_uuid: "7d74e98cc33e483f8e8187584c9d4b0c" member_type: VOTER last_known_addr { host: "127.27.47.3" port: 39517 } }
I20260630 12:20:34.499840 30663 consensus_queue.cc:260] T 9a69101e428541e88db01309a6f75396 P 7d74e98cc33e483f8e8187584c9d4b0c [NON_LEADER]: Queue going to NON_LEADER mode. State: All replicated index: 0, Majority replicated index: 0, Committed index: 0, Last appended: 0.0, Last appended by leader: 0, Current term: 0, Majority size: -1, State: 0, Mode: NON_LEADER, active raft config: opid_index: -1 OBSOLETE_local: false peers { permanent_uuid: "4d87d5cdb9c74af6bad4305e7f6fc011" member_type: VOTER last_known_addr { host: "127.27.47.1" port: 35927 } } peers { permanent_uuid: "188e96c1619f44c4989e2458b3e769d4" member_type: VOTER last_known_addr { host: "127.27.47.2" port: 42037 } } peers { permanent_uuid: "7d74e98cc33e483f8e8187584c9d4b0c" member_type: VOTER last_known_addr { host: "127.27.47.3" port: 39517 } }
I20260630 12:20:34.501075 30664 tablet_bootstrap.cc:654] T 05b85d1aba8c473680f1a89cac37eadb P 4d87d5cdb9c74af6bad4305e7f6fc011: Neither blocks nor log segments found. Creating new log.
I20260630 12:20:34.506835 30663 ts_tablet_manager.cc:1434] T 9a69101e428541e88db01309a6f75396 P 7d74e98cc33e483f8e8187584c9d4b0c: Time spent starting tablet: real 0.012s	user 0.010s	sys 0.000s
I20260630 12:20:34.507949 30663 tablet_bootstrap.cc:492] T bc5158a04167459db5bbb4385364ad80 P 7d74e98cc33e483f8e8187584c9d4b0c: Bootstrap starting.
I20260630 12:20:34.508039 30665 ts_tablet_manager.cc:1434] T bc5158a04167459db5bbb4385364ad80 P 188e96c1619f44c4989e2458b3e769d4: Time spent starting tablet: real 0.014s	user 0.008s	sys 0.005s
I20260630 12:20:34.510273 30664 tablet_bootstrap.cc:492] T 05b85d1aba8c473680f1a89cac37eadb P 4d87d5cdb9c74af6bad4305e7f6fc011: No bootstrap required, opened a new log
I20260630 12:20:34.510527 30665 tablet_bootstrap.cc:492] T 05b85d1aba8c473680f1a89cac37eadb P 188e96c1619f44c4989e2458b3e769d4: Bootstrap starting.
I20260630 12:20:34.510790 30664 ts_tablet_manager.cc:1403] T 05b85d1aba8c473680f1a89cac37eadb P 4d87d5cdb9c74af6bad4305e7f6fc011: Time spent bootstrapping tablet: real 0.016s	user 0.009s	sys 0.005s
I20260630 12:20:34.514308 30663 tablet_bootstrap.cc:654] T bc5158a04167459db5bbb4385364ad80 P 7d74e98cc33e483f8e8187584c9d4b0c: Neither blocks nor log segments found. Creating new log.
I20260630 12:20:34.516417 30664 raft_consensus.cc:359] T 05b85d1aba8c473680f1a89cac37eadb P 4d87d5cdb9c74af6bad4305e7f6fc011 [term 0 FOLLOWER]: Replica starting. Triggering 0 pending ops. Active config: opid_index: -1 OBSOLETE_local: false peers { permanent_uuid: "4d87d5cdb9c74af6bad4305e7f6fc011" member_type: VOTER last_known_addr { host: "127.27.47.1" port: 35927 } } peers { permanent_uuid: "188e96c1619f44c4989e2458b3e769d4" member_type: VOTER last_known_addr { host: "127.27.47.2" port: 42037 } } peers { permanent_uuid: "7d74e98cc33e483f8e8187584c9d4b0c" member_type: VOTER last_known_addr { host: "127.27.47.3" port: 39517 } }
I20260630 12:20:34.517221 30664 raft_consensus.cc:385] T 05b85d1aba8c473680f1a89cac37eadb P 4d87d5cdb9c74af6bad4305e7f6fc011 [term 0 FOLLOWER]: Consensus starting up: Expiring failure detector timer to make a prompt election more likely
I20260630 12:20:34.517511 30664 raft_consensus.cc:740] T 05b85d1aba8c473680f1a89cac37eadb P 4d87d5cdb9c74af6bad4305e7f6fc011 [term 0 FOLLOWER]: Becoming Follower/Learner. State: Replica: 4d87d5cdb9c74af6bad4305e7f6fc011, State: Initialized, Role: FOLLOWER
I20260630 12:20:34.518270 30664 consensus_queue.cc:260] T 05b85d1aba8c473680f1a89cac37eadb P 4d87d5cdb9c74af6bad4305e7f6fc011 [NON_LEADER]: Queue going to NON_LEADER mode. State: All replicated index: 0, Majority replicated index: 0, Committed index: 0, Last appended: 0.0, Last appended by leader: 0, Current term: 0, Majority size: -1, State: 0, Mode: NON_LEADER, active raft config: opid_index: -1 OBSOLETE_local: false peers { permanent_uuid: "4d87d5cdb9c74af6bad4305e7f6fc011" member_type: VOTER last_known_addr { host: "127.27.47.1" port: 35927 } } peers { permanent_uuid: "188e96c1619f44c4989e2458b3e769d4" member_type: VOTER last_known_addr { host: "127.27.47.2" port: 42037 } } peers { permanent_uuid: "7d74e98cc33e483f8e8187584c9d4b0c" member_type: VOTER last_known_addr { host: "127.27.47.3" port: 39517 } }
I20260630 12:20:34.520398 30664 ts_tablet_manager.cc:1434] T 05b85d1aba8c473680f1a89cac37eadb P 4d87d5cdb9c74af6bad4305e7f6fc011: Time spent starting tablet: real 0.007s	user 0.006s	sys 0.000s
I20260630 12:20:34.520409 30663 tablet_bootstrap.cc:492] T bc5158a04167459db5bbb4385364ad80 P 7d74e98cc33e483f8e8187584c9d4b0c: No bootstrap required, opened a new log
I20260630 12:20:34.521212 30663 ts_tablet_manager.cc:1403] T bc5158a04167459db5bbb4385364ad80 P 7d74e98cc33e483f8e8187584c9d4b0c: Time spent bootstrapping tablet: real 0.013s	user 0.008s	sys 0.004s
I20260630 12:20:34.522778 30664 tablet_bootstrap.cc:492] T 9a69101e428541e88db01309a6f75396 P 4d87d5cdb9c74af6bad4305e7f6fc011: Bootstrap starting.
I20260630 12:20:34.523553 30665 tablet_bootstrap.cc:654] T 05b85d1aba8c473680f1a89cac37eadb P 188e96c1619f44c4989e2458b3e769d4: Neither blocks nor log segments found. Creating new log.
I20260630 12:20:34.523814 30663 raft_consensus.cc:359] T bc5158a04167459db5bbb4385364ad80 P 7d74e98cc33e483f8e8187584c9d4b0c [term 0 FOLLOWER]: Replica starting. Triggering 0 pending ops. Active config: opid_index: -1 OBSOLETE_local: false peers { permanent_uuid: "188e96c1619f44c4989e2458b3e769d4" member_type: VOTER last_known_addr { host: "127.27.47.2" port: 42037 } } peers { permanent_uuid: "4d87d5cdb9c74af6bad4305e7f6fc011" member_type: VOTER last_known_addr { host: "127.27.47.1" port: 35927 } } peers { permanent_uuid: "7d74e98cc33e483f8e8187584c9d4b0c" member_type: VOTER last_known_addr { host: "127.27.47.3" port: 39517 } }
I20260630 12:20:34.524600 30663 raft_consensus.cc:385] T bc5158a04167459db5bbb4385364ad80 P 7d74e98cc33e483f8e8187584c9d4b0c [term 0 FOLLOWER]: Consensus starting up: Expiring failure detector timer to make a prompt election more likely
I20260630 12:20:34.524881 30663 raft_consensus.cc:740] T bc5158a04167459db5bbb4385364ad80 P 7d74e98cc33e483f8e8187584c9d4b0c [term 0 FOLLOWER]: Becoming Follower/Learner. State: Replica: 7d74e98cc33e483f8e8187584c9d4b0c, State: Initialized, Role: FOLLOWER
I20260630 12:20:34.525718 30663 consensus_queue.cc:260] T bc5158a04167459db5bbb4385364ad80 P 7d74e98cc33e483f8e8187584c9d4b0c [NON_LEADER]: Queue going to NON_LEADER mode. State: All replicated index: 0, Majority replicated index: 0, Committed index: 0, Last appended: 0.0, Last appended by leader: 0, Current term: 0, Majority size: -1, State: 0, Mode: NON_LEADER, active raft config: opid_index: -1 OBSOLETE_local: false peers { permanent_uuid: "188e96c1619f44c4989e2458b3e769d4" member_type: VOTER last_known_addr { host: "127.27.47.2" port: 42037 } } peers { permanent_uuid: "4d87d5cdb9c74af6bad4305e7f6fc011" member_type: VOTER last_known_addr { host: "127.27.47.1" port: 35927 } } peers { permanent_uuid: "7d74e98cc33e483f8e8187584c9d4b0c" member_type: VOTER last_known_addr { host: "127.27.47.3" port: 39517 } }
W20260630 12:20:34.527735 30644 tablet.cc:2406] T 9a69101e428541e88db01309a6f75396 P 7d74e98cc33e483f8e8187584c9d4b0c: Can't schedule compaction. Clean time has not been advanced past its initial value.
I20260630 12:20:34.529285 30664 tablet_bootstrap.cc:654] T 9a69101e428541e88db01309a6f75396 P 4d87d5cdb9c74af6bad4305e7f6fc011: Neither blocks nor log segments found. Creating new log.
I20260630 12:20:34.535463 30663 ts_tablet_manager.cc:1434] T bc5158a04167459db5bbb4385364ad80 P 7d74e98cc33e483f8e8187584c9d4b0c: Time spent starting tablet: real 0.014s	user 0.003s	sys 0.009s
I20260630 12:20:34.536378 30663 tablet_bootstrap.cc:492] T 05b85d1aba8c473680f1a89cac37eadb P 7d74e98cc33e483f8e8187584c9d4b0c: Bootstrap starting.
I20260630 12:20:34.536497 30665 tablet_bootstrap.cc:492] T 05b85d1aba8c473680f1a89cac37eadb P 188e96c1619f44c4989e2458b3e769d4: No bootstrap required, opened a new log
I20260630 12:20:34.537128 30665 ts_tablet_manager.cc:1403] T 05b85d1aba8c473680f1a89cac37eadb P 188e96c1619f44c4989e2458b3e769d4: Time spent bootstrapping tablet: real 0.027s	user 0.007s	sys 0.010s
I20260630 12:20:34.540038 30665 raft_consensus.cc:359] T 05b85d1aba8c473680f1a89cac37eadb P 188e96c1619f44c4989e2458b3e769d4 [term 0 FOLLOWER]: Replica starting. Triggering 0 pending ops. Active config: opid_index: -1 OBSOLETE_local: false peers { permanent_uuid: "4d87d5cdb9c74af6bad4305e7f6fc011" member_type: VOTER last_known_addr { host: "127.27.47.1" port: 35927 } } peers { permanent_uuid: "188e96c1619f44c4989e2458b3e769d4" member_type: VOTER last_known_addr { host: "127.27.47.2" port: 42037 } } peers { permanent_uuid: "7d74e98cc33e483f8e8187584c9d4b0c" member_type: VOTER last_known_addr { host: "127.27.47.3" port: 39517 } }
I20260630 12:20:34.540511 30664 tablet_bootstrap.cc:492] T 9a69101e428541e88db01309a6f75396 P 4d87d5cdb9c74af6bad4305e7f6fc011: No bootstrap required, opened a new log
I20260630 12:20:34.540757 30665 raft_consensus.cc:385] T 05b85d1aba8c473680f1a89cac37eadb P 188e96c1619f44c4989e2458b3e769d4 [term 0 FOLLOWER]: Consensus starting up: Expiring failure detector timer to make a prompt election more likely
I20260630 12:20:34.541028 30664 ts_tablet_manager.cc:1403] T 9a69101e428541e88db01309a6f75396 P 4d87d5cdb9c74af6bad4305e7f6fc011: Time spent bootstrapping tablet: real 0.020s	user 0.010s	sys 0.008s
I20260630 12:20:34.541177 30665 raft_consensus.cc:740] T 05b85d1aba8c473680f1a89cac37eadb P 188e96c1619f44c4989e2458b3e769d4 [term 0 FOLLOWER]: Becoming Follower/Learner. State: Replica: 188e96c1619f44c4989e2458b3e769d4, State: Initialized, Role: FOLLOWER
I20260630 12:20:34.542337 30663 tablet_bootstrap.cc:654] T 05b85d1aba8c473680f1a89cac37eadb P 7d74e98cc33e483f8e8187584c9d4b0c: Neither blocks nor log segments found. Creating new log.
I20260630 12:20:34.542119 30665 consensus_queue.cc:260] T 05b85d1aba8c473680f1a89cac37eadb P 188e96c1619f44c4989e2458b3e769d4 [NON_LEADER]: Queue going to NON_LEADER mode. State: All replicated index: 0, Majority replicated index: 0, Committed index: 0, Last appended: 0.0, Last appended by leader: 0, Current term: 0, Majority size: -1, State: 0, Mode: NON_LEADER, active raft config: opid_index: -1 OBSOLETE_local: false peers { permanent_uuid: "4d87d5cdb9c74af6bad4305e7f6fc011" member_type: VOTER last_known_addr { host: "127.27.47.1" port: 35927 } } peers { permanent_uuid: "188e96c1619f44c4989e2458b3e769d4" member_type: VOTER last_known_addr { host: "127.27.47.2" port: 42037 } } peers { permanent_uuid: "7d74e98cc33e483f8e8187584c9d4b0c" member_type: VOTER last_known_addr { host: "127.27.47.3" port: 39517 } }
I20260630 12:20:34.544212 30665 ts_tablet_manager.cc:1434] T 05b85d1aba8c473680f1a89cac37eadb P 188e96c1619f44c4989e2458b3e769d4: Time spent starting tablet: real 0.007s	user 0.006s	sys 0.000s
I20260630 12:20:34.543946 30664 raft_consensus.cc:359] T 9a69101e428541e88db01309a6f75396 P 4d87d5cdb9c74af6bad4305e7f6fc011 [term 0 FOLLOWER]: Replica starting. Triggering 0 pending ops. Active config: opid_index: -1 OBSOLETE_local: false peers { permanent_uuid: "4d87d5cdb9c74af6bad4305e7f6fc011" member_type: VOTER last_known_addr { host: "127.27.47.1" port: 35927 } } peers { permanent_uuid: "188e96c1619f44c4989e2458b3e769d4" member_type: VOTER last_known_addr { host: "127.27.47.2" port: 42037 } } peers { permanent_uuid: "7d74e98cc33e483f8e8187584c9d4b0c" member_type: VOTER last_known_addr { host: "127.27.47.3" port: 39517 } }
I20260630 12:20:34.544605 30664 raft_consensus.cc:385] T 9a69101e428541e88db01309a6f75396 P 4d87d5cdb9c74af6bad4305e7f6fc011 [term 0 FOLLOWER]: Consensus starting up: Expiring failure detector timer to make a prompt election more likely
I20260630 12:20:34.544878 30664 raft_consensus.cc:740] T 9a69101e428541e88db01309a6f75396 P 4d87d5cdb9c74af6bad4305e7f6fc011 [term 0 FOLLOWER]: Becoming Follower/Learner. State: Replica: 4d87d5cdb9c74af6bad4305e7f6fc011, State: Initialized, Role: FOLLOWER
I20260630 12:20:34.545068 30665 tablet_bootstrap.cc:492] T 9a69101e428541e88db01309a6f75396 P 188e96c1619f44c4989e2458b3e769d4: Bootstrap starting.
I20260630 12:20:34.545738 30664 consensus_queue.cc:260] T 9a69101e428541e88db01309a6f75396 P 4d87d5cdb9c74af6bad4305e7f6fc011 [NON_LEADER]: Queue going to NON_LEADER mode. State: All replicated index: 0, Majority replicated index: 0, Committed index: 0, Last appended: 0.0, Last appended by leader: 0, Current term: 0, Majority size: -1, State: 0, Mode: NON_LEADER, active raft config: opid_index: -1 OBSOLETE_local: false peers { permanent_uuid: "4d87d5cdb9c74af6bad4305e7f6fc011" member_type: VOTER last_known_addr { host: "127.27.47.1" port: 35927 } } peers { permanent_uuid: "188e96c1619f44c4989e2458b3e769d4" member_type: VOTER last_known_addr { host: "127.27.47.2" port: 42037 } } peers { permanent_uuid: "7d74e98cc33e483f8e8187584c9d4b0c" member_type: VOTER last_known_addr { host: "127.27.47.3" port: 39517 } }
I20260630 12:20:34.549062 30668 raft_consensus.cc:493] T 5a5ef92143184b98b5eb58340c3a5a08 P 4d87d5cdb9c74af6bad4305e7f6fc011 [term 0 FOLLOWER]: Starting pre-election (no leader contacted us within the election timeout)
I20260630 12:20:34.549499 30668 raft_consensus.cc:515] T 5a5ef92143184b98b5eb58340c3a5a08 P 4d87d5cdb9c74af6bad4305e7f6fc011 [term 0 FOLLOWER]: Starting pre-election with config: opid_index: -1 OBSOLETE_local: false peers { permanent_uuid: "4d87d5cdb9c74af6bad4305e7f6fc011" member_type: VOTER last_known_addr { host: "127.27.47.1" port: 35927 } } peers { permanent_uuid: "188e96c1619f44c4989e2458b3e769d4" member_type: VOTER last_known_addr { host: "127.27.47.2" port: 42037 } } peers { permanent_uuid: "7d74e98cc33e483f8e8187584c9d4b0c" member_type: VOTER last_known_addr { host: "127.27.47.3" port: 39517 } }
I20260630 12:20:34.553164 30668 leader_election.cc:290] T 5a5ef92143184b98b5eb58340c3a5a08 P 4d87d5cdb9c74af6bad4305e7f6fc011 [CANDIDATE]: Term 1 pre-election: Requested pre-vote from peers 188e96c1619f44c4989e2458b3e769d4 (127.27.47.2:42037), 7d74e98cc33e483f8e8187584c9d4b0c (127.27.47.3:39517)
I20260630 12:20:34.559336 30664 ts_tablet_manager.cc:1434] T 9a69101e428541e88db01309a6f75396 P 4d87d5cdb9c74af6bad4305e7f6fc011: Time spent starting tablet: real 0.018s	user 0.006s	sys 0.000s
I20260630 12:20:34.563413 30665 tablet_bootstrap.cc:654] T 9a69101e428541e88db01309a6f75396 P 188e96c1619f44c4989e2458b3e769d4: Neither blocks nor log segments found. Creating new log.
I20260630 12:20:34.563649 30664 tablet_bootstrap.cc:492] T bc5158a04167459db5bbb4385364ad80 P 4d87d5cdb9c74af6bad4305e7f6fc011: Bootstrap starting.
I20260630 12:20:34.570811 30664 tablet_bootstrap.cc:654] T bc5158a04167459db5bbb4385364ad80 P 4d87d5cdb9c74af6bad4305e7f6fc011: Neither blocks nor log segments found. Creating new log.
I20260630 12:20:34.574205 30663 tablet_bootstrap.cc:492] T 05b85d1aba8c473680f1a89cac37eadb P 7d74e98cc33e483f8e8187584c9d4b0c: No bootstrap required, opened a new log
I20260630 12:20:34.574571 30665 tablet_bootstrap.cc:492] T 9a69101e428541e88db01309a6f75396 P 188e96c1619f44c4989e2458b3e769d4: No bootstrap required, opened a new log
I20260630 12:20:34.575053 30665 ts_tablet_manager.cc:1403] T 9a69101e428541e88db01309a6f75396 P 188e96c1619f44c4989e2458b3e769d4: Time spent bootstrapping tablet: real 0.030s	user 0.010s	sys 0.001s
I20260630 12:20:34.575398 30670 raft_consensus.cc:493] T bc5158a04167459db5bbb4385364ad80 P 188e96c1619f44c4989e2458b3e769d4 [term 0 FOLLOWER]: Starting pre-election (no leader contacted us within the election timeout)
I20260630 12:20:34.575872 30670 raft_consensus.cc:515] T bc5158a04167459db5bbb4385364ad80 P 188e96c1619f44c4989e2458b3e769d4 [term 0 FOLLOWER]: Starting pre-election with config: opid_index: -1 OBSOLETE_local: false peers { permanent_uuid: "188e96c1619f44c4989e2458b3e769d4" member_type: VOTER last_known_addr { host: "127.27.47.2" port: 42037 } } peers { permanent_uuid: "4d87d5cdb9c74af6bad4305e7f6fc011" member_type: VOTER last_known_addr { host: "127.27.47.1" port: 35927 } } peers { permanent_uuid: "7d74e98cc33e483f8e8187584c9d4b0c" member_type: VOTER last_known_addr { host: "127.27.47.3" port: 39517 } }
I20260630 12:20:34.577752 30665 raft_consensus.cc:359] T 9a69101e428541e88db01309a6f75396 P 188e96c1619f44c4989e2458b3e769d4 [term 0 FOLLOWER]: Replica starting. Triggering 0 pending ops. Active config: opid_index: -1 OBSOLETE_local: false peers { permanent_uuid: "4d87d5cdb9c74af6bad4305e7f6fc011" member_type: VOTER last_known_addr { host: "127.27.47.1" port: 35927 } } peers { permanent_uuid: "188e96c1619f44c4989e2458b3e769d4" member_type: VOTER last_known_addr { host: "127.27.47.2" port: 42037 } } peers { permanent_uuid: "7d74e98cc33e483f8e8187584c9d4b0c" member_type: VOTER last_known_addr { host: "127.27.47.3" port: 39517 } }
I20260630 12:20:34.578428 30665 raft_consensus.cc:385] T 9a69101e428541e88db01309a6f75396 P 188e96c1619f44c4989e2458b3e769d4 [term 0 FOLLOWER]: Consensus starting up: Expiring failure detector timer to make a prompt election more likely
I20260630 12:20:34.578689 30665 raft_consensus.cc:740] T 9a69101e428541e88db01309a6f75396 P 188e96c1619f44c4989e2458b3e769d4 [term 0 FOLLOWER]: Becoming Follower/Learner. State: Replica: 188e96c1619f44c4989e2458b3e769d4, State: Initialized, Role: FOLLOWER
I20260630 12:20:34.579378 30665 consensus_queue.cc:260] T 9a69101e428541e88db01309a6f75396 P 188e96c1619f44c4989e2458b3e769d4 [NON_LEADER]: Queue going to NON_LEADER mode. State: All replicated index: 0, Majority replicated index: 0, Committed index: 0, Last appended: 0.0, Last appended by leader: 0, Current term: 0, Majority size: -1, State: 0, Mode: NON_LEADER, active raft config: opid_index: -1 OBSOLETE_local: false peers { permanent_uuid: "4d87d5cdb9c74af6bad4305e7f6fc011" member_type: VOTER last_known_addr { host: "127.27.47.1" port: 35927 } } peers { permanent_uuid: "188e96c1619f44c4989e2458b3e769d4" member_type: VOTER last_known_addr { host: "127.27.47.2" port: 42037 } } peers { permanent_uuid: "7d74e98cc33e483f8e8187584c9d4b0c" member_type: VOTER last_known_addr { host: "127.27.47.3" port: 39517 } }
I20260630 12:20:34.582500 30668 raft_consensus.cc:493] T 05b85d1aba8c473680f1a89cac37eadb P 4d87d5cdb9c74af6bad4305e7f6fc011 [term 0 FOLLOWER]: Starting pre-election (no leader contacted us within the election timeout)
I20260630 12:20:34.583005 30668 raft_consensus.cc:515] T 05b85d1aba8c473680f1a89cac37eadb P 4d87d5cdb9c74af6bad4305e7f6fc011 [term 0 FOLLOWER]: Starting pre-election with config: opid_index: -1 OBSOLETE_local: false peers { permanent_uuid: "4d87d5cdb9c74af6bad4305e7f6fc011" member_type: VOTER last_known_addr { host: "127.27.47.1" port: 35927 } } peers { permanent_uuid: "188e96c1619f44c4989e2458b3e769d4" member_type: VOTER last_known_addr { host: "127.27.47.2" port: 42037 } } peers { permanent_uuid: "7d74e98cc33e483f8e8187584c9d4b0c" member_type: VOTER last_known_addr { host: "127.27.47.3" port: 39517 } }
I20260630 12:20:34.574707 30663 ts_tablet_manager.cc:1403] T 05b85d1aba8c473680f1a89cac37eadb P 7d74e98cc33e483f8e8187584c9d4b0c: Time spent bootstrapping tablet: real 0.039s	user 0.015s	sys 0.021s
I20260630 12:20:34.585104 30668 leader_election.cc:290] T 05b85d1aba8c473680f1a89cac37eadb P 4d87d5cdb9c74af6bad4305e7f6fc011 [CANDIDATE]: Term 1 pre-election: Requested pre-vote from peers 188e96c1619f44c4989e2458b3e769d4 (127.27.47.2:42037), 7d74e98cc33e483f8e8187584c9d4b0c (127.27.47.3:39517)
I20260630 12:20:34.588099 30663 raft_consensus.cc:359] T 05b85d1aba8c473680f1a89cac37eadb P 7d74e98cc33e483f8e8187584c9d4b0c [term 0 FOLLOWER]: Replica starting. Triggering 0 pending ops. Active config: opid_index: -1 OBSOLETE_local: false peers { permanent_uuid: "4d87d5cdb9c74af6bad4305e7f6fc011" member_type: VOTER last_known_addr { host: "127.27.47.1" port: 35927 } } peers { permanent_uuid: "188e96c1619f44c4989e2458b3e769d4" member_type: VOTER last_known_addr { host: "127.27.47.2" port: 42037 } } peers { permanent_uuid: "7d74e98cc33e483f8e8187584c9d4b0c" member_type: VOTER last_known_addr { host: "127.27.47.3" port: 39517 } }
I20260630 12:20:34.588754 30663 raft_consensus.cc:385] T 05b85d1aba8c473680f1a89cac37eadb P 7d74e98cc33e483f8e8187584c9d4b0c [term 0 FOLLOWER]: Consensus starting up: Expiring failure detector timer to make a prompt election more likely
I20260630 12:20:34.589020 30663 raft_consensus.cc:740] T 05b85d1aba8c473680f1a89cac37eadb P 7d74e98cc33e483f8e8187584c9d4b0c [term 0 FOLLOWER]: Becoming Follower/Learner. State: Replica: 7d74e98cc33e483f8e8187584c9d4b0c, State: Initialized, Role: FOLLOWER
I20260630 12:20:34.589668 30663 consensus_queue.cc:260] T 05b85d1aba8c473680f1a89cac37eadb P 7d74e98cc33e483f8e8187584c9d4b0c [NON_LEADER]: Queue going to NON_LEADER mode. State: All replicated index: 0, Majority replicated index: 0, Committed index: 0, Last appended: 0.0, Last appended by leader: 0, Current term: 0, Majority size: -1, State: 0, Mode: NON_LEADER, active raft config: opid_index: -1 OBSOLETE_local: false peers { permanent_uuid: "4d87d5cdb9c74af6bad4305e7f6fc011" member_type: VOTER last_known_addr { host: "127.27.47.1" port: 35927 } } peers { permanent_uuid: "188e96c1619f44c4989e2458b3e769d4" member_type: VOTER last_known_addr { host: "127.27.47.2" port: 42037 } } peers { permanent_uuid: "7d74e98cc33e483f8e8187584c9d4b0c" member_type: VOTER last_known_addr { host: "127.27.47.3" port: 39517 } }
I20260630 12:20:34.592034 30670 leader_election.cc:290] T bc5158a04167459db5bbb4385364ad80 P 188e96c1619f44c4989e2458b3e769d4 [CANDIDATE]: Term 1 pre-election: Requested pre-vote from peers 4d87d5cdb9c74af6bad4305e7f6fc011 (127.27.47.1:35927), 7d74e98cc33e483f8e8187584c9d4b0c (127.27.47.3:39517)
I20260630 12:20:34.594244 30618 tablet_service.cc:1917] Received RequestConsensusVote() RPC: tablet_id: "5a5ef92143184b98b5eb58340c3a5a08" candidate_uuid: "4d87d5cdb9c74af6bad4305e7f6fc011" candidate_term: 1 candidate_status { last_received { term: 0 index: 0 } } ignore_live_leader: false dest_uuid: "7d74e98cc33e483f8e8187584c9d4b0c" is_pre_election: true
I20260630 12:20:34.595770 30617 tablet_service.cc:1917] Received RequestConsensusVote() RPC: tablet_id: "05b85d1aba8c473680f1a89cac37eadb" candidate_uuid: "4d87d5cdb9c74af6bad4305e7f6fc011" candidate_term: 1 candidate_status { last_received { term: 0 index: 0 } } ignore_live_leader: false dest_uuid: "7d74e98cc33e483f8e8187584c9d4b0c" is_pre_election: true
I20260630 12:20:34.596415 30617 raft_consensus.cc:2468] T 05b85d1aba8c473680f1a89cac37eadb P 7d74e98cc33e483f8e8187584c9d4b0c [term 0 FOLLOWER]: Leader pre-election vote request: Granting yes vote for candidate 4d87d5cdb9c74af6bad4305e7f6fc011 in term 0.
I20260630 12:20:34.597817 30663 ts_tablet_manager.cc:1434] T 05b85d1aba8c473680f1a89cac37eadb P 7d74e98cc33e483f8e8187584c9d4b0c: Time spent starting tablet: real 0.012s	user 0.005s	sys 0.001s
W20260630 12:20:34.599126 30434 leader_election.cc:343] T 5a5ef92143184b98b5eb58340c3a5a08 P 4d87d5cdb9c74af6bad4305e7f6fc011 [CANDIDATE]: Term 1 pre-election: Tablet error from VoteRequest() call to peer 7d74e98cc33e483f8e8187584c9d4b0c (127.27.47.3:39517): Illegal state: must be running to vote when last-logged opid is not known
I20260630 12:20:34.599822 30434 leader_election.cc:304] T 05b85d1aba8c473680f1a89cac37eadb P 4d87d5cdb9c74af6bad4305e7f6fc011 [CANDIDATE]: Term 1 pre-election: Election decided. Result: candidate won. Election summary: received 2 responses out of 3 voters: 2 yes votes; 0 no votes. yes voters: 4d87d5cdb9c74af6bad4305e7f6fc011, 7d74e98cc33e483f8e8187584c9d4b0c; no voters: 
I20260630 12:20:34.602023 30668 raft_consensus.cc:2804] T 05b85d1aba8c473680f1a89cac37eadb P 4d87d5cdb9c74af6bad4305e7f6fc011 [term 0 FOLLOWER]: Leader pre-election won for term 1
I20260630 12:20:34.602455 30668 raft_consensus.cc:493] T 05b85d1aba8c473680f1a89cac37eadb P 4d87d5cdb9c74af6bad4305e7f6fc011 [term 0 FOLLOWER]: Starting leader election (no leader contacted us within the election timeout)
I20260630 12:20:34.602968 30668 raft_consensus.cc:3060] T 05b85d1aba8c473680f1a89cac37eadb P 4d87d5cdb9c74af6bad4305e7f6fc011 [term 0 FOLLOWER]: Advancing to term 1
I20260630 12:20:34.604383 30663 tablet_bootstrap.cc:492] T 5a5ef92143184b98b5eb58340c3a5a08 P 7d74e98cc33e483f8e8187584c9d4b0c: Bootstrap starting.
I20260630 12:20:34.610162 30664 tablet_bootstrap.cc:492] T bc5158a04167459db5bbb4385364ad80 P 4d87d5cdb9c74af6bad4305e7f6fc011: No bootstrap required, opened a new log
I20260630 12:20:34.610648 30664 ts_tablet_manager.cc:1403] T bc5158a04167459db5bbb4385364ad80 P 4d87d5cdb9c74af6bad4305e7f6fc011: Time spent bootstrapping tablet: real 0.047s	user 0.006s	sys 0.014s
I20260630 12:20:34.612536 30663 tablet_bootstrap.cc:654] T 5a5ef92143184b98b5eb58340c3a5a08 P 7d74e98cc33e483f8e8187584c9d4b0c: Neither blocks nor log segments found. Creating new log.
I20260630 12:20:34.617213 30617 tablet_service.cc:1917] Received RequestConsensusVote() RPC: tablet_id: "bc5158a04167459db5bbb4385364ad80" candidate_uuid: "188e96c1619f44c4989e2458b3e769d4" candidate_term: 1 candidate_status { last_received { term: 0 index: 0 } } ignore_live_leader: false dest_uuid: "7d74e98cc33e483f8e8187584c9d4b0c" is_pre_election: true
I20260630 12:20:34.617848 30617 raft_consensus.cc:2468] T bc5158a04167459db5bbb4385364ad80 P 7d74e98cc33e483f8e8187584c9d4b0c [term 0 FOLLOWER]: Leader pre-election vote request: Granting yes vote for candidate 188e96c1619f44c4989e2458b3e769d4 in term 0.
I20260630 12:20:34.618229 30665 ts_tablet_manager.cc:1434] T 9a69101e428541e88db01309a6f75396 P 188e96c1619f44c4989e2458b3e769d4: Time spent starting tablet: real 0.043s	user 0.021s	sys 0.021s
I20260630 12:20:34.619225 30509 leader_election.cc:304] T bc5158a04167459db5bbb4385364ad80 P 188e96c1619f44c4989e2458b3e769d4 [CANDIDATE]: Term 1 pre-election: Election decided. Result: candidate won. Election summary: received 2 responses out of 3 voters: 2 yes votes; 0 no votes. yes voters: 188e96c1619f44c4989e2458b3e769d4, 7d74e98cc33e483f8e8187584c9d4b0c; no voters: 
I20260630 12:20:34.620033 30668 raft_consensus.cc:515] T 05b85d1aba8c473680f1a89cac37eadb P 4d87d5cdb9c74af6bad4305e7f6fc011 [term 1 FOLLOWER]: Starting leader election with config: opid_index: -1 OBSOLETE_local: false peers { permanent_uuid: "4d87d5cdb9c74af6bad4305e7f6fc011" member_type: VOTER last_known_addr { host: "127.27.47.1" port: 35927 } } peers { permanent_uuid: "188e96c1619f44c4989e2458b3e769d4" member_type: VOTER last_known_addr { host: "127.27.47.2" port: 42037 } } peers { permanent_uuid: "7d74e98cc33e483f8e8187584c9d4b0c" member_type: VOTER last_known_addr { host: "127.27.47.3" port: 39517 } }
I20260630 12:20:34.619755 30544 tablet_service.cc:1917] Received RequestConsensusVote() RPC: tablet_id: "5a5ef92143184b98b5eb58340c3a5a08" candidate_uuid: "4d87d5cdb9c74af6bad4305e7f6fc011" candidate_term: 1 candidate_status { last_received { term: 0 index: 0 } } ignore_live_leader: false dest_uuid: "188e96c1619f44c4989e2458b3e769d4" is_pre_election: true
I20260630 12:20:34.621237 30683 raft_consensus.cc:2804] T bc5158a04167459db5bbb4385364ad80 P 188e96c1619f44c4989e2458b3e769d4 [term 0 FOLLOWER]: Leader pre-election won for term 1
I20260630 12:20:34.621735 30683 raft_consensus.cc:493] T bc5158a04167459db5bbb4385364ad80 P 188e96c1619f44c4989e2458b3e769d4 [term 0 FOLLOWER]: Starting leader election (no leader contacted us within the election timeout)
I20260630 12:20:34.622069 30683 raft_consensus.cc:3060] T bc5158a04167459db5bbb4385364ad80 P 188e96c1619f44c4989e2458b3e769d4 [term 0 FOLLOWER]: Advancing to term 1
W20260630 12:20:34.622330 30435 leader_election.cc:343] T 5a5ef92143184b98b5eb58340c3a5a08 P 4d87d5cdb9c74af6bad4305e7f6fc011 [CANDIDATE]: Term 1 pre-election: Tablet error from VoteRequest() call to peer 188e96c1619f44c4989e2458b3e769d4 (127.27.47.2:42037): Illegal state: must be running to vote when last-logged opid is not known
I20260630 12:20:34.622761 30435 leader_election.cc:304] T 5a5ef92143184b98b5eb58340c3a5a08 P 4d87d5cdb9c74af6bad4305e7f6fc011 [CANDIDATE]: Term 1 pre-election: Election decided. Result: candidate lost. Election summary: received 3 responses out of 3 voters: 1 yes votes; 2 no votes. yes voters: 4d87d5cdb9c74af6bad4305e7f6fc011; no voters: 188e96c1619f44c4989e2458b3e769d4, 7d74e98cc33e483f8e8187584c9d4b0c
I20260630 12:20:34.620170 30543 tablet_service.cc:1917] Received RequestConsensusVote() RPC: tablet_id: "05b85d1aba8c473680f1a89cac37eadb" candidate_uuid: "4d87d5cdb9c74af6bad4305e7f6fc011" candidate_term: 1 candidate_status { last_received { term: 0 index: 0 } } ignore_live_leader: false dest_uuid: "188e96c1619f44c4989e2458b3e769d4" is_pre_election: true
I20260630 12:20:34.624310 30543 raft_consensus.cc:2468] T 05b85d1aba8c473680f1a89cac37eadb P 188e96c1619f44c4989e2458b3e769d4 [term 0 FOLLOWER]: Leader pre-election vote request: Granting yes vote for candidate 4d87d5cdb9c74af6bad4305e7f6fc011 in term 0.
I20260630 12:20:34.613382 30664 raft_consensus.cc:359] T bc5158a04167459db5bbb4385364ad80 P 4d87d5cdb9c74af6bad4305e7f6fc011 [term 0 FOLLOWER]: Replica starting. Triggering 0 pending ops. Active config: opid_index: -1 OBSOLETE_local: false peers { permanent_uuid: "188e96c1619f44c4989e2458b3e769d4" member_type: VOTER last_known_addr { host: "127.27.47.2" port: 42037 } } peers { permanent_uuid: "4d87d5cdb9c74af6bad4305e7f6fc011" member_type: VOTER last_known_addr { host: "127.27.47.1" port: 35927 } } peers { permanent_uuid: "7d74e98cc33e483f8e8187584c9d4b0c" member_type: VOTER last_known_addr { host: "127.27.47.3" port: 39517 } }
I20260630 12:20:34.625249 30664 raft_consensus.cc:385] T bc5158a04167459db5bbb4385364ad80 P 4d87d5cdb9c74af6bad4305e7f6fc011 [term 0 FOLLOWER]: Consensus starting up: Expiring failure detector timer to make a prompt election more likely
I20260630 12:20:34.620522 30469 tablet_service.cc:1917] Received RequestConsensusVote() RPC: tablet_id: "bc5158a04167459db5bbb4385364ad80" candidate_uuid: "188e96c1619f44c4989e2458b3e769d4" candidate_term: 1 candidate_status { last_received { term: 0 index: 0 } } ignore_live_leader: false dest_uuid: "4d87d5cdb9c74af6bad4305e7f6fc011" is_pre_election: true
I20260630 12:20:34.626235 30664 raft_consensus.cc:740] T bc5158a04167459db5bbb4385364ad80 P 4d87d5cdb9c74af6bad4305e7f6fc011 [term 0 FOLLOWER]: Becoming Follower/Learner. State: Replica: 4d87d5cdb9c74af6bad4305e7f6fc011, State: Initialized, Role: FOLLOWER
I20260630 12:20:34.626609 30665 tablet_bootstrap.cc:492] T 5a5ef92143184b98b5eb58340c3a5a08 P 188e96c1619f44c4989e2458b3e769d4: Bootstrap starting.
I20260630 12:20:34.627830 30664 consensus_queue.cc:260] T bc5158a04167459db5bbb4385364ad80 P 4d87d5cdb9c74af6bad4305e7f6fc011 [NON_LEADER]: Queue going to NON_LEADER mode. State: All replicated index: 0, Majority replicated index: 0, Committed index: 0, Last appended: 0.0, Last appended by leader: 0, Current term: 0, Majority size: -1, State: 0, Mode: NON_LEADER, active raft config: opid_index: -1 OBSOLETE_local: false peers { permanent_uuid: "188e96c1619f44c4989e2458b3e769d4" member_type: VOTER last_known_addr { host: "127.27.47.2" port: 42037 } } peers { permanent_uuid: "4d87d5cdb9c74af6bad4305e7f6fc011" member_type: VOTER last_known_addr { host: "127.27.47.1" port: 35927 } } peers { permanent_uuid: "7d74e98cc33e483f8e8187584c9d4b0c" member_type: VOTER last_known_addr { host: "127.27.47.3" port: 39517 } }
I20260630 12:20:34.629658 30469 raft_consensus.cc:2468] T bc5158a04167459db5bbb4385364ad80 P 4d87d5cdb9c74af6bad4305e7f6fc011 [term 0 FOLLOWER]: Leader pre-election vote request: Granting yes vote for candidate 188e96c1619f44c4989e2458b3e769d4 in term 0.
I20260630 12:20:34.629508 30683 raft_consensus.cc:515] T bc5158a04167459db5bbb4385364ad80 P 188e96c1619f44c4989e2458b3e769d4 [term 1 FOLLOWER]: Starting leader election with config: opid_index: -1 OBSOLETE_local: false peers { permanent_uuid: "188e96c1619f44c4989e2458b3e769d4" member_type: VOTER last_known_addr { host: "127.27.47.2" port: 42037 } } peers { permanent_uuid: "4d87d5cdb9c74af6bad4305e7f6fc011" member_type: VOTER last_known_addr { host: "127.27.47.1" port: 35927 } } peers { permanent_uuid: "7d74e98cc33e483f8e8187584c9d4b0c" member_type: VOTER last_known_addr { host: "127.27.47.3" port: 39517 } }
I20260630 12:20:34.632855 30468 tablet_service.cc:1917] Received RequestConsensusVote() RPC: tablet_id: "bc5158a04167459db5bbb4385364ad80" candidate_uuid: "188e96c1619f44c4989e2458b3e769d4" candidate_term: 1 candidate_status { last_received { term: 0 index: 0 } } ignore_live_leader: false dest_uuid: "4d87d5cdb9c74af6bad4305e7f6fc011"
I20260630 12:20:34.633469 30468 raft_consensus.cc:3060] T bc5158a04167459db5bbb4385364ad80 P 4d87d5cdb9c74af6bad4305e7f6fc011 [term 0 FOLLOWER]: Advancing to term 1
I20260630 12:20:34.638278 30668 leader_election.cc:290] T 05b85d1aba8c473680f1a89cac37eadb P 4d87d5cdb9c74af6bad4305e7f6fc011 [CANDIDATE]: Term 1 election: Requested vote from peers 188e96c1619f44c4989e2458b3e769d4 (127.27.47.2:42037), 7d74e98cc33e483f8e8187584c9d4b0c (127.27.47.3:39517)
I20260630 12:20:34.639400 30617 tablet_service.cc:1917] Received RequestConsensusVote() RPC: tablet_id: "05b85d1aba8c473680f1a89cac37eadb" candidate_uuid: "4d87d5cdb9c74af6bad4305e7f6fc011" candidate_term: 1 candidate_status { last_received { term: 0 index: 0 } } ignore_live_leader: false dest_uuid: "7d74e98cc33e483f8e8187584c9d4b0c"
I20260630 12:20:34.640444 30617 raft_consensus.cc:3060] T 05b85d1aba8c473680f1a89cac37eadb P 7d74e98cc33e483f8e8187584c9d4b0c [term 0 FOLLOWER]: Advancing to term 1
I20260630 12:20:34.640635 30668 raft_consensus.cc:2749] T 5a5ef92143184b98b5eb58340c3a5a08 P 4d87d5cdb9c74af6bad4305e7f6fc011 [term 0 FOLLOWER]: Leader pre-election lost for term 1. Reason: could not achieve majority
I20260630 12:20:34.644412 30543 tablet_service.cc:1917] Received RequestConsensusVote() RPC: tablet_id: "05b85d1aba8c473680f1a89cac37eadb" candidate_uuid: "4d87d5cdb9c74af6bad4305e7f6fc011" candidate_term: 1 candidate_status { last_received { term: 0 index: 0 } } ignore_live_leader: false dest_uuid: "188e96c1619f44c4989e2458b3e769d4"
I20260630 12:20:34.644927 30543 raft_consensus.cc:3060] T 05b85d1aba8c473680f1a89cac37eadb P 188e96c1619f44c4989e2458b3e769d4 [term 0 FOLLOWER]: Advancing to term 1
I20260630 12:20:34.645766 30468 raft_consensus.cc:2468] T bc5158a04167459db5bbb4385364ad80 P 4d87d5cdb9c74af6bad4305e7f6fc011 [term 1 FOLLOWER]: Leader election vote request: Granting yes vote for candidate 188e96c1619f44c4989e2458b3e769d4 in term 1.
I20260630 12:20:34.640020 30665 tablet_bootstrap.cc:654] T 5a5ef92143184b98b5eb58340c3a5a08 P 188e96c1619f44c4989e2458b3e769d4: Neither blocks nor log segments found. Creating new log.
I20260630 12:20:34.647071 30510 leader_election.cc:304] T bc5158a04167459db5bbb4385364ad80 P 188e96c1619f44c4989e2458b3e769d4 [CANDIDATE]: Term 1 election: Election decided. Result: candidate won. Election summary: received 2 responses out of 3 voters: 2 yes votes; 0 no votes. yes voters: 188e96c1619f44c4989e2458b3e769d4, 4d87d5cdb9c74af6bad4305e7f6fc011; no voters: 
I20260630 12:20:34.648066 30670 raft_consensus.cc:2804] T bc5158a04167459db5bbb4385364ad80 P 188e96c1619f44c4989e2458b3e769d4 [term 1 FOLLOWER]: Leader election won for term 1
I20260630 12:20:34.647033 30617 raft_consensus.cc:2468] T 05b85d1aba8c473680f1a89cac37eadb P 7d74e98cc33e483f8e8187584c9d4b0c [term 1 FOLLOWER]: Leader election vote request: Granting yes vote for candidate 4d87d5cdb9c74af6bad4305e7f6fc011 in term 1.
I20260630 12:20:34.651054 30434 leader_election.cc:304] T 05b85d1aba8c473680f1a89cac37eadb P 4d87d5cdb9c74af6bad4305e7f6fc011 [CANDIDATE]: Term 1 election: Election decided. Result: candidate won. Election summary: received 2 responses out of 3 voters: 2 yes votes; 0 no votes. yes voters: 4d87d5cdb9c74af6bad4305e7f6fc011, 7d74e98cc33e483f8e8187584c9d4b0c; no voters: 
I20260630 12:20:34.651347 30543 raft_consensus.cc:2468] T 05b85d1aba8c473680f1a89cac37eadb P 188e96c1619f44c4989e2458b3e769d4 [term 1 FOLLOWER]: Leader election vote request: Granting yes vote for candidate 4d87d5cdb9c74af6bad4305e7f6fc011 in term 1.
I20260630 12:20:34.653304 30665 tablet_bootstrap.cc:492] T 5a5ef92143184b98b5eb58340c3a5a08 P 188e96c1619f44c4989e2458b3e769d4: No bootstrap required, opened a new log
I20260630 12:20:34.653743 30665 ts_tablet_manager.cc:1403] T 5a5ef92143184b98b5eb58340c3a5a08 P 188e96c1619f44c4989e2458b3e769d4: Time spent bootstrapping tablet: real 0.027s	user 0.008s	sys 0.004s
I20260630 12:20:34.656306 30617 tablet_service.cc:1917] Received RequestConsensusVote() RPC: tablet_id: "bc5158a04167459db5bbb4385364ad80" candidate_uuid: "188e96c1619f44c4989e2458b3e769d4" candidate_term: 1 candidate_status { last_received { term: 0 index: 0 } } ignore_live_leader: false dest_uuid: "7d74e98cc33e483f8e8187584c9d4b0c"
I20260630 12:20:34.656481 30665 raft_consensus.cc:359] T 5a5ef92143184b98b5eb58340c3a5a08 P 188e96c1619f44c4989e2458b3e769d4 [term 0 FOLLOWER]: Replica starting. Triggering 0 pending ops. Active config: opid_index: -1 OBSOLETE_local: false peers { permanent_uuid: "4d87d5cdb9c74af6bad4305e7f6fc011" member_type: VOTER last_known_addr { host: "127.27.47.1" port: 35927 } } peers { permanent_uuid: "188e96c1619f44c4989e2458b3e769d4" member_type: VOTER last_known_addr { host: "127.27.47.2" port: 42037 } } peers { permanent_uuid: "7d74e98cc33e483f8e8187584c9d4b0c" member_type: VOTER last_known_addr { host: "127.27.47.3" port: 39517 } }
I20260630 12:20:34.656903 30617 raft_consensus.cc:3060] T bc5158a04167459db5bbb4385364ad80 P 7d74e98cc33e483f8e8187584c9d4b0c [term 0 FOLLOWER]: Advancing to term 1
I20260630 12:20:34.657160 30665 raft_consensus.cc:385] T 5a5ef92143184b98b5eb58340c3a5a08 P 188e96c1619f44c4989e2458b3e769d4 [term 0 FOLLOWER]: Consensus starting up: Expiring failure detector timer to make a prompt election more likely
I20260630 12:20:34.657488 30665 raft_consensus.cc:740] T 5a5ef92143184b98b5eb58340c3a5a08 P 188e96c1619f44c4989e2458b3e769d4 [term 0 FOLLOWER]: Becoming Follower/Learner. State: Replica: 188e96c1619f44c4989e2458b3e769d4, State: Initialized, Role: FOLLOWER
I20260630 12:20:34.658429 30665 consensus_queue.cc:260] T 5a5ef92143184b98b5eb58340c3a5a08 P 188e96c1619f44c4989e2458b3e769d4 [NON_LEADER]: Queue going to NON_LEADER mode. State: All replicated index: 0, Majority replicated index: 0, Committed index: 0, Last appended: 0.0, Last appended by leader: 0, Current term: 0, Majority size: -1, State: 0, Mode: NON_LEADER, active raft config: opid_index: -1 OBSOLETE_local: false peers { permanent_uuid: "4d87d5cdb9c74af6bad4305e7f6fc011" member_type: VOTER last_known_addr { host: "127.27.47.1" port: 35927 } } peers { permanent_uuid: "188e96c1619f44c4989e2458b3e769d4" member_type: VOTER last_known_addr { host: "127.27.47.2" port: 42037 } } peers { permanent_uuid: "7d74e98cc33e483f8e8187584c9d4b0c" member_type: VOTER last_known_addr { host: "127.27.47.3" port: 39517 } }
I20260630 12:20:34.659893 30668 raft_consensus.cc:2804] T 05b85d1aba8c473680f1a89cac37eadb P 4d87d5cdb9c74af6bad4305e7f6fc011 [term 1 FOLLOWER]: Leader election won for term 1
I20260630 12:20:34.660422 30668 raft_consensus.cc:697] T 05b85d1aba8c473680f1a89cac37eadb P 4d87d5cdb9c74af6bad4305e7f6fc011 [term 1 LEADER]: Becoming Leader. State: Replica: 4d87d5cdb9c74af6bad4305e7f6fc011, State: Running, Role: LEADER
I20260630 12:20:34.661265 30668 consensus_queue.cc:237] T 05b85d1aba8c473680f1a89cac37eadb P 4d87d5cdb9c74af6bad4305e7f6fc011 [LEADER]: Queue going to LEADER mode. State: All replicated index: 0, Majority replicated index: 0, Committed index: 0, Last appended: 0.0, Last appended by leader: 0, Current term: 1, Majority size: 2, State: 0, Mode: LEADER, active raft config: opid_index: -1 OBSOLETE_local: false peers { permanent_uuid: "4d87d5cdb9c74af6bad4305e7f6fc011" member_type: VOTER last_known_addr { host: "127.27.47.1" port: 35927 } } peers { permanent_uuid: "188e96c1619f44c4989e2458b3e769d4" member_type: VOTER last_known_addr { host: "127.27.47.2" port: 42037 } } peers { permanent_uuid: "7d74e98cc33e483f8e8187584c9d4b0c" member_type: VOTER last_known_addr { host: "127.27.47.3" port: 39517 } }
I20260630 12:20:34.663367 30617 raft_consensus.cc:2468] T bc5158a04167459db5bbb4385364ad80 P 7d74e98cc33e483f8e8187584c9d4b0c [term 1 FOLLOWER]: Leader election vote request: Granting yes vote for candidate 188e96c1619f44c4989e2458b3e769d4 in term 1.
I20260630 12:20:34.665186 30683 leader_election.cc:290] T bc5158a04167459db5bbb4385364ad80 P 188e96c1619f44c4989e2458b3e769d4 [CANDIDATE]: Term 1 election: Requested vote from peers 4d87d5cdb9c74af6bad4305e7f6fc011 (127.27.47.1:35927), 7d74e98cc33e483f8e8187584c9d4b0c (127.27.47.3:39517)
I20260630 12:20:34.667742 30665 ts_tablet_manager.cc:1434] T 5a5ef92143184b98b5eb58340c3a5a08 P 188e96c1619f44c4989e2458b3e769d4: Time spent starting tablet: real 0.014s	user 0.011s	sys 0.003s
I20260630 12:20:34.669245 30664 ts_tablet_manager.cc:1434] T bc5158a04167459db5bbb4385364ad80 P 4d87d5cdb9c74af6bad4305e7f6fc011: Time spent starting tablet: real 0.058s	user 0.009s	sys 0.005s
I20260630 12:20:34.669562 30663 tablet_bootstrap.cc:492] T 5a5ef92143184b98b5eb58340c3a5a08 P 7d74e98cc33e483f8e8187584c9d4b0c: No bootstrap required, opened a new log
I20260630 12:20:34.670150 30663 ts_tablet_manager.cc:1403] T 5a5ef92143184b98b5eb58340c3a5a08 P 7d74e98cc33e483f8e8187584c9d4b0c: Time spent bootstrapping tablet: real 0.066s	user 0.030s	sys 0.030s
I20260630 12:20:34.672230 30670 raft_consensus.cc:697] T bc5158a04167459db5bbb4385364ad80 P 188e96c1619f44c4989e2458b3e769d4 [term 1 LEADER]: Becoming Leader. State: Replica: 188e96c1619f44c4989e2458b3e769d4, State: Running, Role: LEADER
I20260630 12:20:34.673022 30663 raft_consensus.cc:359] T 5a5ef92143184b98b5eb58340c3a5a08 P 7d74e98cc33e483f8e8187584c9d4b0c [term 0 FOLLOWER]: Replica starting. Triggering 0 pending ops. Active config: opid_index: -1 OBSOLETE_local: false peers { permanent_uuid: "4d87d5cdb9c74af6bad4305e7f6fc011" member_type: VOTER last_known_addr { host: "127.27.47.1" port: 35927 } } peers { permanent_uuid: "188e96c1619f44c4989e2458b3e769d4" member_type: VOTER last_known_addr { host: "127.27.47.2" port: 42037 } } peers { permanent_uuid: "7d74e98cc33e483f8e8187584c9d4b0c" member_type: VOTER last_known_addr { host: "127.27.47.3" port: 39517 } }
I20260630 12:20:34.673034 30670 consensus_queue.cc:237] T bc5158a04167459db5bbb4385364ad80 P 188e96c1619f44c4989e2458b3e769d4 [LEADER]: Queue going to LEADER mode. State: All replicated index: 0, Majority replicated index: 0, Committed index: 0, Last appended: 0.0, Last appended by leader: 0, Current term: 1, Majority size: 2, State: 0, Mode: LEADER, active raft config: opid_index: -1 OBSOLETE_local: false peers { permanent_uuid: "188e96c1619f44c4989e2458b3e769d4" member_type: VOTER last_known_addr { host: "127.27.47.2" port: 42037 } } peers { permanent_uuid: "4d87d5cdb9c74af6bad4305e7f6fc011" member_type: VOTER last_known_addr { host: "127.27.47.1" port: 35927 } } peers { permanent_uuid: "7d74e98cc33e483f8e8187584c9d4b0c" member_type: VOTER last_known_addr { host: "127.27.47.3" port: 39517 } }
I20260630 12:20:34.673817 30663 raft_consensus.cc:385] T 5a5ef92143184b98b5eb58340c3a5a08 P 7d74e98cc33e483f8e8187584c9d4b0c [term 0 FOLLOWER]: Consensus starting up: Expiring failure detector timer to make a prompt election more likely
I20260630 12:20:34.674134 30663 raft_consensus.cc:740] T 5a5ef92143184b98b5eb58340c3a5a08 P 7d74e98cc33e483f8e8187584c9d4b0c [term 0 FOLLOWER]: Becoming Follower/Learner. State: Replica: 7d74e98cc33e483f8e8187584c9d4b0c, State: Initialized, Role: FOLLOWER
