I20260630 12:18:13.465173 31851 sys_catalog.cc:455] T 00000000000000000000000000000000 P 7a0d3d469a934f4fbacb7b12aa367117 [sys.catalog]: SysCatalogTable state changed. Reason: Peer health change. Latest consensus state: current_term: 1 leader_uuid: "7a0d3d469a934f4fbacb7b12aa367117" committed_config { opid_index: -1 OBSOLETE_local: false peers { permanent_uuid: "d01dbcf2ada242dd835ccf9f37031033" member_type: VOTER last_known_addr { host: "127.30.205.62" port: 46251 } } peers { permanent_uuid: "bb62b63fe436428d9109363b048bfd29" member_type: VOTER last_known_addr { host: "127.30.205.61" port: 37379 } } peers { permanent_uuid: "7a0d3d469a934f4fbacb7b12aa367117" member_type: VOTER last_known_addr { host: "127.30.205.60" port: 38633 } } }
I20260630 12:18:13.479100 31851 sys_catalog.cc:458] T 00000000000000000000000000000000 P 7a0d3d469a934f4fbacb7b12aa367117 [sys.catalog]: This master's current role is: LEADER
I20260630 12:18:13.492954 31747 sys_catalog.cc:455] T 00000000000000000000000000000000 P d01dbcf2ada242dd835ccf9f37031033 [sys.catalog]: SysCatalogTable state changed. Reason: Replicated consensus-only round. Latest consensus state: current_term: 1 leader_uuid: "7a0d3d469a934f4fbacb7b12aa367117" committed_config { opid_index: -1 OBSOLETE_local: false peers { permanent_uuid: "d01dbcf2ada242dd835ccf9f37031033" member_type: VOTER last_known_addr { host: "127.30.205.62" port: 46251 } } peers { permanent_uuid: "bb62b63fe436428d9109363b048bfd29" member_type: VOTER last_known_addr { host: "127.30.205.61" port: 37379 } } peers { permanent_uuid: "7a0d3d469a934f4fbacb7b12aa367117" member_type: VOTER last_known_addr { host: "127.30.205.60" port: 38633 } } }
I20260630 12:18:13.493690 31747 sys_catalog.cc:458] T 00000000000000000000000000000000 P d01dbcf2ada242dd835ccf9f37031033 [sys.catalog]: This master's current role is: FOLLOWER
I20260630 12:18:13.505434 31748 sys_catalog.cc:455] T 00000000000000000000000000000000 P bb62b63fe436428d9109363b048bfd29 [sys.catalog]: SysCatalogTable state changed. Reason: Replicated consensus-only round. Latest consensus state: current_term: 1 leader_uuid: "7a0d3d469a934f4fbacb7b12aa367117" committed_config { opid_index: -1 OBSOLETE_local: false peers { permanent_uuid: "d01dbcf2ada242dd835ccf9f37031033" member_type: VOTER last_known_addr { host: "127.30.205.62" port: 46251 } } peers { permanent_uuid: "bb62b63fe436428d9109363b048bfd29" member_type: VOTER last_known_addr { host: "127.30.205.61" port: 37379 } } peers { permanent_uuid: "7a0d3d469a934f4fbacb7b12aa367117" member_type: VOTER last_known_addr { host: "127.30.205.60" port: 38633 } } }
I20260630 12:18:13.506265 31748 sys_catalog.cc:458] T 00000000000000000000000000000000 P bb62b63fe436428d9109363b048bfd29 [sys.catalog]: This master's current role is: FOLLOWER
I20260630 12:18:13.524663 31828 catalog_manager.cc:1406] Generated new certificate authority record
I20260630 12:18:13.526597 31828 catalog_manager.cc:1540] Loading token signing keys...
I20260630 12:18:13.552780 31828 catalog_manager.cc:6070] T 00000000000000000000000000000000 P 7a0d3d469a934f4fbacb7b12aa367117: Generated new TSK 0
I20260630 12:18:13.554098 31828 catalog_manager.cc:1550] Initializing in-progress tserver states...
I20260630 12:18:13.564558 31540 rpc_server.cc:307] RPC server started. Bound to: 127.30.205.1:32981
I20260630 12:18:13.565236 31865 acceptor_pool.cc:272] collecting diagnostics on the listening RPC socket 127.30.205.1:32981 every 8 connection(s)
I20260630 12:18:13.603057 31540 file_cache.cc:492] Constructed file cache file cache with capacity 419430
I20260630 12:18:13.608129 31867 heartbeater.cc:344] Connected to a master server at 127.30.205.61:37379
I20260630 12:18:13.608830 31867 heartbeater.cc:461] Registering TS with master...
I20260630 12:18:13.610716 31867 heartbeater.cc:507] Master 127.30.205.61:37379 requested a full tablet report, sending...
I20260630 12:18:13.615309 31637 ts_manager.cc:194] Registered new tserver with Master: 9ea8a5b630574b419eacf176e2de7b91 (127.30.205.1:32981)
I20260630 12:18:13.616794 31868 heartbeater.cc:344] Connected to a master server at 127.30.205.60:38633
I20260630 12:18:13.617208 31868 heartbeater.cc:461] Registering TS with master...
I20260630 12:18:13.618178 31868 heartbeater.cc:507] Master 127.30.205.60:38633 requested a full tablet report, sending...
W20260630 12:18:13.618417 31874 instance_detector.cc:116] could not retrieve AWS instance metadata: Network error: curl error: HTTP response code said error: The requested URL returned error: 404
I20260630 12:18:13.621086 31702 ts_manager.cc:194] Registered new tserver with Master: 9ea8a5b630574b419eacf176e2de7b91 (127.30.205.1:32981)
I20260630 12:18:13.624490 31702 master_service.cc:502] Signed X509 certificate for tserver {username='slave'} at 127.0.0.1:36920
W20260630 12:18:13.625854 31875 instance_detector.cc:116] could not retrieve Azure instance metadata: Network error: curl error: HTTP response code said error: The requested URL returned error: 404
I20260630 12:18:13.627115 31869 heartbeater.cc:344] Connected to a master server at 127.30.205.62:46251
I20260630 12:18:13.627499 31869 heartbeater.cc:461] Registering TS with master...
I20260630 12:18:13.628516 31869 heartbeater.cc:507] Master 127.30.205.62:46251 requested a full tablet report, sending...
I20260630 12:18:13.632237 31572 ts_manager.cc:194] Registered new tserver with Master: 9ea8a5b630574b419eacf176e2de7b91 (127.30.205.1:32981)
W20260630 12:18:13.636601 31877 instance_detector.cc:116] could not retrieve OpenStack instance metadata: Network error: curl error: HTTP response code said error: The requested URL returned error: 404
I20260630 12:18:13.637327 31540 server_base.cc:1061] running on GCE node
I20260630 12:18:13.638551 31540 hybrid_clock.cc:584] initializing the hybrid clock with 'system_unsync' time source
W20260630 12:18:13.638831 31540 system_unsync_time.cc:38] NTP support is disabled. Clock error bounds will not be accurate. This configuration is not suitable for distributed clusters.
I20260630 12:18:13.639042 31540 hybrid_clock.cc:648] HybridClock initialized: now 1782821893639026 us; error 0 us; skew 500 ppm
I20260630 12:18:13.639771 31540 server_base.cc:861] Flag tcmalloc_max_total_thread_cache_bytes is not working since tcmalloc is not enabled.
I20260630 12:18:13.642764 31540 webserver.cc:533] Webserver started at http://127.30.205.2:42031/ using document root <none> and password file <none>
I20260630 12:18:13.643424 31540 fs_manager.cc:362] Metadata directory not provided
I20260630 12:18:13.643676 31540 fs_manager.cc:368] Using write-ahead log directory (fs_wal_dir) as metadata directory
I20260630 12:18:13.644058 31540 server_base.cc:909] This appears to be a new deployment of Kudu; creating new FS layout
I20260630 12:18:13.645556 31540 fs_manager.cc:1068] Generated new instance metadata in path /tmp/dist-test-task9enBn3/test-tmp/auto_rebalancer-test.0.AutoRebalancerTest.OnlyLeaderDoesAutoRebalancing.1782821891195802-31540-0/minicluster-data/ts-1-root/instance:
uuid: "250bda2712ea4b388e63288bae3d2340"
format_stamp: "Formatted at 2026-06-30 12:18:13 on dist-test-slave-qn3f"
I20260630 12:18:13.651546 31540 fs_manager.cc:696] Time spent creating directory manager: real 0.005s	user 0.006s	sys 0.001s
I20260630 12:18:13.655776 31882 log_block_manager.cc:4031] Time spent loading block containers with low live blocks: real 0.000s	user 0.000s	sys 0.000s
I20260630 12:18:13.656708 31540 fs_manager.cc:730] Time spent opening block manager: real 0.002s	user 0.003s	sys 0.000s
I20260630 12:18:13.657060 31540 fs_manager.cc:647] Opened local filesystem: /tmp/dist-test-task9enBn3/test-tmp/auto_rebalancer-test.0.AutoRebalancerTest.OnlyLeaderDoesAutoRebalancing.1782821891195802-31540-0/minicluster-data/ts-1-root
uuid: "250bda2712ea4b388e63288bae3d2340"
format_stamp: "Formatted at 2026-06-30 12:18:13 on dist-test-slave-qn3f"
I20260630 12:18:13.657450 31540 fs_report.cc:389] FS layout report
--------------------
wal directory: /tmp/dist-test-task9enBn3/test-tmp/auto_rebalancer-test.0.AutoRebalancerTest.OnlyLeaderDoesAutoRebalancing.1782821891195802-31540-0/minicluster-data/ts-1-root
metadata directory: /tmp/dist-test-task9enBn3/test-tmp/auto_rebalancer-test.0.AutoRebalancerTest.OnlyLeaderDoesAutoRebalancing.1782821891195802-31540-0/minicluster-data/ts-1-root
1 data directories: /tmp/dist-test-task9enBn3/test-tmp/auto_rebalancer-test.0.AutoRebalancerTest.OnlyLeaderDoesAutoRebalancing.1782821891195802-31540-0/minicluster-data/ts-1-root/data
Total live blocks: 0
Total live bytes: 0
Total live bytes (after alignment): 0
Total number of LBM containers: 0 (0 full)
Did not check for missing blocks
Did not check for orphaned blocks
Total full LBM containers with extra space: 0 (0 repaired)
Total full LBM container extra space in bytes: 0 (0 repaired)
Total incomplete LBM containers: 0 (0 repaired)
Total LBM partial records: 0 (0 repaired)
Total corrupted LBM metadata records in RocksDB: 0 (0 repaired)
I20260630 12:18:13.688576 31540 rpc_server.cc:225] running with OpenSSL 1.1.1  11 Sep 2018
I20260630 12:18:13.690150 31540 kserver.cc:163] Server-wide thread pool size limit: 3276
I20260630 12:18:13.691943 31540 txn_system_client.cc:432] TxnSystemClient initialization is disabled...
I20260630 12:18:13.695596 31540 ts_tablet_manager.cc:585] Loaded tablet metadata (0 total tablets, 0 live tablets)
I20260630 12:18:13.695863 31540 ts_tablet_manager.cc:531] Time spent load tablet metadata: real 0.000s	user 0.000s	sys 0.000s
I20260630 12:18:13.696159 31540 ts_tablet_manager.cc:616] Registered 0 tablets
I20260630 12:18:13.696379 31540 ts_tablet_manager.cc:595] Time spent register tablets: real 0.000s	user 0.000s	sys 0.000s
I20260630 12:18:13.794559 31540 rpc_server.cc:307] RPC server started. Bound to: 127.30.205.2:33315
I20260630 12:18:13.794754 31944 acceptor_pool.cc:272] collecting diagnostics on the listening RPC socket 127.30.205.2:33315 every 8 connection(s)
I20260630 12:18:13.811722 31540 file_cache.cc:492] Constructed file cache file cache with capacity 419430
I20260630 12:18:13.824609 31945 heartbeater.cc:344] Connected to a master server at 127.30.205.61:37379
I20260630 12:18:13.825022 31945 heartbeater.cc:461] Registering TS with master...
I20260630 12:18:13.825906 31945 heartbeater.cc:507] Master 127.30.205.61:37379 requested a full tablet report, sending...
I20260630 12:18:13.829216 31637 ts_manager.cc:194] Registered new tserver with Master: 250bda2712ea4b388e63288bae3d2340 (127.30.205.2:33315)
W20260630 12:18:13.833505 31952 instance_detector.cc:116] could not retrieve Azure instance metadata: Network error: curl error: HTTP response code said error: The requested URL returned error: 404
I20260630 12:18:13.837795 31947 heartbeater.cc:344] Connected to a master server at 127.30.205.62:46251
I20260630 12:18:13.838411 31947 heartbeater.cc:461] Registering TS with master...
I20260630 12:18:13.839147 31946 heartbeater.cc:344] Connected to a master server at 127.30.205.60:38633
I20260630 12:18:13.839447 31947 heartbeater.cc:507] Master 127.30.205.62:46251 requested a full tablet report, sending...
I20260630 12:18:13.839596 31946 heartbeater.cc:461] Registering TS with master...
I20260630 12:18:13.841511 31946 heartbeater.cc:507] Master 127.30.205.60:38633 requested a full tablet report, sending...
W20260630 12:18:13.844981 31951 instance_detector.cc:116] could not retrieve AWS instance metadata: Network error: curl error: HTTP response code said error: The requested URL returned error: 404
I20260630 12:18:13.845435 31702 ts_manager.cc:194] Registered new tserver with Master: 250bda2712ea4b388e63288bae3d2340 (127.30.205.2:33315)
I20260630 12:18:13.848258 31572 ts_manager.cc:194] Registered new tserver with Master: 250bda2712ea4b388e63288bae3d2340 (127.30.205.2:33315)
I20260630 12:18:13.847719 31702 master_service.cc:502] Signed X509 certificate for tserver {username='slave'} at 127.0.0.1:36928
W20260630 12:18:13.852749 31955 instance_detector.cc:116] could not retrieve OpenStack instance metadata: Network error: curl error: HTTP response code said error: The requested URL returned error: 404
I20260630 12:18:13.854272 31540 server_base.cc:1061] running on GCE node
I20260630 12:18:13.855466 31540 hybrid_clock.cc:584] initializing the hybrid clock with 'system_unsync' time source
W20260630 12:18:13.855751 31540 system_unsync_time.cc:38] NTP support is disabled. Clock error bounds will not be accurate. This configuration is not suitable for distributed clusters.
I20260630 12:18:13.855973 31540 hybrid_clock.cc:648] HybridClock initialized: now 1782821893855955 us; error 0 us; skew 500 ppm
I20260630 12:18:13.856683 31540 server_base.cc:861] Flag tcmalloc_max_total_thread_cache_bytes is not working since tcmalloc is not enabled.
I20260630 12:18:13.859543 31540 webserver.cc:533] Webserver started at http://127.30.205.3:45229/ using document root <none> and password file <none>
I20260630 12:18:13.860415 31540 fs_manager.cc:362] Metadata directory not provided
I20260630 12:18:13.860685 31540 fs_manager.cc:368] Using write-ahead log directory (fs_wal_dir) as metadata directory
I20260630 12:18:13.861057 31540 server_base.cc:909] This appears to be a new deployment of Kudu; creating new FS layout
I20260630 12:18:13.862702 31540 fs_manager.cc:1068] Generated new instance metadata in path /tmp/dist-test-task9enBn3/test-tmp/auto_rebalancer-test.0.AutoRebalancerTest.OnlyLeaderDoesAutoRebalancing.1782821891195802-31540-0/minicluster-data/ts-2-root/instance:
uuid: "b7b866977ca64d4b9ce2042276debd48"
format_stamp: "Formatted at 2026-06-30 12:18:13 on dist-test-slave-qn3f"
I20260630 12:18:13.869180 31540 fs_manager.cc:696] Time spent creating directory manager: real 0.006s	user 0.005s	sys 0.003s
I20260630 12:18:13.873651 31959 log_block_manager.cc:4031] Time spent loading block containers with low live blocks: real 0.000s	user 0.000s	sys 0.000s
I20260630 12:18:13.874538 31540 fs_manager.cc:730] Time spent opening block manager: real 0.002s	user 0.000s	sys 0.001s
I20260630 12:18:13.874897 31540 fs_manager.cc:647] Opened local filesystem: /tmp/dist-test-task9enBn3/test-tmp/auto_rebalancer-test.0.AutoRebalancerTest.OnlyLeaderDoesAutoRebalancing.1782821891195802-31540-0/minicluster-data/ts-2-root
uuid: "b7b866977ca64d4b9ce2042276debd48"
format_stamp: "Formatted at 2026-06-30 12:18:13 on dist-test-slave-qn3f"
I20260630 12:18:13.875334 31540 fs_report.cc:389] FS layout report
--------------------
wal directory: /tmp/dist-test-task9enBn3/test-tmp/auto_rebalancer-test.0.AutoRebalancerTest.OnlyLeaderDoesAutoRebalancing.1782821891195802-31540-0/minicluster-data/ts-2-root
metadata directory: /tmp/dist-test-task9enBn3/test-tmp/auto_rebalancer-test.0.AutoRebalancerTest.OnlyLeaderDoesAutoRebalancing.1782821891195802-31540-0/minicluster-data/ts-2-root
1 data directories: /tmp/dist-test-task9enBn3/test-tmp/auto_rebalancer-test.0.AutoRebalancerTest.OnlyLeaderDoesAutoRebalancing.1782821891195802-31540-0/minicluster-data/ts-2-root/data
Total live blocks: 0
Total live bytes: 0
Total live bytes (after alignment): 0
Total number of LBM containers: 0 (0 full)
Did not check for missing blocks
Did not check for orphaned blocks
Total full LBM containers with extra space: 0 (0 repaired)
Total full LBM container extra space in bytes: 0 (0 repaired)
Total incomplete LBM containers: 0 (0 repaired)
Total LBM partial records: 0 (0 repaired)
Total corrupted LBM metadata records in RocksDB: 0 (0 repaired)
I20260630 12:18:13.897174 31540 rpc_server.cc:225] running with OpenSSL 1.1.1  11 Sep 2018
I20260630 12:18:13.899080 31540 kserver.cc:163] Server-wide thread pool size limit: 3276
I20260630 12:18:13.902920 31540 txn_system_client.cc:432] TxnSystemClient initialization is disabled...
I20260630 12:18:13.907677 31540 ts_tablet_manager.cc:585] Loaded tablet metadata (0 total tablets, 0 live tablets)
I20260630 12:18:13.907902 31540 ts_tablet_manager.cc:531] Time spent load tablet metadata: real 0.000s	user 0.000s	sys 0.000s
I20260630 12:18:13.908202 31540 ts_tablet_manager.cc:616] Registered 0 tablets
I20260630 12:18:13.908368 31540 ts_tablet_manager.cc:595] Time spent register tablets: real 0.000s	user 0.000s	sys 0.000s
I20260630 12:18:14.016485 31540 rpc_server.cc:307] RPC server started. Bound to: 127.30.205.3:41103
I20260630 12:18:14.016609 32021 acceptor_pool.cc:272] collecting diagnostics on the listening RPC socket 127.30.205.3:41103 every 8 connection(s)
I20260630 12:18:14.050269 32022 heartbeater.cc:344] Connected to a master server at 127.30.205.61:37379
I20260630 12:18:14.050688 32022 heartbeater.cc:461] Registering TS with master...
I20260630 12:18:14.051486 32022 heartbeater.cc:507] Master 127.30.205.61:37379 requested a full tablet report, sending...
I20260630 12:18:14.055346 31637 ts_manager.cc:194] Registered new tserver with Master: b7b866977ca64d4b9ce2042276debd48 (127.30.205.3:41103)
I20260630 12:18:14.058373 32023 heartbeater.cc:344] Connected to a master server at 127.30.205.60:38633
I20260630 12:18:14.058744 32023 heartbeater.cc:461] Registering TS with master...
I20260630 12:18:14.059540 32023 heartbeater.cc:507] Master 127.30.205.60:38633 requested a full tablet report, sending...
I20260630 12:18:14.062263 32025 heartbeater.cc:344] Connected to a master server at 127.30.205.62:46251
I20260630 12:18:14.062706 32025 heartbeater.cc:461] Registering TS with master...
I20260630 12:18:14.064047 32025 heartbeater.cc:507] Master 127.30.205.62:46251 requested a full tablet report, sending...
I20260630 12:18:14.064642 31702 ts_manager.cc:194] Registered new tserver with Master: b7b866977ca64d4b9ce2042276debd48 (127.30.205.3:41103)
I20260630 12:18:14.066725 31702 master_service.cc:502] Signed X509 certificate for tserver {username='slave'} at 127.0.0.1:36930
I20260630 12:18:14.068734 31572 ts_manager.cc:194] Registered new tserver with Master: b7b866977ca64d4b9ce2042276debd48 (127.30.205.3:41103)
I20260630 12:18:14.069562 31540 internal_mini_cluster.cc:371] 3 TS(s) registered with all masters after 0.035303861s
I20260630 12:18:14.230791 31771 catalog_manager.cc:1295] Loaded cluster ID: fadfc08369054e4b9890d4e3a6379947
I20260630 12:18:14.231191 31771 catalog_manager.cc:1588] T 00000000000000000000000000000000 P d01dbcf2ada242dd835ccf9f37031033: loading cluster ID for follower catalog manager: success
I20260630 12:18:14.237708 31782 catalog_manager.cc:1295] Loaded cluster ID: fadfc08369054e4b9890d4e3a6379947
I20260630 12:18:14.238058 31782 catalog_manager.cc:1588] T 00000000000000000000000000000000 P bb62b63fe436428d9109363b048bfd29: loading cluster ID for follower catalog manager: success
I20260630 12:18:14.238662 31771 catalog_manager.cc:1610] T 00000000000000000000000000000000 P d01dbcf2ada242dd835ccf9f37031033: acquiring CA information for follower catalog manager: success
I20260630 12:18:14.244275 31771 catalog_manager.cc:1638] T 00000000000000000000000000000000 P d01dbcf2ada242dd835ccf9f37031033: importing token verification keys for follower catalog manager: success; most recent TSK sequence number 0
I20260630 12:18:14.244979 31782 catalog_manager.cc:1610] T 00000000000000000000000000000000 P bb62b63fe436428d9109363b048bfd29: acquiring CA information for follower catalog manager: success
I20260630 12:18:14.248564 31782 catalog_manager.cc:1638] T 00000000000000000000000000000000 P bb62b63fe436428d9109363b048bfd29: importing token verification keys for follower catalog manager: success; most recent TSK sequence number 0
I20260630 12:18:14.629092 31868 heartbeater.cc:499] Master 127.30.205.60:38633 was elected leader, sending a full tablet report...
I20260630 12:18:14.852608 31946 heartbeater.cc:499] Master 127.30.205.60:38633 was elected leader, sending a full tablet report...
I20260630 12:18:15.069128 32023 heartbeater.cc:499] Master 127.30.205.60:38633 was elected leader, sending a full tablet report...
I20260630 12:18:15.217661 31778 auto_leader_rebalancer.cc:515] All tables' leader rebalancing finished this round
I20260630 12:18:15.304498 31702 catalog_manager.cc:2283] Servicing CreateTable request from {username='slave'} at 127.0.0.1:36940:
name: "test-workload"
schema {
  columns {
    name: "key"
    type: INT32
    is_key: true
    is_nullable: false
    encoding: AUTO_ENCODING
    compression: DEFAULT_COMPRESSION
    cfile_block_size: 0
    immutable: false
  }
  columns {
    name: "int_val"
    type: INT32
    is_key: false
    is_nullable: false
    encoding: AUTO_ENCODING
    compression: DEFAULT_COMPRESSION
    cfile_block_size: 0
    immutable: false
  }
  columns {
    name: "string_val"
    type: STRING
    is_key: false
    is_nullable: true
    encoding: AUTO_ENCODING
    compression: DEFAULT_COMPRESSION
    cfile_block_size: 0
    immutable: false
  }
}
num_replicas: 1
split_rows_range_bounds {
  rows: "\004\001\000\377\377\377\037\004\001\000\376\377\377?\004\001\000\375\377\377_""\004\001\000\377\377\377\037\004\001\000\376\377\377?\004\001\000\375\377\377_"
  indirect_data: """"
}
partition_schema {
  range_schema {
    columns {
      name: "key"
    }
  }
}
I20260630 12:18:15.376725 31987 tablet_service.cc:1511] Processing CreateTablet for tablet c51d1847d8cd40cd88d5b32820554721 (DEFAULT_TABLE table=test-workload [id=6fc9cf4b90bd4e97b279853dcc6875b2]), partition=RANGE (key) PARTITION VALUES < 536870911
I20260630 12:18:15.377645 31820 tablet_service.cc:1511] Processing CreateTablet for tablet 6018c303c40a4f8b82bb690cb72e4bca (DEFAULT_TABLE table=test-workload [id=6fc9cf4b90bd4e97b279853dcc6875b2]), partition=RANGE (key) PARTITION 536870911 <= VALUES < 1073741822
I20260630 12:18:15.385116 31819 tablet_service.cc:1511] Processing CreateTablet for tablet 131d8a93044849cfa4e907ecda2aa413 (DEFAULT_TABLE table=test-workload [id=6fc9cf4b90bd4e97b279853dcc6875b2]), partition=RANGE (key) PARTITION 1610612733 <= VALUES
I20260630 12:18:15.385663 31820 data_dirs.cc:400] Could only allocate 1 dirs of requested 3 for tablet 6018c303c40a4f8b82bb690cb72e4bca. 1 dirs total, 0 dirs full, 0 dirs failed
I20260630 12:18:15.386840 31819 data_dirs.cc:400] Could only allocate 1 dirs of requested 3 for tablet 131d8a93044849cfa4e907ecda2aa413. 1 dirs total, 0 dirs full, 0 dirs failed
I20260630 12:18:15.387265 31987 data_dirs.cc:400] Could only allocate 1 dirs of requested 3 for tablet c51d1847d8cd40cd88d5b32820554721. 1 dirs total, 0 dirs full, 0 dirs failed
I20260630 12:18:15.399479 31910 tablet_service.cc:1511] Processing CreateTablet for tablet cd59d9c3088a47388f8acf4c7af87203 (DEFAULT_TABLE table=test-workload [id=6fc9cf4b90bd4e97b279853dcc6875b2]), partition=RANGE (key) PARTITION 1073741822 <= VALUES < 1610612733
I20260630 12:18:15.400852 31910 data_dirs.cc:400] Could only allocate 1 dirs of requested 3 for tablet cd59d9c3088a47388f8acf4c7af87203. 1 dirs total, 0 dirs full, 0 dirs failed
I20260630 12:18:15.414832 32057 tablet_bootstrap.cc:492] T 6018c303c40a4f8b82bb690cb72e4bca P 9ea8a5b630574b419eacf176e2de7b91: Bootstrap starting.
I20260630 12:18:15.416275 32058 tablet_bootstrap.cc:492] T c51d1847d8cd40cd88d5b32820554721 P b7b866977ca64d4b9ce2042276debd48: Bootstrap starting.
I20260630 12:18:15.419214 32059 tablet_bootstrap.cc:492] T cd59d9c3088a47388f8acf4c7af87203 P 250bda2712ea4b388e63288bae3d2340: Bootstrap starting.
I20260630 12:18:15.421639 32057 tablet_bootstrap.cc:654] T 6018c303c40a4f8b82bb690cb72e4bca P 9ea8a5b630574b419eacf176e2de7b91: Neither blocks nor log segments found. Creating new log.
I20260630 12:18:15.424764 32058 tablet_bootstrap.cc:654] T c51d1847d8cd40cd88d5b32820554721 P b7b866977ca64d4b9ce2042276debd48: Neither blocks nor log segments found. Creating new log.
I20260630 12:18:15.427152 32059 tablet_bootstrap.cc:654] T cd59d9c3088a47388f8acf4c7af87203 P 250bda2712ea4b388e63288bae3d2340: Neither blocks nor log segments found. Creating new log.
I20260630 12:18:15.427552 32057 tablet_bootstrap.cc:492] T 6018c303c40a4f8b82bb690cb72e4bca P 9ea8a5b630574b419eacf176e2de7b91: No bootstrap required, opened a new log
I20260630 12:18:15.428048 32057 ts_tablet_manager.cc:1403] T 6018c303c40a4f8b82bb690cb72e4bca P 9ea8a5b630574b419eacf176e2de7b91: Time spent bootstrapping tablet: real 0.014s	user 0.007s	sys 0.006s
I20260630 12:18:15.431383 32057 raft_consensus.cc:359] T 6018c303c40a4f8b82bb690cb72e4bca P 9ea8a5b630574b419eacf176e2de7b91 [term 0 FOLLOWER]: Replica starting. Triggering 0 pending ops. Active config: opid_index: -1 OBSOLETE_local: true peers { permanent_uuid: "9ea8a5b630574b419eacf176e2de7b91" member_type: VOTER last_known_addr { host: "127.30.205.1" port: 32981 } }
I20260630 12:18:15.432015 32057 raft_consensus.cc:385] T 6018c303c40a4f8b82bb690cb72e4bca P 9ea8a5b630574b419eacf176e2de7b91 [term 0 FOLLOWER]: Consensus starting up: Expiring failure detector timer to make a prompt election more likely
I20260630 12:18:15.432331 32057 raft_consensus.cc:740] T 6018c303c40a4f8b82bb690cb72e4bca P 9ea8a5b630574b419eacf176e2de7b91 [term 0 FOLLOWER]: Becoming Follower/Learner. State: Replica: 9ea8a5b630574b419eacf176e2de7b91, State: Initialized, Role: FOLLOWER
I20260630 12:18:15.433210 32057 consensus_queue.cc:260] T 6018c303c40a4f8b82bb690cb72e4bca P 9ea8a5b630574b419eacf176e2de7b91 [NON_LEADER]: Queue going to NON_LEADER mode. State: All replicated index: 0, Majority replicated index: 0, Committed index: 0, Last appended: 0.0, Last appended by leader: 0, Current term: 0, Majority size: -1, State: 0, Mode: NON_LEADER, active raft config: opid_index: -1 OBSOLETE_local: true peers { permanent_uuid: "9ea8a5b630574b419eacf176e2de7b91" member_type: VOTER last_known_addr { host: "127.30.205.1" port: 32981 } }
I20260630 12:18:15.433907 32057 raft_consensus.cc:399] T 6018c303c40a4f8b82bb690cb72e4bca P 9ea8a5b630574b419eacf176e2de7b91 [term 0 FOLLOWER]: Only one voter in the Raft config. Triggering election immediately
I20260630 12:18:15.434237 32057 raft_consensus.cc:493] T 6018c303c40a4f8b82bb690cb72e4bca P 9ea8a5b630574b419eacf176e2de7b91 [term 0 FOLLOWER]: Starting leader election (initial election of a single-replica configuration)
I20260630 12:18:15.434599 32057 raft_consensus.cc:3060] T 6018c303c40a4f8b82bb690cb72e4bca P 9ea8a5b630574b419eacf176e2de7b91 [term 0 FOLLOWER]: Advancing to term 1
I20260630 12:18:15.435364 32058 tablet_bootstrap.cc:492] T c51d1847d8cd40cd88d5b32820554721 P b7b866977ca64d4b9ce2042276debd48: No bootstrap required, opened a new log
I20260630 12:18:15.435824 32059 tablet_bootstrap.cc:492] T cd59d9c3088a47388f8acf4c7af87203 P 250bda2712ea4b388e63288bae3d2340: No bootstrap required, opened a new log
I20260630 12:18:15.435873 32058 ts_tablet_manager.cc:1403] T c51d1847d8cd40cd88d5b32820554721 P b7b866977ca64d4b9ce2042276debd48: Time spent bootstrapping tablet: real 0.020s	user 0.003s	sys 0.011s
I20260630 12:18:15.436343 32059 ts_tablet_manager.cc:1403] T cd59d9c3088a47388f8acf4c7af87203 P 250bda2712ea4b388e63288bae3d2340: Time spent bootstrapping tablet: real 0.017s	user 0.005s	sys 0.011s
I20260630 12:18:15.438344 32059 raft_consensus.cc:359] T cd59d9c3088a47388f8acf4c7af87203 P 250bda2712ea4b388e63288bae3d2340 [term 0 FOLLOWER]: Replica starting. Triggering 0 pending ops. Active config: opid_index: -1 OBSOLETE_local: true peers { permanent_uuid: "250bda2712ea4b388e63288bae3d2340" member_type: VOTER last_known_addr { host: "127.30.205.2" port: 33315 } }
I20260630 12:18:15.438741 32059 raft_consensus.cc:385] T cd59d9c3088a47388f8acf4c7af87203 P 250bda2712ea4b388e63288bae3d2340 [term 0 FOLLOWER]: Consensus starting up: Expiring failure detector timer to make a prompt election more likely
I20260630 12:18:15.438992 32059 raft_consensus.cc:740] T cd59d9c3088a47388f8acf4c7af87203 P 250bda2712ea4b388e63288bae3d2340 [term 0 FOLLOWER]: Becoming Follower/Learner. State: Replica: 250bda2712ea4b388e63288bae3d2340, State: Initialized, Role: FOLLOWER
I20260630 12:18:15.438896 32058 raft_consensus.cc:359] T c51d1847d8cd40cd88d5b32820554721 P b7b866977ca64d4b9ce2042276debd48 [term 0 FOLLOWER]: Replica starting. Triggering 0 pending ops. Active config: opid_index: -1 OBSOLETE_local: true peers { permanent_uuid: "b7b866977ca64d4b9ce2042276debd48" member_type: VOTER last_known_addr { host: "127.30.205.3" port: 41103 } }
I20260630 12:18:15.439534 32058 raft_consensus.cc:385] T c51d1847d8cd40cd88d5b32820554721 P b7b866977ca64d4b9ce2042276debd48 [term 0 FOLLOWER]: Consensus starting up: Expiring failure detector timer to make a prompt election more likely
I20260630 12:18:15.439841 32058 raft_consensus.cc:740] T c51d1847d8cd40cd88d5b32820554721 P b7b866977ca64d4b9ce2042276debd48 [term 0 FOLLOWER]: Becoming Follower/Learner. State: Replica: b7b866977ca64d4b9ce2042276debd48, State: Initialized, Role: FOLLOWER
I20260630 12:18:15.439777 32059 consensus_queue.cc:260] T cd59d9c3088a47388f8acf4c7af87203 P 250bda2712ea4b388e63288bae3d2340 [NON_LEADER]: Queue going to NON_LEADER mode. State: All replicated index: 0, Majority replicated index: 0, Committed index: 0, Last appended: 0.0, Last appended by leader: 0, Current term: 0, Majority size: -1, State: 0, Mode: NON_LEADER, active raft config: opid_index: -1 OBSOLETE_local: true peers { permanent_uuid: "250bda2712ea4b388e63288bae3d2340" member_type: VOTER last_known_addr { host: "127.30.205.2" port: 33315 } }
I20260630 12:18:15.440452 32059 raft_consensus.cc:399] T cd59d9c3088a47388f8acf4c7af87203 P 250bda2712ea4b388e63288bae3d2340 [term 0 FOLLOWER]: Only one voter in the Raft config. Triggering election immediately
I20260630 12:18:15.440826 32059 raft_consensus.cc:493] T cd59d9c3088a47388f8acf4c7af87203 P 250bda2712ea4b388e63288bae3d2340 [term 0 FOLLOWER]: Starting leader election (initial election of a single-replica configuration)
I20260630 12:18:15.440635 32058 consensus_queue.cc:260] T c51d1847d8cd40cd88d5b32820554721 P b7b866977ca64d4b9ce2042276debd48 [NON_LEADER]: Queue going to NON_LEADER mode. State: All replicated index: 0, Majority replicated index: 0, Committed index: 0, Last appended: 0.0, Last appended by leader: 0, Current term: 0, Majority size: -1, State: 0, Mode: NON_LEADER, active raft config: opid_index: -1 OBSOLETE_local: true peers { permanent_uuid: "b7b866977ca64d4b9ce2042276debd48" member_type: VOTER last_known_addr { host: "127.30.205.3" port: 41103 } }
I20260630 12:18:15.441136 32059 raft_consensus.cc:3060] T cd59d9c3088a47388f8acf4c7af87203 P 250bda2712ea4b388e63288bae3d2340 [term 0 FOLLOWER]: Advancing to term 1
I20260630 12:18:15.441366 32058 raft_consensus.cc:399] T c51d1847d8cd40cd88d5b32820554721 P b7b866977ca64d4b9ce2042276debd48 [term 0 FOLLOWER]: Only one voter in the Raft config. Triggering election immediately
I20260630 12:18:15.441277 32057 raft_consensus.cc:515] T 6018c303c40a4f8b82bb690cb72e4bca P 9ea8a5b630574b419eacf176e2de7b91 [term 1 FOLLOWER]: Starting leader election with config: opid_index: -1 OBSOLETE_local: true peers { permanent_uuid: "9ea8a5b630574b419eacf176e2de7b91" member_type: VOTER last_known_addr { host: "127.30.205.1" port: 32981 } }
I20260630 12:18:15.441814 32058 raft_consensus.cc:493] T c51d1847d8cd40cd88d5b32820554721 P b7b866977ca64d4b9ce2042276debd48 [term 0 FOLLOWER]: Starting leader election (initial election of a single-replica configuration)
I20260630 12:18:15.442207 32058 raft_consensus.cc:3060] T c51d1847d8cd40cd88d5b32820554721 P b7b866977ca64d4b9ce2042276debd48 [term 0 FOLLOWER]: Advancing to term 1
I20260630 12:18:15.442132 32057 leader_election.cc:304] T 6018c303c40a4f8b82bb690cb72e4bca P 9ea8a5b630574b419eacf176e2de7b91 [CANDIDATE]: Term 1 election: Election decided. Result: candidate won. Election summary: received 1 responses out of 1 voters: 1 yes votes; 0 no votes. yes voters: 9ea8a5b630574b419eacf176e2de7b91; no voters: 
I20260630 12:18:15.444495 32057 leader_election.cc:290] T 6018c303c40a4f8b82bb690cb72e4bca P 9ea8a5b630574b419eacf176e2de7b91 [CANDIDATE]: Term 1 election: Requested vote from peers 
I20260630 12:18:15.445015 32063 raft_consensus.cc:2804] T 6018c303c40a4f8b82bb690cb72e4bca P 9ea8a5b630574b419eacf176e2de7b91 [term 1 FOLLOWER]: Leader election won for term 1
I20260630 12:18:15.446954 32059 raft_consensus.cc:515] T cd59d9c3088a47388f8acf4c7af87203 P 250bda2712ea4b388e63288bae3d2340 [term 1 FOLLOWER]: Starting leader election with config: opid_index: -1 OBSOLETE_local: true peers { permanent_uuid: "250bda2712ea4b388e63288bae3d2340" member_type: VOTER last_known_addr { host: "127.30.205.2" port: 33315 } }
I20260630 12:18:15.447616 32059 leader_election.cc:304] T cd59d9c3088a47388f8acf4c7af87203 P 250bda2712ea4b388e63288bae3d2340 [CANDIDATE]: Term 1 election: Election decided. Result: candidate won. Election summary: received 1 responses out of 1 voters: 1 yes votes; 0 no votes. yes voters: 250bda2712ea4b388e63288bae3d2340; no voters: 
I20260630 12:18:15.449216 32058 raft_consensus.cc:515] T c51d1847d8cd40cd88d5b32820554721 P b7b866977ca64d4b9ce2042276debd48 [term 1 FOLLOWER]: Starting leader election with config: opid_index: -1 OBSOLETE_local: true peers { permanent_uuid: "b7b866977ca64d4b9ce2042276debd48" member_type: VOTER last_known_addr { host: "127.30.205.3" port: 41103 } }
I20260630 12:18:15.449991 32058 leader_election.cc:304] T c51d1847d8cd40cd88d5b32820554721 P b7b866977ca64d4b9ce2042276debd48 [CANDIDATE]: Term 1 election: Election decided. Result: candidate won. Election summary: received 1 responses out of 1 voters: 1 yes votes; 0 no votes. yes voters: b7b866977ca64d4b9ce2042276debd48; no voters: 
I20260630 12:18:15.453099 32066 raft_consensus.cc:2804] T cd59d9c3088a47388f8acf4c7af87203 P 250bda2712ea4b388e63288bae3d2340 [term 1 FOLLOWER]: Leader election won for term 1
I20260630 12:18:15.454115 32057 ts_tablet_manager.cc:1434] T 6018c303c40a4f8b82bb690cb72e4bca P 9ea8a5b630574b419eacf176e2de7b91: Time spent starting tablet: real 0.026s	user 0.013s	sys 0.010s
I20260630 12:18:15.455518 32059 leader_election.cc:290] T cd59d9c3088a47388f8acf4c7af87203 P 250bda2712ea4b388e63288bae3d2340 [CANDIDATE]: Term 1 election: Requested vote from peers 
I20260630 12:18:15.457604 32057 tablet_bootstrap.cc:492] T 131d8a93044849cfa4e907ecda2aa413 P 9ea8a5b630574b419eacf176e2de7b91: Bootstrap starting.
I20260630 12:18:15.458556 32063 raft_consensus.cc:697] T 6018c303c40a4f8b82bb690cb72e4bca P 9ea8a5b630574b419eacf176e2de7b91 [term 1 LEADER]: Becoming Leader. State: Replica: 9ea8a5b630574b419eacf176e2de7b91, State: Running, Role: LEADER
I20260630 12:18:15.459404 32063 consensus_queue.cc:237] T 6018c303c40a4f8b82bb690cb72e4bca P 9ea8a5b630574b419eacf176e2de7b91 [LEADER]: Queue going to LEADER mode. State: All replicated index: 0, Majority replicated index: 0, Committed index: 0, Last appended: 0.0, Last appended by leader: 0, Current term: 1, Majority size: 1, State: 0, Mode: LEADER, active raft config: opid_index: -1 OBSOLETE_local: true peers { permanent_uuid: "9ea8a5b630574b419eacf176e2de7b91" member_type: VOTER last_known_addr { host: "127.30.205.1" port: 32981 } }
I20260630 12:18:15.462010 32059 ts_tablet_manager.cc:1434] T cd59d9c3088a47388f8acf4c7af87203 P 250bda2712ea4b388e63288bae3d2340: Time spent starting tablet: real 0.025s	user 0.016s	sys 0.003s
I20260630 12:18:15.462805 32066 raft_consensus.cc:697] T cd59d9c3088a47388f8acf4c7af87203 P 250bda2712ea4b388e63288bae3d2340 [term 1 LEADER]: Becoming Leader. State: Replica: 250bda2712ea4b388e63288bae3d2340, State: Running, Role: LEADER
I20260630 12:18:15.463614 32066 consensus_queue.cc:237] T cd59d9c3088a47388f8acf4c7af87203 P 250bda2712ea4b388e63288bae3d2340 [LEADER]: Queue going to LEADER mode. State: All replicated index: 0, Majority replicated index: 0, Committed index: 0, Last appended: 0.0, Last appended by leader: 0, Current term: 1, Majority size: 1, State: 0, Mode: LEADER, active raft config: opid_index: -1 OBSOLETE_local: true peers { permanent_uuid: "250bda2712ea4b388e63288bae3d2340" member_type: VOTER last_known_addr { host: "127.30.205.2" port: 33315 } }
I20260630 12:18:15.464800 32058 leader_election.cc:290] T c51d1847d8cd40cd88d5b32820554721 P b7b866977ca64d4b9ce2042276debd48 [CANDIDATE]: Term 1 election: Requested vote from peers 
I20260630 12:18:15.466324 32067 raft_consensus.cc:2804] T c51d1847d8cd40cd88d5b32820554721 P b7b866977ca64d4b9ce2042276debd48 [term 1 FOLLOWER]: Leader election won for term 1
I20260630 12:18:15.468847 32058 ts_tablet_manager.cc:1434] T c51d1847d8cd40cd88d5b32820554721 P b7b866977ca64d4b9ce2042276debd48: Time spent starting tablet: real 0.032s	user 0.017s	sys 0.014s
I20260630 12:18:15.468860 32057 tablet_bootstrap.cc:654] T 131d8a93044849cfa4e907ecda2aa413 P 9ea8a5b630574b419eacf176e2de7b91: Neither blocks nor log segments found. Creating new log.
I20260630 12:18:15.476043 32067 raft_consensus.cc:697] T c51d1847d8cd40cd88d5b32820554721 P b7b866977ca64d4b9ce2042276debd48 [term 1 LEADER]: Becoming Leader. State: Replica: b7b866977ca64d4b9ce2042276debd48, State: Running, Role: LEADER
I20260630 12:18:15.479367 32067 consensus_queue.cc:237] T c51d1847d8cd40cd88d5b32820554721 P b7b866977ca64d4b9ce2042276debd48 [LEADER]: Queue going to LEADER mode. State: All replicated index: 0, Majority replicated index: 0, Committed index: 0, Last appended: 0.0, Last appended by leader: 0, Current term: 1, Majority size: 1, State: 0, Mode: LEADER, active raft config: opid_index: -1 OBSOLETE_local: true peers { permanent_uuid: "b7b866977ca64d4b9ce2042276debd48" member_type: VOTER last_known_addr { host: "127.30.205.3" port: 41103 } }
I20260630 12:18:15.489056 31702 catalog_manager.cc:5697] T 6018c303c40a4f8b82bb690cb72e4bca P 9ea8a5b630574b419eacf176e2de7b91 reported cstate change: term changed from 0 to 1, leader changed from <none> to 9ea8a5b630574b419eacf176e2de7b91 (127.30.205.1). New cstate: current_term: 1 leader_uuid: "9ea8a5b630574b419eacf176e2de7b91" committed_config { opid_index: -1 OBSOLETE_local: true peers { permanent_uuid: "9ea8a5b630574b419eacf176e2de7b91" member_type: VOTER last_known_addr { host: "127.30.205.1" port: 32981 } health_report { overall_health: HEALTHY } } }
I20260630 12:18:15.495958 31701 catalog_manager.cc:5697] T cd59d9c3088a47388f8acf4c7af87203 P 250bda2712ea4b388e63288bae3d2340 reported cstate change: term changed from 0 to 1, leader changed from <none> to 250bda2712ea4b388e63288bae3d2340 (127.30.205.2). New cstate: current_term: 1 leader_uuid: "250bda2712ea4b388e63288bae3d2340" committed_config { opid_index: -1 OBSOLETE_local: true peers { permanent_uuid: "250bda2712ea4b388e63288bae3d2340" member_type: VOTER last_known_addr { host: "127.30.205.2" port: 33315 } health_report { overall_health: HEALTHY } } }
I20260630 12:18:15.518180 32057 tablet_bootstrap.cc:492] T 131d8a93044849cfa4e907ecda2aa413 P 9ea8a5b630574b419eacf176e2de7b91: No bootstrap required, opened a new log
I20260630 12:18:15.518760 32057 ts_tablet_manager.cc:1403] T 131d8a93044849cfa4e907ecda2aa413 P 9ea8a5b630574b419eacf176e2de7b91: Time spent bootstrapping tablet: real 0.061s	user 0.004s	sys 0.029s
I20260630 12:18:15.521870 32057 raft_consensus.cc:359] T 131d8a93044849cfa4e907ecda2aa413 P 9ea8a5b630574b419eacf176e2de7b91 [term 0 FOLLOWER]: Replica starting. Triggering 0 pending ops. Active config: opid_index: -1 OBSOLETE_local: true peers { permanent_uuid: "9ea8a5b630574b419eacf176e2de7b91" member_type: VOTER last_known_addr { host: "127.30.205.1" port: 32981 } }
I20260630 12:18:15.522475 32057 raft_consensus.cc:385] T 131d8a93044849cfa4e907ecda2aa413 P 9ea8a5b630574b419eacf176e2de7b91 [term 0 FOLLOWER]: Consensus starting up: Expiring failure detector timer to make a prompt election more likely
I20260630 12:18:15.522759 32057 raft_consensus.cc:740] T 131d8a93044849cfa4e907ecda2aa413 P 9ea8a5b630574b419eacf176e2de7b91 [term 0 FOLLOWER]: Becoming Follower/Learner. State: Replica: 9ea8a5b630574b419eacf176e2de7b91, State: Initialized, Role: FOLLOWER
I20260630 12:18:15.523689 32057 consensus_queue.cc:260] T 131d8a93044849cfa4e907ecda2aa413 P 9ea8a5b630574b419eacf176e2de7b91 [NON_LEADER]: Queue going to NON_LEADER mode. State: All replicated index: 0, Majority replicated index: 0, Committed index: 0, Last appended: 0.0, Last appended by leader: 0, Current term: 0, Majority size: -1, State: 0, Mode: NON_LEADER, active raft config: opid_index: -1 OBSOLETE_local: true peers { permanent_uuid: "9ea8a5b630574b419eacf176e2de7b91" member_type: VOTER last_known_addr { host: "127.30.205.1" port: 32981 } }
I20260630 12:18:15.524350 32057 raft_consensus.cc:399] T 131d8a93044849cfa4e907ecda2aa413 P 9ea8a5b630574b419eacf176e2de7b91 [term 0 FOLLOWER]: Only one voter in the Raft config. Triggering election immediately
I20260630 12:18:15.524657 32057 raft_consensus.cc:493] T 131d8a93044849cfa4e907ecda2aa413 P 9ea8a5b630574b419eacf176e2de7b91 [term 0 FOLLOWER]: Starting leader election (initial election of a single-replica configuration)
I20260630 12:18:15.524982 32057 raft_consensus.cc:3060] T 131d8a93044849cfa4e907ecda2aa413 P 9ea8a5b630574b419eacf176e2de7b91 [term 0 FOLLOWER]: Advancing to term 1
I20260630 12:18:15.533025 32057 raft_consensus.cc:515] T 131d8a93044849cfa4e907ecda2aa413 P 9ea8a5b630574b419eacf176e2de7b91 [term 1 FOLLOWER]: Starting leader election with config: opid_index: -1 OBSOLETE_local: true peers { permanent_uuid: "9ea8a5b630574b419eacf176e2de7b91" member_type: VOTER last_known_addr { host: "127.30.205.1" port: 32981 } }
I20260630 12:18:15.533717 32057 leader_election.cc:304] T 131d8a93044849cfa4e907ecda2aa413 P 9ea8a5b630574b419eacf176e2de7b91 [CANDIDATE]: Term 1 election: Election decided. Result: candidate won. Election summary: received 1 responses out of 1 voters: 1 yes votes; 0 no votes. yes voters: 9ea8a5b630574b419eacf176e2de7b91; no voters: 
I20260630 12:18:15.534623 32064 raft_consensus.cc:2804] T 131d8a93044849cfa4e907ecda2aa413 P 9ea8a5b630574b419eacf176e2de7b91 [term 1 FOLLOWER]: Leader election won for term 1
I20260630 12:18:15.535120 32064 raft_consensus.cc:697] T 131d8a93044849cfa4e907ecda2aa413 P 9ea8a5b630574b419eacf176e2de7b91 [term 1 LEADER]: Becoming Leader. State: Replica: 9ea8a5b630574b419eacf176e2de7b91, State: Running, Role: LEADER
I20260630 12:18:15.535792 32064 consensus_queue.cc:237] T 131d8a93044849cfa4e907ecda2aa413 P 9ea8a5b630574b419eacf176e2de7b91 [LEADER]: Queue going to LEADER mode. State: All replicated index: 0, Majority replicated index: 0, Committed index: 0, Last appended: 0.0, Last appended by leader: 0, Current term: 1, Majority size: 1, State: 0, Mode: LEADER, active raft config: opid_index: -1 OBSOLETE_local: true peers { permanent_uuid: "9ea8a5b630574b419eacf176e2de7b91" member_type: VOTER last_known_addr { host: "127.30.205.1" port: 32981 } }
I20260630 12:18:15.540380 32057 leader_election.cc:290] T 131d8a93044849cfa4e907ecda2aa413 P 9ea8a5b630574b419eacf176e2de7b91 [CANDIDATE]: Term 1 election: Requested vote from peers 
I20260630 12:18:15.542075 32057 ts_tablet_manager.cc:1434] T 131d8a93044849cfa4e907ecda2aa413 P 9ea8a5b630574b419eacf176e2de7b91: Time spent starting tablet: real 0.023s	user 0.012s	sys 0.004s
I20260630 12:18:15.580124 31700 catalog_manager.cc:5697] T c51d1847d8cd40cd88d5b32820554721 P b7b866977ca64d4b9ce2042276debd48 reported cstate change: term changed from 0 to 1, leader changed from <none> to b7b866977ca64d4b9ce2042276debd48 (127.30.205.3). New cstate: current_term: 1 leader_uuid: "b7b866977ca64d4b9ce2042276debd48" committed_config { opid_index: -1 OBSOLETE_local: true peers { permanent_uuid: "b7b866977ca64d4b9ce2042276debd48" member_type: VOTER last_known_addr { host: "127.30.205.3" port: 41103 } health_report { overall_health: HEALTHY } } }
I20260630 12:18:15.584594 31702 catalog_manager.cc:5697] T 131d8a93044849cfa4e907ecda2aa413 P 9ea8a5b630574b419eacf176e2de7b91 reported cstate change: term changed from 0 to 1, leader changed from <none> to 9ea8a5b630574b419eacf176e2de7b91 (127.30.205.1). New cstate: current_term: 1 leader_uuid: "9ea8a5b630574b419eacf176e2de7b91" committed_config { opid_index: -1 OBSOLETE_local: true peers { permanent_uuid: "9ea8a5b630574b419eacf176e2de7b91" member_type: VOTER last_known_addr { host: "127.30.205.1" port: 32981 } health_report { overall_health: HEALTHY } } }
I20260630 12:18:17.218787 31778 auto_leader_rebalancer.cc:141] leader rebalance for table test-workload
I20260630 12:18:17.221266 31778 auto_leader_rebalancer.cc:515] All tables' leader rebalancing finished this round
I20260630 12:18:17.634526 31540 tablet_server.cc:179] TabletServer@127.30.205.1:0 shutting down...
I20260630 12:18:17.651260 31540 ts_tablet_manager.cc:1507] Shutting down tablet manager...
I20260630 12:18:17.651966 31540 tablet_replica.cc:333] T 131d8a93044849cfa4e907ecda2aa413 P 9ea8a5b630574b419eacf176e2de7b91: stopping tablet replica
I20260630 12:18:17.652562 31540 raft_consensus.cc:2243] T 131d8a93044849cfa4e907ecda2aa413 P 9ea8a5b630574b419eacf176e2de7b91 [term 1 LEADER]: Raft consensus shutting down.
I20260630 12:18:17.653031 31540 raft_consensus.cc:2272] T 131d8a93044849cfa4e907ecda2aa413 P 9ea8a5b630574b419eacf176e2de7b91 [term 1 FOLLOWER]: Raft consensus is shut down!
I20260630 12:18:17.654961 31540 tablet_replica.cc:333] T 6018c303c40a4f8b82bb690cb72e4bca P 9ea8a5b630574b419eacf176e2de7b91: stopping tablet replica
I20260630 12:18:17.655368 31540 raft_consensus.cc:2243] T 6018c303c40a4f8b82bb690cb72e4bca P 9ea8a5b630574b419eacf176e2de7b91 [term 1 LEADER]: Raft consensus shutting down.
I20260630 12:18:17.655689 31540 raft_consensus.cc:2272] T 6018c303c40a4f8b82bb690cb72e4bca P 9ea8a5b630574b419eacf176e2de7b91 [term 1 FOLLOWER]: Raft consensus is shut down!
I20260630 12:18:17.733279 31540 tablet_server.cc:196] TabletServer@127.30.205.1:0 shutdown complete.
I20260630 12:18:17.742609 31540 tablet_server.cc:179] TabletServer@127.30.205.2:0 shutting down...
I20260630 12:18:17.757858 31540 ts_tablet_manager.cc:1507] Shutting down tablet manager...
I20260630 12:18:17.758459 31540 tablet_replica.cc:333] T cd59d9c3088a47388f8acf4c7af87203 P 250bda2712ea4b388e63288bae3d2340: stopping tablet replica
I20260630 12:18:17.758944 31540 raft_consensus.cc:2243] T cd59d9c3088a47388f8acf4c7af87203 P 250bda2712ea4b388e63288bae3d2340 [term 1 LEADER]: Raft consensus shutting down.
I20260630 12:18:17.759378 31540 raft_consensus.cc:2272] T cd59d9c3088a47388f8acf4c7af87203 P 250bda2712ea4b388e63288bae3d2340 [term 1 FOLLOWER]: Raft consensus is shut down!
I20260630 12:18:17.776834 31540 tablet_server.cc:196] TabletServer@127.30.205.2:0 shutdown complete.
I20260630 12:18:17.784862 31540 tablet_server.cc:179] TabletServer@127.30.205.3:0 shutting down...
I20260630 12:18:17.799386 31540 ts_tablet_manager.cc:1507] Shutting down tablet manager...
I20260630 12:18:17.800015 31540 tablet_replica.cc:333] T c51d1847d8cd40cd88d5b32820554721 P b7b866977ca64d4b9ce2042276debd48: stopping tablet replica
I20260630 12:18:17.800506 31540 raft_consensus.cc:2243] T c51d1847d8cd40cd88d5b32820554721 P b7b866977ca64d4b9ce2042276debd48 [term 1 LEADER]: Raft consensus shutting down.
I20260630 12:18:17.800913 31540 raft_consensus.cc:2272] T c51d1847d8cd40cd88d5b32820554721 P b7b866977ca64d4b9ce2042276debd48 [term 1 FOLLOWER]: Raft consensus is shut down!
I20260630 12:18:17.817858 31540 tablet_server.cc:196] TabletServer@127.30.205.3:0 shutdown complete.
I20260630 12:18:17.825313 31540 master.cc:562] Master@127.30.205.62:46251 shutting down...
W20260630 12:18:17.973342 31687 proxy.cc:239] Call had error, refreshing address and retrying: Remote error: Service unavailable: service kudu.consensus.ConsensusService not registered on Master [suppressed 5 similar messages]
I20260630 12:18:17.982913 31540 raft_consensus.cc:2243] T 00000000000000000000000000000000 P d01dbcf2ada242dd835ccf9f37031033 [term 1 FOLLOWER]: Raft consensus shutting down.
I20260630 12:18:17.983525 31540 raft_consensus.cc:2272] T 00000000000000000000000000000000 P d01dbcf2ada242dd835ccf9f37031033 [term 1 FOLLOWER]: Raft consensus is shut down!
W20260630 12:18:17.983651 31687 consensus_peers.cc:597] T 00000000000000000000000000000000 P 7a0d3d469a934f4fbacb7b12aa367117 -> Peer d01dbcf2ada242dd835ccf9f37031033 (127.30.205.62:46251): Couldn't send request to peer d01dbcf2ada242dd835ccf9f37031033. Status: Remote error: Service unavailable: service kudu.consensus.ConsensusService not registered on Master. This is attempt 1: this message will repeat every 5th retry.
I20260630 12:18:17.984007 31540 tablet_replica.cc:333] T 00000000000000000000000000000000 P d01dbcf2ada242dd835ccf9f37031033: stopping tablet replica
I20260630 12:18:18.001863 31540 master.cc:584] Master@127.30.205.62:46251 shutdown complete.
I20260630 12:18:18.012653 31540 master.cc:562] Master@127.30.205.61:37379 shutting down...
I20260630 12:18:18.025010 31540 raft_consensus.cc:2243] T 00000000000000000000000000000000 P bb62b63fe436428d9109363b048bfd29 [term 1 FOLLOWER]: Raft consensus shutting down.
I20260630 12:18:18.025527 31540 raft_consensus.cc:2272] T 00000000000000000000000000000000 P bb62b63fe436428d9109363b048bfd29 [term 1 FOLLOWER]: Raft consensus is shut down!
I20260630 12:18:18.025825 31540 tablet_replica.cc:333] T 00000000000000000000000000000000 P bb62b63fe436428d9109363b048bfd29: stopping tablet replica
I20260630 12:18:18.057969 31540 master.cc:584] Master@127.30.205.61:37379 shutdown complete.
I20260630 12:18:18.067444 31540 master.cc:562] Master@127.30.205.60:38633 shutting down...
I20260630 12:18:18.080821 31540 raft_consensus.cc:2243] T 00000000000000000000000000000000 P 7a0d3d469a934f4fbacb7b12aa367117 [term 1 LEADER]: Raft consensus shutting down.
I20260630 12:18:18.081535 31540 raft_consensus.cc:2272] T 00000000000000000000000000000000 P 7a0d3d469a934f4fbacb7b12aa367117 [term 1 FOLLOWER]: Raft consensus is shut down!
I20260630 12:18:18.081847 31540 tablet_replica.cc:333] T 00000000000000000000000000000000 P 7a0d3d469a934f4fbacb7b12aa367117: stopping tablet replica
I20260630 12:18:18.099112 31540 master.cc:584] Master@127.30.205.60:38633 shutdown complete.
[       OK ] AutoRebalancerTest.OnlyLeaderDoesAutoRebalancing (6764 ms)
[ RUN      ] AutoRebalancerTest.AutoRebalancingTurnOffAndOn
