I20260630 12:18:51.955474   679 raft_consensus.cc:740] T 9ef738476ed74e81a928fd47d5465185 P 9b5404e10a304de2be9992270a73792b [term 0 FOLLOWER]: Becoming Follower/Learner. State: Replica: 9b5404e10a304de2be9992270a73792b, State: Initialized, Role: FOLLOWER
I20260630 12:18:51.956440   679 consensus_queue.cc:260] T 9ef738476ed74e81a928fd47d5465185 P 9b5404e10a304de2be9992270a73792b [NON_LEADER]: Queue going to NON_LEADER mode. State: All replicated index: 0, Majority replicated index: 0, Committed index: 0, Last appended: 0.0, Last appended by leader: 0, Current term: 0, Majority size: -1, State: 0, Mode: NON_LEADER, active raft config: opid_index: -1 OBSOLETE_local: false peers { permanent_uuid: "e340548c83b347a78c56367613109fc4" member_type: VOTER last_known_addr { host: "127.29.31.2" port: 38601 } } peers { permanent_uuid: "6549580c94654cdcaf8e344a52389047" member_type: VOTER last_known_addr { host: "127.29.31.4" port: 43229 } } peers { permanent_uuid: "9b5404e10a304de2be9992270a73792b" member_type: VOTER last_known_addr { host: "127.29.31.3" port: 39329 } }
I20260630 12:18:51.959415   680 tablet_bootstrap.cc:654] T a19ddba1c6394d95888403019827d0e3 P 6549580c94654cdcaf8e344a52389047: Neither blocks nor log segments found. Creating new log.
I20260630 12:18:51.959789   558 raft_consensus.cc:493] T 9ef738476ed74e81a928fd47d5465185 P e340548c83b347a78c56367613109fc4 [term 0 FOLLOWER]: Starting pre-election (no leader contacted us within the election timeout)
I20260630 12:18:51.960281   558 raft_consensus.cc:515] T 9ef738476ed74e81a928fd47d5465185 P e340548c83b347a78c56367613109fc4 [term 0 FOLLOWER]: Starting pre-election with config: opid_index: -1 OBSOLETE_local: false peers { permanent_uuid: "e340548c83b347a78c56367613109fc4" member_type: VOTER last_known_addr { host: "127.29.31.2" port: 38601 } } peers { permanent_uuid: "6549580c94654cdcaf8e344a52389047" member_type: VOTER last_known_addr { host: "127.29.31.4" port: 43229 } } peers { permanent_uuid: "9b5404e10a304de2be9992270a73792b" member_type: VOTER last_known_addr { host: "127.29.31.3" port: 39329 } }
I20260630 12:18:51.963716   558 leader_election.cc:290] T 9ef738476ed74e81a928fd47d5465185 P e340548c83b347a78c56367613109fc4 [CANDIDATE]: Term 1 pre-election: Requested pre-vote from peers 6549580c94654cdcaf8e344a52389047 (127.29.31.4:43229), 9b5404e10a304de2be9992270a73792b (127.29.31.3:39329)
I20260630 12:18:51.964318   558 raft_consensus.cc:493] T 02f660460b79476bb97bc1a120ec019e P e340548c83b347a78c56367613109fc4 [term 0 FOLLOWER]: Starting pre-election (no leader contacted us within the election timeout)
I20260630 12:18:51.964905   679 ts_tablet_manager.cc:1434] T 9ef738476ed74e81a928fd47d5465185 P 9b5404e10a304de2be9992270a73792b: Time spent starting tablet: real 0.013s	user 0.007s	sys 0.000s
I20260630 12:18:51.964794   558 raft_consensus.cc:515] T 02f660460b79476bb97bc1a120ec019e P e340548c83b347a78c56367613109fc4 [term 0 FOLLOWER]: Starting pre-election with config: opid_index: -1 OBSOLETE_local: false peers { permanent_uuid: "6549580c94654cdcaf8e344a52389047" member_type: VOTER last_known_addr { host: "127.29.31.4" port: 43229 } } peers { permanent_uuid: "e340548c83b347a78c56367613109fc4" member_type: VOTER last_known_addr { host: "127.29.31.2" port: 38601 } } peers { permanent_uuid: "9b5404e10a304de2be9992270a73792b" member_type: VOTER last_known_addr { host: "127.29.31.3" port: 39329 } }
I20260630 12:18:51.966228   679 tablet_bootstrap.cc:492] T a19ddba1c6394d95888403019827d0e3 P 9b5404e10a304de2be9992270a73792b: Bootstrap starting.
I20260630 12:18:51.967025   558 leader_election.cc:290] T 02f660460b79476bb97bc1a120ec019e P e340548c83b347a78c56367613109fc4 [CANDIDATE]: Term 1 pre-election: Requested pre-vote from peers 6549580c94654cdcaf8e344a52389047 (127.29.31.4:43229), 9b5404e10a304de2be9992270a73792b (127.29.31.3:39329)
I20260630 12:18:51.975116   679 tablet_bootstrap.cc:654] T a19ddba1c6394d95888403019827d0e3 P 9b5404e10a304de2be9992270a73792b: Neither blocks nor log segments found. Creating new log.
I20260630 12:18:51.978308   676 tablet_bootstrap.cc:492] T 931e320e4b164987beca5afe3c9545ed P e340548c83b347a78c56367613109fc4: No bootstrap required, opened a new log
I20260630 12:18:51.978914   676 ts_tablet_manager.cc:1403] T 931e320e4b164987beca5afe3c9545ed P e340548c83b347a78c56367613109fc4: Time spent bootstrapping tablet: real 0.032s	user 0.013s	sys 0.007s
I20260630 12:18:51.979952   678 tablet_bootstrap.cc:492] T 931e320e4b164987beca5afe3c9545ed P 4a00aa68dc654e1981f2d3fc8adbfe6c: No bootstrap required, opened a new log
I20260630 12:18:51.980487   678 ts_tablet_manager.cc:1403] T 931e320e4b164987beca5afe3c9545ed P 4a00aa68dc654e1981f2d3fc8adbfe6c: Time spent bootstrapping tablet: real 0.035s	user 0.016s	sys 0.006s
I20260630 12:18:51.982348   676 raft_consensus.cc:359] T 931e320e4b164987beca5afe3c9545ed P e340548c83b347a78c56367613109fc4 [term 0 FOLLOWER]: Replica starting. Triggering 0 pending ops. Active config: opid_index: -1 OBSOLETE_local: false peers { permanent_uuid: "e340548c83b347a78c56367613109fc4" member_type: VOTER last_known_addr { host: "127.29.31.2" port: 38601 } } peers { permanent_uuid: "6549580c94654cdcaf8e344a52389047" member_type: VOTER last_known_addr { host: "127.29.31.4" port: 43229 } } peers { permanent_uuid: "4a00aa68dc654e1981f2d3fc8adbfe6c" member_type: VOTER last_known_addr { host: "127.29.31.1" port: 34791 } }
I20260630 12:18:51.983271   678 raft_consensus.cc:359] T 931e320e4b164987beca5afe3c9545ed P 4a00aa68dc654e1981f2d3fc8adbfe6c [term 0 FOLLOWER]: Replica starting. Triggering 0 pending ops. Active config: opid_index: -1 OBSOLETE_local: false peers { permanent_uuid: "e340548c83b347a78c56367613109fc4" member_type: VOTER last_known_addr { host: "127.29.31.2" port: 38601 } } peers { permanent_uuid: "6549580c94654cdcaf8e344a52389047" member_type: VOTER last_known_addr { host: "127.29.31.4" port: 43229 } } peers { permanent_uuid: "4a00aa68dc654e1981f2d3fc8adbfe6c" member_type: VOTER last_known_addr { host: "127.29.31.1" port: 34791 } }
I20260630 12:18:51.984066   477 tablet_service.cc:1917] Received RequestConsensusVote() RPC: tablet_id: "9ef738476ed74e81a928fd47d5465185" candidate_uuid: "e340548c83b347a78c56367613109fc4" candidate_term: 1 candidate_status { last_received { term: 0 index: 0 } } ignore_live_leader: false dest_uuid: "9b5404e10a304de2be9992270a73792b" is_pre_election: true
I20260630 12:18:51.984354   678 raft_consensus.cc:385] T 931e320e4b164987beca5afe3c9545ed P 4a00aa68dc654e1981f2d3fc8adbfe6c [term 0 FOLLOWER]: Consensus starting up: Expiring failure detector timer to make a prompt election more likely
I20260630 12:18:51.984668   477 raft_consensus.cc:2468] T 9ef738476ed74e81a928fd47d5465185 P 9b5404e10a304de2be9992270a73792b [term 0 FOLLOWER]: Leader pre-election vote request: Granting yes vote for candidate e340548c83b347a78c56367613109fc4 in term 0.
I20260630 12:18:51.984717   678 raft_consensus.cc:740] T 931e320e4b164987beca5afe3c9545ed P 4a00aa68dc654e1981f2d3fc8adbfe6c [term 0 FOLLOWER]: Becoming Follower/Learner. State: Replica: 4a00aa68dc654e1981f2d3fc8adbfe6c, State: Initialized, Role: FOLLOWER
I20260630 12:18:51.985767   678 consensus_queue.cc:260] T 931e320e4b164987beca5afe3c9545ed P 4a00aa68dc654e1981f2d3fc8adbfe6c [NON_LEADER]: Queue going to NON_LEADER mode. State: All replicated index: 0, Majority replicated index: 0, Committed index: 0, Last appended: 0.0, Last appended by leader: 0, Current term: 0, Majority size: -1, State: 0, Mode: NON_LEADER, active raft config: opid_index: -1 OBSOLETE_local: false peers { permanent_uuid: "e340548c83b347a78c56367613109fc4" member_type: VOTER last_known_addr { host: "127.29.31.2" port: 38601 } } peers { permanent_uuid: "6549580c94654cdcaf8e344a52389047" member_type: VOTER last_known_addr { host: "127.29.31.4" port: 43229 } } peers { permanent_uuid: "4a00aa68dc654e1981f2d3fc8adbfe6c" member_type: VOTER last_known_addr { host: "127.29.31.1" port: 34791 } }
I20260630 12:18:51.986474   477 tablet_service.cc:1917] Received RequestConsensusVote() RPC: tablet_id: "02f660460b79476bb97bc1a120ec019e" candidate_uuid: "e340548c83b347a78c56367613109fc4" candidate_term: 1 candidate_status { last_received { term: 0 index: 0 } } ignore_live_leader: false dest_uuid: "9b5404e10a304de2be9992270a73792b" is_pre_election: true
I20260630 12:18:51.987870   370 leader_election.cc:304] T 9ef738476ed74e81a928fd47d5465185 P e340548c83b347a78c56367613109fc4 [CANDIDATE]: Term 1 pre-election: Election decided. Result: candidate won. Election summary: received 2 responses out of 3 voters: 2 yes votes; 0 no votes. yes voters: 9b5404e10a304de2be9992270a73792b, e340548c83b347a78c56367613109fc4; no voters: 
I20260630 12:18:51.988730   558 raft_consensus.cc:2804] T 9ef738476ed74e81a928fd47d5465185 P e340548c83b347a78c56367613109fc4 [term 0 FOLLOWER]: Leader pre-election won for term 1
I20260630 12:18:51.989073   558 raft_consensus.cc:493] T 9ef738476ed74e81a928fd47d5465185 P e340548c83b347a78c56367613109fc4 [term 0 FOLLOWER]: Starting leader election (no leader contacted us within the election timeout)
I20260630 12:18:51.989399   558 raft_consensus.cc:3060] T 9ef738476ed74e81a928fd47d5465185 P e340548c83b347a78c56367613109fc4 [term 0 FOLLOWER]: Advancing to term 1
W20260630 12:18:51.994962   370 leader_election.cc:343] T 02f660460b79476bb97bc1a120ec019e P e340548c83b347a78c56367613109fc4 [CANDIDATE]: Term 1 pre-election: Tablet error from VoteRequest() call to peer 9b5404e10a304de2be9992270a73792b (127.29.31.3:39329): Illegal state: must be running to vote when last-logged opid is not known
I20260630 12:18:51.996973   558 raft_consensus.cc:515] T 9ef738476ed74e81a928fd47d5465185 P e340548c83b347a78c56367613109fc4 [term 1 FOLLOWER]: Starting leader election with config: opid_index: -1 OBSOLETE_local: false peers { permanent_uuid: "e340548c83b347a78c56367613109fc4" member_type: VOTER last_known_addr { host: "127.29.31.2" port: 38601 } } peers { permanent_uuid: "6549580c94654cdcaf8e344a52389047" member_type: VOTER last_known_addr { host: "127.29.31.4" port: 43229 } } peers { permanent_uuid: "9b5404e10a304de2be9992270a73792b" member_type: VOTER last_known_addr { host: "127.29.31.3" port: 39329 } }
I20260630 12:18:51.998803   678 ts_tablet_manager.cc:1434] T 931e320e4b164987beca5afe3c9545ed P 4a00aa68dc654e1981f2d3fc8adbfe6c: Time spent starting tablet: real 0.018s	user 0.007s	sys 0.002s
I20260630 12:18:51.983392   676 raft_consensus.cc:385] T 931e320e4b164987beca5afe3c9545ed P e340548c83b347a78c56367613109fc4 [term 0 FOLLOWER]: Consensus starting up: Expiring failure detector timer to make a prompt election more likely
I20260630 12:18:51.999467   676 raft_consensus.cc:740] T 931e320e4b164987beca5afe3c9545ed P e340548c83b347a78c56367613109fc4 [term 0 FOLLOWER]: Becoming Follower/Learner. State: Replica: e340548c83b347a78c56367613109fc4, State: Initialized, Role: FOLLOWER
I20260630 12:18:52.000381   676 consensus_queue.cc:260] T 931e320e4b164987beca5afe3c9545ed P e340548c83b347a78c56367613109fc4 [NON_LEADER]: Queue going to NON_LEADER mode. State: All replicated index: 0, Majority replicated index: 0, Committed index: 0, Last appended: 0.0, Last appended by leader: 0, Current term: 0, Majority size: -1, State: 0, Mode: NON_LEADER, active raft config: opid_index: -1 OBSOLETE_local: false peers { permanent_uuid: "e340548c83b347a78c56367613109fc4" member_type: VOTER last_known_addr { host: "127.29.31.2" port: 38601 } } peers { permanent_uuid: "6549580c94654cdcaf8e344a52389047" member_type: VOTER last_known_addr { host: "127.29.31.4" port: 43229 } } peers { permanent_uuid: "4a00aa68dc654e1981f2d3fc8adbfe6c" member_type: VOTER last_known_addr { host: "127.29.31.1" port: 34791 } }
I20260630 12:18:52.002396   643 tablet_service.cc:1917] Received RequestConsensusVote() RPC: tablet_id: "9ef738476ed74e81a928fd47d5465185" candidate_uuid: "e340548c83b347a78c56367613109fc4" candidate_term: 1 candidate_status { last_received { term: 0 index: 0 } } ignore_live_leader: false dest_uuid: "6549580c94654cdcaf8e344a52389047" is_pre_election: true
I20260630 12:18:52.003070   643 raft_consensus.cc:2468] T 9ef738476ed74e81a928fd47d5465185 P 6549580c94654cdcaf8e344a52389047 [term 0 FOLLOWER]: Leader pre-election vote request: Granting yes vote for candidate e340548c83b347a78c56367613109fc4 in term 0.
I20260630 12:18:52.005678   678 tablet_bootstrap.cc:492] T 56a00b0e98164df4a99a6a418b1979f9 P 4a00aa68dc654e1981f2d3fc8adbfe6c: Bootstrap starting.
I20260630 12:18:52.005468   643 tablet_service.cc:1917] Received RequestConsensusVote() RPC: tablet_id: "02f660460b79476bb97bc1a120ec019e" candidate_uuid: "e340548c83b347a78c56367613109fc4" candidate_term: 1 candidate_status { last_received { term: 0 index: 0 } } ignore_live_leader: false dest_uuid: "6549580c94654cdcaf8e344a52389047" is_pre_election: true
I20260630 12:18:52.006283   643 raft_consensus.cc:2468] T 02f660460b79476bb97bc1a120ec019e P 6549580c94654cdcaf8e344a52389047 [term 0 FOLLOWER]: Leader pre-election vote request: Granting yes vote for candidate e340548c83b347a78c56367613109fc4 in term 0.
I20260630 12:18:52.007280   642 tablet_service.cc:1917] Received RequestConsensusVote() RPC: tablet_id: "9ef738476ed74e81a928fd47d5465185" candidate_uuid: "e340548c83b347a78c56367613109fc4" candidate_term: 1 candidate_status { last_received { term: 0 index: 0 } } ignore_live_leader: false dest_uuid: "6549580c94654cdcaf8e344a52389047"
I20260630 12:18:52.008155   642 raft_consensus.cc:3060] T 9ef738476ed74e81a928fd47d5465185 P 6549580c94654cdcaf8e344a52389047 [term 0 FOLLOWER]: Advancing to term 1
I20260630 12:18:52.011173   676 ts_tablet_manager.cc:1434] T 931e320e4b164987beca5afe3c9545ed P e340548c83b347a78c56367613109fc4: Time spent starting tablet: real 0.032s	user 0.003s	sys 0.004s
I20260630 12:18:52.001622   558 leader_election.cc:290] T 9ef738476ed74e81a928fd47d5465185 P e340548c83b347a78c56367613109fc4 [CANDIDATE]: Term 1 election: Requested vote from peers 6549580c94654cdcaf8e344a52389047 (127.29.31.4:43229), 9b5404e10a304de2be9992270a73792b (127.29.31.3:39329)
I20260630 12:18:52.014240   477 tablet_service.cc:1917] Received RequestConsensusVote() RPC: tablet_id: "9ef738476ed74e81a928fd47d5465185" candidate_uuid: "e340548c83b347a78c56367613109fc4" candidate_term: 1 candidate_status { last_received { term: 0 index: 0 } } ignore_live_leader: false dest_uuid: "9b5404e10a304de2be9992270a73792b"
I20260630 12:18:52.014942   678 tablet_bootstrap.cc:654] T 56a00b0e98164df4a99a6a418b1979f9 P 4a00aa68dc654e1981f2d3fc8adbfe6c: Neither blocks nor log segments found. Creating new log.
I20260630 12:18:52.015059   477 raft_consensus.cc:3060] T 9ef738476ed74e81a928fd47d5465185 P 9b5404e10a304de2be9992270a73792b [term 0 FOLLOWER]: Advancing to term 1
I20260630 12:18:52.019110   687 raft_consensus.cc:493] T 56a00b0e98164df4a99a6a418b1979f9 P 6549580c94654cdcaf8e344a52389047 [term 0 FOLLOWER]: Starting pre-election (no leader contacted us within the election timeout)
I20260630 12:18:52.019626   687 raft_consensus.cc:515] T 56a00b0e98164df4a99a6a418b1979f9 P 6549580c94654cdcaf8e344a52389047 [term 0 FOLLOWER]: Starting pre-election with config: opid_index: -1 OBSOLETE_local: false peers { permanent_uuid: "6549580c94654cdcaf8e344a52389047" member_type: VOTER last_known_addr { host: "127.29.31.4" port: 43229 } } peers { permanent_uuid: "9b5404e10a304de2be9992270a73792b" member_type: VOTER last_known_addr { host: "127.29.31.3" port: 39329 } } peers { permanent_uuid: "4a00aa68dc654e1981f2d3fc8adbfe6c" member_type: VOTER last_known_addr { host: "127.29.31.1" port: 34791 } }
I20260630 12:18:52.020432   558 raft_consensus.cc:493] T 6dd314fc5ba942cebad090ed316c781f P e340548c83b347a78c56367613109fc4 [term 0 FOLLOWER]: Starting pre-election (no leader contacted us within the election timeout)
I20260630 12:18:52.021066   558 raft_consensus.cc:515] T 6dd314fc5ba942cebad090ed316c781f P e340548c83b347a78c56367613109fc4 [term 0 FOLLOWER]: Starting pre-election with config: opid_index: -1 OBSOLETE_local: false peers { permanent_uuid: "6549580c94654cdcaf8e344a52389047" member_type: VOTER last_known_addr { host: "127.29.31.4" port: 43229 } } peers { permanent_uuid: "4a00aa68dc654e1981f2d3fc8adbfe6c" member_type: VOTER last_known_addr { host: "127.29.31.1" port: 34791 } } peers { permanent_uuid: "e340548c83b347a78c56367613109fc4" member_type: VOTER last_known_addr { host: "127.29.31.2" port: 38601 } }
I20260630 12:18:52.022147   687 leader_election.cc:290] T 56a00b0e98164df4a99a6a418b1979f9 P 6549580c94654cdcaf8e344a52389047 [CANDIDATE]: Term 1 pre-election: Requested pre-vote from peers 9b5404e10a304de2be9992270a73792b (127.29.31.3:39329), 4a00aa68dc654e1981f2d3fc8adbfe6c (127.29.31.1:34791)
I20260630 12:18:52.023561   558 leader_election.cc:290] T 6dd314fc5ba942cebad090ed316c781f P e340548c83b347a78c56367613109fc4 [CANDIDATE]: Term 1 pre-election: Requested pre-vote from peers 6549580c94654cdcaf8e344a52389047 (127.29.31.4:43229), 4a00aa68dc654e1981f2d3fc8adbfe6c (127.29.31.1:34791)
I20260630 12:18:52.024259   642 raft_consensus.cc:2468] T 9ef738476ed74e81a928fd47d5465185 P 6549580c94654cdcaf8e344a52389047 [term 1 FOLLOWER]: Leader election vote request: Granting yes vote for candidate e340548c83b347a78c56367613109fc4 in term 1.
I20260630 12:18:52.025852   678 tablet_bootstrap.cc:492] T 56a00b0e98164df4a99a6a418b1979f9 P 4a00aa68dc654e1981f2d3fc8adbfe6c: No bootstrap required, opened a new log
I20260630 12:18:52.026336   678 ts_tablet_manager.cc:1403] T 56a00b0e98164df4a99a6a418b1979f9 P 4a00aa68dc654e1981f2d3fc8adbfe6c: Time spent bootstrapping tablet: real 0.021s	user 0.013s	sys 0.003s
I20260630 12:18:52.029053   678 raft_consensus.cc:359] T 56a00b0e98164df4a99a6a418b1979f9 P 4a00aa68dc654e1981f2d3fc8adbfe6c [term 0 FOLLOWER]: Replica starting. Triggering 0 pending ops. Active config: opid_index: -1 OBSOLETE_local: false peers { permanent_uuid: "6549580c94654cdcaf8e344a52389047" member_type: VOTER last_known_addr { host: "127.29.31.4" port: 43229 } } peers { permanent_uuid: "9b5404e10a304de2be9992270a73792b" member_type: VOTER last_known_addr { host: "127.29.31.3" port: 39329 } } peers { permanent_uuid: "4a00aa68dc654e1981f2d3fc8adbfe6c" member_type: VOTER last_known_addr { host: "127.29.31.1" port: 34791 } }
I20260630 12:18:52.029543   477 raft_consensus.cc:2468] T 9ef738476ed74e81a928fd47d5465185 P 9b5404e10a304de2be9992270a73792b [term 1 FOLLOWER]: Leader election vote request: Granting yes vote for candidate e340548c83b347a78c56367613109fc4 in term 1.
I20260630 12:18:52.029884   678 raft_consensus.cc:385] T 56a00b0e98164df4a99a6a418b1979f9 P 4a00aa68dc654e1981f2d3fc8adbfe6c [term 0 FOLLOWER]: Consensus starting up: Expiring failure detector timer to make a prompt election more likely
I20260630 12:18:52.030292   678 raft_consensus.cc:740] T 56a00b0e98164df4a99a6a418b1979f9 P 4a00aa68dc654e1981f2d3fc8adbfe6c [term 0 FOLLOWER]: Becoming Follower/Learner. State: Replica: 4a00aa68dc654e1981f2d3fc8adbfe6c, State: Initialized, Role: FOLLOWER
I20260630 12:18:52.031261   678 consensus_queue.cc:260] T 56a00b0e98164df4a99a6a418b1979f9 P 4a00aa68dc654e1981f2d3fc8adbfe6c [NON_LEADER]: Queue going to NON_LEADER mode. State: All replicated index: 0, Majority replicated index: 0, Committed index: 0, Last appended: 0.0, Last appended by leader: 0, Current term: 0, Majority size: -1, State: 0, Mode: NON_LEADER, active raft config: opid_index: -1 OBSOLETE_local: false peers { permanent_uuid: "6549580c94654cdcaf8e344a52389047" member_type: VOTER last_known_addr { host: "127.29.31.4" port: 43229 } } peers { permanent_uuid: "9b5404e10a304de2be9992270a73792b" member_type: VOTER last_known_addr { host: "127.29.31.3" port: 39329 } } peers { permanent_uuid: "4a00aa68dc654e1981f2d3fc8adbfe6c" member_type: VOTER last_known_addr { host: "127.29.31.1" port: 34791 } }
I20260630 12:18:52.031777   370 leader_election.cc:304] T 02f660460b79476bb97bc1a120ec019e P e340548c83b347a78c56367613109fc4 [CANDIDATE]: Term 1 pre-election: Election decided. Result: candidate won. Election summary: received 3 responses out of 3 voters: 2 yes votes; 1 no votes. yes voters: 6549580c94654cdcaf8e344a52389047, e340548c83b347a78c56367613109fc4; no voters: 9b5404e10a304de2be9992270a73792b
I20260630 12:18:52.033260   558 raft_consensus.cc:2804] T 02f660460b79476bb97bc1a120ec019e P e340548c83b347a78c56367613109fc4 [term 0 FOLLOWER]: Leader pre-election won for term 1
I20260630 12:18:52.033417   678 ts_tablet_manager.cc:1434] T 56a00b0e98164df4a99a6a418b1979f9 P 4a00aa68dc654e1981f2d3fc8adbfe6c: Time spent starting tablet: real 0.007s	user 0.002s	sys 0.002s
I20260630 12:18:52.033741   558 raft_consensus.cc:493] T 02f660460b79476bb97bc1a120ec019e P e340548c83b347a78c56367613109fc4 [term 0 FOLLOWER]: Starting leader election (no leader contacted us within the election timeout)
I20260630 12:18:52.034181   558 raft_consensus.cc:3060] T 02f660460b79476bb97bc1a120ec019e P e340548c83b347a78c56367613109fc4 [term 0 FOLLOWER]: Advancing to term 1
I20260630 12:18:52.034457   678 tablet_bootstrap.cc:492] T 246767bf2dae49b98454d8978f2d858f P 4a00aa68dc654e1981f2d3fc8adbfe6c: Bootstrap starting.
I20260630 12:18:52.040709   678 tablet_bootstrap.cc:654] T 246767bf2dae49b98454d8978f2d858f P 4a00aa68dc654e1981f2d3fc8adbfe6c: Neither blocks nor log segments found. Creating new log.
I20260630 12:18:52.044553   329 tablet_service.cc:1917] Received RequestConsensusVote() RPC: tablet_id: "6dd314fc5ba942cebad090ed316c781f" candidate_uuid: "e340548c83b347a78c56367613109fc4" candidate_term: 1 candidate_status { last_received { term: 0 index: 0 } } ignore_live_leader: false dest_uuid: "4a00aa68dc654e1981f2d3fc8adbfe6c" is_pre_election: true
I20260630 12:18:52.045399   329 raft_consensus.cc:2468] T 6dd314fc5ba942cebad090ed316c781f P 4a00aa68dc654e1981f2d3fc8adbfe6c [term 0 FOLLOWER]: Leader pre-election vote request: Granting yes vote for candidate e340548c83b347a78c56367613109fc4 in term 0.
I20260630 12:18:52.046840   370 leader_election.cc:304] T 9ef738476ed74e81a928fd47d5465185 P e340548c83b347a78c56367613109fc4 [CANDIDATE]: Term 1 election: Election decided. Result: candidate won. Election summary: received 2 responses out of 3 voters: 2 yes votes; 0 no votes. yes voters: 9b5404e10a304de2be9992270a73792b, e340548c83b347a78c56367613109fc4; no voters: 
I20260630 12:18:52.047833   564 raft_consensus.cc:2804] T 9ef738476ed74e81a928fd47d5465185 P e340548c83b347a78c56367613109fc4 [term 1 FOLLOWER]: Leader election won for term 1
I20260630 12:18:52.048020   370 leader_election.cc:304] T 6dd314fc5ba942cebad090ed316c781f P e340548c83b347a78c56367613109fc4 [CANDIDATE]: Term 1 pre-election: Election decided. Result: candidate won. Election summary: received 2 responses out of 3 voters: 2 yes votes; 0 no votes. yes voters: 4a00aa68dc654e1981f2d3fc8adbfe6c, e340548c83b347a78c56367613109fc4; no voters: 
I20260630 12:18:52.048476   564 raft_consensus.cc:697] T 9ef738476ed74e81a928fd47d5465185 P e340548c83b347a78c56367613109fc4 [term 1 LEADER]: Becoming Leader. State: Replica: e340548c83b347a78c56367613109fc4, State: Running, Role: LEADER
I20260630 12:18:52.049342   619 raft_consensus.cc:2804] T 6dd314fc5ba942cebad090ed316c781f P e340548c83b347a78c56367613109fc4 [term 0 FOLLOWER]: Leader pre-election won for term 1
I20260630 12:18:52.049834   619 raft_consensus.cc:493] T 6dd314fc5ba942cebad090ed316c781f P e340548c83b347a78c56367613109fc4 [term 0 FOLLOWER]: Starting leader election (no leader contacted us within the election timeout)
I20260630 12:18:52.049548   564 consensus_queue.cc:237] T 9ef738476ed74e81a928fd47d5465185 P e340548c83b347a78c56367613109fc4 [LEADER]: Queue going to LEADER mode. State: All replicated index: 0, Majority replicated index: 0, Committed index: 0, Last appended: 0.0, Last appended by leader: 0, Current term: 1, Majority size: 2, State: 0, Mode: LEADER, active raft config: opid_index: -1 OBSOLETE_local: false peers { permanent_uuid: "e340548c83b347a78c56367613109fc4" member_type: VOTER last_known_addr { host: "127.29.31.2" port: 38601 } } peers { permanent_uuid: "6549580c94654cdcaf8e344a52389047" member_type: VOTER last_known_addr { host: "127.29.31.4" port: 43229 } } peers { permanent_uuid: "9b5404e10a304de2be9992270a73792b" member_type: VOTER last_known_addr { host: "127.29.31.3" port: 39329 } }
I20260630 12:18:52.050276   619 raft_consensus.cc:3060] T 6dd314fc5ba942cebad090ed316c781f P e340548c83b347a78c56367613109fc4 [term 0 FOLLOWER]: Advancing to term 1
I20260630 12:18:52.052105   678 tablet_bootstrap.cc:492] T 246767bf2dae49b98454d8978f2d858f P 4a00aa68dc654e1981f2d3fc8adbfe6c: No bootstrap required, opened a new log
I20260630 12:18:52.052597   678 ts_tablet_manager.cc:1403] T 246767bf2dae49b98454d8978f2d858f P 4a00aa68dc654e1981f2d3fc8adbfe6c: Time spent bootstrapping tablet: real 0.018s	user 0.016s	sys 0.000s
I20260630 12:18:52.056483   678 raft_consensus.cc:359] T 246767bf2dae49b98454d8978f2d858f P 4a00aa68dc654e1981f2d3fc8adbfe6c [term 0 FOLLOWER]: Replica starting. Triggering 0 pending ops. Active config: opid_index: -1 OBSOLETE_local: false peers { permanent_uuid: "4a00aa68dc654e1981f2d3fc8adbfe6c" member_type: VOTER last_known_addr { host: "127.29.31.1" port: 34791 } } peers { permanent_uuid: "6549580c94654cdcaf8e344a52389047" member_type: VOTER last_known_addr { host: "127.29.31.4" port: 43229 } } peers { permanent_uuid: "e340548c83b347a78c56367613109fc4" member_type: VOTER last_known_addr { host: "127.29.31.2" port: 38601 } }
I20260630 12:18:52.057618   678 raft_consensus.cc:385] T 246767bf2dae49b98454d8978f2d858f P 4a00aa68dc654e1981f2d3fc8adbfe6c [term 0 FOLLOWER]: Consensus starting up: Expiring failure detector timer to make a prompt election more likely
I20260630 12:18:52.058070   678 raft_consensus.cc:740] T 246767bf2dae49b98454d8978f2d858f P 4a00aa68dc654e1981f2d3fc8adbfe6c [term 0 FOLLOWER]: Becoming Follower/Learner. State: Replica: 4a00aa68dc654e1981f2d3fc8adbfe6c, State: Initialized, Role: FOLLOWER
I20260630 12:18:52.058374   619 raft_consensus.cc:515] T 6dd314fc5ba942cebad090ed316c781f P e340548c83b347a78c56367613109fc4 [term 1 FOLLOWER]: Starting leader election with config: opid_index: -1 OBSOLETE_local: false peers { permanent_uuid: "6549580c94654cdcaf8e344a52389047" member_type: VOTER last_known_addr { host: "127.29.31.4" port: 43229 } } peers { permanent_uuid: "4a00aa68dc654e1981f2d3fc8adbfe6c" member_type: VOTER last_known_addr { host: "127.29.31.1" port: 34791 } } peers { permanent_uuid: "e340548c83b347a78c56367613109fc4" member_type: VOTER last_known_addr { host: "127.29.31.2" port: 38601 } }
I20260630 12:18:52.059062   678 consensus_queue.cc:260] T 246767bf2dae49b98454d8978f2d858f P 4a00aa68dc654e1981f2d3fc8adbfe6c [NON_LEADER]: Queue going to NON_LEADER mode. State: All replicated index: 0, Majority replicated index: 0, Committed index: 0, Last appended: 0.0, Last appended by leader: 0, Current term: 0, Majority size: -1, State: 0, Mode: NON_LEADER, active raft config: opid_index: -1 OBSOLETE_local: false peers { permanent_uuid: "4a00aa68dc654e1981f2d3fc8adbfe6c" member_type: VOTER last_known_addr { host: "127.29.31.1" port: 34791 } } peers { permanent_uuid: "6549580c94654cdcaf8e344a52389047" member_type: VOTER last_known_addr { host: "127.29.31.4" port: 43229 } } peers { permanent_uuid: "e340548c83b347a78c56367613109fc4" member_type: VOTER last_known_addr { host: "127.29.31.2" port: 38601 } }
I20260630 12:18:52.061256   679 tablet_bootstrap.cc:492] T a19ddba1c6394d95888403019827d0e3 P 9b5404e10a304de2be9992270a73792b: No bootstrap required, opened a new log
I20260630 12:18:52.061056   642 tablet_service.cc:1917] Received RequestConsensusVote() RPC: tablet_id: "6dd314fc5ba942cebad090ed316c781f" candidate_uuid: "e340548c83b347a78c56367613109fc4" candidate_term: 1 candidate_status { last_received { term: 0 index: 0 } } ignore_live_leader: false dest_uuid: "6549580c94654cdcaf8e344a52389047" is_pre_election: true
I20260630 12:18:52.063814   678 ts_tablet_manager.cc:1434] T 246767bf2dae49b98454d8978f2d858f P 4a00aa68dc654e1981f2d3fc8adbfe6c: Time spent starting tablet: real 0.011s	user 0.008s	sys 0.000s
I20260630 12:18:52.063850   329 tablet_service.cc:1917] Received RequestConsensusVote() RPC: tablet_id: "6dd314fc5ba942cebad090ed316c781f" candidate_uuid: "e340548c83b347a78c56367613109fc4" candidate_term: 1 candidate_status { last_received { term: 0 index: 0 } } ignore_live_leader: false dest_uuid: "4a00aa68dc654e1981f2d3fc8adbfe6c"
I20260630 12:18:52.064719   329 raft_consensus.cc:3060] T 6dd314fc5ba942cebad090ed316c781f P 4a00aa68dc654e1981f2d3fc8adbfe6c [term 0 FOLLOWER]: Advancing to term 1
I20260630 12:18:52.061071   619 leader_election.cc:290] T 6dd314fc5ba942cebad090ed316c781f P e340548c83b347a78c56367613109fc4 [CANDIDATE]: Term 1 election: Requested vote from peers 6549580c94654cdcaf8e344a52389047 (127.29.31.4:43229), 4a00aa68dc654e1981f2d3fc8adbfe6c (127.29.31.1:34791)
I20260630 12:18:52.061825   679 ts_tablet_manager.cc:1403] T a19ddba1c6394d95888403019827d0e3 P 9b5404e10a304de2be9992270a73792b: Time spent bootstrapping tablet: real 0.096s	user 0.010s	sys 0.007s
W20260630 12:18:52.068401   370 leader_election.cc:343] T 6dd314fc5ba942cebad090ed316c781f P e340548c83b347a78c56367613109fc4 [CANDIDATE]: Term 1 pre-election: Tablet error from VoteRequest() call to peer 6549580c94654cdcaf8e344a52389047 (127.29.31.4:43229): Illegal state: must be running to vote when last-logged opid is not known
I20260630 12:18:52.059031   558 raft_consensus.cc:515] T 02f660460b79476bb97bc1a120ec019e P e340548c83b347a78c56367613109fc4 [term 1 FOLLOWER]: Starting leader election with config: opid_index: -1 OBSOLETE_local: false peers { permanent_uuid: "6549580c94654cdcaf8e344a52389047" member_type: VOTER last_known_addr { host: "127.29.31.4" port: 43229 } } peers { permanent_uuid: "e340548c83b347a78c56367613109fc4" member_type: VOTER last_known_addr { host: "127.29.31.2" port: 38601 } } peers { permanent_uuid: "9b5404e10a304de2be9992270a73792b" member_type: VOTER last_known_addr { host: "127.29.31.3" port: 39329 } }
I20260630 12:18:52.070926   558 leader_election.cc:290] T 02f660460b79476bb97bc1a120ec019e P e340548c83b347a78c56367613109fc4 [CANDIDATE]: Term 1 election: Requested vote from peers 6549580c94654cdcaf8e344a52389047 (127.29.31.4:43229), 9b5404e10a304de2be9992270a73792b (127.29.31.3:39329)
I20260630 12:18:52.071309   679 raft_consensus.cc:359] T a19ddba1c6394d95888403019827d0e3 P 9b5404e10a304de2be9992270a73792b [term 0 FOLLOWER]: Replica starting. Triggering 0 pending ops. Active config: opid_index: -1 OBSOLETE_local: false peers { permanent_uuid: "6549580c94654cdcaf8e344a52389047" member_type: VOTER last_known_addr { host: "127.29.31.4" port: 43229 } } peers { permanent_uuid: "4a00aa68dc654e1981f2d3fc8adbfe6c" member_type: VOTER last_known_addr { host: "127.29.31.1" port: 34791 } } peers { permanent_uuid: "9b5404e10a304de2be9992270a73792b" member_type: VOTER last_known_addr { host: "127.29.31.3" port: 39329 } }
I20260630 12:18:52.072021   679 raft_consensus.cc:385] T a19ddba1c6394d95888403019827d0e3 P 9b5404e10a304de2be9992270a73792b [term 0 FOLLOWER]: Consensus starting up: Expiring failure detector timer to make a prompt election more likely
I20260630 12:18:52.072364   679 raft_consensus.cc:740] T a19ddba1c6394d95888403019827d0e3 P 9b5404e10a304de2be9992270a73792b [term 0 FOLLOWER]: Becoming Follower/Learner. State: Replica: 9b5404e10a304de2be9992270a73792b, State: Initialized, Role: FOLLOWER
I20260630 12:18:52.072273   329 raft_consensus.cc:2468] T 6dd314fc5ba942cebad090ed316c781f P 4a00aa68dc654e1981f2d3fc8adbfe6c [term 1 FOLLOWER]: Leader election vote request: Granting yes vote for candidate e340548c83b347a78c56367613109fc4 in term 1.
I20260630 12:18:52.073268   679 consensus_queue.cc:260] T a19ddba1c6394d95888403019827d0e3 P 9b5404e10a304de2be9992270a73792b [NON_LEADER]: Queue going to NON_LEADER mode. State: All replicated index: 0, Majority replicated index: 0, Committed index: 0, Last appended: 0.0, Last appended by leader: 0, Current term: 0, Majority size: -1, State: 0, Mode: NON_LEADER, active raft config: opid_index: -1 OBSOLETE_local: false peers { permanent_uuid: "6549580c94654cdcaf8e344a52389047" member_type: VOTER last_known_addr { host: "127.29.31.4" port: 43229 } } peers { permanent_uuid: "4a00aa68dc654e1981f2d3fc8adbfe6c" member_type: VOTER last_known_addr { host: "127.29.31.1" port: 34791 } } peers { permanent_uuid: "9b5404e10a304de2be9992270a73792b" member_type: VOTER last_known_addr { host: "127.29.31.3" port: 39329 } }
I20260630 12:18:52.073907   643 tablet_service.cc:1917] Received RequestConsensusVote() RPC: tablet_id: "02f660460b79476bb97bc1a120ec019e" candidate_uuid: "e340548c83b347a78c56367613109fc4" candidate_term: 1 candidate_status { last_received { term: 0 index: 0 } } ignore_live_leader: false dest_uuid: "6549580c94654cdcaf8e344a52389047"
I20260630 12:18:52.074661   643 raft_consensus.cc:3060] T 02f660460b79476bb97bc1a120ec019e P 6549580c94654cdcaf8e344a52389047 [term 0 FOLLOWER]: Advancing to term 1
I20260630 12:18:52.075977   679 ts_tablet_manager.cc:1434] T a19ddba1c6394d95888403019827d0e3 P 9b5404e10a304de2be9992270a73792b: Time spent starting tablet: real 0.007s	user 0.006s	sys 0.000s
I20260630 12:18:52.076893   679 tablet_bootstrap.cc:492] T 02f660460b79476bb97bc1a120ec019e P 9b5404e10a304de2be9992270a73792b: Bootstrap starting.
I20260630 12:18:52.073971   642 tablet_service.cc:1917] Received RequestConsensusVote() RPC: tablet_id: "6dd314fc5ba942cebad090ed316c781f" candidate_uuid: "e340548c83b347a78c56367613109fc4" candidate_term: 1 candidate_status { last_received { term: 0 index: 0 } } ignore_live_leader: false dest_uuid: "6549580c94654cdcaf8e344a52389047"
I20260630 12:18:52.082479   477 tablet_service.cc:1917] Received RequestConsensusVote() RPC: tablet_id: "02f660460b79476bb97bc1a120ec019e" candidate_uuid: "e340548c83b347a78c56367613109fc4" candidate_term: 1 candidate_status { last_received { term: 0 index: 0 } } ignore_live_leader: false dest_uuid: "9b5404e10a304de2be9992270a73792b"
I20260630 12:18:52.083119   679 tablet_bootstrap.cc:654] T 02f660460b79476bb97bc1a120ec019e P 9b5404e10a304de2be9992270a73792b: Neither blocks nor log segments found. Creating new log.
I20260630 12:18:52.081887   643 raft_consensus.cc:2468] T 02f660460b79476bb97bc1a120ec019e P 6549580c94654cdcaf8e344a52389047 [term 1 FOLLOWER]: Leader election vote request: Granting yes vote for candidate e340548c83b347a78c56367613109fc4 in term 1.
W20260630 12:18:52.086736   370 leader_election.cc:343] T 02f660460b79476bb97bc1a120ec019e P e340548c83b347a78c56367613109fc4 [CANDIDATE]: Term 1 election: Tablet error from VoteRequest() call to peer 9b5404e10a304de2be9992270a73792b (127.29.31.3:39329): Illegal state: must be running to vote when last-logged opid is not known
W20260630 12:18:52.088431   370 leader_election.cc:343] T 6dd314fc5ba942cebad090ed316c781f P e340548c83b347a78c56367613109fc4 [CANDIDATE]: Term 1 election: Tablet error from VoteRequest() call to peer 6549580c94654cdcaf8e344a52389047 (127.29.31.4:43229): Illegal state: must be running to vote when last-logged opid is not known
I20260630 12:18:52.087222   558 raft_consensus.cc:493] T 246767bf2dae49b98454d8978f2d858f P e340548c83b347a78c56367613109fc4 [term 0 FOLLOWER]: Starting pre-election (no leader contacted us within the election timeout)
I20260630 12:18:52.089359   680 tablet_bootstrap.cc:492] T a19ddba1c6394d95888403019827d0e3 P 6549580c94654cdcaf8e344a52389047: No bootstrap required, opened a new log
I20260630 12:18:52.089169   558 raft_consensus.cc:515] T 246767bf2dae49b98454d8978f2d858f P e340548c83b347a78c56367613109fc4 [term 0 FOLLOWER]: Starting pre-election with config: opid_index: -1 OBSOLETE_local: false peers { permanent_uuid: "4a00aa68dc654e1981f2d3fc8adbfe6c" member_type: VOTER last_known_addr { host: "127.29.31.1" port: 34791 } } peers { permanent_uuid: "6549580c94654cdcaf8e344a52389047" member_type: VOTER last_known_addr { host: "127.29.31.4" port: 43229 } } peers { permanent_uuid: "e340548c83b347a78c56367613109fc4" member_type: VOTER last_known_addr { host: "127.29.31.2" port: 38601 } }
I20260630 12:18:52.089874   680 ts_tablet_manager.cc:1403] T a19ddba1c6394d95888403019827d0e3 P 6549580c94654cdcaf8e344a52389047: Time spent bootstrapping tablet: real 0.150s	user 0.023s	sys 0.019s
I20260630 12:18:52.091249   558 leader_election.cc:290] T 246767bf2dae49b98454d8978f2d858f P e340548c83b347a78c56367613109fc4 [CANDIDATE]: Term 1 pre-election: Requested pre-vote from peers 4a00aa68dc654e1981f2d3fc8adbfe6c (127.29.31.1:34791), 6549580c94654cdcaf8e344a52389047 (127.29.31.4:43229)
I20260630 12:18:52.092073   370 leader_election.cc:304] T 02f660460b79476bb97bc1a120ec019e P e340548c83b347a78c56367613109fc4 [CANDIDATE]: Term 1 election: Election decided. Result: candidate won. Election summary: received 3 responses out of 3 voters: 2 yes votes; 1 no votes. yes voters: 6549580c94654cdcaf8e344a52389047, e340548c83b347a78c56367613109fc4; no voters: 9b5404e10a304de2be9992270a73792b
I20260630 12:18:52.092770   680 raft_consensus.cc:359] T a19ddba1c6394d95888403019827d0e3 P 6549580c94654cdcaf8e344a52389047 [term 0 FOLLOWER]: Replica starting. Triggering 0 pending ops. Active config: opid_index: -1 OBSOLETE_local: false peers { permanent_uuid: "6549580c94654cdcaf8e344a52389047" member_type: VOTER last_known_addr { host: "127.29.31.4" port: 43229 } } peers { permanent_uuid: "4a00aa68dc654e1981f2d3fc8adbfe6c" member_type: VOTER last_known_addr { host: "127.29.31.1" port: 34791 } } peers { permanent_uuid: "9b5404e10a304de2be9992270a73792b" member_type: VOTER last_known_addr { host: "127.29.31.3" port: 39329 } }
I20260630 12:18:52.096263   680 raft_consensus.cc:385] T a19ddba1c6394d95888403019827d0e3 P 6549580c94654cdcaf8e344a52389047 [term 0 FOLLOWER]: Consensus starting up: Expiring failure detector timer to make a prompt election more likely
I20260630 12:18:52.096594   680 raft_consensus.cc:740] T a19ddba1c6394d95888403019827d0e3 P 6549580c94654cdcaf8e344a52389047 [term 0 FOLLOWER]: Becoming Follower/Learner. State: Replica: 6549580c94654cdcaf8e344a52389047, State: Initialized, Role: FOLLOWER
I20260630 12:18:52.093235   370 leader_election.cc:304] T 6dd314fc5ba942cebad090ed316c781f P e340548c83b347a78c56367613109fc4 [CANDIDATE]: Term 1 election: Election decided. Result: candidate won. Election summary: received 3 responses out of 3 voters: 2 yes votes; 1 no votes. yes voters: 4a00aa68dc654e1981f2d3fc8adbfe6c, e340548c83b347a78c56367613109fc4; no voters: 6549580c94654cdcaf8e344a52389047
I20260630 12:18:52.097600   564 raft_consensus.cc:2804] T 6dd314fc5ba942cebad090ed316c781f P e340548c83b347a78c56367613109fc4 [term 1 FOLLOWER]: Leader election won for term 1
I20260630 12:18:52.098054   564 raft_consensus.cc:697] T 6dd314fc5ba942cebad090ed316c781f P e340548c83b347a78c56367613109fc4 [term 1 LEADER]: Becoming Leader. State: Replica: e340548c83b347a78c56367613109fc4, State: Running, Role: LEADER
I20260630 12:18:52.098958   643 tablet_service.cc:1917] Received RequestConsensusVote() RPC: tablet_id: "246767bf2dae49b98454d8978f2d858f" candidate_uuid: "e340548c83b347a78c56367613109fc4" candidate_term: 1 candidate_status { last_received { term: 0 index: 0 } } ignore_live_leader: false dest_uuid: "6549580c94654cdcaf8e344a52389047" is_pre_election: true
I20260630 12:18:52.098834   564 consensus_queue.cc:237] T 6dd314fc5ba942cebad090ed316c781f P e340548c83b347a78c56367613109fc4 [LEADER]: Queue going to LEADER mode. State: All replicated index: 0, Majority replicated index: 0, Committed index: 0, Last appended: 0.0, Last appended by leader: 0, Current term: 1, Majority size: 2, State: 0, Mode: LEADER, active raft config: opid_index: -1 OBSOLETE_local: false peers { permanent_uuid: "6549580c94654cdcaf8e344a52389047" member_type: VOTER last_known_addr { host: "127.29.31.4" port: 43229 } } peers { permanent_uuid: "4a00aa68dc654e1981f2d3fc8adbfe6c" member_type: VOTER last_known_addr { host: "127.29.31.1" port: 34791 } } peers { permanent_uuid: "e340548c83b347a78c56367613109fc4" member_type: VOTER last_known_addr { host: "127.29.31.2" port: 38601 } }
I20260630 12:18:52.099682   643 raft_consensus.cc:2468] T 246767bf2dae49b98454d8978f2d858f P 6549580c94654cdcaf8e344a52389047 [term 0 FOLLOWER]: Leader pre-election vote request: Granting yes vote for candidate e340548c83b347a78c56367613109fc4 in term 0.
I20260630 12:18:52.093783   558 raft_consensus.cc:2804] T 02f660460b79476bb97bc1a120ec019e P e340548c83b347a78c56367613109fc4 [term 1 FOLLOWER]: Leader election won for term 1
I20260630 12:18:52.098788   328 tablet_service.cc:1917] Received RequestConsensusVote() RPC: tablet_id: "246767bf2dae49b98454d8978f2d858f" candidate_uuid: "e340548c83b347a78c56367613109fc4" candidate_term: 1 candidate_status { last_received { term: 0 index: 0 } } ignore_live_leader: false dest_uuid: "4a00aa68dc654e1981f2d3fc8adbfe6c" is_pre_election: true
I20260630 12:18:52.100896   558 raft_consensus.cc:697] T 02f660460b79476bb97bc1a120ec019e P e340548c83b347a78c56367613109fc4 [term 1 LEADER]: Becoming Leader. State: Replica: e340548c83b347a78c56367613109fc4, State: Running, Role: LEADER
I20260630 12:18:52.100980   328 raft_consensus.cc:2468] T 246767bf2dae49b98454d8978f2d858f P 4a00aa68dc654e1981f2d3fc8adbfe6c [term 0 FOLLOWER]: Leader pre-election vote request: Granting yes vote for candidate e340548c83b347a78c56367613109fc4 in term 0.
I20260630 12:18:52.078123 32693 catalog_manager.cc:5697] T 9ef738476ed74e81a928fd47d5465185 P e340548c83b347a78c56367613109fc4 reported cstate change: term changed from 0 to 1, leader changed from <none> to e340548c83b347a78c56367613109fc4 (127.29.31.2). New cstate: current_term: 1 leader_uuid: "e340548c83b347a78c56367613109fc4" committed_config { opid_index: -1 OBSOLETE_local: false peers { permanent_uuid: "e340548c83b347a78c56367613109fc4" member_type: VOTER last_known_addr { host: "127.29.31.2" port: 38601 } health_report { overall_health: HEALTHY } } peers { permanent_uuid: "6549580c94654cdcaf8e344a52389047" member_type: VOTER last_known_addr { host: "127.29.31.4" port: 43229 } health_report { overall_health: UNKNOWN } } peers { permanent_uuid: "9b5404e10a304de2be9992270a73792b" member_type: VOTER last_known_addr { host: "127.29.31.3" port: 39329 } health_report { overall_health: UNKNOWN } } }
I20260630 12:18:52.101750   558 consensus_queue.cc:237] T 02f660460b79476bb97bc1a120ec019e P e340548c83b347a78c56367613109fc4 [LEADER]: Queue going to LEADER mode. State: All replicated index: 0, Majority replicated index: 0, Committed index: 0, Last appended: 0.0, Last appended by leader: 0, Current term: 1, Majority size: 2, State: 0, Mode: LEADER, active raft config: opid_index: -1 OBSOLETE_local: false peers { permanent_uuid: "6549580c94654cdcaf8e344a52389047" member_type: VOTER last_known_addr { host: "127.29.31.4" port: 43229 } } peers { permanent_uuid: "e340548c83b347a78c56367613109fc4" member_type: VOTER last_known_addr { host: "127.29.31.2" port: 38601 } } peers { permanent_uuid: "9b5404e10a304de2be9992270a73792b" member_type: VOTER last_known_addr { host: "127.29.31.3" port: 39329 } }
I20260630 12:18:52.105268   370 leader_election.cc:304] T 246767bf2dae49b98454d8978f2d858f P e340548c83b347a78c56367613109fc4 [CANDIDATE]: Term 1 pre-election: Election decided. Result: candidate won. Election summary: received 2 responses out of 3 voters: 2 yes votes; 0 no votes. yes voters: 4a00aa68dc654e1981f2d3fc8adbfe6c, e340548c83b347a78c56367613109fc4; no voters: 
I20260630 12:18:52.106029   564 raft_consensus.cc:2804] T 246767bf2dae49b98454d8978f2d858f P e340548c83b347a78c56367613109fc4 [term 0 FOLLOWER]: Leader pre-election won for term 1
I20260630 12:18:52.106383   564 raft_consensus.cc:493] T 246767bf2dae49b98454d8978f2d858f P e340548c83b347a78c56367613109fc4 [term 0 FOLLOWER]: Starting leader election (no leader contacted us within the election timeout)
I20260630 12:18:52.106748   564 raft_consensus.cc:3060] T 246767bf2dae49b98454d8978f2d858f P e340548c83b347a78c56367613109fc4 [term 0 FOLLOWER]: Advancing to term 1
I20260630 12:18:52.106881   680 consensus_queue.cc:260] T a19ddba1c6394d95888403019827d0e3 P 6549580c94654cdcaf8e344a52389047 [NON_LEADER]: Queue going to NON_LEADER mode. State: All replicated index: 0, Majority replicated index: 0, Committed index: 0, Last appended: 0.0, Last appended by leader: 0, Current term: 0, Majority size: -1, State: 0, Mode: NON_LEADER, active raft config: opid_index: -1 OBSOLETE_local: false peers { permanent_uuid: "6549580c94654cdcaf8e344a52389047" member_type: VOTER last_known_addr { host: "127.29.31.4" port: 43229 } } peers { permanent_uuid: "4a00aa68dc654e1981f2d3fc8adbfe6c" member_type: VOTER last_known_addr { host: "127.29.31.1" port: 34791 } } peers { permanent_uuid: "9b5404e10a304de2be9992270a73792b" member_type: VOTER last_known_addr { host: "127.29.31.3" port: 39329 } }
I20260630 12:18:52.109350   680 ts_tablet_manager.cc:1434] T a19ddba1c6394d95888403019827d0e3 P 6549580c94654cdcaf8e344a52389047: Time spent starting tablet: real 0.019s	user 0.005s	sys 0.000s
I20260630 12:18:52.110257   680 tablet_bootstrap.cc:492] T 5d64074b41de48518e4c1829b3b55833 P 6549580c94654cdcaf8e344a52389047: Bootstrap starting.
I20260630 12:18:52.112612   679 tablet_bootstrap.cc:492] T 02f660460b79476bb97bc1a120ec019e P 9b5404e10a304de2be9992270a73792b: No bootstrap required, opened a new log
I20260630 12:18:52.112635   564 raft_consensus.cc:515] T 246767bf2dae49b98454d8978f2d858f P e340548c83b347a78c56367613109fc4 [term 1 FOLLOWER]: Starting leader election with config: opid_index: -1 OBSOLETE_local: false peers { permanent_uuid: "4a00aa68dc654e1981f2d3fc8adbfe6c" member_type: VOTER last_known_addr { host: "127.29.31.1" port: 34791 } } peers { permanent_uuid: "6549580c94654cdcaf8e344a52389047" member_type: VOTER last_known_addr { host: "127.29.31.4" port: 43229 } } peers { permanent_uuid: "e340548c83b347a78c56367613109fc4" member_type: VOTER last_known_addr { host: "127.29.31.2" port: 38601 } }
I20260630 12:18:52.113250   679 ts_tablet_manager.cc:1403] T 02f660460b79476bb97bc1a120ec019e P 9b5404e10a304de2be9992270a73792b: Time spent bootstrapping tablet: real 0.037s	user 0.009s	sys 0.014s
I20260630 12:18:52.114763   564 leader_election.cc:290] T 246767bf2dae49b98454d8978f2d858f P e340548c83b347a78c56367613109fc4 [CANDIDATE]: Term 1 election: Requested vote from peers 4a00aa68dc654e1981f2d3fc8adbfe6c (127.29.31.1:34791), 6549580c94654cdcaf8e344a52389047 (127.29.31.4:43229)
I20260630 12:18:52.116181   328 tablet_service.cc:1917] Received RequestConsensusVote() RPC: tablet_id: "246767bf2dae49b98454d8978f2d858f" candidate_uuid: "e340548c83b347a78c56367613109fc4" candidate_term: 1 candidate_status { last_received { term: 0 index: 0 } } ignore_live_leader: false dest_uuid: "4a00aa68dc654e1981f2d3fc8adbfe6c"
I20260630 12:18:52.116801   328 raft_consensus.cc:3060] T 246767bf2dae49b98454d8978f2d858f P 4a00aa68dc654e1981f2d3fc8adbfe6c [term 0 FOLLOWER]: Advancing to term 1
I20260630 12:18:52.116535   679 raft_consensus.cc:359] T 02f660460b79476bb97bc1a120ec019e P 9b5404e10a304de2be9992270a73792b [term 0 FOLLOWER]: Replica starting. Triggering 0 pending ops. Active config: opid_index: -1 OBSOLETE_local: false peers { permanent_uuid: "6549580c94654cdcaf8e344a52389047" member_type: VOTER last_known_addr { host: "127.29.31.4" port: 43229 } } peers { permanent_uuid: "e340548c83b347a78c56367613109fc4" member_type: VOTER last_known_addr { host: "127.29.31.2" port: 38601 } } peers { permanent_uuid: "9b5404e10a304de2be9992270a73792b" member_type: VOTER last_known_addr { host: "127.29.31.3" port: 39329 } }
I20260630 12:18:52.117233   679 raft_consensus.cc:385] T 02f660460b79476bb97bc1a120ec019e P 9b5404e10a304de2be9992270a73792b [term 0 FOLLOWER]: Consensus starting up: Expiring failure detector timer to make a prompt election more likely
I20260630 12:18:52.117533   679 raft_consensus.cc:740] T 02f660460b79476bb97bc1a120ec019e P 9b5404e10a304de2be9992270a73792b [term 0 FOLLOWER]: Becoming Follower/Learner. State: Replica: 9b5404e10a304de2be9992270a73792b, State: Initialized, Role: FOLLOWER
I20260630 12:18:52.118273   679 consensus_queue.cc:260] T 02f660460b79476bb97bc1a120ec019e P 9b5404e10a304de2be9992270a73792b [NON_LEADER]: Queue going to NON_LEADER mode. State: All replicated index: 0, Majority replicated index: 0, Committed index: 0, Last appended: 0.0, Last appended by leader: 0, Current term: 0, Majority size: -1, State: 0, Mode: NON_LEADER, active raft config: opid_index: -1 OBSOLETE_local: false peers { permanent_uuid: "6549580c94654cdcaf8e344a52389047" member_type: VOTER last_known_addr { host: "127.29.31.4" port: 43229 } } peers { permanent_uuid: "e340548c83b347a78c56367613109fc4" member_type: VOTER last_known_addr { host: "127.29.31.2" port: 38601 } } peers { permanent_uuid: "9b5404e10a304de2be9992270a73792b" member_type: VOTER last_known_addr { host: "127.29.31.3" port: 39329 } }
I20260630 12:18:52.120713   679 ts_tablet_manager.cc:1434] T 02f660460b79476bb97bc1a120ec019e P 9b5404e10a304de2be9992270a73792b: Time spent starting tablet: real 0.007s	user 0.007s	sys 0.000s
I20260630 12:18:52.123355   680 tablet_bootstrap.cc:654] T 5d64074b41de48518e4c1829b3b55833 P 6549580c94654cdcaf8e344a52389047: Neither blocks nor log segments found. Creating new log.
I20260630 12:18:52.124485   328 raft_consensus.cc:2468] T 246767bf2dae49b98454d8978f2d858f P 4a00aa68dc654e1981f2d3fc8adbfe6c [term 1 FOLLOWER]: Leader election vote request: Granting yes vote for candidate e340548c83b347a78c56367613109fc4 in term 1.
I20260630 12:18:52.125782   643 tablet_service.cc:1917] Received RequestConsensusVote() RPC: tablet_id: "246767bf2dae49b98454d8978f2d858f" candidate_uuid: "e340548c83b347a78c56367613109fc4" candidate_term: 1 candidate_status { last_received { term: 0 index: 0 } } ignore_live_leader: false dest_uuid: "6549580c94654cdcaf8e344a52389047"
