I20260630 12:18:53.614225   770 consensus_queue.cc:260] T 59371bb2b73d4ba1bcabd28fd9f0e927 P 6549580c94654cdcaf8e344a52389047 [NON_LEADER]: Queue going to NON_LEADER mode. State: All replicated index: 0, Majority replicated index: 0, Committed index: 2, Last appended: 1.2, Last appended by leader: 2, Current term: 0, Majority size: -1, State: 0, Mode: NON_LEADER, active raft config: opid_index: 2 OBSOLETE_local: false peers { permanent_uuid: "4a00aa68dc654e1981f2d3fc8adbfe6c" member_type: VOTER last_known_addr { host: "127.29.31.1" port: 34791 } } peers { permanent_uuid: "e340548c83b347a78c56367613109fc4" member_type: VOTER last_known_addr { host: "127.29.31.2" port: 38601 } } peers { permanent_uuid: "9b5404e10a304de2be9992270a73792b" member_type: VOTER last_known_addr { host: "127.29.31.3" port: 39329 } attrs { replace: true } } peers { permanent_uuid: "6549580c94654cdcaf8e344a52389047" member_type: NON_VOTER last_known_addr { host: "127.29.31.4" port: 43229 } attrs { promote: true } }
I20260630 12:18:53.616217   770 ts_tablet_manager.cc:1434] T 59371bb2b73d4ba1bcabd28fd9f0e927 P 6549580c94654cdcaf8e344a52389047: Time spent starting tablet: real 0.005s	user 0.004s	sys 0.000s
I20260630 12:18:53.618309   414 tablet_copy_service.cc:342] P e340548c83b347a78c56367613109fc4: Request end of tablet copy session 6549580c94654cdcaf8e344a52389047-59371bb2b73d4ba1bcabd28fd9f0e927 received from {username='slave'} at 127.0.0.1:48006
I20260630 12:18:53.618794   414 tablet_copy_service.cc:434] P e340548c83b347a78c56367613109fc4: ending tablet copy session 6549580c94654cdcaf8e344a52389047-59371bb2b73d4ba1bcabd28fd9f0e927 on tablet 59371bb2b73d4ba1bcabd28fd9f0e927 with peer 6549580c94654cdcaf8e344a52389047
I20260630 12:18:53.620589   786 ts_tablet_manager.cc:933] T 2b89a5d8cc034cebb97df84f1565cae2 P 6549580c94654cdcaf8e344a52389047: Initiating tablet copy from peer 9b5404e10a304de2be9992270a73792b (127.29.31.3:39329)
I20260630 12:18:53.621026   403 raft_consensus.cc:1275] T 246767bf2dae49b98454d8978f2d858f P e340548c83b347a78c56367613109fc4 [term 2 FOLLOWER]: Refusing update from remote peer 6549580c94654cdcaf8e344a52389047: Log matching property violated. Preceding OpId in replica: term: 1 index: 1. Preceding OpId from leader: term: 2 index: 2. (index mismatch)
I20260630 12:18:53.622790   773 consensus_queue.cc:1048] T 246767bf2dae49b98454d8978f2d858f P 6549580c94654cdcaf8e344a52389047 [LEADER]: Connected to new peer: Peer: permanent_uuid: "e340548c83b347a78c56367613109fc4" member_type: VOTER last_known_addr { host: "127.29.31.2" port: 38601 }, Status: LMP_MISMATCH, Last received: 0.0, Next index: 2, Last known committed idx: 1, Time since last communication: 0.000s
I20260630 12:18:53.632761   786 tablet_copy_client.cc:323] T 2b89a5d8cc034cebb97df84f1565cae2 P 6549580c94654cdcaf8e344a52389047: tablet copy: Beginning tablet copy session from remote peer at address 127.29.31.3:39329
I20260630 12:18:53.634699   488 tablet_copy_service.cc:140] P 9b5404e10a304de2be9992270a73792b: Received BeginTabletCopySession request for tablet 2b89a5d8cc034cebb97df84f1565cae2 from peer 6549580c94654cdcaf8e344a52389047 ({username='slave'} at 127.0.0.1:33604)
I20260630 12:18:53.635195   488 tablet_copy_service.cc:161] P 9b5404e10a304de2be9992270a73792b: Beginning new tablet copy session on tablet 2b89a5d8cc034cebb97df84f1565cae2 from peer 6549580c94654cdcaf8e344a52389047 at {username='slave'} at 127.0.0.1:33604: session id = 6549580c94654cdcaf8e344a52389047-2b89a5d8cc034cebb97df84f1565cae2
I20260630 12:18:53.640048   327 raft_consensus.cc:1275] T 246767bf2dae49b98454d8978f2d858f P 4a00aa68dc654e1981f2d3fc8adbfe6c [term 2 FOLLOWER]: Refusing update from remote peer 6549580c94654cdcaf8e344a52389047: Log matching property violated. Preceding OpId in replica: term: 1 index: 1. Preceding OpId from leader: term: 2 index: 2. (index mismatch)
I20260630 12:18:53.641733   773 consensus_queue.cc:1048] T 246767bf2dae49b98454d8978f2d858f P 6549580c94654cdcaf8e344a52389047 [LEADER]: Connected to new peer: Peer: permanent_uuid: "4a00aa68dc654e1981f2d3fc8adbfe6c" member_type: VOTER last_known_addr { host: "127.29.31.1" port: 34791 }, Status: LMP_MISMATCH, Last received: 0.0, Next index: 2, Last known committed idx: 1, Time since last communication: 0.000s
I20260630 12:18:53.646044   488 tablet_copy_source_session.cc:215] T 2b89a5d8cc034cebb97df84f1565cae2 P 9b5404e10a304de2be9992270a73792b: Tablet Copy: opened 0 blocks and 1 log segments
I20260630 12:18:53.649380   786 data_dirs.cc:400] Could only allocate 1 dirs of requested 3 for tablet 2b89a5d8cc034cebb97df84f1565cae2. 1 dirs total, 0 dirs full, 0 dirs failed
I20260630 12:18:53.655280   327 raft_consensus.cc:1275] T a19ddba1c6394d95888403019827d0e3 P 4a00aa68dc654e1981f2d3fc8adbfe6c [term 2 FOLLOWER]: Refusing update from remote peer 6549580c94654cdcaf8e344a52389047: Log matching property violated. Preceding OpId in replica: term: 1 index: 1. Preceding OpId from leader: term: 2 index: 2. (index mismatch)
I20260630 12:18:53.656697   773 consensus_queue.cc:1048] T a19ddba1c6394d95888403019827d0e3 P 6549580c94654cdcaf8e344a52389047 [LEADER]: Connected to new peer: Peer: permanent_uuid: "4a00aa68dc654e1981f2d3fc8adbfe6c" member_type: VOTER last_known_addr { host: "127.29.31.1" port: 34791 }, Status: LMP_MISMATCH, Last received: 0.0, Next index: 2, Last known committed idx: 1, Time since last communication: 0.000s
I20260630 12:18:53.660316   477 raft_consensus.cc:1275] T a19ddba1c6394d95888403019827d0e3 P 9b5404e10a304de2be9992270a73792b [term 2 FOLLOWER]: Refusing update from remote peer 6549580c94654cdcaf8e344a52389047: Log matching property violated. Preceding OpId in replica: term: 1 index: 1. Preceding OpId from leader: term: 2 index: 2. (index mismatch)
I20260630 12:18:53.662285   773 consensus_queue.cc:1048] T a19ddba1c6394d95888403019827d0e3 P 6549580c94654cdcaf8e344a52389047 [LEADER]: Connected to new peer: Peer: permanent_uuid: "9b5404e10a304de2be9992270a73792b" member_type: VOTER last_known_addr { host: "127.29.31.3" port: 39329 }, Status: LMP_MISMATCH, Last received: 0.0, Next index: 2, Last known committed idx: 1, Time since last communication: 0.001s
I20260630 12:18:53.670831   786 tablet_copy_client.cc:806] T 2b89a5d8cc034cebb97df84f1565cae2 P 6549580c94654cdcaf8e344a52389047: tablet copy: Starting download of 0 data blocks...
I20260630 12:18:53.671408   786 tablet_copy_client.cc:670] T 2b89a5d8cc034cebb97df84f1565cae2 P 6549580c94654cdcaf8e344a52389047: tablet copy: Starting download of 1 WAL segments...
I20260630 12:18:53.680116   786 tablet_copy_client.cc:538] T 2b89a5d8cc034cebb97df84f1565cae2 P 6549580c94654cdcaf8e344a52389047: tablet copy: Tablet Copy complete. Replacing tablet superblock.
I20260630 12:18:53.697528   786 tablet_bootstrap.cc:492] T 2b89a5d8cc034cebb97df84f1565cae2 P 6549580c94654cdcaf8e344a52389047: Bootstrap starting.
I20260630 12:18:53.722657   786 tablet_bootstrap.cc:492] T 2b89a5d8cc034cebb97df84f1565cae2 P 6549580c94654cdcaf8e344a52389047: Bootstrap replayed 1/1 log segments. Stats: ops{read=2 overwritten=0 applied=2 ignored=0} inserts{seen=0 ignored=0} mutations{seen=0 ignored=0} orphaned_commits=0. Pending: 0 replicates
I20260630 12:18:53.723476   786 tablet_bootstrap.cc:492] T 2b89a5d8cc034cebb97df84f1565cae2 P 6549580c94654cdcaf8e344a52389047: Bootstrap complete.
I20260630 12:18:53.724017   786 ts_tablet_manager.cc:1403] T 2b89a5d8cc034cebb97df84f1565cae2 P 6549580c94654cdcaf8e344a52389047: Time spent bootstrapping tablet: real 0.027s	user 0.019s	sys 0.003s
I20260630 12:18:53.726076   786 raft_consensus.cc:359] T 2b89a5d8cc034cebb97df84f1565cae2 P 6549580c94654cdcaf8e344a52389047 [term 1 LEARNER]: Replica starting. Triggering 0 pending ops. Active config: opid_index: 2 OBSOLETE_local: false peers { permanent_uuid: "e340548c83b347a78c56367613109fc4" member_type: VOTER last_known_addr { host: "127.29.31.2" port: 38601 } } peers { permanent_uuid: "4a00aa68dc654e1981f2d3fc8adbfe6c" member_type: VOTER last_known_addr { host: "127.29.31.1" port: 34791 } attrs { replace: true } } peers { permanent_uuid: "9b5404e10a304de2be9992270a73792b" member_type: VOTER last_known_addr { host: "127.29.31.3" port: 39329 } } peers { permanent_uuid: "6549580c94654cdcaf8e344a52389047" member_type: NON_VOTER last_known_addr { host: "127.29.31.4" port: 43229 } attrs { promote: true } }
I20260630 12:18:53.726737   786 raft_consensus.cc:740] T 2b89a5d8cc034cebb97df84f1565cae2 P 6549580c94654cdcaf8e344a52389047 [term 1 LEARNER]: Becoming Follower/Learner. State: Replica: 6549580c94654cdcaf8e344a52389047, State: Initialized, Role: LEARNER
I20260630 12:18:53.727304   786 consensus_queue.cc:260] T 2b89a5d8cc034cebb97df84f1565cae2 P 6549580c94654cdcaf8e344a52389047 [NON_LEADER]: Queue going to NON_LEADER mode. State: All replicated index: 0, Majority replicated index: 0, Committed index: 2, Last appended: 1.2, Last appended by leader: 2, Current term: 0, Majority size: -1, State: 0, Mode: NON_LEADER, active raft config: opid_index: 2 OBSOLETE_local: false peers { permanent_uuid: "e340548c83b347a78c56367613109fc4" member_type: VOTER last_known_addr { host: "127.29.31.2" port: 38601 } } peers { permanent_uuid: "4a00aa68dc654e1981f2d3fc8adbfe6c" member_type: VOTER last_known_addr { host: "127.29.31.1" port: 34791 } attrs { replace: true } } peers { permanent_uuid: "9b5404e10a304de2be9992270a73792b" member_type: VOTER last_known_addr { host: "127.29.31.3" port: 39329 } } peers { permanent_uuid: "6549580c94654cdcaf8e344a52389047" member_type: NON_VOTER last_known_addr { host: "127.29.31.4" port: 43229 } attrs { promote: true } }
I20260630 12:18:53.729029   786 ts_tablet_manager.cc:1434] T 2b89a5d8cc034cebb97df84f1565cae2 P 6549580c94654cdcaf8e344a52389047: Time spent starting tablet: real 0.005s	user 0.004s	sys 0.000s
I20260630 12:18:53.730715   488 tablet_copy_service.cc:342] P 9b5404e10a304de2be9992270a73792b: Request end of tablet copy session 6549580c94654cdcaf8e344a52389047-2b89a5d8cc034cebb97df84f1565cae2 received from {username='slave'} at 127.0.0.1:33604
I20260630 12:18:53.731096   488 tablet_copy_service.cc:434] P 9b5404e10a304de2be9992270a73792b: ending tablet copy session 6549580c94654cdcaf8e344a52389047-2b89a5d8cc034cebb97df84f1565cae2 on tablet 2b89a5d8cc034cebb97df84f1565cae2 with peer 6549580c94654cdcaf8e344a52389047
I20260630 12:18:53.837657   643 raft_consensus.cc:1217] T 2b266d099972412a9103be9d65cc464a P 6549580c94654cdcaf8e344a52389047 [term 1 LEARNER]: Deduplicated request from leader. Original: 1.1->[1.2-1.2]   Dedup: 1.2->[]
I20260630 12:18:53.842469   643 raft_consensus.cc:1217] T b3f175ba923b422bbd9b077098bd5008 P 6549580c94654cdcaf8e344a52389047 [term 1 LEARNER]: Deduplicated request from leader. Original: 1.1->[1.2-1.2]   Dedup: 1.2->[]
I20260630 12:18:54.004444   643 raft_consensus.cc:1217] T 59371bb2b73d4ba1bcabd28fd9f0e927 P 6549580c94654cdcaf8e344a52389047 [term 1 LEARNER]: Deduplicated request from leader. Original: 1.1->[1.2-1.2]   Dedup: 1.2->[]
I20260630 12:18:54.011157   643 raft_consensus.cc:1217] T 2b89a5d8cc034cebb97df84f1565cae2 P 6549580c94654cdcaf8e344a52389047 [term 1 LEARNER]: Deduplicated request from leader. Original: 1.1->[1.2-1.2]   Dedup: 1.2->[]
I20260630 12:18:54.841156 32748 auto_leader_rebalancer.cc:141] leader rebalance for table range_aware_rebalance_new_range
I20260630 12:18:54.937949   578 raft_consensus.cc:1064] T 2b266d099972412a9103be9d65cc464a P 9b5404e10a304de2be9992270a73792b: attempting to promote NON_VOTER 6549580c94654cdcaf8e344a52389047 to VOTER
I20260630 12:18:54.940809   578 consensus_queue.cc:237] T 2b266d099972412a9103be9d65cc464a P 9b5404e10a304de2be9992270a73792b [LEADER]: Queue going to LEADER mode. State: All replicated index: 0, Majority replicated index: 2, Committed index: 2, Last appended: 1.2, Last appended by leader: 0, Current term: 1, Majority size: 3, State: 0, Mode: LEADER, active raft config: opid_index: 3 OBSOLETE_local: false peers { permanent_uuid: "4a00aa68dc654e1981f2d3fc8adbfe6c" member_type: VOTER last_known_addr { host: "127.29.31.1" port: 34791 } } peers { permanent_uuid: "9b5404e10a304de2be9992270a73792b" member_type: VOTER last_known_addr { host: "127.29.31.3" port: 39329 } } peers { permanent_uuid: "e340548c83b347a78c56367613109fc4" member_type: VOTER last_known_addr { host: "127.29.31.2" port: 38601 } attrs { replace: true } } peers { permanent_uuid: "6549580c94654cdcaf8e344a52389047" member_type: VOTER last_known_addr { host: "127.29.31.4" port: 43229 } attrs { promote: false } }
I20260630 12:18:54.946592   755 raft_consensus.cc:1064] T 2b89a5d8cc034cebb97df84f1565cae2 P 9b5404e10a304de2be9992270a73792b: attempting to promote NON_VOTER 6549580c94654cdcaf8e344a52389047 to VOTER
I20260630 12:18:54.949955   755 consensus_queue.cc:237] T 2b89a5d8cc034cebb97df84f1565cae2 P 9b5404e10a304de2be9992270a73792b [LEADER]: Queue going to LEADER mode. State: All replicated index: 0, Majority replicated index: 2, Committed index: 2, Last appended: 1.2, Last appended by leader: 0, Current term: 1, Majority size: 3, State: 0, Mode: LEADER, active raft config: opid_index: 3 OBSOLETE_local: false peers { permanent_uuid: "e340548c83b347a78c56367613109fc4" member_type: VOTER last_known_addr { host: "127.29.31.2" port: 38601 } } peers { permanent_uuid: "4a00aa68dc654e1981f2d3fc8adbfe6c" member_type: VOTER last_known_addr { host: "127.29.31.1" port: 34791 } attrs { replace: true } } peers { permanent_uuid: "9b5404e10a304de2be9992270a73792b" member_type: VOTER last_known_addr { host: "127.29.31.3" port: 39329 } } peers { permanent_uuid: "6549580c94654cdcaf8e344a52389047" member_type: VOTER last_known_addr { host: "127.29.31.4" port: 43229 } attrs { promote: false } }
I20260630 12:18:54.981844   328 raft_consensus.cc:1275] T 2b89a5d8cc034cebb97df84f1565cae2 P 4a00aa68dc654e1981f2d3fc8adbfe6c [term 1 FOLLOWER]: Refusing update from remote peer 9b5404e10a304de2be9992270a73792b: Log matching property violated. Preceding OpId in replica: term: 1 index: 2. Preceding OpId from leader: term: 1 index: 3. (index mismatch)
I20260630 12:18:54.982086   402 raft_consensus.cc:1275] T 2b89a5d8cc034cebb97df84f1565cae2 P e340548c83b347a78c56367613109fc4 [term 1 FOLLOWER]: Refusing update from remote peer 9b5404e10a304de2be9992270a73792b: Log matching property violated. Preceding OpId in replica: term: 1 index: 2. Preceding OpId from leader: term: 1 index: 3. (index mismatch)
I20260630 12:18:54.984006   755 consensus_queue.cc:1048] T 2b89a5d8cc034cebb97df84f1565cae2 P 9b5404e10a304de2be9992270a73792b [LEADER]: Connected to new peer: Peer: permanent_uuid: "4a00aa68dc654e1981f2d3fc8adbfe6c" member_type: VOTER last_known_addr { host: "127.29.31.1" port: 34791 } attrs { replace: true }, Status: LMP_MISMATCH, Last received: 0.0, Next index: 3, Last known committed idx: 2, Time since last communication: 0.001s
I20260630 12:18:54.985304   798 consensus_queue.cc:1048] T 2b89a5d8cc034cebb97df84f1565cae2 P 9b5404e10a304de2be9992270a73792b [LEADER]: Connected to new peer: Peer: permanent_uuid: "e340548c83b347a78c56367613109fc4" member_type: VOTER last_known_addr { host: "127.29.31.2" port: 38601 }, Status: LMP_MISMATCH, Last received: 0.0, Next index: 3, Last known committed idx: 2, Time since last communication: 0.001s
I20260630 12:18:54.993669   641 raft_consensus.cc:1275] T 2b89a5d8cc034cebb97df84f1565cae2 P 6549580c94654cdcaf8e344a52389047 [term 1 LEARNER]: Refusing update from remote peer 9b5404e10a304de2be9992270a73792b: Log matching property violated. Preceding OpId in replica: term: 1 index: 2. Preceding OpId from leader: term: 1 index: 3. (index mismatch)
I20260630 12:18:54.995935   801 consensus_queue.cc:1048] T 2b89a5d8cc034cebb97df84f1565cae2 P 9b5404e10a304de2be9992270a73792b [LEADER]: Connected to new peer: Peer: permanent_uuid: "6549580c94654cdcaf8e344a52389047" member_type: VOTER last_known_addr { host: "127.29.31.4" port: 43229 } attrs { promote: false }, Status: LMP_MISMATCH, Last received: 0.0, Next index: 3, Last known committed idx: 2, Time since last communication: 0.000s
I20260630 12:18:55.008437   799 raft_consensus.cc:1064] T b3f175ba923b422bbd9b077098bd5008 P e340548c83b347a78c56367613109fc4: attempting to promote NON_VOTER 6549580c94654cdcaf8e344a52389047 to VOTER
I20260630 12:18:55.013808   797 raft_consensus.cc:1064] T 59371bb2b73d4ba1bcabd28fd9f0e927 P e340548c83b347a78c56367613109fc4: attempting to promote NON_VOTER 6549580c94654cdcaf8e344a52389047 to VOTER
I20260630 12:18:55.017220   797 consensus_queue.cc:237] T 59371bb2b73d4ba1bcabd28fd9f0e927 P e340548c83b347a78c56367613109fc4 [LEADER]: Queue going to LEADER mode. State: All replicated index: 0, Majority replicated index: 2, Committed index: 2, Last appended: 1.2, Last appended by leader: 0, Current term: 1, Majority size: 3, State: 0, Mode: LEADER, active raft config: opid_index: 3 OBSOLETE_local: false peers { permanent_uuid: "4a00aa68dc654e1981f2d3fc8adbfe6c" member_type: VOTER last_known_addr { host: "127.29.31.1" port: 34791 } } peers { permanent_uuid: "e340548c83b347a78c56367613109fc4" member_type: VOTER last_known_addr { host: "127.29.31.2" port: 38601 } } peers { permanent_uuid: "9b5404e10a304de2be9992270a73792b" member_type: VOTER last_known_addr { host: "127.29.31.3" port: 39329 } attrs { replace: true } } peers { permanent_uuid: "6549580c94654cdcaf8e344a52389047" member_type: VOTER last_known_addr { host: "127.29.31.4" port: 43229 } attrs { promote: false } }
I20260630 12:18:55.023952   799 consensus_queue.cc:237] T b3f175ba923b422bbd9b077098bd5008 P e340548c83b347a78c56367613109fc4 [LEADER]: Queue going to LEADER mode. State: All replicated index: 0, Majority replicated index: 2, Committed index: 2, Last appended: 1.2, Last appended by leader: 0, Current term: 1, Majority size: 3, State: 0, Mode: LEADER, active raft config: opid_index: 3 OBSOLETE_local: false peers { permanent_uuid: "e340548c83b347a78c56367613109fc4" member_type: VOTER last_known_addr { host: "127.29.31.2" port: 38601 } } peers { permanent_uuid: "4a00aa68dc654e1981f2d3fc8adbfe6c" member_type: VOTER last_known_addr { host: "127.29.31.1" port: 34791 } attrs { replace: true } } peers { permanent_uuid: "9b5404e10a304de2be9992270a73792b" member_type: VOTER last_known_addr { host: "127.29.31.3" port: 39329 } } peers { permanent_uuid: "6549580c94654cdcaf8e344a52389047" member_type: VOTER last_known_addr { host: "127.29.31.4" port: 43229 } attrs { promote: false } }
I20260630 12:18:55.041229   640 raft_consensus.cc:1275] T 2b266d099972412a9103be9d65cc464a P 6549580c94654cdcaf8e344a52389047 [term 1 LEARNER]: Refusing update from remote peer 9b5404e10a304de2be9992270a73792b: Log matching property violated. Preceding OpId in replica: term: 1 index: 2. Preceding OpId from leader: term: 1 index: 3. (index mismatch)
I20260630 12:18:55.041869   404 raft_consensus.cc:1275] T 2b266d099972412a9103be9d65cc464a P e340548c83b347a78c56367613109fc4 [term 1 FOLLOWER]: Refusing update from remote peer 9b5404e10a304de2be9992270a73792b: Log matching property violated. Preceding OpId in replica: term: 1 index: 2. Preceding OpId from leader: term: 1 index: 3. (index mismatch)
I20260630 12:18:55.044441   327 raft_consensus.cc:1275] T 2b266d099972412a9103be9d65cc464a P 4a00aa68dc654e1981f2d3fc8adbfe6c [term 1 FOLLOWER]: Refusing update from remote peer 9b5404e10a304de2be9992270a73792b: Log matching property violated. Preceding OpId in replica: term: 1 index: 2. Preceding OpId from leader: term: 1 index: 3. (index mismatch)
I20260630 12:18:55.050549   578 consensus_queue.cc:1048] T 2b266d099972412a9103be9d65cc464a P 9b5404e10a304de2be9992270a73792b [LEADER]: Connected to new peer: Peer: permanent_uuid: "6549580c94654cdcaf8e344a52389047" member_type: VOTER last_known_addr { host: "127.29.31.4" port: 43229 } attrs { promote: false }, Status: LMP_MISMATCH, Last received: 0.0, Next index: 3, Last known committed idx: 2, Time since last communication: 0.000s
I20260630 12:18:55.051589   801 consensus_queue.cc:1048] T 2b266d099972412a9103be9d65cc464a P 9b5404e10a304de2be9992270a73792b [LEADER]: Connected to new peer: Peer: permanent_uuid: "e340548c83b347a78c56367613109fc4" member_type: VOTER last_known_addr { host: "127.29.31.2" port: 38601 } attrs { replace: true }, Status: LMP_MISMATCH, Last received: 0.0, Next index: 3, Last known committed idx: 2, Time since last communication: 0.000s
I20260630 12:18:55.057286   801 consensus_queue.cc:1048] T 2b266d099972412a9103be9d65cc464a P 9b5404e10a304de2be9992270a73792b [LEADER]: Connected to new peer: Peer: permanent_uuid: "4a00aa68dc654e1981f2d3fc8adbfe6c" member_type: VOTER last_known_addr { host: "127.29.31.1" port: 34791 }, Status: LMP_MISMATCH, Last received: 0.0, Next index: 3, Last known committed idx: 2, Time since last communication: 0.000s
I20260630 12:18:55.079206   478 raft_consensus.cc:1275] T 59371bb2b73d4ba1bcabd28fd9f0e927 P 9b5404e10a304de2be9992270a73792b [term 1 FOLLOWER]: Refusing update from remote peer e340548c83b347a78c56367613109fc4: Log matching property violated. Preceding OpId in replica: term: 1 index: 2. Preceding OpId from leader: term: 1 index: 3. (index mismatch)
I20260630 12:18:55.081236   640 raft_consensus.cc:1275] T 59371bb2b73d4ba1bcabd28fd9f0e927 P 6549580c94654cdcaf8e344a52389047 [term 1 LEARNER]: Refusing update from remote peer e340548c83b347a78c56367613109fc4: Log matching property violated. Preceding OpId in replica: term: 1 index: 2. Preceding OpId from leader: term: 1 index: 3. (index mismatch)
I20260630 12:18:55.082296   328 raft_consensus.cc:1275] T 59371bb2b73d4ba1bcabd28fd9f0e927 P 4a00aa68dc654e1981f2d3fc8adbfe6c [term 1 FOLLOWER]: Refusing update from remote peer e340548c83b347a78c56367613109fc4: Log matching property violated. Preceding OpId in replica: term: 1 index: 2. Preceding OpId from leader: term: 1 index: 3. (index mismatch)
I20260630 12:18:55.084587   558 consensus_queue.cc:1048] T 59371bb2b73d4ba1bcabd28fd9f0e927 P e340548c83b347a78c56367613109fc4 [LEADER]: Connected to new peer: Peer: permanent_uuid: "4a00aa68dc654e1981f2d3fc8adbfe6c" member_type: VOTER last_known_addr { host: "127.29.31.1" port: 34791 }, Status: LMP_MISMATCH, Last received: 0.0, Next index: 3, Last known committed idx: 2, Time since last communication: 0.000s
I20260630 12:18:55.086284   558 consensus_queue.cc:1048] T 59371bb2b73d4ba1bcabd28fd9f0e927 P e340548c83b347a78c56367613109fc4 [LEADER]: Connected to new peer: Peer: permanent_uuid: "6549580c94654cdcaf8e344a52389047" member_type: VOTER last_known_addr { host: "127.29.31.4" port: 43229 } attrs { promote: false }, Status: LMP_MISMATCH, Last received: 0.0, Next index: 3, Last known committed idx: 2, Time since last communication: 0.000s
I20260630 12:18:55.092707   797 consensus_queue.cc:1048] T 59371bb2b73d4ba1bcabd28fd9f0e927 P e340548c83b347a78c56367613109fc4 [LEADER]: Connected to new peer: Peer: permanent_uuid: "9b5404e10a304de2be9992270a73792b" member_type: VOTER last_known_addr { host: "127.29.31.3" port: 39329 } attrs { replace: true }, Status: LMP_MISMATCH, Last received: 0.0, Next index: 3, Last known committed idx: 2, Time since last communication: 0.008s
I20260630 12:18:55.099715   643 raft_consensus.cc:1275] T b3f175ba923b422bbd9b077098bd5008 P 6549580c94654cdcaf8e344a52389047 [term 1 LEARNER]: Refusing update from remote peer e340548c83b347a78c56367613109fc4: Log matching property violated. Preceding OpId in replica: term: 1 index: 2. Preceding OpId from leader: term: 1 index: 3. (index mismatch)
I20260630 12:18:55.097533   755 raft_consensus.cc:2955] T 2b89a5d8cc034cebb97df84f1565cae2 P 9b5404e10a304de2be9992270a73792b [term 1 LEADER]: Committing config change with OpId 1.3: config changed from index 2 to 3, 6549580c94654cdcaf8e344a52389047 (127.29.31.4) changed from NON_VOTER to VOTER. New config: { opid_index: 3 OBSOLETE_local: false peers { permanent_uuid: "e340548c83b347a78c56367613109fc4" member_type: VOTER last_known_addr { host: "127.29.31.2" port: 38601 } } peers { permanent_uuid: "4a00aa68dc654e1981f2d3fc8adbfe6c" member_type: VOTER last_known_addr { host: "127.29.31.1" port: 34791 } attrs { replace: true } } peers { permanent_uuid: "9b5404e10a304de2be9992270a73792b" member_type: VOTER last_known_addr { host: "127.29.31.3" port: 39329 } } peers { permanent_uuid: "6549580c94654cdcaf8e344a52389047" member_type: VOTER last_known_addr { host: "127.29.31.4" port: 43229 } attrs { promote: false } } }
I20260630 12:18:55.094547   478 tablet_service.cc:2072] Received LeaderStepDown RPC: tablet_id: "2b89a5d8cc034cebb97df84f1565cae2"
dest_uuid: "9b5404e10a304de2be9992270a73792b"
mode: GRACEFUL
new_leader_uuid: "4a00aa68dc654e1981f2d3fc8adbfe6c"
 from {username='slave'} at 127.0.0.1:33630
I20260630 12:18:55.105497   325 raft_consensus.cc:2955] T 2b89a5d8cc034cebb97df84f1565cae2 P 4a00aa68dc654e1981f2d3fc8adbfe6c [term 1 FOLLOWER]: Committing config change with OpId 1.3: config changed from index 2 to 3, 6549580c94654cdcaf8e344a52389047 (127.29.31.4) changed from NON_VOTER to VOTER. New config: { opid_index: 3 OBSOLETE_local: false peers { permanent_uuid: "e340548c83b347a78c56367613109fc4" member_type: VOTER last_known_addr { host: "127.29.31.2" port: 38601 } } peers { permanent_uuid: "4a00aa68dc654e1981f2d3fc8adbfe6c" member_type: VOTER last_known_addr { host: "127.29.31.1" port: 34791 } attrs { replace: true } } peers { permanent_uuid: "9b5404e10a304de2be9992270a73792b" member_type: VOTER last_known_addr { host: "127.29.31.3" port: 39329 } } peers { permanent_uuid: "6549580c94654cdcaf8e344a52389047" member_type: VOTER last_known_addr { host: "127.29.31.4" port: 43229 } attrs { promote: false } } }
I20260630 12:18:55.113983   326 raft_consensus.cc:1275] T b3f175ba923b422bbd9b077098bd5008 P 4a00aa68dc654e1981f2d3fc8adbfe6c [term 1 FOLLOWER]: Refusing update from remote peer e340548c83b347a78c56367613109fc4: Log matching property violated. Preceding OpId in replica: term: 1 index: 2. Preceding OpId from leader: term: 1 index: 3. (index mismatch)
I20260630 12:18:55.119724   794 consensus_queue.cc:1048] T b3f175ba923b422bbd9b077098bd5008 P e340548c83b347a78c56367613109fc4 [LEADER]: Connected to new peer: Peer: permanent_uuid: "6549580c94654cdcaf8e344a52389047" member_type: VOTER last_known_addr { host: "127.29.31.4" port: 43229 } attrs { promote: false }, Status: LMP_MISMATCH, Last received: 0.0, Next index: 3, Last known committed idx: 2, Time since last communication: 0.001s
I20260630 12:18:55.125780   478 raft_consensus.cc:606] T 2b89a5d8cc034cebb97df84f1565cae2 P 9b5404e10a304de2be9992270a73792b [term 1 LEADER]: Received request to transfer leadership to TS 4a00aa68dc654e1981f2d3fc8adbfe6c
I20260630 12:18:55.125425   404 raft_consensus.cc:2955] T 2b89a5d8cc034cebb97df84f1565cae2 P e340548c83b347a78c56367613109fc4 [term 1 FOLLOWER]: Committing config change with OpId 1.3: config changed from index 2 to 3, 6549580c94654cdcaf8e344a52389047 (127.29.31.4) changed from NON_VOTER to VOTER. New config: { opid_index: 3 OBSOLETE_local: false peers { permanent_uuid: "e340548c83b347a78c56367613109fc4" member_type: VOTER last_known_addr { host: "127.29.31.2" port: 38601 } } peers { permanent_uuid: "4a00aa68dc654e1981f2d3fc8adbfe6c" member_type: VOTER last_known_addr { host: "127.29.31.1" port: 34791 } attrs { replace: true } } peers { permanent_uuid: "9b5404e10a304de2be9992270a73792b" member_type: VOTER last_known_addr { host: "127.29.31.3" port: 39329 } } peers { permanent_uuid: "6549580c94654cdcaf8e344a52389047" member_type: VOTER last_known_addr { host: "127.29.31.4" port: 43229 } attrs { promote: false } } }
I20260630 12:18:55.136700   642 raft_consensus.cc:2955] T 2b89a5d8cc034cebb97df84f1565cae2 P 6549580c94654cdcaf8e344a52389047 [term 1 FOLLOWER]: Committing config change with OpId 1.3: config changed from index 2 to 3, 6549580c94654cdcaf8e344a52389047 (127.29.31.4) changed from NON_VOTER to VOTER. New config: { opid_index: 3 OBSOLETE_local: false peers { permanent_uuid: "e340548c83b347a78c56367613109fc4" member_type: VOTER last_known_addr { host: "127.29.31.2" port: 38601 } } peers { permanent_uuid: "4a00aa68dc654e1981f2d3fc8adbfe6c" member_type: VOTER last_known_addr { host: "127.29.31.1" port: 34791 } attrs { replace: true } } peers { permanent_uuid: "9b5404e10a304de2be9992270a73792b" member_type: VOTER last_known_addr { host: "127.29.31.3" port: 39329 } } peers { permanent_uuid: "6549580c94654cdcaf8e344a52389047" member_type: VOTER last_known_addr { host: "127.29.31.4" port: 43229 } attrs { promote: false } } }
I20260630 12:18:55.142695 32748 auto_leader_rebalancer.cc:440] table: range_aware_rebalance_new_range, leader rebalance finish, leader transfer count: 1
I20260630 12:18:55.150493 32748 auto_leader_rebalancer.cc:515] All tables' leader rebalancing finished this round
I20260630 12:18:55.158541   477 raft_consensus.cc:1275] T b3f175ba923b422bbd9b077098bd5008 P 9b5404e10a304de2be9992270a73792b [term 1 FOLLOWER]: Refusing update from remote peer e340548c83b347a78c56367613109fc4: Log matching property violated. Preceding OpId in replica: term: 1 index: 2. Preceding OpId from leader: term: 1 index: 3. (index mismatch)
I20260630 12:18:55.162021 32693 catalog_manager.cc:5697] T 2b89a5d8cc034cebb97df84f1565cae2 P 9b5404e10a304de2be9992270a73792b reported cstate change: config changed from index 2 to 3, 6549580c94654cdcaf8e344a52389047 (127.29.31.4) changed from NON_VOTER to VOTER. New cstate: current_term: 1 leader_uuid: "9b5404e10a304de2be9992270a73792b" committed_config { opid_index: 3 OBSOLETE_local: false peers { permanent_uuid: "e340548c83b347a78c56367613109fc4" member_type: VOTER last_known_addr { host: "127.29.31.2" port: 38601 } health_report { overall_health: HEALTHY } } peers { permanent_uuid: "4a00aa68dc654e1981f2d3fc8adbfe6c" member_type: VOTER last_known_addr { host: "127.29.31.1" port: 34791 } attrs { replace: true } health_report { overall_health: HEALTHY } } peers { permanent_uuid: "9b5404e10a304de2be9992270a73792b" member_type: VOTER last_known_addr { host: "127.29.31.3" port: 39329 } health_report { overall_health: HEALTHY } } peers { permanent_uuid: "6549580c94654cdcaf8e344a52389047" member_type: VOTER last_known_addr { host: "127.29.31.4" port: 43229 } attrs { promote: false } health_report { overall_health: HEALTHY } } }
I20260630 12:18:55.145912   794 consensus_queue.cc:1048] T b3f175ba923b422bbd9b077098bd5008 P e340548c83b347a78c56367613109fc4 [LEADER]: Connected to new peer: Peer: permanent_uuid: "4a00aa68dc654e1981f2d3fc8adbfe6c" member_type: VOTER last_known_addr { host: "127.29.31.1" port: 34791 } attrs { replace: true }, Status: LMP_MISMATCH, Last received: 0.0, Next index: 3, Last known committed idx: 2, Time since last communication: 0.025s
I20260630 12:18:55.169523   799 consensus_queue.cc:1048] T b3f175ba923b422bbd9b077098bd5008 P e340548c83b347a78c56367613109fc4 [LEADER]: Connected to new peer: Peer: permanent_uuid: "9b5404e10a304de2be9992270a73792b" member_type: VOTER last_known_addr { host: "127.29.31.3" port: 39329 }, Status: LMP_MISMATCH, Last received: 0.0, Next index: 3, Last known committed idx: 2, Time since last communication: 0.001s
W20260630 12:18:55.188367   425 debug-util.cc:398] Leaking SignalData structure 0x7b0800035aa0 after lost signal to thread 29823
W20260630 12:18:55.189759   425 debug-util.cc:398] Leaking SignalData structure 0x7b08001adec0 after lost signal to thread 32729
W20260630 12:18:55.191080   425 debug-util.cc:398] Leaking SignalData structure 0x7b0800150340 after lost signal to thread 353
W20260630 12:18:55.192276   425 debug-util.cc:398] Leaking SignalData structure 0x7b08001c6540 after lost signal to thread 428
W20260630 12:18:55.194413   425 debug-util.cc:398] Leaking SignalData structure 0x7b08001b92c0 after lost signal to thread 667
I20260630 12:18:55.222858   641 raft_consensus.cc:2955] T 59371bb2b73d4ba1bcabd28fd9f0e927 P 6549580c94654cdcaf8e344a52389047 [term 1 FOLLOWER]: Committing config change with OpId 1.3: config changed from index 2 to 3, 6549580c94654cdcaf8e344a52389047 (127.29.31.4) changed from NON_VOTER to VOTER. New config: { opid_index: 3 OBSOLETE_local: false peers { permanent_uuid: "4a00aa68dc654e1981f2d3fc8adbfe6c" member_type: VOTER last_known_addr { host: "127.29.31.1" port: 34791 } } peers { permanent_uuid: "e340548c83b347a78c56367613109fc4" member_type: VOTER last_known_addr { host: "127.29.31.2" port: 38601 } } peers { permanent_uuid: "9b5404e10a304de2be9992270a73792b" member_type: VOTER last_known_addr { host: "127.29.31.3" port: 39329 } attrs { replace: true } } peers { permanent_uuid: "6549580c94654cdcaf8e344a52389047" member_type: VOTER last_known_addr { host: "127.29.31.4" port: 43229 } attrs { promote: false } } }
I20260630 12:18:55.231173   326 raft_consensus.cc:2955] T 59371bb2b73d4ba1bcabd28fd9f0e927 P 4a00aa68dc654e1981f2d3fc8adbfe6c [term 1 FOLLOWER]: Committing config change with OpId 1.3: config changed from index 2 to 3, 6549580c94654cdcaf8e344a52389047 (127.29.31.4) changed from NON_VOTER to VOTER. New config: { opid_index: 3 OBSOLETE_local: false peers { permanent_uuid: "4a00aa68dc654e1981f2d3fc8adbfe6c" member_type: VOTER last_known_addr { host: "127.29.31.1" port: 34791 } } peers { permanent_uuid: "e340548c83b347a78c56367613109fc4" member_type: VOTER last_known_addr { host: "127.29.31.2" port: 38601 } } peers { permanent_uuid: "9b5404e10a304de2be9992270a73792b" member_type: VOTER last_known_addr { host: "127.29.31.3" port: 39329 } attrs { replace: true } } peers { permanent_uuid: "6549580c94654cdcaf8e344a52389047" member_type: VOTER last_known_addr { host: "127.29.31.4" port: 43229 } attrs { promote: false } } }
I20260630 12:18:55.201442   801 raft_consensus.cc:2955] T 2b266d099972412a9103be9d65cc464a P 9b5404e10a304de2be9992270a73792b [term 1 LEADER]: Committing config change with OpId 1.3: config changed from index 2 to 3, 6549580c94654cdcaf8e344a52389047 (127.29.31.4) changed from NON_VOTER to VOTER. New config: { opid_index: 3 OBSOLETE_local: false peers { permanent_uuid: "4a00aa68dc654e1981f2d3fc8adbfe6c" member_type: VOTER last_known_addr { host: "127.29.31.1" port: 34791 } } peers { permanent_uuid: "9b5404e10a304de2be9992270a73792b" member_type: VOTER last_known_addr { host: "127.29.31.3" port: 39329 } } peers { permanent_uuid: "e340548c83b347a78c56367613109fc4" member_type: VOTER last_known_addr { host: "127.29.31.2" port: 38601 } attrs { replace: true } } peers { permanent_uuid: "6549580c94654cdcaf8e344a52389047" member_type: VOTER last_known_addr { host: "127.29.31.4" port: 43229 } attrs { promote: false } } }
W20260630 12:18:55.244117   811 log.cc:927] Time spent T 2b266d099972412a9103be9d65cc464a P 4a00aa68dc654e1981f2d3fc8adbfe6c: Append to log took a long time: real 0.065s	user 0.001s	sys 0.000s
I20260630 12:18:55.217505   794 raft_consensus.cc:2955] T 59371bb2b73d4ba1bcabd28fd9f0e927 P e340548c83b347a78c56367613109fc4 [term 1 LEADER]: Committing config change with OpId 1.3: config changed from index 2 to 3, 6549580c94654cdcaf8e344a52389047 (127.29.31.4) changed from NON_VOTER to VOTER. New config: { opid_index: 3 OBSOLETE_local: false peers { permanent_uuid: "4a00aa68dc654e1981f2d3fc8adbfe6c" member_type: VOTER last_known_addr { host: "127.29.31.1" port: 34791 } } peers { permanent_uuid: "e340548c83b347a78c56367613109fc4" member_type: VOTER last_known_addr { host: "127.29.31.2" port: 38601 } } peers { permanent_uuid: "9b5404e10a304de2be9992270a73792b" member_type: VOTER last_known_addr { host: "127.29.31.3" port: 39329 } attrs { replace: true } } peers { permanent_uuid: "6549580c94654cdcaf8e344a52389047" member_type: VOTER last_known_addr { host: "127.29.31.4" port: 43229 } attrs { promote: false } } }
I20260630 12:18:55.256362   327 raft_consensus.cc:2955] T 2b266d099972412a9103be9d65cc464a P 4a00aa68dc654e1981f2d3fc8adbfe6c [term 1 FOLLOWER]: Committing config change with OpId 1.3: config changed from index 2 to 3, 6549580c94654cdcaf8e344a52389047 (127.29.31.4) changed from NON_VOTER to VOTER. New config: { opid_index: 3 OBSOLETE_local: false peers { permanent_uuid: "4a00aa68dc654e1981f2d3fc8adbfe6c" member_type: VOTER last_known_addr { host: "127.29.31.1" port: 34791 } } peers { permanent_uuid: "9b5404e10a304de2be9992270a73792b" member_type: VOTER last_known_addr { host: "127.29.31.3" port: 39329 } } peers { permanent_uuid: "e340548c83b347a78c56367613109fc4" member_type: VOTER last_known_addr { host: "127.29.31.2" port: 38601 } attrs { replace: true } } peers { permanent_uuid: "6549580c94654cdcaf8e344a52389047" member_type: VOTER last_known_addr { host: "127.29.31.4" port: 43229 } attrs { promote: false } } }
I20260630 12:18:55.273577 32690 catalog_manager.cc:5697] T 2b266d099972412a9103be9d65cc464a P 4a00aa68dc654e1981f2d3fc8adbfe6c reported cstate change: config changed from index 2 to 3, 6549580c94654cdcaf8e344a52389047 (127.29.31.4) changed from NON_VOTER to VOTER. New cstate: current_term: 1 leader_uuid: "9b5404e10a304de2be9992270a73792b" committed_config { opid_index: 3 OBSOLETE_local: false peers { permanent_uuid: "4a00aa68dc654e1981f2d3fc8adbfe6c" member_type: VOTER last_known_addr { host: "127.29.31.1" port: 34791 } } peers { permanent_uuid: "9b5404e10a304de2be9992270a73792b" member_type: VOTER last_known_addr { host: "127.29.31.3" port: 39329 } } peers { permanent_uuid: "e340548c83b347a78c56367613109fc4" member_type: VOTER last_known_addr { host: "127.29.31.2" port: 38601 } attrs { replace: true } } peers { permanent_uuid: "6549580c94654cdcaf8e344a52389047" member_type: VOTER last_known_addr { host: "127.29.31.4" port: 43229 } attrs { promote: false } } }
I20260630 12:18:55.277860   797 raft_consensus.cc:2955] T b3f175ba923b422bbd9b077098bd5008 P e340548c83b347a78c56367613109fc4 [term 1 LEADER]: Committing config change with OpId 1.3: config changed from index 2 to 3, 6549580c94654cdcaf8e344a52389047 (127.29.31.4) changed from NON_VOTER to VOTER. New config: { opid_index: 3 OBSOLETE_local: false peers { permanent_uuid: "e340548c83b347a78c56367613109fc4" member_type: VOTER last_known_addr { host: "127.29.31.2" port: 38601 } } peers { permanent_uuid: "4a00aa68dc654e1981f2d3fc8adbfe6c" member_type: VOTER last_known_addr { host: "127.29.31.1" port: 34791 } attrs { replace: true } } peers { permanent_uuid: "9b5404e10a304de2be9992270a73792b" member_type: VOTER last_known_addr { host: "127.29.31.3" port: 39329 } } peers { permanent_uuid: "6549580c94654cdcaf8e344a52389047" member_type: VOTER last_known_addr { host: "127.29.31.4" port: 43229 } attrs { promote: false } } }
I20260630 12:18:55.300169   578 raft_consensus.cc:993] T 2b89a5d8cc034cebb97df84f1565cae2 P 9b5404e10a304de2be9992270a73792b: : Instructing follower 4a00aa68dc654e1981f2d3fc8adbfe6c to start an election
I20260630 12:18:55.235124   640 raft_consensus.cc:2955] T 2b266d099972412a9103be9d65cc464a P 6549580c94654cdcaf8e344a52389047 [term 1 FOLLOWER]: Committing config change with OpId 1.3: config changed from index 2 to 3, 6549580c94654cdcaf8e344a52389047 (127.29.31.4) changed from NON_VOTER to VOTER. New config: { opid_index: 3 OBSOLETE_local: false peers { permanent_uuid: "4a00aa68dc654e1981f2d3fc8adbfe6c" member_type: VOTER last_known_addr { host: "127.29.31.1" port: 34791 } } peers { permanent_uuid: "9b5404e10a304de2be9992270a73792b" member_type: VOTER last_known_addr { host: "127.29.31.3" port: 39329 } } peers { permanent_uuid: "e340548c83b347a78c56367613109fc4" member_type: VOTER last_known_addr { host: "127.29.31.2" port: 38601 } attrs { replace: true } } peers { permanent_uuid: "6549580c94654cdcaf8e344a52389047" member_type: VOTER last_known_addr { host: "127.29.31.4" port: 43229 } attrs { promote: false } } }
I20260630 12:18:55.300647   578 raft_consensus.cc:1081] T 2b89a5d8cc034cebb97df84f1565cae2 P 9b5404e10a304de2be9992270a73792b [term 1 LEADER]: Signalling peer 4a00aa68dc654e1981f2d3fc8adbfe6c to start an election
I20260630 12:18:55.287292   478 raft_consensus.cc:2955] T b3f175ba923b422bbd9b077098bd5008 P 9b5404e10a304de2be9992270a73792b [term 1 FOLLOWER]: Committing config change with OpId 1.3: config changed from index 2 to 3, 6549580c94654cdcaf8e344a52389047 (127.29.31.4) changed from NON_VOTER to VOTER. New config: { opid_index: 3 OBSOLETE_local: false peers { permanent_uuid: "e340548c83b347a78c56367613109fc4" member_type: VOTER last_known_addr { host: "127.29.31.2" port: 38601 } } peers { permanent_uuid: "4a00aa68dc654e1981f2d3fc8adbfe6c" member_type: VOTER last_known_addr { host: "127.29.31.1" port: 34791 } attrs { replace: true } } peers { permanent_uuid: "9b5404e10a304de2be9992270a73792b" member_type: VOTER last_known_addr { host: "127.29.31.3" port: 39329 } } peers { permanent_uuid: "6549580c94654cdcaf8e344a52389047" member_type: VOTER last_known_addr { host: "127.29.31.4" port: 43229 } attrs { promote: false } } }
I20260630 12:18:55.311209   325 tablet_service.cc:2044] Received Run Leader Election RPC: tablet_id: "2b89a5d8cc034cebb97df84f1565cae2"
dest_uuid: "4a00aa68dc654e1981f2d3fc8adbfe6c"
 from {username='slave'} at 127.0.0.1:39040
I20260630 12:18:55.311816   325 raft_consensus.cc:493] T 2b89a5d8cc034cebb97df84f1565cae2 P 4a00aa68dc654e1981f2d3fc8adbfe6c [term 1 FOLLOWER]: Starting forced leader election (received explicit request)
I20260630 12:18:55.312222   325 raft_consensus.cc:3060] T 2b89a5d8cc034cebb97df84f1565cae2 P 4a00aa68dc654e1981f2d3fc8adbfe6c [term 1 FOLLOWER]: Advancing to term 2
I20260630 12:18:55.315516   328 raft_consensus.cc:2955] T b3f175ba923b422bbd9b077098bd5008 P 4a00aa68dc654e1981f2d3fc8adbfe6c [term 1 FOLLOWER]: Committing config change with OpId 1.3: config changed from index 2 to 3, 6549580c94654cdcaf8e344a52389047 (127.29.31.4) changed from NON_VOTER to VOTER. New config: { opid_index: 3 OBSOLETE_local: false peers { permanent_uuid: "e340548c83b347a78c56367613109fc4" member_type: VOTER last_known_addr { host: "127.29.31.2" port: 38601 } } peers { permanent_uuid: "4a00aa68dc654e1981f2d3fc8adbfe6c" member_type: VOTER last_known_addr { host: "127.29.31.1" port: 34791 } attrs { replace: true } } peers { permanent_uuid: "9b5404e10a304de2be9992270a73792b" member_type: VOTER last_known_addr { host: "127.29.31.3" port: 39329 } } peers { permanent_uuid: "6549580c94654cdcaf8e344a52389047" member_type: VOTER last_known_addr { host: "127.29.31.4" port: 43229 } attrs { promote: false } } }
I20260630 12:18:55.316179   476 raft_consensus.cc:2955] T 59371bb2b73d4ba1bcabd28fd9f0e927 P 9b5404e10a304de2be9992270a73792b [term 1 FOLLOWER]: Committing config change with OpId 1.3: config changed from index 2 to 3, 6549580c94654cdcaf8e344a52389047 (127.29.31.4) changed from NON_VOTER to VOTER. New config: { opid_index: 3 OBSOLETE_local: false peers { permanent_uuid: "4a00aa68dc654e1981f2d3fc8adbfe6c" member_type: VOTER last_known_addr { host: "127.29.31.1" port: 34791 } } peers { permanent_uuid: "e340548c83b347a78c56367613109fc4" member_type: VOTER last_known_addr { host: "127.29.31.2" port: 38601 } } peers { permanent_uuid: "9b5404e10a304de2be9992270a73792b" member_type: VOTER last_known_addr { host: "127.29.31.3" port: 39329 } attrs { replace: true } } peers { permanent_uuid: "6549580c94654cdcaf8e344a52389047" member_type: VOTER last_known_addr { host: "127.29.31.4" port: 43229 } attrs { promote: false } } }
I20260630 12:18:55.327544   325 raft_consensus.cc:515] T 2b89a5d8cc034cebb97df84f1565cae2 P 4a00aa68dc654e1981f2d3fc8adbfe6c [term 2 FOLLOWER]: Starting forced leader election with config: opid_index: 3 OBSOLETE_local: false peers { permanent_uuid: "e340548c83b347a78c56367613109fc4" member_type: VOTER last_known_addr { host: "127.29.31.2" port: 38601 } } peers { permanent_uuid: "4a00aa68dc654e1981f2d3fc8adbfe6c" member_type: VOTER last_known_addr { host: "127.29.31.1" port: 34791 } attrs { replace: true } } peers { permanent_uuid: "9b5404e10a304de2be9992270a73792b" member_type: VOTER last_known_addr { host: "127.29.31.3" port: 39329 } } peers { permanent_uuid: "6549580c94654cdcaf8e344a52389047" member_type: VOTER last_known_addr { host: "127.29.31.4" port: 43229 } attrs { promote: false } }
I20260630 12:18:55.331195   404 raft_consensus.cc:2955] T 2b266d099972412a9103be9d65cc464a P e340548c83b347a78c56367613109fc4 [term 1 FOLLOWER]: Committing config change with OpId 1.3: config changed from index 2 to 3, 6549580c94654cdcaf8e344a52389047 (127.29.31.4) changed from NON_VOTER to VOTER. New config: { opid_index: 3 OBSOLETE_local: false peers { permanent_uuid: "4a00aa68dc654e1981f2d3fc8adbfe6c" member_type: VOTER last_known_addr { host: "127.29.31.1" port: 34791 } } peers { permanent_uuid: "9b5404e10a304de2be9992270a73792b" member_type: VOTER last_known_addr { host: "127.29.31.3" port: 39329 } } peers { permanent_uuid: "e340548c83b347a78c56367613109fc4" member_type: VOTER last_known_addr { host: "127.29.31.2" port: 38601 } attrs { replace: true } } peers { permanent_uuid: "6549580c94654cdcaf8e344a52389047" member_type: VOTER last_known_addr { host: "127.29.31.4" port: 43229 } attrs { promote: false } } }
I20260630 12:18:55.346101   402 tablet_service.cc:1917] Received RequestConsensusVote() RPC: tablet_id: "2b89a5d8cc034cebb97df84f1565cae2" candidate_uuid: "4a00aa68dc654e1981f2d3fc8adbfe6c" candidate_term: 2 candidate_status { last_received { term: 1 index: 3 } } ignore_live_leader: true dest_uuid: "e340548c83b347a78c56367613109fc4"
I20260630 12:18:55.347576   402 raft_consensus.cc:3060] T 2b89a5d8cc034cebb97df84f1565cae2 P e340548c83b347a78c56367613109fc4 [term 1 FOLLOWER]: Advancing to term 2
I20260630 12:18:55.347892   325 leader_election.cc:290] T 2b89a5d8cc034cebb97df84f1565cae2 P 4a00aa68dc654e1981f2d3fc8adbfe6c [CANDIDATE]: Term 2 election: Requested vote from peers e340548c83b347a78c56367613109fc4 (127.29.31.2:38601), 9b5404e10a304de2be9992270a73792b (127.29.31.3:39329), 6549580c94654cdcaf8e344a52389047 (127.29.31.4:43229)
I20260630 12:18:55.353091   641 tablet_service.cc:1917] Received RequestConsensusVote() RPC: tablet_id: "2b89a5d8cc034cebb97df84f1565cae2" candidate_uuid: "4a00aa68dc654e1981f2d3fc8adbfe6c" candidate_term: 2 candidate_status { last_received { term: 1 index: 3 } } ignore_live_leader: true dest_uuid: "6549580c94654cdcaf8e344a52389047"
I20260630 12:18:55.353701   641 raft_consensus.cc:3060] T 2b89a5d8cc034cebb97df84f1565cae2 P 6549580c94654cdcaf8e344a52389047 [term 1 FOLLOWER]: Advancing to term 2
I20260630 12:18:55.357756   402 raft_consensus.cc:2468] T 2b89a5d8cc034cebb97df84f1565cae2 P e340548c83b347a78c56367613109fc4 [term 2 FOLLOWER]: Leader election vote request: Granting yes vote for candidate 4a00aa68dc654e1981f2d3fc8adbfe6c in term 2.
I20260630 12:18:55.358752   476 tablet_service.cc:1917] Received RequestConsensusVote() RPC: tablet_id: "2b89a5d8cc034cebb97df84f1565cae2" candidate_uuid: "4a00aa68dc654e1981f2d3fc8adbfe6c" candidate_term: 2 candidate_status { last_received { term: 1 index: 3 } } ignore_live_leader: true dest_uuid: "9b5404e10a304de2be9992270a73792b"
I20260630 12:18:55.359367   476 raft_consensus.cc:3055] T 2b89a5d8cc034cebb97df84f1565cae2 P 9b5404e10a304de2be9992270a73792b [term 1 LEADER]: Stepping down as leader of term 1
I20260630 12:18:55.359691   476 raft_consensus.cc:740] T 2b89a5d8cc034cebb97df84f1565cae2 P 9b5404e10a304de2be9992270a73792b [term 1 LEADER]: Becoming Follower/Learner. State: Replica: 9b5404e10a304de2be9992270a73792b, State: Running, Role: LEADER
I20260630 12:18:55.360627   476 consensus_queue.cc:260] T 2b89a5d8cc034cebb97df84f1565cae2 P 9b5404e10a304de2be9992270a73792b [NON_LEADER]: Queue going to NON_LEADER mode. State: All replicated index: 0, Majority replicated index: 3, Committed index: 3, Last appended: 1.3, Last appended by leader: 3, Current term: 1, Majority size: -1, State: 0, Mode: NON_LEADER, active raft config: opid_index: 3 OBSOLETE_local: false peers { permanent_uuid: "e340548c83b347a78c56367613109fc4" member_type: VOTER last_known_addr { host: "127.29.31.2" port: 38601 } } peers { permanent_uuid: "4a00aa68dc654e1981f2d3fc8adbfe6c" member_type: VOTER last_known_addr { host: "127.29.31.1" port: 34791 } attrs { replace: true } } peers { permanent_uuid: "9b5404e10a304de2be9992270a73792b" member_type: VOTER last_known_addr { host: "127.29.31.3" port: 39329 } } peers { permanent_uuid: "6549580c94654cdcaf8e344a52389047" member_type: VOTER last_known_addr { host: "127.29.31.4" port: 43229 } attrs { promote: false } }
I20260630 12:18:55.362144   476 raft_consensus.cc:3060] T 2b89a5d8cc034cebb97df84f1565cae2 P 9b5404e10a304de2be9992270a73792b [term 1 FOLLOWER]: Advancing to term 2
I20260630 12:18:55.362259   641 raft_consensus.cc:2468] T 2b89a5d8cc034cebb97df84f1565cae2 P 6549580c94654cdcaf8e344a52389047 [term 2 FOLLOWER]: Leader election vote request: Granting yes vote for candidate 4a00aa68dc654e1981f2d3fc8adbfe6c in term 2.
I20260630 12:18:55.363642 32763 leader_election.cc:304] T 2b89a5d8cc034cebb97df84f1565cae2 P 4a00aa68dc654e1981f2d3fc8adbfe6c [CANDIDATE]: Term 2 election: Election decided. Result: candidate won. Election summary: received 3 responses out of 4 voters: 3 yes votes; 0 no votes. yes voters: 4a00aa68dc654e1981f2d3fc8adbfe6c, 6549580c94654cdcaf8e344a52389047, e340548c83b347a78c56367613109fc4; no voters: 
I20260630 12:18:55.364527   563 raft_consensus.cc:2804] T 2b89a5d8cc034cebb97df84f1565cae2 P 4a00aa68dc654e1981f2d3fc8adbfe6c [term 2 FOLLOWER]: Leader election won for term 2
I20260630 12:18:55.364969   563 raft_consensus.cc:697] T 2b89a5d8cc034cebb97df84f1565cae2 P 4a00aa68dc654e1981f2d3fc8adbfe6c [term 2 LEADER]: Becoming Leader. State: Replica: 4a00aa68dc654e1981f2d3fc8adbfe6c, State: Running, Role: LEADER
